This is a staging environment. For live and up-to-date package information, visit swiftpackageindex.com.

The Swift Package Index logo.Swift Package Index

How many packages are compatible with Swift 6? Find out which packages are Ready for Swift 6!

Build Information

Failed to build SwiftEndpoint with Swift 5.8 for Linux.

Build Command

docker run --rm -v "checkouts-4609320-1":/host -w "/host/spi-builder-workspace" registry.gitlab.com/finestructure/spi-images:basic-5.8-latest swift build 2>&1

Build Log

========================================
RunAll
========================================
Builder version: 4.22.0
Interrupt handler set up.
========================================
Checkout
========================================
Clone URL: https://github.com/darrarski/SwiftEndpoint.git
Reference: v1.0.0
Cloned https://github.com/darrarski/SwiftEndpoint.git into spi-builder-workspace
SUCCESS checkout https://github.com/darrarski/SwiftEndpoint.git at v1.0.0
========================================
Build
========================================
Selected platform:         linux
Swift version:             5.8
Building package at path:  spi-builder-workspace
Running build ...
docker run --rm -v "checkouts-4609320-1":/host -w "/host/spi-builder-workspace" registry.gitlab.com/finestructure/spi-images:basic-5.8-latest swift build 2>&1
Building for debugging...
error: emit-module command failed with exit code 1 (use -v to see invocation)
[1/4] Emitting module SwiftEndpoint
/host/spi-builder-workspace/Sources/SwiftEndpoint/Endpoint.swift:1:8: error: no such module 'Combine'
import Combine
       ^
[2/4] Compiling SwiftEndpoint URLEndpoint.swift
/host/spi-builder-workspace/Sources/SwiftEndpoint/Endpoint.swift:1:8: error: no such module 'Combine'
import Combine
       ^
[3/4] Compiling SwiftEndpoint Publisher_Validate.swift
/host/spi-builder-workspace/Sources/SwiftEndpoint/Endpoint.swift:1:8: error: no such module 'Combine'
import Combine
       ^
[4/4] Compiling SwiftEndpoint Endpoint.swift
/host/spi-builder-workspace/Sources/SwiftEndpoint/Endpoint.swift:1:8: error: no such module 'Combine'
import Combine
       ^
BUILD FAILURE 5.8 linux

Build Machine: Linux 2

This is a staging environment. For live and up-to-date package information, visit swiftpackageindex.com.