This is a staging environment. For live and up-to-date package information, visit swiftpackageindex.com.

The Swift Package Index logo.Swift Package Index

Track the adoption of Swift 6 strict concurrency checks for data race safety. How many packages are Ready for Swift 6?

Build Information

Failed to build cometblue with Swift 6.0 for macOS (Xcode) using Xcode 16.0.

Build Command

env DEVELOPER_DIR=/Applications/Xcode-15.3.0.app xcrun --toolchain org.swift.600202405261a xcodebuild -IDEClonedSourcePackagesDirPathOverride=$workDir/.dependencies -skipMacroValidation -skipPackagePluginValidation -derivedDataPath $workDir/.derivedData build -scheme cometblue -destination platform=macos,arch=arm64 OTHER_SWIFT_FLAGS=-stats-output-dir .stats -strict-concurrency=complete

Build Log

========================================
RunAll
========================================
Builder version: 4.40.0
Interrupt handler set up.
========================================
Checkout
========================================
Clone URL: https://github.com/vaddieg/cometblue.git
Reference: master
Initialized empty Git repository in /Users/admin/builder/spi-builder-workspace/.git/
From https://github.com/vaddieg/cometblue
 * branch            master     -> FETCH_HEAD
 * [new branch]      master     -> origin/master
HEAD is now at 5ac1492 Merge branch 'master' of https://github.com/vaddieg/cometblue
Cloned https://github.com/vaddieg/cometblue.git
Revision (git rev-parse @):
5ac14926617b0b0a598eea2cd89c1897e10508f5
SUCCESS checkout https://github.com/vaddieg/cometblue.git at master
========================================
Build
========================================
Selected platform:         macosXcodebuild
Swift version:             6.0
Building package at path:  $workDir
https://github.com/vaddieg/cometblue.git
Command line invocation:
    /Applications/Xcode-15.3.0.app/Contents/Developer/usr/bin/xcodebuild -IDEClonedSourcePackagesDirPathOverride=/Users/admin/builder/spi-builder-workspace/.dependencies -resolvePackageDependencies
User defaults from command line:
    IDEClonedSourcePackagesDirPathOverride = /Users/admin/builder/spi-builder-workspace/.dependencies
    IDEPackageSupportToolchainOverrideForManifestLoading = org.swift.600202405261a
    IDEPackageSupportUseBuiltinSCM = YES
Build settings from command line:
    TOOLCHAINS = org.swift.600202405261a
resolved source packages:
{
  "dependencies" : [
  ],
  "manifest_display_name" : "cometblue",
  "name" : "cometblue",
  "path" : "/Users/admin/builder/spi-builder-workspace",
  "platforms" : [
    {
      "name" : "macos",
      "version" : "10.13"
    }
  ],
  "products" : [
    {
      "name" : "cometblue",
      "targets" : [
        "cometblue"
      ],
      "type" : {
        "executable" : null
      }
    }
  ],
  "targets" : [
    {
      "c99name" : "cometblueTests",
      "module_type" : "SwiftTarget",
      "name" : "cometblueTests",
      "path" : "Tests/cometblueTests",
      "sources" : [
        "XCTestManifests.swift",
        "cometblueTests.swift"
      ],
      "target_dependencies" : [
        "cometblue"
      ],
      "type" : "test"
    },
    {
      "c99name" : "cometblue",
      "module_type" : "SwiftTarget",
      "name" : "cometblue",
      "path" : "Sources/cometblue",
      "product_memberships" : [
        "cometblue"
      ],
      "sources" : [
        "CometBlueDevice.swift",
        "cli.swift",
        "main.swift"
      ],
      "type" : "executable"
    }
  ],
  "tools_version" : "5.1"
}
{
  "project" : {
    "configurations" : [
      "Debug",
      "Release"
    ],
    "name" : "cometblue",
    "schemes" : [
      "cometblue"
    ],
    "targets" : [
      "cometblue"
    ]
  }
}
Running build ...
env DEVELOPER_DIR=/Applications/Xcode-15.3.0.app xcrun --toolchain org.swift.600202405261a xcodebuild -IDEClonedSourcePackagesDirPathOverride=$workDir/.dependencies -skipMacroValidation -skipPackagePluginValidation -derivedDataPath $workDir/.derivedData build -scheme cometblue -destination platform=macos,arch=arm64 OTHER_SWIFT_FLAGS=-stats-output-dir .stats -strict-concurrency=complete
Command line invocation:
    /Applications/Xcode-15.3.0.app/Contents/Developer/usr/bin/xcodebuild -IDEClonedSourcePackagesDirPathOverride=/Users/admin/builder/spi-builder-workspace/.dependencies -skipMacroValidation -skipPackagePluginValidation -derivedDataPath /Users/admin/builder/spi-builder-workspace/.derivedData build -scheme cometblue -destination platform=macos,arch=arm64 "OTHER_SWIFT_FLAGS=-stats-output-dir .stats -strict-concurrency=complete"
User defaults from command line:
    IDEClonedSourcePackagesDirPathOverride = /Users/admin/builder/spi-builder-workspace/.dependencies
    IDEDerivedDataPathOverride = /Users/admin/builder/spi-builder-workspace/.derivedData
    IDEPackageSupportToolchainOverrideForManifestLoading = org.swift.600202405261a
    IDEPackageSupportUseBuiltinSCM = YES
Build settings from command line:
    OTHER_SWIFT_FLAGS = -stats-output-dir .stats -strict-concurrency=complete
    TOOLCHAINS = org.swift.600202405261a
Prepare packages
ComputeTargetDependencyGraph
note: Building targets in dependency order
note: Target dependency graph (1 target)
    Target 'cometblue' in project 'cometblue' (no dependencies)
GatherProvisioningInputs
CreateBuildDescription
ExecuteExternalTool /Library/Developer/Toolchains/swift-6.0-DEVELOPMENT-SNAPSHOT-2024-05-26-a.xctoolchain/usr/bin/clang -v -E -dM -isysroot /Applications/Xcode-15.3.0.app/Contents/Developer/Platforms/MacOSX.platform/Developer/SDKs/MacOSX14.4.sdk -x c -c /dev/null
ExecuteExternalTool /Library/Developer/Toolchains/swift-6.0-DEVELOPMENT-SNAPSHOT-2024-05-26-a.xctoolchain/usr/bin/swiftc -v
ExecuteExternalTool /Library/Developer/Toolchains/swift-6.0-DEVELOPMENT-SNAPSHOT-2024-05-26-a.xctoolchain/usr/bin/ld -version_details
Build description signature: 1dbf3612d6464279f16822f67a5b663c
Build description path: /Users/admin/builder/spi-builder-workspace/.derivedData/Build/Intermediates.noindex/XCBuildData/1dbf3612d6464279f16822f67a5b663c.xcbuilddata
note: Using global toolchain override 'Swift 6.0 Development Snapshot 2024-05-26 (a)'.
/Users/admin/builder/spi-builder-workspace/cometblue.xcodeproj: error: No signing certificate "Mac Development" found: No "Mac Development" signing certificate matching team ID "8Q4T68HL96" with a private key was found. (in target 'cometblue' from project 'cometblue')
note: Using global toolchain override 'Swift 6.0 Development Snapshot 2024-05-26 (a)'. (in target 'cometblue' from project 'cometblue')
** BUILD FAILED **
Command line invocation:
    /Applications/Xcode-15.3.0.app/Contents/Developer/usr/bin/xcodebuild -IDEClonedSourcePackagesDirPathOverride=/Users/admin/builder/spi-builder-workspace/.dependencies -skipMacroValidation -skipPackagePluginValidation -derivedDataPath /Users/admin/builder/spi-builder-workspace/.derivedData build -scheme cometblue -destination platform=macos,arch=arm64 "OTHER_SWIFT_FLAGS=-stats-output-dir .stats -strict-concurrency=complete"
User defaults from command line:
    IDEClonedSourcePackagesDirPathOverride = /Users/admin/builder/spi-builder-workspace/.dependencies
    IDEDerivedDataPathOverride = /Users/admin/builder/spi-builder-workspace/.derivedData
    IDEPackageSupportToolchainOverrideForManifestLoading = org.swift.600202405261a
    IDEPackageSupportUseBuiltinSCM = YES
Build settings from command line:
    OTHER_SWIFT_FLAGS = -stats-output-dir .stats -strict-concurrency=complete
    TOOLCHAINS = org.swift.600202405261a
Prepare packages
ComputeTargetDependencyGraph
note: Building targets in dependency order
note: Target dependency graph (1 target)
    Target 'cometblue' in project 'cometblue' (no dependencies)
GatherProvisioningInputs
CreateBuildDescription
ExecuteExternalTool /Library/Developer/Toolchains/swift-6.0-DEVELOPMENT-SNAPSHOT-2024-05-26-a.xctoolchain/usr/bin/clang -v -E -dM -isysroot /Applications/Xcode-15.3.0.app/Contents/Developer/Platforms/MacOSX.platform/Developer/SDKs/MacOSX14.4.sdk -x c -c /dev/null
ExecuteExternalTool /Library/Developer/Toolchains/swift-6.0-DEVELOPMENT-SNAPSHOT-2024-05-26-a.xctoolchain/usr/bin/swiftc -v
ExecuteExternalTool /Library/Developer/Toolchains/swift-6.0-DEVELOPMENT-SNAPSHOT-2024-05-26-a.xctoolchain/usr/bin/ld -version_details
Build description signature: 1dbf3612d6464279f16822f67a5b663c
Build description path: /Users/admin/builder/spi-builder-workspace/.derivedData/Build/Intermediates.noindex/XCBuildData/1dbf3612d6464279f16822f67a5b663c.xcbuilddata
note: Using global toolchain override 'Swift 6.0 Development Snapshot 2024-05-26 (a)'.
/Users/admin/builder/spi-builder-workspace/cometblue.xcodeproj: error: No signing certificate "Mac Development" found: No "Mac Development" signing certificate matching team ID "8Q4T68HL96" with a private key was found. (in target 'cometblue' from project 'cometblue')
note: Using global toolchain override 'Swift 6.0 Development Snapshot 2024-05-26 (a)'. (in target 'cometblue' from project 'cometblue')
** BUILD FAILED **
BUILD FAILURE 6.0 macosXcodebuild
This is a staging environment. For live and up-to-date package information, visit swiftpackageindex.com.