This is a staging environment. For live and up-to-date package information, visit swiftpackageindex.com.

The Swift Package Index logo.Swift Package Index

Track the adoption of Swift 6 strict concurrency checks for data race safety. How many packages are Ready for Swift 6?

Build Information

Failed to build shell-kit with Swift 5.9 for watchOS using Xcode 15.2 at main.

Build Command

env DEVELOPER_DIR="/Applications/Xcode-15.0.0-Beta.2.app" xcrun xcodebuild -IDEClonedSourcePackagesDirPathOverride="$PWD/.dependencies" -derivedDataPath "$PWD/.derivedData" build -scheme shell-kit -destination "generic/platform=watchos"

Build Log

SwiftCompile normal armv7k Compiling\ Shell.swift /Users/builder/builds/TDmZkXJm/0/finestructure/swiftpackageindex-builder/spi-builder-workspace/Sources/ShellKit/Shell.swift (in target 'ShellKit' from project 'shell-kit')
    cd /Users/builder/builds/TDmZkXJm/0/finestructure/swiftpackageindex-builder/spi-builder-workspace
    builtin-swiftTaskExecution -- /Applications/Xcode-15.0.0-Beta.2.app/Contents/Developer/Toolchains/XcodeDefault.xctoolchain/usr/bin/swift-frontend -frontend -c -primary-file /Users/builder/builds/TDmZkXJm/0/finestructure/swiftpackageindex-builder/spi-builder-workspace/Sources/ShellKit/Shell.swift -emit-dependencies-path /Users/builder/builds/TDmZkXJm/0/finestructure/swiftpackageindex-builder/spi-builder-workspace/.derivedData/Build/Intermediates.noindex/shell-kit.build/Debug-watchos/ShellKit.build/Objects-normal/armv7k/Shell.d -emit-const-values-path /Users/builder/builds/TDmZkXJm/0/finestructure/swiftpackageindex-builder/spi-builder-workspace/.derivedData/Build/Intermediates.noindex/shell-kit.build/Debug-watchos/ShellKit.build/Objects-normal/armv7k/Shell.swiftconstvalues -emit-reference-dependencies-path /Users/builder/builds/TDmZkXJm/0/finestructure/swiftpackageindex-builder/spi-builder-workspace/.derivedData/Build/Intermediates.noindex/shell-kit.build/Debug-watchos/ShellKit.build/Objects-normal/armv7k/Shell.swiftdeps -serialize-diagnostics-path /Users/builder/builds/TDmZkXJm/0/finestructure/swiftpackageindex-builder/spi-builder-workspace/.derivedData/Build/Intermediates.noindex/shell-kit.build/Debug-watchos/ShellKit.build/Objects-normal/armv7k/Shell.dia -target armv7k-apple-watchos5.0 -enable-objc-interop -sdk /Applications/Xcode-15.0.0-Beta.2.app/Contents/Developer/Platforms/WatchOS.platform/Developer/SDKs/WatchOS10.0.sdk -I /Users/builder/builds/TDmZkXJm/0/finestructure/swiftpackageindex-builder/spi-builder-workspace/.derivedData/Build/Products/Debug-watchos -I /Applications/Xcode-15.0.0-Beta.2.app/Contents/Developer/Platforms/WatchOS.platform/Developer/usr/lib -F /Users/builder/builds/TDmZkXJm/0/finestructure/swiftpackageindex-builder/spi-builder-workspace/.derivedData/Build/Products/Debug-watchos -F /Applications/Xcode-15.0.0-Beta.2.app/Contents/Developer/Platforms/WatchOS.platform/Developer/Library/Frameworks -F /Applications/Xcode-15.0.0-Beta.2.app/Contents/Developer/Platforms/WatchOS.platform/Developer/SDKs/WatchOS10.0.sdk/Developer/Library/Frameworks -no-color-diagnostics -enable-testing -g -module-cache-path /Users/builder/builds/TDmZkXJm/0/finestructure/swiftpackageindex-builder/spi-builder-workspace/.derivedData/ModuleCache.noindex -swift-version 5 -enforce-exclusivity\=checked -Onone -D SWIFT_PACKAGE -D DEBUG -D Xcode -serialize-debugging-options -const-gather-protocols-file /Users/builder/builds/TDmZkXJm/0/finestructure/swiftpackageindex-builder/spi-builder-workspace/.derivedData/Build/Intermediates.noindex/shell-kit.build/Debug-watchos/ShellKit.build/Objects-normal/armv7k/ShellKit_const_extract_protocols.json -empty-abi-descriptor -plugin-path /Applications/Xcode-15.0.0-Beta.2.app/Contents/Developer/Toolchains/XcodeDefault.xctoolchain/usr/lib/swift/host/plugins -plugin-path /Applications/Xcode-15.0.0-Beta.2.app/Contents/Developer/Toolchains/XcodeDefault.xctoolchain/usr/local/lib/swift/host/plugins -validate-clang-modules-once -clang-build-session-file /Users/builder/builds/TDmZkXJm/0/finestructure/swiftpackageindex-builder/spi-builder-workspace/.derivedData/ModuleCache.noindex/Session.modulevalidation -Xcc -working-directory -Xcc /Users/builder/builds/TDmZkXJm/0/finestructure/swiftpackageindex-builder/spi-builder-workspace -resource-dir /Applications/Xcode-15.0.0-Beta.2.app/Contents/Developer/Toolchains/XcodeDefault.xctoolchain/usr/lib/swift -enable-anonymous-context-mangled-names -Xcc -ivfsstatcache -Xcc /Users/builder/builds/TDmZkXJm/0/finestructure/swiftpackageindex-builder/spi-builder-workspace/.derivedData/SDKStatCaches.noindex/watchos10.0-21R5295e-9a43322743793491a98c52dfd0045baa.sdkstatcache -Xcc -I/Users/builder/builds/TDmZkXJm/0/finestructure/swiftpackageindex-builder/spi-builder-workspace/.derivedData/Build/Intermediates.noindex/shell-kit.build/Debug-watchos/ShellKit.build/swift-overrides.hmap -Xcc -I/Users/builder/builds/TDmZkXJm/0/finestructure/swiftpackageindex-builder/spi-builder-workspace/.derivedData/Build/Products/Debug-watchos/include -Xcc -I/Users/builder/builds/TDmZkXJm/0/finestructure/swiftpackageindex-builder/spi-builder-workspace/.derivedData/Build/Intermediates.noindex/shell-kit.build/Debug-watchos/ShellKit.build/DerivedSources-normal/armv7k -Xcc -I/Users/builder/builds/TDmZkXJm/0/finestructure/swiftpackageindex-builder/spi-builder-workspace/.derivedData/Build/Intermediates.noindex/shell-kit.build/Debug-watchos/ShellKit.build/DerivedSources/armv7k -Xcc -I/Users/builder/builds/TDmZkXJm/0/finestructure/swiftpackageindex-builder/spi-builder-workspace/.derivedData/Build/Intermediates.noindex/shell-kit.build/Debug-watchos/ShellKit.build/DerivedSources -Xcc -DSWIFT_PACKAGE -Xcc -DDEBUG\=1 -module-name ShellKit -frontend-parseable-output -disable-clang-spi -target-sdk-version 10.0 -target-sdk-name watchos10.0 -parse-as-library -o /Users/builder/builds/TDmZkXJm/0/finestructure/swiftpackageindex-builder/spi-builder-workspace/.derivedData/Build/Intermediates.noindex/shell-kit.build/Debug-watchos/ShellKit.build/Objects-normal/armv7k/Shell.o -index-unit-output-path /shell-kit.build/Debug-watchos/ShellKit.build/Objects-normal/armv7k/Shell.o -index-store-path /Users/builder/builds/TDmZkXJm/0/finestructure/swiftpackageindex-builder/spi-builder-workspace/.derivedData/Index.noindex/DataStore -index-system-modules

SwiftCompile normal armv7k /Users/builder/builds/TDmZkXJm/0/finestructure/swiftpackageindex-builder/spi-builder-workspace/Sources/ShellKit/Shell.swift (in target 'ShellKit' from project 'shell-kit')
    cd /Users/builder/builds/TDmZkXJm/0/finestructure/swiftpackageindex-builder/spi-builder-workspace
    /Applications/Xcode-15.0.0-Beta.2.app/Contents/Developer/Toolchains/XcodeDefault.xctoolchain/usr/bin/swift-frontend -c -primary-file /Users/builder/builds/TDmZkXJm/0/finestructure/swiftpackageindex-builder/spi-builder-workspace/Sources/ShellKit/Shell.swift -emit-dependencies-path /Users/builder/builds/TDmZkXJm/0/finestructure/swiftpackageindex-builder/spi-builder-workspace/.derivedData/Build/Intermediates.noindex/shell-kit.build/Debug-watchos/ShellKit.build/Objects-normal/armv7k/Shell.d -emit-const-values-path /Users/builder/builds/TDmZkXJm/0/finestructure/swiftpackageindex-builder/spi-builder-workspace/.derivedData/Build/Intermediates.noindex/shell-kit.build/Debug-watchos/ShellKit.build/Objects-normal/armv7k/Shell.swiftconstvalues -emit-reference-dependencies-path /Users/builder/builds/TDmZkXJm/0/finestructure/swiftpackageindex-builder/spi-builder-workspace/.derivedData/Build/Intermediates.noindex/shell-kit.build/Debug-watchos/ShellKit.build/Objects-normal/armv7k/Shell.swiftdeps -serialize-diagnostics-path /Users/builder/builds/TDmZkXJm/0/finestructure/swiftpackageindex-builder/spi-builder-workspace/.derivedData/Build/Intermediates.noindex/shell-kit.build/Debug-watchos/ShellKit.build/Objects-normal/armv7k/Shell.dia -target armv7k-apple-watchos5.0 -enable-objc-interop -sdk /Applications/Xcode-15.0.0-Beta.2.app/Contents/Developer/Platforms/WatchOS.platform/Developer/SDKs/WatchOS10.0.sdk -I /Users/builder/builds/TDmZkXJm/0/finestructure/swiftpackageindex-builder/spi-builder-workspace/.derivedData/Build/Products/Debug-watchos -I /Applications/Xcode-15.0.0-Beta.2.app/Contents/Developer/Platforms/WatchOS.platform/Developer/usr/lib -F /Users/builder/builds/TDmZkXJm/0/finestructure/swiftpackageindex-builder/spi-builder-workspace/.derivedData/Build/Products/Debug-watchos -F /Applications/Xcode-15.0.0-Beta.2.app/Contents/Developer/Platforms/WatchOS.platform/Developer/Library/Frameworks -F /Applications/Xcode-15.0.0-Beta.2.app/Contents/Developer/Platforms/WatchOS.platform/Developer/SDKs/WatchOS10.0.sdk/Developer/Library/Frameworks -no-color-diagnostics -enable-testing -g -module-cache-path /Users/builder/builds/TDmZkXJm/0/finestructure/swiftpackageindex-builder/spi-builder-workspace/.derivedData/ModuleCache.noindex -swift-version 5 -enforce-exclusivity\=checked -Onone -D SWIFT_PACKAGE -D DEBUG -D Xcode -serialize-debugging-options -const-gather-protocols-file /Users/builder/builds/TDmZkXJm/0/finestructure/swiftpackageindex-builder/spi-builder-workspace/.derivedData/Build/Intermediates.noindex/shell-kit.build/Debug-watchos/ShellKit.build/Objects-normal/armv7k/ShellKit_const_extract_protocols.json -empty-abi-descriptor -plugin-path /Applications/Xcode-15.0.0-Beta.2.app/Contents/Developer/Toolchains/XcodeDefault.xctoolchain/usr/lib/swift/host/plugins -plugin-path /Applications/Xcode-15.0.0-Beta.2.app/Contents/Developer/Toolchains/XcodeDefault.xctoolchain/usr/local/lib/swift/host/plugins -validate-clang-modules-once -clang-build-session-file /Users/builder/builds/TDmZkXJm/0/finestructure/swiftpackageindex-builder/spi-builder-workspace/.derivedData/ModuleCache.noindex/Session.modulevalidation -Xcc -working-directory -Xcc /Users/builder/builds/TDmZkXJm/0/finestructure/swiftpackageindex-builder/spi-builder-workspace -resource-dir /Applications/Xcode-15.0.0-Beta.2.app/Contents/Developer/Toolchains/XcodeDefault.xctoolchain/usr/lib/swift -enable-anonymous-context-mangled-names -Xcc -ivfsstatcache -Xcc /Users/builder/builds/TDmZkXJm/0/finestructure/swiftpackageindex-builder/spi-builder-workspace/.derivedData/SDKStatCaches.noindex/watchos10.0-21R5295e-9a43322743793491a98c52dfd0045baa.sdkstatcache -Xcc -I/Users/builder/builds/TDmZkXJm/0/finestructure/swiftpackageindex-builder/spi-builder-workspace/.derivedData/Build/Intermediates.noindex/shell-kit.build/Debug-watchos/ShellKit.build/swift-overrides.hmap -Xcc -I/Users/builder/builds/TDmZkXJm/0/finestructure/swiftpackageindex-builder/spi-builder-workspace/.derivedData/Build/Products/Debug-watchos/include -Xcc -I/Users/builder/builds/TDmZkXJm/0/finestructure/swiftpackageindex-builder/spi-builder-workspace/.derivedData/Build/Intermediates.noindex/shell-kit.build/Debug-watchos/ShellKit.build/DerivedSources-normal/armv7k -Xcc -I/Users/builder/builds/TDmZkXJm/0/finestructure/swiftpackageindex-builder/spi-builder-workspace/.derivedData/Build/Intermediates.noindex/shell-kit.build/Debug-watchos/ShellKit.build/DerivedSources/armv7k -Xcc -I/Users/builder/builds/TDmZkXJm/0/finestructure/swiftpackageindex-builder/spi-builder-workspace/.derivedData/Build/Intermediates.noindex/shell-kit.build/Debug-watchos/ShellKit.build/DerivedSources -Xcc -DSWIFT_PACKAGE -Xcc -DDEBUG\=1 -module-name ShellKit -frontend-parseable-output -disable-clang-spi -target-sdk-version 10.0 -target-sdk-name watchos10.0 -parse-as-library -o /Users/builder/builds/TDmZkXJm/0/finestructure/swiftpackageindex-builder/spi-builder-workspace/.derivedData/Build/Intermediates.noindex/shell-kit.build/Debug-watchos/ShellKit.build/Objects-normal/armv7k/Shell.o -index-unit-output-path /shell-kit.build/Debug-watchos/ShellKit.build/Objects-normal/armv7k/Shell.o -index-store-path /Users/builder/builds/TDmZkXJm/0/finestructure/swiftpackageindex-builder/spi-builder-workspace/.derivedData/Index.noindex/DataStore -index-system-modules
/Users/builder/builds/TDmZkXJm/0/finestructure/swiftpackageindex-builder/spi-builder-workspace/Sources/ShellKit/Shell.swift:121:23: error: cannot find 'Process' in scope
        let process = Process()
                      ^~~~~~~
SwiftCompile normal arm64_32 Compiling\ Shell.swift /Users/builder/builds/TDmZkXJm/0/finestructure/swiftpackageindex-builder/spi-builder-workspace/Sources/ShellKit/Shell.swift (in target 'ShellKit' from project 'shell-kit')
    cd /Users/builder/builds/TDmZkXJm/0/finestructure/swiftpackageindex-builder/spi-builder-workspace
    builtin-swiftTaskExecution -- /Applications/Xcode-15.0.0-Beta.2.app/Contents/Developer/Toolchains/XcodeDefault.xctoolchain/usr/bin/swift-frontend -frontend -c -primary-file /Users/builder/builds/TDmZkXJm/0/finestructure/swiftpackageindex-builder/spi-builder-workspace/Sources/ShellKit/Shell.swift -emit-dependencies-path /Users/builder/builds/TDmZkXJm/0/finestructure/swiftpackageindex-builder/spi-builder-workspace/.derivedData/Build/Intermediates.noindex/shell-kit.build/Debug-watchos/ShellKit.build/Objects-normal/arm64_32/Shell.d -emit-const-values-path /Users/builder/builds/TDmZkXJm/0/finestructure/swiftpackageindex-builder/spi-builder-workspace/.derivedData/Build/Intermediates.noindex/shell-kit.build/Debug-watchos/ShellKit.build/Objects-normal/arm64_32/Shell.swiftconstvalues -emit-reference-dependencies-path /Users/builder/builds/TDmZkXJm/0/finestructure/swiftpackageindex-builder/spi-builder-workspace/.derivedData/Build/Intermediates.noindex/shell-kit.build/Debug-watchos/ShellKit.build/Objects-normal/arm64_32/Shell.swiftdeps -serialize-diagnostics-path /Users/builder/builds/TDmZkXJm/0/finestructure/swiftpackageindex-builder/spi-builder-workspace/.derivedData/Build/Intermediates.noindex/shell-kit.build/Debug-watchos/ShellKit.build/Objects-normal/arm64_32/Shell.dia -target arm64_32-apple-watchos5.0 -enable-objc-interop -sdk /Applications/Xcode-15.0.0-Beta.2.app/Contents/Developer/Platforms/WatchOS.platform/Developer/SDKs/WatchOS10.0.sdk -I /Users/builder/builds/TDmZkXJm/0/finestructure/swiftpackageindex-builder/spi-builder-workspace/.derivedData/Build/Products/Debug-watchos -I /Applications/Xcode-15.0.0-Beta.2.app/Contents/Developer/Platforms/WatchOS.platform/Developer/usr/lib -F /Users/builder/builds/TDmZkXJm/0/finestructure/swiftpackageindex-builder/spi-builder-workspace/.derivedData/Build/Products/Debug-watchos -F /Applications/Xcode-15.0.0-Beta.2.app/Contents/Developer/Platforms/WatchOS.platform/Developer/Library/Frameworks -F /Applications/Xcode-15.0.0-Beta.2.app/Contents/Developer/Platforms/WatchOS.platform/Developer/SDKs/WatchOS10.0.sdk/Developer/Library/Frameworks -no-color-diagnostics -enable-testing -g -module-cache-path /Users/builder/builds/TDmZkXJm/0/finestructure/swiftpackageindex-builder/spi-builder-workspace/.derivedData/ModuleCache.noindex -swift-version 5 -enforce-exclusivity\=checked -Onone -D SWIFT_PACKAGE -D DEBUG -D Xcode -serialize-debugging-options -const-gather-protocols-file /Users/builder/builds/TDmZkXJm/0/finestructure/swiftpackageindex-builder/spi-builder-workspace/.derivedData/Build/Intermediates.noindex/shell-kit.build/Debug-watchos/ShellKit.build/Objects-normal/arm64_32/ShellKit_const_extract_protocols.json -empty-abi-descriptor -plugin-path /Applications/Xcode-15.0.0-Beta.2.app/Contents/Developer/Toolchains/XcodeDefault.xctoolchain/usr/lib/swift/host/plugins -plugin-path /Applications/Xcode-15.0.0-Beta.2.app/Contents/Developer/Toolchains/XcodeDefault.xctoolchain/usr/local/lib/swift/host/plugins -validate-clang-modules-once -clang-build-session-file /Users/builder/builds/TDmZkXJm/0/finestructure/swiftpackageindex-builder/spi-builder-workspace/.derivedData/ModuleCache.noindex/Session.modulevalidation -Xcc -working-directory -Xcc /Users/builder/builds/TDmZkXJm/0/finestructure/swiftpackageindex-builder/spi-builder-workspace -resource-dir /Applications/Xcode-15.0.0-Beta.2.app/Contents/Developer/Toolchains/XcodeDefault.xctoolchain/usr/lib/swift -enable-anonymous-context-mangled-names -Xcc -ivfsstatcache -Xcc /Users/builder/builds/TDmZkXJm/0/finestructure/swiftpackageindex-builder/spi-builder-workspace/.derivedData/SDKStatCaches.noindex/watchos10.0-21R5295e-9a43322743793491a98c52dfd0045baa.sdkstatcache -Xcc -I/Users/builder/builds/TDmZkXJm/0/finestructure/swiftpackageindex-builder/spi-builder-workspace/.derivedData/Build/Intermediates.noindex/shell-kit.build/Debug-watchos/ShellKit.build/swift-overrides.hmap -Xcc -I/Users/builder/builds/TDmZkXJm/0/finestructure/swiftpackageindex-builder/spi-builder-workspace/.derivedData/Build/Products/Debug-watchos/include -Xcc -I/Users/builder/builds/TDmZkXJm/0/finestructure/swiftpackageindex-builder/spi-builder-workspace/.derivedData/Build/Intermediates.noindex/shell-kit.build/Debug-watchos/ShellKit.build/DerivedSources-normal/arm64_32 -Xcc -I/Users/builder/builds/TDmZkXJm/0/finestructure/swiftpackageindex-builder/spi-builder-workspace/.derivedData/Build/Intermediates.noindex/shell-kit.build/Debug-watchos/ShellKit.build/DerivedSources/arm64_32 -Xcc -I/Users/builder/builds/TDmZkXJm/0/finestructure/swiftpackageindex-builder/spi-builder-workspace/.derivedData/Build/Intermediates.noindex/shell-kit.build/Debug-watchos/ShellKit.build/DerivedSources -Xcc -DSWIFT_PACKAGE -Xcc -DDEBUG\=1 -module-name ShellKit -frontend-parseable-output -disable-clang-spi -target-sdk-version 10.0 -target-sdk-name watchos10.0 -parse-as-library -o /Users/builder/builds/TDmZkXJm/0/finestructure/swiftpackageindex-builder/spi-builder-workspace/.derivedData/Build/Intermediates.noindex/shell-kit.build/Debug-watchos/ShellKit.build/Objects-normal/arm64_32/Shell.o -index-unit-output-path /shell-kit.build/Debug-watchos/ShellKit.build/Objects-normal/arm64_32/Shell.o -index-store-path /Users/builder/builds/TDmZkXJm/0/finestructure/swiftpackageindex-builder/spi-builder-workspace/.derivedData/Index.noindex/DataStore -index-system-modules

SwiftCompile normal arm64_32 /Users/builder/builds/TDmZkXJm/0/finestructure/swiftpackageindex-builder/spi-builder-workspace/Sources/ShellKit/Shell.swift (in target 'ShellKit' from project 'shell-kit')
    cd /Users/builder/builds/TDmZkXJm/0/finestructure/swiftpackageindex-builder/spi-builder-workspace
    /Applications/Xcode-15.0.0-Beta.2.app/Contents/Developer/Toolchains/XcodeDefault.xctoolchain/usr/bin/swift-frontend -c -primary-file /Users/builder/builds/TDmZkXJm/0/finestructure/swiftpackageindex-builder/spi-builder-workspace/Sources/ShellKit/Shell.swift -emit-dependencies-path /Users/builder/builds/TDmZkXJm/0/finestructure/swiftpackageindex-builder/spi-builder-workspace/.derivedData/Build/Intermediates.noindex/shell-kit.build/Debug-watchos/ShellKit.build/Objects-normal/arm64_32/Shell.d -emit-const-values-path /Users/builder/builds/TDmZkXJm/0/finestructure/swiftpackageindex-builder/spi-builder-workspace/.derivedData/Build/Intermediates.noindex/shell-kit.build/Debug-watchos/ShellKit.build/Objects-normal/arm64_32/Shell.swiftconstvalues -emit-reference-dependencies-path /Users/builder/builds/TDmZkXJm/0/finestructure/swiftpackageindex-builder/spi-builder-workspace/.derivedData/Build/Intermediates.noindex/shell-kit.build/Debug-watchos/ShellKit.build/Objects-normal/arm64_32/Shell.swiftdeps -serialize-diagnostics-path /Users/builder/builds/TDmZkXJm/0/finestructure/swiftpackageindex-builder/spi-builder-workspace/.derivedData/Build/Intermediates.noindex/shell-kit.build/Debug-watchos/ShellKit.build/Objects-normal/arm64_32/Shell.dia -target arm64_32-apple-watchos5.0 -enable-objc-interop -sdk /Applications/Xcode-15.0.0-Beta.2.app/Contents/Developer/Platforms/WatchOS.platform/Developer/SDKs/WatchOS10.0.sdk -I /Users/builder/builds/TDmZkXJm/0/finestructure/swiftpackageindex-builder/spi-builder-workspace/.derivedData/Build/Products/Debug-watchos -I /Applications/Xcode-15.0.0-Beta.2.app/Contents/Developer/Platforms/WatchOS.platform/Developer/usr/lib -F /Users/builder/builds/TDmZkXJm/0/finestructure/swiftpackageindex-builder/spi-builder-workspace/.derivedData/Build/Products/Debug-watchos -F /Applications/Xcode-15.0.0-Beta.2.app/Contents/Developer/Platforms/WatchOS.platform/Developer/Library/Frameworks -F /Applications/Xcode-15.0.0-Beta.2.app/Contents/Developer/Platforms/WatchOS.platform/Developer/SDKs/WatchOS10.0.sdk/Developer/Library/Frameworks -no-color-diagnostics -enable-testing -g -module-cache-path /Users/builder/builds/TDmZkXJm/0/finestructure/swiftpackageindex-builder/spi-builder-workspace/.derivedData/ModuleCache.noindex -swift-version 5 -enforce-exclusivity\=checked -Onone -D SWIFT_PACKAGE -D DEBUG -D Xcode -serialize-debugging-options -const-gather-protocols-file /Users/builder/builds/TDmZkXJm/0/finestructure/swiftpackageindex-builder/spi-builder-workspace/.derivedData/Build/Intermediates.noindex/shell-kit.build/Debug-watchos/ShellKit.build/Objects-normal/arm64_32/ShellKit_const_extract_protocols.json -empty-abi-descriptor -plugin-path /Applications/Xcode-15.0.0-Beta.2.app/Contents/Developer/Toolchains/XcodeDefault.xctoolchain/usr/lib/swift/host/plugins -plugin-path /Applications/Xcode-15.0.0-Beta.2.app/Contents/Developer/Toolchains/XcodeDefault.xctoolchain/usr/local/lib/swift/host/plugins -validate-clang-modules-once -clang-build-session-file /Users/builder/builds/TDmZkXJm/0/finestructure/swiftpackageindex-builder/spi-builder-workspace/.derivedData/ModuleCache.noindex/Session.modulevalidation -Xcc -working-directory -Xcc /Users/builder/builds/TDmZkXJm/0/finestructure/swiftpackageindex-builder/spi-builder-workspace -resource-dir /Applications/Xcode-15.0.0-Beta.2.app/Contents/Developer/Toolchains/XcodeDefault.xctoolchain/usr/lib/swift -enable-anonymous-context-mangled-names -Xcc -ivfsstatcache -Xcc /Users/builder/builds/TDmZkXJm/0/finestructure/swiftpackageindex-builder/spi-builder-workspace/.derivedData/SDKStatCaches.noindex/watchos10.0-21R5295e-9a43322743793491a98c52dfd0045baa.sdkstatcache -Xcc -I/Users/builder/builds/TDmZkXJm/0/finestructure/swiftpackageindex-builder/spi-builder-workspace/.derivedData/Build/Intermediates.noindex/shell-kit.build/Debug-watchos/ShellKit.build/swift-overrides.hmap -Xcc -I/Users/builder/builds/TDmZkXJm/0/finestructure/swiftpackageindex-builder/spi-builder-workspace/.derivedData/Build/Products/Debug-watchos/include -Xcc -I/Users/builder/builds/TDmZkXJm/0/finestructure/swiftpackageindex-builder/spi-builder-workspace/.derivedData/Build/Intermediates.noindex/shell-kit.build/Debug-watchos/ShellKit.build/DerivedSources-normal/arm64_32 -Xcc -I/Users/builder/builds/TDmZkXJm/0/finestructure/swiftpackageindex-builder/spi-builder-workspace/.derivedData/Build/Intermediates.noindex/shell-kit.build/Debug-watchos/ShellKit.build/DerivedSources/arm64_32 -Xcc -I/Users/builder/builds/TDmZkXJm/0/finestructure/swiftpackageindex-builder/spi-builder-workspace/.derivedData/Build/Intermediates.noindex/shell-kit.build/Debug-watchos/ShellKit.build/DerivedSources -Xcc -DSWIFT_PACKAGE -Xcc -DDEBUG\=1 -module-name ShellKit -frontend-parseable-output -disable-clang-spi -target-sdk-version 10.0 -target-sdk-name watchos10.0 -parse-as-library -o /Users/builder/builds/TDmZkXJm/0/finestructure/swiftpackageindex-builder/spi-builder-workspace/.derivedData/Build/Intermediates.noindex/shell-kit.build/Debug-watchos/ShellKit.build/Objects-normal/arm64_32/Shell.o -index-unit-output-path /shell-kit.build/Debug-watchos/ShellKit.build/Objects-normal/arm64_32/Shell.o -index-store-path /Users/builder/builds/TDmZkXJm/0/finestructure/swiftpackageindex-builder/spi-builder-workspace/.derivedData/Index.noindex/DataStore -index-system-modules
/Users/builder/builds/TDmZkXJm/0/finestructure/swiftpackageindex-builder/spi-builder-workspace/Sources/ShellKit/Shell.swift:121:23: error: cannot find 'Process' in scope
        let process = Process()
                      ^~~~~~~

SwiftEmitModule normal arm64_32 Emitting\ module\ for\ ShellKitTests (in target 'ShellKitTests' from project 'shell-kit')
    cd /Users/builder/builds/TDmZkXJm/0/finestructure/swiftpackageindex-builder/spi-builder-workspace
    builtin-swiftTaskExecution -- /Applications/Xcode-15.0.0-Beta.2.app/Contents/Developer/Toolchains/XcodeDefault.xctoolchain/usr/bin/swift-frontend -frontend -emit-module -experimental-skip-non-inlinable-function-bodies-without-types /Users/builder/builds/TDmZkXJm/0/finestructure/swiftpackageindex-builder/spi-builder-workspace/Tests/ShellKitTests/ShellKitTests.swift /Users/builder/builds/TDmZkXJm/0/finestructure/swiftpackageindex-builder/spi-builder-workspace/Tests/ShellKitTests/XCTestManifests.swift -target arm64_32-apple-watchos5.0 -enable-objc-interop -sdk /Applications/Xcode-15.0.0-Beta.2.app/Contents/Developer/Platforms/WatchOS.platform/Developer/SDKs/WatchOS10.0.sdk -I /Users/builder/builds/TDmZkXJm/0/finestructure/swiftpackageindex-builder/spi-builder-workspace/.derivedData/Build/Products/Debug-watchos -I /Applications/Xcode-15.0.0-Beta.2.app/Contents/Developer/Platforms/WatchOS.platform/Developer/usr/lib -F /Users/builder/builds/TDmZkXJm/0/finestructure/swiftpackageindex-builder/spi-builder-workspace/.derivedData/Build/Products/Debug-watchos/PackageFrameworks -F /Users/builder/builds/TDmZkXJm/0/finestructure/swiftpackageindex-builder/spi-builder-workspace/.derivedData/Build/Products/Debug-watchos -F /Applications/Xcode-15.0.0-Beta.2.app/Contents/Developer/Platforms/WatchOS.platform/Developer/Library/Frameworks -F /Applications/Xcode-15.0.0-Beta.2.app/Contents/Developer/Platforms/WatchOS.platform/Developer/SDKs/WatchOS10.0.sdk/Developer/Library/Frameworks -no-color-diagnostics -enable-testing -g -module-cache-path /Users/builder/builds/TDmZkXJm/0/finestructure/swiftpackageindex-builder/spi-builder-workspace/.derivedData/ModuleCache.noindex -swift-version 5 -enforce-exclusivity\=checked -Onone -D SWIFT_PACKAGE -D DEBUG -D Xcode -serialize-debugging-options -const-gather-protocols-file /Users/builder/builds/TDmZkXJm/0/finestructure/swiftpackageindex-builder/spi-builder-workspace/.derivedData/Build/Intermediates.noindex/shell-kit.build/Debug-watchos/ShellKitTests.build/Objects-normal/arm64_32/ShellKitTests_const_extract_protocols.json -empty-abi-descriptor -plugin-path /Applications/Xcode-15.0.0-Beta.2.app/Contents/Developer/Toolchains/XcodeDefault.xctoolchain/usr/lib/swift/host/plugins -plugin-path /Applications/Xcode-15.0.0-Beta.2.app/Contents/Developer/Toolchains/XcodeDefault.xctoolchain/usr/local/lib/swift/host/plugins -validate-clang-modules-once -clang-build-session-file /Users/builder/builds/TDmZkXJm/0/finestructure/swiftpackageindex-builder/spi-builder-workspace/.derivedData/ModuleCache.noindex/Session.modulevalidation -Xcc -working-directory -Xcc /Users/builder/builds/TDmZkXJm/0/finestructure/swiftpackageindex-builder/spi-builder-workspace -resource-dir /Applications/Xcode-15.0.0-Beta.2.app/Contents/Developer/Toolchains/XcodeDefault.xctoolchain/usr/lib/swift -enable-anonymous-context-mangled-names -Xcc -ivfsstatcache -Xcc /Users/builder/builds/TDmZkXJm/0/finestructure/swiftpackageindex-builder/spi-builder-workspace/.derivedData/SDKStatCaches.noindex/watchos10.0-21R5295e-9a43322743793491a98c52dfd0045baa.sdkstatcache -Xcc -I/Users/builder/builds/TDmZkXJm/0/finestructure/swiftpackageindex-builder/spi-builder-workspace/.derivedData/Build/Products/Debug-watchos/include -Xcc -I/Users/builder/builds/TDmZkXJm/0/finestructure/swiftpackageindex-builder/spi-builder-workspace/.derivedData/Build/Intermediates.noindex/shell-kit.build/Debug-watchos/ShellKitTests.build/DerivedSources-normal/arm64_32 -Xcc -I/Users/builder/builds/TDmZkXJm/0/finestructure/swiftpackageindex-builder/spi-builder-workspace/.derivedData/Build/Intermediates.noindex/shell-kit.build/Debug-watchos/ShellKitTests.build/DerivedSources/arm64_32 -Xcc -I/Users/builder/builds/TDmZkXJm/0/finestructure/swiftpackageindex-builder/spi-builder-workspace/.derivedData/Build/Intermediates.noindex/shell-kit.build/Debug-watchos/ShellKitTests.build/DerivedSources -Xcc -DSWIFT_PACKAGE -Xcc -DDEBUG\=1 -module-name ShellKitTests -disable-clang-spi -target-sdk-version 10.0 -target-sdk-name watchos10.0 -emit-module-doc-path /Users/builder/builds/TDmZkXJm/0/finestructure/swiftpackageindex-builder/spi-builder-workspace/.derivedData/Build/Intermediates.noindex/shell-kit.build/Debug-watchos/ShellKitTests.build/Objects-normal/arm64_32/ShellKitTests.swiftdoc -emit-module-source-info-path /Users/builder/builds/TDmZkXJm/0/finestructure/swiftpackageindex-builder/spi-builder-workspace/.derivedData/Build/Intermediates.noindex/shell-kit.build/Debug-watchos/ShellKitTests.build/Objects-normal/arm64_32/ShellKitTests.swiftsourceinfo -serialize-diagnostics-path /Users/builder/builds/TDmZkXJm/0/finestr
ucture/swiftpackageindex-builder/spi-builder-workspace/.derivedData/Build/Intermediates.noindex/shell-kit.build/Debug-watchos/ShellKitTests.build/Objects-normal/arm64_32/ShellKitTests-master-emit-module.dia -emit-dependencies-path /Users/builder/builds/TDmZkXJm/0/finestructure/swiftpackageindex-builder/spi-builder-workspace/.derivedData/Build/Intermediates.noindex/shell-kit.build/Debug-watchos/ShellKitTests.build/Objects-normal/arm64_32/ShellKitTests-master-emit-module.d -o /Users/builder/builds/TDmZkXJm/0/finestructure/swiftpackageindex-builder/spi-builder-workspace/.derivedData/Build/Intermediates.noindex/shell-kit.build/Debug-watchos/ShellKitTests.build/Objects-normal/arm64_32/ShellKitTests.swiftmodule -emit-abi-descriptor-path /Users/builder/builds/TDmZkXJm/0/finestructure/swiftpackageindex-builder/spi-builder-workspace/.derivedData/Build/Intermediates.noindex/shell-kit.build/Debug-watchos/ShellKitTests.build/Objects-normal/arm64_32/ShellKitTests.abi.json

SwiftEmitModule normal arm64 Emitting\ module\ for\ ShellKitTests (in target 'ShellKitTests' from project 'shell-kit')
    cd /Users/builder/builds/TDmZkXJm/0/finestructure/swiftpackageindex-builder/spi-builder-workspace
    builtin-swiftTaskExecution -- /Applications/Xcode-15.0.0-Beta.2.app/Contents/Developer/Toolchains/XcodeDefault.xctoolchain/usr/bin/swift-frontend -frontend -emit-module -experimental-skip-non-inlinable-function-bodies-without-types /Users/builder/builds/TDmZkXJm/0/finestructure/swiftpackageindex-builder/spi-builder-workspace/Tests/ShellKitTests/ShellKitTests.swift /Users/builder/builds/TDmZkXJm/0/finestructure/swiftpackageindex-builder/spi-builder-workspace/Tests/ShellKitTests/XCTestManifests.swift -target arm64-apple-watchos5.0 -Xllvm -aarch64-use-tbi -enable-objc-interop -sdk /Applications/Xcode-15.0.0-Beta.2.app/Contents/Developer/Platforms/WatchOS.platform/Developer/SDKs/WatchOS10.0.sdk -I /Users/builder/builds/TDmZkXJm/0/finestructure/swiftpackageindex-builder/spi-builder-workspace/.derivedData/Build/Products/Debug-watchos -I /Applications/Xcode-15.0.0-Beta.2.app/Contents/Developer/Platforms/WatchOS.platform/Developer/usr/lib -F /Users/builder/builds/TDmZkXJm/0/finestructure/swiftpackageindex-builder/spi-builder-workspace/.derivedData/Build/Products/Debug-watchos/PackageFrameworks -F /Users/builder/builds/TDmZkXJm/0/finestructure/swiftpackageindex-builder/spi-builder-workspace/.derivedData/Build/Products/Debug-watchos -F /Applications/Xcode-15.0.0-Beta.2.app/Contents/Developer/Platforms/WatchOS.platform/Developer/Library/Frameworks -F /Applications/Xcode-15.0.0-Beta.2.app/Contents/Developer/Platforms/WatchOS.platform/Developer/SDKs/WatchOS10.0.sdk/Developer/Library/Frameworks -no-color-diagnostics -enable-testing -g -module-cache-path /Users/builder/builds/TDmZkXJm/0/finestructure/swiftpackageindex-builder/spi-builder-workspace/.derivedData/ModuleCache.noindex -swift-version 5 -enforce-exclusivity\=checked -Onone -D SWIFT_PACKAGE -D DEBUG -D Xcode -serialize-debugging-options -const-gather-protocols-file /Users/builder/builds/TDmZkXJm/0/finestructure/swiftpackageindex-builder/spi-builder-workspace/.derivedData/Build/Intermediates.noindex/shell-kit.build/Debug-watchos/ShellKitTests.build/Objects-normal/arm64/ShellKitTests_const_extract_protocols.json -empty-abi-descriptor -plugin-path /Applications/Xcode-15.0.0-Beta.2.app/Contents/Developer/Toolchains/XcodeDefault.xctoolchain/usr/lib/swift/host/plugins -plugin-path /Applications/Xcode-15.0.0-Beta.2.app/Contents/Developer/Toolchains/XcodeDefault.xctoolchain/usr/local/lib/swift/host/plugins -validate-clang-modules-once -clang-build-session-file /Users/builder/builds/TDmZkXJm/0/finestructure/swiftpackageindex-builder/spi-builder-workspace/.derivedData/ModuleCache.noindex/Session.modulevalidation -Xcc -working-directory -Xcc /Users/builder/builds/TDmZkXJm/0/finestructure/swiftpackageindex-builder/spi-builder-workspace -resource-dir /Applications/Xcode-15.0.0-Beta.2.app/Contents/Developer/Toolchains/XcodeDefault.xctoolchain/usr/lib/swift -enable-anonymous-context-mangled-names -Xcc -ivfsstatcache -Xcc /Users/builder/builds/TDmZkXJm/0/finestructure/swiftpackageindex-builder/spi-builder-workspace/.derivedData/SDKStatCaches.noindex/watchos10.0-21R5295e-9a43322743793491a98c52dfd0045baa.sdkstatcache -Xcc -I/Users/builder/builds/TDmZkXJm/0/finestructure/swiftpackageindex-builder/spi-builder-workspace/.derivedData/Build/Products/Debug-watchos/include -Xcc -I/Users/builder/builds/TDmZkXJm/0/finestructure/swiftpackageindex-builder/spi-builder-workspace/.derivedData/Build/Intermediates.noindex/shell-kit.build/Debug-watchos/ShellKitTests.build/DerivedSources-normal/arm64 -Xcc -I/Users/builder/builds/TDmZkXJm/0/finestructure/swiftpackageindex-builder/spi-builder-workspace/.derivedData/Build/Intermediates.noindex/shell-kit.build/Debug-watchos/ShellKitTests.build/DerivedSources/arm64 -Xcc -I/Users/builder/builds/TDmZkXJm/0/finestructure/swiftpackageindex-builder/spi-builder-workspace/.derivedData/Build/Intermediates.noindex/shell-kit.build/Debug-watchos/ShellKitTests.build/DerivedSources -Xcc -DSWIFT_PACKAGE -Xcc -DDEBUG\=1 -module-name ShellKitTests -disable-clang-spi -target-sdk-version 10.0 -target-sdk-name watchos10.0 -emit-module-doc-path /Users/builder/builds/TDmZkXJm/0/finestructure/swiftpackageindex-builder/spi-builder-workspace/.derivedData/Build/Intermediates.noindex/shell-kit.build/Debug-watchos/ShellKitTests.build/Objects-normal/arm64/ShellKitTests.swiftdoc -emit-module-source-info-path /Users/builder/builds/TDmZkXJm/0/finestructure/swiftpackageindex-builder/spi-builder-workspace/.derivedData/Build/Intermediates.noindex/shell-kit.build/Debug-watchos/ShellKitTests.build/Objects-normal/arm64/ShellKitTests.swiftsourceinfo -serialize-diagnostics-path /Users/builder/builds/TDmZkXJm/0/finestructure/swiftpackageindex-builder/spi-builder-workspace/.derivedData/Build/Intermediates.noindex/shell-kit.build/Debug-watchos/ShellKitTests.build/Objects-normal/arm64/ShellKitTests-master-emit-module.dia -emit-dependencies-path /Users/builder/builds/TDmZkXJm/0/finestructure/swiftpackageindex-builder/spi-builder-workspace/.derivedData/Build/Intermediates.noindex/shell-kit.build/Debug-watchos/ShellKitTests.build/Objects-normal/arm64/ShellKitTests-master-emit-module.d -o /Users/builder/builds/TDmZkXJm/0/finestructure/swiftpackageindex-builder/spi-builder-workspace/.derivedData/Build/Intermediates.noindex/shell-kit.build/Debug-watchos/ShellKitTests.build/Objects-normal/arm64/ShellKitTests.swiftmodule -emit-abi-descriptor-path /Users/builder/builds/TDmZkXJm/0/finestructure/swiftpackageindex-builder/spi-builder-workspace/.derivedData/Build/Intermediates.noindex/shell-kit.build/Debug-watchos/ShellKitTests.build/Objects-normal/arm64/ShellKitTests.abi.json

SwiftEmitModule normal armv7k Emitting\ module\ for\ ShellKitTests (in target 'ShellKitTests' from project 'shell-kit')
    cd /Users/builder/builds/TDmZkXJm/0/finestructure/swiftpackageindex-builder/spi-builder-workspace
    builtin-swiftTaskExecution -- /Applications/Xcode-15.0.0-Beta.2.app/Contents/Developer/Toolchains/XcodeDefault.xctoolchain/usr/bin/swift-frontend -frontend -emit-module -experimental-skip-non-inlinable-function-bodies-without-types /Users/builder/builds/TDmZkXJm/0/finestructure/swiftpackageindex-builder/spi-builder-workspace/Tests/ShellKitTests/ShellKitTests.swift /Users/builder/builds/TDmZkXJm/0/finestructure/swiftpackageindex-builder/spi-builder-workspace/Tests/ShellKitTests/XCTestManifests.swift -target armv7k-apple-watchos5.0 -enable-objc-interop -sdk /Applications/Xcode-15.0.0-Beta.2.app/Contents/Developer/Platforms/WatchOS.platform/Developer/SDKs/WatchOS10.0.sdk -I /Users/builder/builds/TDmZkXJm/0/finestructure/swiftpackageindex-builder/spi-builder-workspace/.derivedData/Build/Products/Debug-watchos -I /Applications/Xcode-15.0.0-Beta.2.app/Contents/Developer/Platforms/WatchOS.platform/Developer/usr/lib -F /Users/builder/builds/TDmZkXJm/0/finestructure/swiftpackageindex-builder/spi-builder-workspace/.derivedData/Build/Products/Debug-watchos/PackageFrameworks -F /Users/builder/builds/TDmZkXJm/0/finestructure/swiftpackageindex-builder/spi-builder-workspace/.derivedData/Build/Products/Debug-watchos -F /Applications/Xcode-15.0.0-Beta.2.app/Contents/Developer/Platforms/WatchOS.platform/Developer/Library/Frameworks -F /Applications/Xcode-15.0.0-Beta.2.app/Contents/Developer/Platforms/WatchOS.platform/Developer/SDKs/WatchOS10.0.sdk/Developer/Library/Frameworks -no-color-diagnostics -enable-testing -g -module-cache-path /Users/builder/builds/TDmZkXJm/0/finestructure/swiftpackageindex-builder/spi-builder-workspace/.derivedData/ModuleCache.noindex -swift-version 5 -enforce-exclusivity\=checked -Onone -D SWIFT_PACKAGE -D DEBUG -D Xcode -serialize-debugging-options -const-gather-protocols-file /Users/builder/builds/TDmZkXJm/0/finestructure/swiftpackageindex-builder/spi-builder-workspace/.derivedData/Build/Intermediates.noindex/shell-kit.build/Debug-watchos/ShellKitTests.build/Objects-normal/armv7k/ShellKitTests_const_extract_protocols.json -empty-abi-descriptor -plugin-path /Applications/Xcode-15.0.0-Beta.2.app/Contents/Developer/Toolchains/XcodeDefault.xctoolchain/usr/lib/swift/host/plugins -plugin-path /Applications/Xcode-15.0.0-Beta.2.app/Contents/Developer/Toolchains/XcodeDefault.xctoolchain/usr/local/lib/swift/host/plugins -validate-clang-modules-once -clang-build-session-file /Users/builder/builds/TDmZkXJm/0/finestructure/swiftpackageindex-builder/spi-builder-workspace/.derivedData/ModuleCache.noindex/Session.modulevalidation -Xcc -working-directory -Xcc /Users/builder/builds/TDmZkXJm/0/finestructure/swiftpackageindex-builder/spi-builder-workspace -resource-dir /Applications/Xcode-15.0.0-Beta.2.app/Contents/Developer/Toolchains/XcodeDefault.xctoolchain/usr/lib/swift -enable-anonymous-context-mangled-names -Xcc -ivfsstatcache -Xcc /Users/builder/builds/TDmZkXJm/0/finestructure/swiftpackageindex-builder/spi-builder-workspace/.derivedData/SDKStatCaches.noindex/watchos10.0-21R5295e-9a43322743793491a98c52dfd0045baa.sdkstatcache -Xcc -I/Users/builder/builds/TDmZkXJm/0/finestructure/swiftpackageindex-builder/spi-builder-workspace/.derivedData/Build/Products/Debug-watchos/include -Xcc -I/Users/builder/builds/TDmZkXJm/0/finestructure/swiftpackageindex-builder/spi-builder-workspace/.derivedData/Build/Intermediates.noindex/shell-kit.build/Debug-watchos/ShellKitTests.build/DerivedSources-normal/armv7k -Xcc -I/Users/builder/builds/TDmZkXJm/0/finestructure/swiftpackageindex-builder/spi-builder-workspace/.derivedData/Build/Intermediates.noindex/shell-kit.build/Debug-watchos/ShellKitTests.build/DerivedSources/armv7k -Xcc -I/Users/builder/builds/TDmZkXJm/0/finestructure/swiftpackageindex-builder/spi-builder-workspace/.derivedData/Build/Intermediates.noindex/shell-kit.build/Debug-watchos/ShellKitTests.build/DerivedSources -Xcc -DSWIFT_PACKAGE -Xcc -DDEBUG\=1 -module-name ShellKitTests -disable-clang-spi -target-sdk-version 10.0 -target-sdk-name watchos10.0 -emit-module-doc-path /Users/builder/builds/TDmZkXJm/0/finestructure/swiftpackageindex-builder/spi-builder-workspace/.derivedData/Build/Intermediates.noindex/shell-kit.build/Debug-watchos/ShellKitTests.build/Objects-normal/armv7k/ShellKitTests.swiftdoc -emit-module-source-info-path /Users/builder/builds/TDmZkXJm/0/finestructure/swiftpackageindex-builder/spi-builder-workspace/.derivedData/Build/Intermediates.noindex/shell-kit.build/Debug-watchos/ShellKitTests.build/Objects-normal/armv7k/ShellKitTests.swiftsourceinfo -serialize-diagnostics-path /Users/builder/builds/TDmZkXJm/0/finestructure/swiftpackageindex-builder/spi-builder-workspace/.derivedData/Build/Intermediates.noindex/shell-kit.build/Debug-watchos/ShellKitTests.build/Objects-normal/armv7k/ShellKitTests-master-emit-module.dia -emit-dependencies-path /Users/builder/builds/TDmZkXJm/0/finestructure/swiftpackageindex-builder/spi-builder-workspace/.derivedData/Build/Intermediates.noindex/shell-kit.build/Debug-watchos/ShellKitTests.build/Objects-normal/armv7k/ShellKitTests-master-emit-module.d -o /Users/builder/builds/TDmZkXJm/0/finestructure/swiftpackageindex-builder/spi-builder-workspace/.derivedData/Build/Intermediates.noindex/shell-kit.build/Debug-watchos/ShellKitTests.build/Objects-normal/armv7k/ShellKitTests.swiftmodule -emit-abi-descriptor-path /Users/builder/builds/TDmZkXJm/0/finestructure/swiftpackageindex-builder/spi-builder-workspace/.derivedData/Build/Intermediates.noindex/shell-kit.build/Debug-watchos/ShellKitTests.build/Objects-normal/armv7k/ShellKitTests.abi.json
SwiftCompile normal arm64_32 Compiling\ XCTestManifests.swift /Users/builder/builds/TDmZkXJm/0/finestructure/swiftpackageindex-builder/spi-builder-workspace/Tests/ShellKitTests/XCTestManifests.swift (in target 'ShellKitTests' from project 'shell-kit')
    cd /Users/builder/builds/TDmZkXJm/0/finestructure/swiftpackageindex-builder/spi-builder-workspace
    builtin-swiftTaskExecution -- /Applications/Xcode-15.0.0-Beta.2.app/Contents/Developer/Toolchains/XcodeDefault.xctoolchain/usr/bin/swift-frontend -frontend -c /Users/builder/builds/TDmZkXJm/0/finestructure/swiftpackageindex-builder/spi-builder-workspace/Tests/ShellKitTests/ShellKitTests.swift -primary-file /Users/builder/builds/TDmZkXJm/0/finestructure/swiftpackageindex-builder/spi-builder-workspace/Tests/ShellKitTests/XCTestManifests.swift -emit-dependencies-path /Users/builder/builds/TDmZkXJm/0/finestructure/swiftpackageindex-builder/spi-builder-workspace/.derivedData/Build/Intermediates.noindex/shell-kit.build/Debug-watchos/ShellKitTests.build/Objects-normal/arm64_32/XCTestManifests.d -emit-const-values-path /Users/builder/builds/TDmZkXJm/0/finestructure/swiftpackageindex-builder/spi-builder-workspace/.derivedData/Build/Intermediates.noindex/shell-kit.build/Debug-watchos/ShellKitTests.build/Objects-normal/arm64_32/XCTestManifests.swiftconstvalues -emit-reference-dependencies-path /Users/builder/builds/TDmZkXJm/0/finestructure/swiftpackageindex-builder/spi-builder-workspace/.derivedData/Build/Intermediates.noindex/shell-kit.build/Debug-watchos/ShellKitTests.build/Objects-normal/arm64_32/XCTestManifests.swiftdeps -serialize-diagnostics-path /Users/builder/builds/TDmZkXJm/0/finestructure/swiftpackageindex-builder/spi-builder-workspace/.derivedData/Build/Intermediates.noindex/shell-kit.build/Debug-watchos/ShellKitTests.build/Objects-normal/arm64_32/XCTestManifests.dia -target arm64_32-apple-watchos5.0 -enable-objc-interop -sdk /Applications/Xcode-15.0.0-Beta.2.app/Contents/Developer/Platforms/WatchOS.platform/Developer/SDKs/WatchOS10.0.sdk -I /Users/builder/builds/TDmZkXJm/0/finestructure/swiftpackageindex-builder/spi-builder-workspace/.derivedData/Build/Products/Debug-watchos -I /Applications/Xcode-15.0.0-Beta.2.app/Contents/Developer/Platforms/WatchOS.platform/Developer/usr/lib -F /Users/builder/builds/TDmZkXJm/0/finestructure/swiftpackageindex-builder/spi-builder-workspace/.derivedData/Build/Products/Debug-watchos/PackageFrameworks -F /Users/builder/builds/TDmZkXJm/0/finestructure/swiftpackageindex-builder/spi-builder-workspace/.derivedData/Build/Products/Debug-watchos -F /Applications/Xcode-15.0.0-Beta.2.app/Contents/Developer/Platforms/WatchOS.platform/Developer/Library/Frameworks -F /Applications/Xcode-15.0.0-Beta.2.app/Contents/Developer/Platforms/WatchOS.platform/Developer/SDKs/WatchOS10.0.sdk/Developer/Library/Frameworks -no-color-diagnostics -enable-testing -g -module-cache-path /Users/builder/builds/TDmZkXJm/0/finestructure/swiftpackageindex-builder/spi-builder-workspace/.derivedData/ModuleCache.noindex -swift-version 5 -enforce-exclusivity\=checked -Onone -D SWIFT_PACKAGE -D DEBUG -D Xcode -serialize-debugging-options -const-gather-protocols-file /Users/builder/builds/TDmZkXJm/0/finestructure/swiftpackageindex-builder/spi-builder-workspace/.derivedData/Build/Intermediates.noindex/shell-kit.build/Debug-watchos/ShellKitTests.build/Objects-normal/arm64_32/ShellKitTests_const_extract_protocols.json -empty-abi-descriptor -plugin-path /Applications/Xcode-15.0.0-Beta.2.app/Contents/Developer/Toolchains/XcodeDefault.xctoolchain/usr/lib/swift/host/plugins -plugin-path /Applications/Xcode-15.0.0-Beta.2.app/Contents/Developer/Toolchains/XcodeDefault.xctoolchain/usr/local/lib/swift/host/plugins -validate-clang-modules-once -clang-build-session-file /Users/builder/builds/TDmZkXJm/0/finestructure/swiftpackageindex-builder/spi-builder-workspace/.derivedData/ModuleCache.noindex/Session.modulevalidation -Xcc -working-directory -Xcc /Users/builder/builds/TDmZkXJm/0/finestructure/swiftpackageindex-builder/spi-builder-workspace -resource-dir /Applications/Xcode-15.0.0-Beta.2.app/Contents/Developer/Toolchains/XcodeDefault.xctoolchain/usr/lib/swift -enable-anonymous-context-mangled-names -Xcc -ivfsstatcache -Xcc /Users/builder/builds/TDmZkXJm/0/finestructure/swiftpackageindex-builder/spi-builder-workspace/.derivedData/SDKStatCaches.noindex/watchos10.0-21R5295e-9a43322743793491a98c52dfd0045baa.sdkstatcache -Xcc -I/Users/builder/builds/TDmZkXJm/0/finestructure/swiftpackageindex-builder/spi-builder-workspace/.derivedData/Build/Products/Debug-watchos/include -Xcc -I/Users/builder/builds/TDmZkXJm/0/finestructure/swiftpackageindex-builder/spi-builder-workspace/.derivedData/Build/Intermediates.noindex/shell-kit.build/Debug-watchos/ShellKitTests.build/DerivedSources-normal/arm64_32 -Xcc -I/Users/builder/builds/TDmZkXJm/0/finestructure/swiftpackageindex-builder/spi-builder-workspace/.derivedData/Build/Intermediates.noindex/shell-kit.build/Debug-watchos/ShellKitTests.build/DerivedSources/arm64_32 -Xcc -I/Users/builder/builds/TDmZkXJm/0/finestructure/swiftpackageindex-builder/spi-builder-workspace/.derivedData/Build/Intermediates.noindex/shell-kit.build/Debug-watchos/ShellKitTests.build/DerivedSources -Xcc -DSWIFT_PACKAGE -Xcc -DDEBUG\=1 -module-name ShellKitTests -frontend-parseable-output -disable-clang-spi -target-sdk-version 10.0 -target-sdk-name watchos10.0 -o /Users/builder/builds/TDmZkXJm/0/finestructure/swiftpackageindex-builder/spi-builder-workspace/.derivedData/Build/Intermediates.noindex/shell-kit.build/Debug-watchos/ShellKitTests.build/Objects-normal/arm64_32/XCTestManifests.o -index-unit-output-path /shell-kit.build/Debug-watchos/ShellKitTests.build/Objects-normal/arm64_32/XCTestManifests.o -index-store-path /Users/builder/builds/TDmZkXJm/0/finestructure/swiftpackageindex-builder/spi-builder-workspace/.derivedData/Index.noindex/DataStore -index-system-modules
SwiftCompile normal arm64_32 /Users/builder/builds/TDmZkXJm/0/finestructure/swiftpackageindex-builder/spi-builder-workspace/Tests/ShellKitTests/XCTestManifests.swift (in target 'ShellKitTests' from project 'shell-kit')
    cd /Users/builder/builds/TDmZkXJm/0/finestructure/swiftpackageindex-builder/spi-builder-workspace
    /Applications/Xcode-15.0.0-Beta.2.app/Contents/Developer/Toolchains/XcodeDefault.xctoolchain/usr/bin/swift-frontend -c /Users/builder/builds/TDmZkXJm/0/finestructure/swiftpackageindex-builder/spi-builder-workspace/Tests/ShellKitTests/ShellKitTests.swift -primary-file /Users/builder/builds/TDmZkXJm/0/finestructure/swiftpackageindex-builder/spi-builder-workspace/Tests/ShellKitTests/XCTestManifests.swift -emit-dependencies-path /Users/builder/builds/TDmZkXJm/0/finestructure/swiftpackageindex-builder/spi-builder-workspace/.derivedData/Build/Intermediates.noindex/shell-kit.build/Debug-watchos/ShellKitTests.build/Objects-normal/arm64_32/XCTestManifests.d -emit-const-values-path /Users/builder/builds/TDmZkXJm/0/finestructure/swiftpackageindex-builder/spi-builder-workspace/.derivedData/Build/Intermediates.noindex/shell-kit.build/Debug-watchos/ShellKitTests.build/Objects-normal/arm64_32/XCTestManifests.swiftconstvalues -emit-reference-dependencies-path /Users/builder/builds/TDmZkXJm/0/finestructure/swiftpackageindex-builder/spi-builder-workspace/.derivedData/Build/Intermediates.noindex/shell-kit.build/Debug-watchos/ShellKitTests.build/Objects-normal/arm64_32/XCTestManifests.swiftdeps -serialize-diagnostics-path /Users/builder/builds/TDmZkXJm/0/finestructure/swiftpackageindex-builder/spi-builder-workspace/.derivedData/Build/Intermediates.noindex/shell-kit.build/Debug-watchos/ShellKitTests.build/Objects-normal/arm64_32/XCTestManifests.dia -target arm64_32-apple-watchos5.0 -enable-objc-interop -sdk /Applications/Xcode-15.0.0-Beta.2.app/Contents/Developer/Platforms/WatchOS.platform/Developer/SDKs/WatchOS10.0.sdk -I /Users/builder/builds/TDmZkXJm/0/finestructure/swiftpackageindex-builder/spi-builder-workspace/.derivedData/Build/Products/Debug-watchos -I /Applications/Xcode-15.0.0-Beta.2.app/Contents/Developer/Platforms/WatchOS.platform/Developer/usr/lib -F /Users/builder/builds/TDmZkXJm/0/finestructure/swiftpackageindex-builder/spi-builder-workspace/.derivedData/Build/Products/Debug-watchos/PackageFrameworks -F /Users/builder/builds/TDmZkXJm/0/finestructure/swiftpackageindex-builder/spi-builder-workspace/.derivedData/Build/Products/Debug-watchos -F /Applications/Xcode-15.0.0-Beta.2.app/Contents/Developer/Platforms/WatchOS.platform/Developer/Library/Frameworks -F /Applications/Xcode-15.0.0-Beta.2.app/Contents/Developer/Platforms/WatchOS.platform/Developer/SDKs/WatchOS10.0.sdk/Developer/Library/Frameworks -no-color-diagnostics -enable-testing -g -module-cache-path /Users/builder/builds/TDmZkXJm/0/finestructure/swiftpackageindex-builder/spi-builder-workspace/.derivedData/ModuleCache.noindex -swift-version 5 -enforce-exclusivity\=checked -Onone -D SWIFT_PACKAGE -D DEBUG -D Xcode -serialize-debugging-options -const-gather-protocols-file /Users/builder/builds/TDmZkXJm/0/finestructure/swiftpackageindex-builder/spi-builder-workspace/.derivedData/Build/Intermediates.noindex/shell-kit.build/Debug-watchos/ShellKitTests.build/Objects-normal/arm64_32/ShellKitTests_const_extract_protocols.json -empty-abi-descriptor -plugin-path /Applications/Xcode-15.0.0-Beta.2.app/Contents/Developer/Toolchains/XcodeDefault.xctoolchain/usr/lib/swift/host/plugins -plugin-path /Applications/Xcode-15.0.0-Beta.2.app/Contents/Developer/Toolchains/XcodeDefault.xctoolchain/usr/local/lib/swift/host/plugins -validate-clang-modules-once -clang-build-session-file /Users/builder/builds/TDmZkXJm/0/finestructure/swiftpackageindex-builder/spi-builder-workspace/.derivedData/ModuleCache.noindex/Session.modulevalidation -Xcc -working-directory -Xcc /Users/builder/builds/TDmZkXJm/0/finestructure/swiftpackageindex-builder/spi-builder-workspace -resource-dir /Applications/Xcode-15.0.0-Beta.2.app/Contents/Developer/Toolchains/XcodeDefault.xctoolchain/usr/lib/swift -enable-anonymous-context-mangled-names -Xcc -ivfsstatcache -Xcc /Users/builder/builds/TDmZkXJm/0/finestructure/swiftpackageindex-builder/spi-builder-workspace/.derivedData/SDKStatCaches.noindex/watchos10.0-21R5295e-9a43322743793491a98c52dfd0045baa.sdkstatcache -Xcc -I/Users/builder/builds/TDmZkXJm/0/finestructure/swiftpackageindex-builder/spi-builder-workspace/.derivedData/Build/Products/Debug-watchos/include -Xcc -I/Users/builder/builds/TDmZkXJm/0/finestructure/swiftpackageindex-builder/spi-builder-workspace/.derivedData/Build/Intermediates.noindex/shell-kit.build/Debug-watchos/ShellKitTests.build/DerivedSources-normal/arm64_32 -Xcc -I/Users/builder/builds/TDmZkXJm/0/finestructure/swiftpackageindex-builder/spi-builder-workspace/.derivedData/Build/Intermediates.noindex/shell-kit.build/Debug-watchos/ShellKitTests.build/DerivedSources/arm64_32 -Xcc -I/Users/builder/builds/TDmZkXJm/0/finestructure/swiftpackageindex-builder/spi-builder-workspace/.derivedData/Build/Intermediates.noindex/shell-kit.build/Debug-watchos/ShellKitTests.build/DerivedSources -Xcc -DSWIFT_PACKAGE -Xcc -DDEBUG\=1 -module-name ShellKitTests -frontend-parseable-output -disable-clang-spi -target-sdk-version 10.0 -target-sdk-name watchos10.0 -o /Users/builder/builds/TDmZkXJm/0/finestructure/swiftpackageindex-builder/spi-builder-workspace/.derivedData/Build/Intermediates.noindex/shell-kit.build/Debug-watchos/ShellKitTests.build/Objects-normal/arm64_32/XCTestManifests.o -index-unit-output-path /shell-kit.build/Debug-watchos/ShellKitTests.build/Objects-normal/arm64_32/XCTestManifests.o -index-store-path /Users/builder/builds/TDmZkXJm/0/finestructure/swiftpackageindex-builder/spi-builder-workspace/.derivedData/Index.noindex/DataStore -index-system-modules

SwiftCompile normal armv7k Compiling\ XCTestManifests.swift /Users/builder/builds/TDmZkXJm/0/finestructure/swiftpackageindex-builder/spi-builder-workspace/Tests/ShellKitTests/XCTestManifests.swift (in target 'ShellKitTests' from project 'shell-kit')
    cd /Users/builder/builds/TDmZkXJm/0/finestructure/swiftpackageindex-builder/spi-builder-workspace
    builtin-swiftTaskExecution -- /Applications/Xcode-15.0.0-Beta.2.app/Contents/Developer/Toolchains/XcodeDefault.xctoolchain/usr/bin/swift-frontend -frontend -c /Users/builder/builds/TDmZkXJm/0/finestructure/swiftpackageindex-builder/spi-builder-workspace/Tests/ShellKitTests/ShellKitTests.swift -primary-file /Users/builder/builds/TDmZkXJm/0/finestructure/swiftpackageindex-builder/spi-builder-workspace/Tests/ShellKitTests/XCTestManifests.swift -emit-dependencies-path /Users/builder/builds/TDmZkXJm/0/finestructure/swiftpackageindex-builder/spi-builder-workspace/.derivedData/Build/Intermediates.noindex/shell-kit.build/Debug-watchos/ShellKitTests.build/Objects-normal/armv7k/XCTestManifests.d -emit-const-values-path /Users/builder/builds/TDmZkXJm/0/finestructure/swiftpackageindex-builder/spi-builder-workspace/.derivedData/Build/Intermediates.noindex/shell-kit.build/Debug-watchos/ShellKitTests.build/Objects-normal/armv7k/XCTestManifests.swiftconstvalues -emit-reference-dependencies-path /Users/builder/builds/TDmZkXJm/0/finestructure/swiftpackageindex-builder/spi-builder-workspace/.derivedData/Build/Intermediates.noindex/shell-kit.build/Debug-watchos/ShellKitTests.build/Objects-normal/armv7k/XCTestManifests.swiftdeps -serialize-diagnostics-path /Users/builder/builds/TDmZkXJm/0/finestructure/swiftpackageindex-builder/spi-builder-workspace/.derivedData/Build/Intermediates.noindex/shell-kit.build/Debug-watchos/ShellKitTests.build/Objects-normal/armv7k/XCTestManifests.dia -target armv7k-apple-watchos5.0 -enable-objc-interop -sdk /Applications/Xcode-15.0.0-Beta.2.app/Contents/Developer/Platforms/WatchOS.platform/Developer/SDKs/WatchOS10.0.sdk -I /Users/builder/builds/TDmZkXJm/0/finestructure/swiftpackageindex-builder/spi-builder-workspace/.derivedData/Build/Products/Debug-watchos -I /Applications/Xcode-15.0.0-Beta.2.app/Contents/Developer/Platforms/WatchOS.platform/Developer/usr/lib -F /Users/builder/builds/TDmZkXJm/0/finestructure/swiftpackageindex-builder/spi-builder-workspace/.derivedData/Build/Products/Debug-watchos/PackageFrameworks -F /Users/builder/builds/TDmZkXJm/0/finestructure/swiftpackageindex-builder/spi-builder-workspace/.derivedData/Build/Products/Debug-watchos -F /Applications/Xcode-15.0.0-Beta.2.app/Contents/Developer/Platforms/WatchOS.platform/Developer/Library/Frameworks -F /Applications/Xcode-15.0.0-Beta.2.app/Contents/Developer/Platforms/WatchOS.platform/Developer/SDKs/WatchOS10.0.sdk/Developer/Library/Frameworks -no-color-diagnostics -enable-testing -g -module-cache-path /Users/builder/builds/TDmZkXJm/0/finestructure/swiftpackageindex-builder/spi-builder-workspace/.derivedData/ModuleCache.noindex -swift-version 5 -enforce-exclusivity\=checked -Onone -D SWIFT_PACKAGE -D DEBUG -D Xcode -serialize-debugging-options -const-gather-protocols-file /Users/builder/builds/TDmZkXJm/0/finestructure/swiftpackageindex-builder/spi-builder-workspace/.derivedData/Build/Intermediates.noindex/shell-kit.build/Debug-watchos/ShellKitTests.build/Objects-normal/armv7k/ShellKitTests_const_extract_protocols.json -empty-abi-descriptor -plugin-path /Applications/Xcode-15.0.0-Beta.2.app/Contents/Developer/Toolchains/XcodeDefault.xctoolchain/usr/lib/swift/host/plugins -plugin-path /Applications/Xcode-15.0.0-Beta.2.app/Contents/Developer/Toolchains/XcodeDefault.xctoolchain/usr/local/lib/swift/host/plugins -validate-clang-modules-once -clang-build-session-file /Users/builder/builds/TDmZkXJm/0/finestructure/swiftpackageindex-builder/spi-builder-workspace/.derivedData/ModuleCache.noindex/Session.modulevalidation -Xcc -working-directory -Xcc /Users/builder/builds/TDmZkXJm/0/finestructure/swiftpackageindex-builder/spi-builder-workspace -resource-dir /Applications/Xcode-15.0.0-Beta.2.app/Contents/Developer/Toolchains/XcodeDefault.xctoolchain/usr/lib/swift -enable-anonymous-context-mangled-names -Xcc -ivfsstatcache -Xcc /Users/builder/builds/TDmZkXJm/0/finestructure/swiftpackageindex-builder/spi-builder-workspace/.derivedData/SDKStatCaches.noindex/watchos10.0-21R5295e-9a43322743793491a98c52dfd0045baa.sdkstatcache -Xcc -I/Users/builder/builds/TDmZkXJm/0/finestructure/swiftpackageindex-builder/spi-builder-workspace/.derivedData/Build/Products/Debug-watchos/include -Xcc -I/Users/builder/builds/TDmZkXJm/0/finestructure/swiftpackageindex-builder/spi-builder-workspace/.derivedData/Build/Intermediates.noindex/shell-kit.build/Debug-watchos/ShellKitTests.build/DerivedSources-normal/armv7k -Xcc -I/Users/builder/builds/TDmZkXJm/0/finestructure/swiftpackageindex-builder/spi-builder-workspace/.derivedData/Build/Intermediates.noindex/shell-kit.build/Debug-watchos/ShellKitTests.build/DerivedSources/armv7k -Xcc -I/Users/builder/builds/TDmZkXJm/0/finestructure/swiftpackageindex-builder/spi-builder-workspace/.derivedData/Build/Intermediates.noindex/shell-kit.build/Debug-watchos/ShellKitTests.build/DerivedSources -Xcc -DSWIFT_PACKAGE -Xcc -DDEBUG\=1 -module-name ShellKitTests -frontend-parseable-output -disable-clang-spi -target-sdk-version 10.0 -target-sdk-name watchos10.0 -o /Users/builder/builds/TDmZkXJm/0/finestructure/swiftpackageindex-builder/spi-builder-workspace/.derivedData/Build/Intermediates.noindex/shell-kit.build/Debug-watchos/ShellKitTests.build/Objects-normal/armv7k/XCTestManifests.o -index-unit-output-path /shell-kit.build/Debug-watchos/ShellKitTests.build/Objects-normal/armv7k/XCTestManifests.o -index-store-path /Users/builder/builds/TDmZkXJm/0/finestructure/swiftpackageindex-builder/spi-builder-workspace/.derivedData/Index.noindex/DataStore -index-system-modules
SwiftCompile normal armv7k /Users/builder/builds/TDmZkXJm/0/finestructure/swiftpackageindex-builder/spi-builder-workspace/Tests/ShellKitTests/XCTestManifests.swift (in target 'ShellKitTests' from project 'shell-kit')
    cd /Users/builder/builds/TDmZkXJm/0/finestructure/swiftpackageindex-builder/spi-builder-workspace
    /Applications/Xcode-15.0.0-Beta.2.app/Contents/Developer/Toolchains/XcodeDefault.xctoolchain/usr/bin/swift-frontend -c /Users/builder/builds/TDmZkXJm/0/finestructure/swiftpackageindex-builder/spi-builder-workspace/Tests/ShellKitTests/ShellKitTests.swift -primary-file /Users/builder/builds/TDmZkXJm/0/finestructure/swiftpackageindex-builder/spi-builder-workspace/Tests/ShellKitTests/XCTestManifests.swift -emit-dependencies-path /Users/builder/builds/TDmZkXJm/0/finestructure/swiftpackageindex-builder/spi-builder-workspace/.derivedData/Build/Intermediates.noindex/shell-kit.build/Debug-watchos/ShellKitTests.build/Objects-normal/armv7k/XCTestManifests.d -emit-const-values-path /Users/builder/builds/TDmZkXJm/0/finestructure/swiftpackageindex-builder/spi-builder-workspace/.derivedData/Build/Intermediates.noindex/shell-kit.build/Debug-watchos/ShellKitTests.build/Objects-normal/armv7k/XCTestManifests.swiftconstvalues -emit-reference-dependencies-path /Users/builder/builds/TDmZkXJm/0/finestructure/swiftpackageindex-builder/spi-builder-workspace/.derivedData/Build/Intermediates.noindex/shell-kit.build/Debug-watchos/ShellKitTests.build/Objects-normal/armv7k/XCTestManifests.swiftdeps -serialize-diagnostics-path /Users/builder/builds/TDmZkXJm/0/finestructure/swiftpackageindex-builder/spi-builder-workspace/.derivedData/Build/Intermediates.noindex/shell-kit.build/Debug-watchos/ShellKitTests.build/Objects-normal/armv7k/XCTestManifests.dia -target armv7k-apple-watchos5.0 -enable-objc-interop -sdk /Applications/Xcode-15.0.0-Beta.2.app/Contents/Developer/Platforms/WatchOS.platform/Developer/SDKs/WatchOS10.0.sdk -I /Users/builder/builds/TDmZkXJm/0/finestructure/swiftpackageindex-builder/spi-builder-workspace/.derivedData/Build/Products/Debug-watchos -I /Applications/Xcode-15.0.0-Beta.2.app/Contents/Developer/Platforms/WatchOS.platform/Developer/usr/lib -F /Users/builder/builds/TDmZkXJm/0/finestructure/swiftpackageindex-builder/spi-builder-workspace/.derivedData/Build/Products/Debug-watchos/PackageFrameworks -F /Users/builder/builds/TDmZkXJm/0/finestructure/swiftpackageindex-builder/spi-builder-workspace/.derivedData/Build/Products/Debug-watchos -F /Applications/Xcode-15.0.0-Beta.2.app/Contents/Developer/Platforms/WatchOS.platform/Developer/Library/Frameworks -F /Applications/Xcode-15.0.0-Beta.2.app/Contents/Developer/Platforms/WatchOS.platform/Developer/SDKs/WatchOS10.0.sdk/Developer/Library/Frameworks -no-color-diagnostics -enable-testing -g -module-cache-path /Users/builder/builds/TDmZkXJm/0/finestructure/swiftpackageindex-builder/spi-builder-workspace/.derivedData/ModuleCache.noindex -swift-version 5 -enforce-exclusivity\=checked -Onone -D SWIFT_PACKAGE -D DEBUG -D Xcode -serialize-debugging-options -const-gather-protocols-file /Users/builder/builds/TDmZkXJm/0/finestructure/swiftpackageindex-builder/spi-builder-workspace/.derivedData/Build/Intermediates.noindex/shell-kit.build/Debug-watchos/ShellKitTests.build/Objects-normal/armv7k/ShellKitTests_const_extract_protocols.json -empty-abi-descriptor -plugin-path /Applications/Xcode-15.0.0-Beta.2.app/Contents/Developer/Toolchains/XcodeDefault.xctoolchain/usr/lib/swift/host/plugins -plugin-path /Applications/Xcode-15.0.0-Beta.2.app/Contents/Developer/Toolchains/XcodeDefault.xctoolchain/usr/local/lib/swift/host/plugins -validate-clang-modules-once -clang-build-session-file /Users/builder/builds/TDmZkXJm/0/finestructure/swiftpackageindex-builder/spi-builder-workspace/.derivedData/ModuleCache.noindex/Session.modulevalidation -Xcc -working-directory -Xcc /Users/builder/builds/TDmZkXJm/0/finestructure/swiftpackageindex-builder/spi-builder-workspace -resource-dir /Applications/Xcode-15.0.0-Beta.2.app/Contents/Developer/Toolchains/XcodeDefault.xctoolchain/usr/lib/swift -enable-anonymous-context-mangled-names -Xcc -ivfsstatcache -Xcc /Users/builder/builds/TDmZkXJm/0/finestructure/swiftpackageindex-builder/spi-builder-workspace/.derivedData/SDKStatCaches.noindex/watchos10.0-21R5295e-9a43322743793491a98c52dfd0045baa.sdkstatcache -Xcc -I/Users/builder/builds/TDmZkXJm/0/finestructure/swiftpackageindex-builder/spi-builder-workspace/.derivedData/Build/Products/Debug-watchos/include -Xcc -I/Users/builder/builds/TDmZkXJm/0/finestructure/swiftpackageindex-builder/spi-builder-workspace/.derivedData/Build/Intermediates.noindex/shell-kit.build/Debug-watchos/ShellKitTests.build/DerivedSources-normal/armv7k -Xcc -I/Users/builder/builds/TDmZkXJm/0/finestructure/swiftpackageindex-builder/spi-builder-workspace/.derivedData/Build/Intermediates.noindex/shell-kit.build/Debug-watchos/ShellKitTests.build/DerivedSources/armv7k -Xcc -I/Users/builder/builds/TDmZkXJm/0/finestructure/swiftpackageindex-builder/spi-builder-workspace/.derivedData/Build/Intermediates.noindex/shell-kit.build/Debug-watchos/ShellKitTests.build/DerivedSources -Xcc -DSWIFT_PACKAGE -Xcc -DDEBUG\=1 -module-name ShellKitTests -frontend-parseable-output -disable-clang-spi -target-sdk-version 10.0 -target-sdk-name watchos10.0 -o /Users/builder/builds/TDmZkXJm/0/finestructure/swiftpackageindex-builder/spi-builder-workspace/.derivedData/Build/Intermediates.noindex/shell-kit.build/Debug-watchos/ShellKitTests.build/Objects-normal/armv7k/XCTestManifests.o -index-unit-output-path /shell-kit.build/Debug-watchos/ShellKitTests.build/Objects-normal/armv7k/XCTestManifests.o -index-store-path /Users/builder/builds/TDmZkXJm/0/finestructure/swiftpackageindex-builder/spi-builder-workspace/.derivedData/Index.noindex/DataStore -index-system-modules
SwiftCompile normal arm64 Compiling\ ShellKitTests.swift /Users/builder/builds/TDmZkXJm/0/finestructure/swiftpackageindex-builder/spi-builder-workspace/Tests/ShellKitTests/ShellKitTests.swift (in target 'ShellKitTests' from project 'shell-kit')
    cd /Users/builder/builds/TDmZkXJm/0/finestructure/swiftpackageindex-builder/spi-builder-workspace
    builtin-swiftTaskExecution -- /Applications/Xcode-15.0.0-Beta.2.app/Contents/Developer/Toolchains/XcodeDefault.xctoolchain/usr/bin/swift-frontend -frontend -c -primary-file /Users/builder/builds/TDmZkXJm/0/finestructure/swiftpackageindex-builder/spi-builder-workspace/Tests/ShellKitTests/ShellKitTests.swift /Users/builder/builds/TDmZkXJm/0/finestructure/swiftpackageindex-builder/spi-builder-workspace/Tests/ShellKitTests/XCTestManifests.swift -emit-dependencies-path /Users/builder/builds/TDmZkXJm/0/finestructure/swiftpackageindex-builder/spi-builder-workspace/.derivedData/Build/Intermediates.noindex/shell-kit.build/Debug-watchos/ShellKitTests.build/Objects-normal/arm64/ShellKitTests.d -emit-const-values-path /Users/builder/builds/TDmZkXJm/0/finestructure/swiftpackageindex-builder/spi-builder-workspace/.derivedData/Build/Intermediates.noindex/shell-kit.build/Debug-watchos/ShellKitTests.build/Objects-normal/arm64/ShellKitTests.swiftconstvalues -emit-reference-dependencies-path /Users/builder/builds/TDmZkXJm/0/finestructure/swiftpackageindex-builder/spi-builder-workspace/.derivedData/Build/Intermediates.noindex/shell-kit.build/Debug-watchos/ShellKitTests.build/Objects-normal/arm64/ShellKitTests.swiftdeps -serialize-diagnostics-path /Users/builder/builds/TDmZkXJm/0/finestructure/swiftpackageindex-builder/spi-builder-workspace/.derivedData/Build/Intermediates.noindex/shell-kit.build/Debug-watchos/ShellKitTests.build/Objects-normal/arm64/ShellKitTests.dia -target arm64-apple-watchos5.0 -Xllvm -aarch64-use-tbi -enable-objc-interop -sdk /Applications/Xcode-15.0.0-Beta.2.app/Contents/Developer/Platforms/WatchOS.platform/Developer/SDKs/WatchOS10.0.sdk -I /Users/builder/builds/TDmZkXJm/0/finestructure/swiftpackageindex-builder/spi-builder-workspace/.derivedData/Build/Products/Debug-watchos -I /Applications/Xcode-15.0.0-Beta.2.app/Contents/Developer/Platforms/WatchOS.platform/Developer/usr/lib -F /Users/builder/builds/TDmZkXJm/0/finestructure/swiftpackageindex-builder/spi-builder-workspace/.derivedData/Build/Products/Debug-watchos/PackageFrameworks -F /Users/builder/builds/TDmZkXJm/0/finestructure/swiftpackageindex-builder/spi-builder-workspace/.derivedData/Build/Products/Debug-watchos -F /Applications/Xcode-15.0.0-Beta.2.app/Contents/Developer/Platforms/WatchOS.platform/Developer/Library/Frameworks -F /Applications/Xcode-15.0.0-Beta.2.app/Contents/Developer/Platforms/WatchOS.platform/Developer/SDKs/WatchOS10.0.sdk/Developer/Library/Frameworks -no-color-diagnostics -enable-testing -g -module-cache-path /Users/builder/builds/TDmZkXJm/0/finestructure/swiftpackageindex-builder/spi-builder-workspace/.derivedData/ModuleCache.noindex -swift-version 5 -enforce-exclusivity\=checked -Onone -D SWIFT_PACKAGE -D DEBUG -D Xcode -serialize-debugging-options -const-gather-protocols-file /Users/builder/builds/TDmZkXJm/0/finestructure/swiftpackageindex-builder/spi-builder-workspace/.derivedData/Build/Intermediates.noindex/shell-kit.build/Debug-watchos/ShellKitTests.build/Objects-normal/arm64/ShellKitTests_const_extract_protocols.json -empty-abi-descriptor -plugin-path /Applications/Xcode-15.0.0-Beta.2.app/Contents/Developer/Toolchains/XcodeDefault.xctoolchain/usr/lib/swift/host/plugins -plugin-path /Applications/Xcode-15.0.0-Beta.2.app/Contents/Developer/Toolchains/XcodeDefault.xctoolchain/usr/local/lib/swift/host/plugins -validate-clang-modules-once -clang-build-session-file /Users/builder/builds/TDmZkXJm/0/finestructure/swiftpackageindex-builder/spi-builder-workspace/.derivedData/ModuleCache.noindex/Session.modulevalidation -Xcc -working-directory -Xcc /Users/builder/builds/TDmZkXJm/0/finestructure/swiftpackageindex-builder/spi-builder-workspace -resource-dir /Applications/Xcode-15.0.0-Beta.2.app/Contents/Developer/Toolchains/XcodeDefault.xctoolchain/usr/lib/swift -enable-anonymous-context-mangled-names -Xcc -ivfsstatcache -Xcc /Users/builder/builds/TDmZkXJm/0/finestructure/swiftpackageindex-builder/spi-builder-workspace/.derivedData/SDKStatCaches.noindex/watchos10.0-21R5295e-9a43322743793491a98c52dfd0045baa.sdkstatcache -Xcc -I/Users/builder/builds/TDmZkXJm/0/finestructure/swiftpackageindex-builder/spi-builder-workspace/.derivedData/Build/Products/Debug-watchos/include -Xcc -I/Users/builder/builds/TDmZkXJm/0/finestructure/swiftpackageindex-builder/spi-builder-workspace/.derivedData/Build/Intermediates.noindex/shell-kit.build/Debug-watchos/ShellKitTests.build/DerivedSources-normal/arm64 -Xcc -I/Users/builder/builds/TDmZkXJm/0/finestructure/swiftpackageindex-builder/spi-builder-workspace/.derivedData/Build/Intermediates.noindex/shell-kit.build/Debug-watchos/ShellKitTests.build/DerivedSources/arm64 -Xcc -I/Users/builder/builds/TDmZkXJm/0/finestructure/swiftpackageindex-builder/spi-builder-workspace/.derivedData/Build/Intermediates.noindex/shell-kit.build/Debug-watchos/ShellKitTests.build/DerivedSources -Xcc -DSWIFT_PACKAGE -Xcc -DDEBUG\=1 -module-name ShellKitTests -frontend-parseable-output -disable-clang-spi -target-sdk-version 10.0 -target-sdk-name watchos10.0 -o /Users/builder/builds/TDmZkXJm/0/finestructure/swiftpackageindex-builder/spi-builder-workspace/.derivedData/Build/Intermediates.noindex/shell-kit.build/Debug-watchos/ShellKitTests.build/Objects-normal/arm64/ShellKitTests.o -index-unit-output-path /shell-kit.build/Debug-watchos/ShellKitTests.build/Objects-normal/arm64/ShellKitTests.o -index-store-path /Users/builder/builds/TDmZkXJm/0/finestructure/swiftpackageindex-builder/spi-builder-workspace/.derivedData/Index.noindex/DataStore -index-system-modules
SwiftCompile normal arm64_32 Compiling\ ShellKitTests.swift /Users/builder/builds/TDmZkXJm/0/finestructure/swiftpackageindex-builder/spi-builder-workspace/Tests/ShellKitTests/ShellKitTests.swift (in target 'ShellKitTests' from project 'shell-kit')
    cd /Users/builder/builds/TDmZkXJm/0/finestructure/swiftpackageindex-builder/spi-builder-workspace
    builtin-swiftTaskExecution -- /Applications/Xcode-15.0.0-Beta.2.app/Contents/Developer/Toolchains/XcodeDefault.xctoolchain/usr/bin/swift-frontend -frontend -c -primary-file /Users/builder/builds/TDmZkXJm/0/finestructure/swiftpackageindex-builder/spi-builder-workspace/Tests/ShellKitTests/ShellKitTests.swift /Users/builder/builds/TDmZkXJm/0/finestructure/swiftpackageindex-builder/spi-builder-workspace/Tests/ShellKitTests/XCTestManifests.swift -emit-dependencies-path /Users/builder/builds/TDmZkXJm/0/finestructure/swiftpackageindex-builder/spi-builder-workspace/.derivedData/Build/Intermediates.noindex/shell-kit.build/Debug-watchos/ShellKitTests.build/Objects-normal/arm64_32/ShellKitTests.d -emit-const-values-path /Users/builder/builds/TDmZkXJm/0/finestructure/swiftpackageindex-builder/spi-builder-workspace/.derivedData/Build/Intermediates.noindex/shell-kit.build/Debug-watchos/ShellKitTests.build/Objects-normal/arm64_32/ShellKitTests.swiftconstvalues -emit-reference-dependencies-path /Users/builder/builds/TDmZkXJm/0/finestructure/swiftpackageindex-builder/spi-builder-workspace/.derivedData/Build/Intermediates.noindex/shell-kit.build/Debug-watchos/ShellKitTests.build/Objects-normal/arm64_32/ShellKitTests.swiftdeps -serialize-diagnostics-path /Users/builder/builds/TDmZkXJm/0/finestructure/swiftpackageindex-builder/spi-builder-workspace/.derivedData/Build/Intermediates.noindex/shell-kit.build/Debug-watchos/ShellKitTests.build/Objects-normal/arm64_32/ShellKitTests.dia -target arm64_32-apple-watchos5.0 -enable-objc-interop -sdk /Applications/Xcode-15.0.0-Beta.2.app/Contents/Developer/Platforms/WatchOS.platform/Developer/SDKs/WatchOS10.0.sdk -I /Users/builder/builds/TDmZkXJm/0/finestructure/swiftpackageindex-builder/spi-builder-workspace/.derivedData/Build/Products/Debug-watchos -I /Applications/Xcode-15.0.0-Beta.2.app/Contents/Developer/Platforms/WatchOS.platform/Developer/usr/lib -F /Users/builder/builds/TDmZkXJm/0/finestructure/swiftpackageindex-builder/spi-builder-workspace/.derivedData/Build/Products/Debug-watchos/PackageFrameworks -F /Users/builder/builds/TDmZkXJm/0/finestructure/swiftpackageindex-builder/spi-builder-workspace/.derivedData/Build/Products/Debug-watchos -F /Applications/Xcode-15.0.0-Beta.2.app/Contents/Developer/Platforms/WatchOS.platform/Developer/Library/Frameworks -F /Applications/Xcode-15.0.0-Beta.2.app/Contents/Developer/Platforms/WatchOS.platform/Developer/SDKs/WatchOS10.0.sdk/Developer/Library/Frameworks -no-color-diagnostics -enable-testing -g -module-cache-path /Users/builder/builds/TDmZkXJm/0/finestructure/swiftpackageindex-builder/spi-builder-workspace/.derivedData/ModuleCache.noindex -swift-version 5 -enforce-exclusivity\=checked -Onone -D SWIFT_PACKAGE -D DEBUG -D Xcode -serialize-debugging-options -const-gather-protocols-file /Users/builder/builds/TDmZkXJm/0/finestructure/swiftpackageindex-builder/spi-builder-workspace/.derivedData/Build/Intermediates.noindex/shell-kit.build/Debug-watchos/ShellKitTests.build/Objects-normal/arm64_32/ShellKitTests_const_extract_protocols.json -empty-abi-descriptor -plugin-path /Applications/Xcode-15.0.0-Beta.2.app/Contents/Developer/Toolchains/XcodeDefault.xctoolchain/usr/lib/swift/host/plugins -plugin-path /Applications/Xcode-15.0.0-Beta.2.app/Contents/Developer/Toolchains/XcodeDefault.xctoolchain/usr/local/lib/swift/host/plugins -validate-clang-modules-once -clang-build-session-file /Users/builder/builds/TDmZkXJm/0/finestructure/swiftpackageindex-builder/spi-builder-workspace/.derivedData/ModuleCache.noindex/Session.modulevalidation -Xcc -working-directory -Xcc /Users/builder/builds/TDmZkXJm/0/finestructure/swiftpackageindex-builder/spi-builder-workspace -resource-dir /Applications/Xcode-15.0.0-Beta.2.app/Contents/Developer/Toolchains/XcodeDefault.xctoolchain/usr/lib/swift -enable-anonymous-context-mangled-names -Xcc -ivfsstatcache -Xcc /Users/builder/builds/TDmZkXJm/0/finestructure/swiftpackageindex-builder/spi-builder-workspace/.derivedData/SDKStatCaches.noindex/watchos10.0-21R5295e-9a43322743793491a98c52dfd0045baa.sdkstatcache -Xcc -I/Users/builder/builds/TDmZkXJm/0/finestructure/swiftpackageindex-builder/spi-builder-workspace/.derivedData/Build/Products/Debug-watchos/include -Xcc -I/Users/builder/builds/TDmZkXJm/0/finestructure/swiftpackageindex-builder/spi-builder-workspace/.derivedData/Build/Intermediates.noindex/shell-kit.build/Debug-watchos/ShellKitTests.build/DerivedSources-normal/arm64_32 -Xcc -I/Users/builder/builds/TDmZkXJm/0/finestructure/swiftpackageindex-builder/spi-builder-workspace/.derivedData/Build/Intermediates.noindex/shell-kit.build/Debug-watchos/ShellKitTests.build/DerivedSources/arm64_32 -Xcc -I/Users/builder/builds/TDmZkXJm/0/finestructure/swiftpackageindex-builder/spi-builder-workspace/.derivedData/Build/Intermediates.noindex/shell-kit.build/Debug-watchos/ShellKitTests.build/DerivedSources -Xcc -DSWIFT_PACKAGE -Xcc -DDEBUG\=1 -module-name ShellKitTests -frontend-parseable-output -disable-clang-spi -target-sdk-version 10.0 -target-sdk-name watchos10.0 -o /Users/builder/builds/TDmZkXJm/0/finestructure/swiftpackageindex-builder/spi-builder-workspace/.derivedData/Build/Intermediates.noindex/shell-kit.build/Debug-watchos/ShellKitTests.build/Objects-normal/arm64_32/ShellKitTests.o -index-unit-output-path /shell-kit.build/Debug-watchos/ShellKitTests.build/Objects-normal/arm64_32/ShellKitTests.o -index-store-path /Users/builder/builds/TDmZkXJm/0/finestructure/swiftpackageindex-builder/spi-builder-workspace/.derivedData/Index.noindex/DataStore -index-system-modules
Command SwiftCompile failed with a nonzero exit code
SwiftCompile normal armv7k Compiling\ ShellKitTests.swift /Users/builder/builds/TDmZkXJm/0/finestructure/swiftpackageindex-builder/spi-builder-workspace/Tests/ShellKitTests/ShellKitTests.swift (in target 'ShellKitTests' from project 'shell-kit')
    cd /Users/builder/builds/TDmZkXJm/0/finestructure/swiftpackageindex-builder/spi-builder-workspace
    builtin-swiftTaskExecution -- /Applications/Xcode-15.0.0-Beta.2.app/Contents/Developer/Toolchains/XcodeDefault.xctoolchain/usr/bin/swift-frontend -frontend -c -primary-file /Users/builder/builds/TDmZkXJm/0/finestructure/swiftpackageindex-builder/spi-builder-workspace/Tests/ShellKitTests/ShellKitTests.swift /Users/builder/builds/TDmZkXJm/0/finestructure/swiftpackageindex-builder/spi-builder-workspace/Tests/ShellKitTests/XCTestManifests.swift -emit-dependencies-path /Users/builder/builds/TDmZkXJm/0/finestructure/swiftpackageindex-builder/spi-builder-workspace/.derivedData/Build/Intermediates.noindex/shell-kit.build/Debug-watchos/ShellKitTests.build/Objects-normal/armv7k/ShellKitTests.d -emit-const-values-path /Users/builder/builds/TDmZkXJm/0/finestructure/swiftpackageindex-builder/spi-builder-workspace/.derivedData/Build/Intermediates.noindex/shell-kit.build/Debug-watchos/ShellKitTests.build/Objects-normal/armv7k/ShellKitTests.swiftconstvalues -emit-reference-dependencies-path /Users/builder/builds/TDmZkXJm/0/finestructure/swiftpackageindex-builder/spi-builder-workspace/.derivedData/Build/Intermediates.noindex/shell-kit.build/Debug-watchos/ShellKitTests.build/Objects-normal/armv7k/ShellKitTests.swiftdeps -serialize-diagnostics-path /Users/builder/builds/TDmZkXJm/0/finestructure/swiftpackageindex-builder/spi-builder-workspace/.derivedData/Build/Intermediates.noindex/shell-kit.build/Debug-watchos/ShellKitTests.build/Objects-normal/armv7k/ShellKitTests.dia -target armv7k-apple-watchos5.0 -enable-objc-interop -sdk /Applications/Xcode-15.0.0-Beta.2.app/Contents/Developer/Platforms/WatchOS.platform/Developer/SDKs/WatchOS10.0.sdk -I /Users/builder/builds/TDmZkXJm/0/finestructure/swiftpackageindex-builder/spi-builder-workspace/.derivedData/Build/Products/Debug-watchos -I /Applications/Xcode-15.0.0-Beta.2.app/Contents/Developer/Platforms/WatchOS.platform/Developer/usr/lib -F /Users/builder/builds/TDmZkXJm/0/finestructure/swiftpackageindex-builder/spi-builder-workspace/.derivedData/Build/Products/Debug-watchos/PackageFrameworks -F /Users/builder/builds/TDmZkXJm/0/finestructure/swiftpackageindex-builder/spi-builder-workspace/.derivedData/Build/Products/Debug-watchos -F /Applications/Xcode-15.0.0-Beta.2.app/Contents/Developer/Platforms/WatchOS.platform/Developer/Library/Frameworks -F /Applications/Xcode-15.0.0-Beta.2.app/Contents/Developer/Platforms/WatchOS.platform/Developer/SDKs/WatchOS10.0.sdk/Developer/Library/Frameworks -no-color-diagnostics -enable-testing -g -module-cache-path /Users/builder/builds/TDmZkXJm/0/finestructure/swiftpackageindex-builder/spi-builder-workspace/.derivedData/ModuleCache.noindex -swift-version 5 -enforce-exclusivity\=checked -Onone -D SWIFT_PACKAGE -D DEBUG -D Xcode -serialize-debugging-options -const-gather-protocols-file /Users/builder/builds/TDmZkXJm/0/finestructure/swiftpackageindex-builder/spi-builder-workspace/.derivedData/Build/Intermediates.noindex/shell-kit.build/Debug-watchos/ShellKitTests.build/Objects-normal/armv7k/ShellKitTests_const_extract_protocols.json -empty-abi-descriptor -plugin-path /Applications/Xcode-15.0.0-Beta.2.app/Contents/Developer/Toolchains/XcodeDefault.xctoolchain/usr/lib/swift/host/plugins -plugin-path /Applications/Xcode-15.0.0-Beta.2.app/Contents/Developer/Toolchains/XcodeDefault.xctoolchain/usr/local/lib/swift/host/plugins -validate-clang-modules-once -clang-build-session-file /Users/builder/builds/TDmZkXJm/0/finestructure/swiftpackageindex-builder/spi-builder-workspace/.derivedData/ModuleCache.noindex/Session.modulevalidation -Xcc -working-directory -Xcc /Users/builder/builds/TDmZkXJm/0/finestructure/swiftpackageindex-builder/spi-builder-workspace -resource-dir /Applications/Xcode-15.0.0-Beta.2.app/Contents/Developer/Toolchains/XcodeDefault.xctoolchain/usr/lib/swift -enable-anonymous-context-mangled-names -Xcc -ivfsstatcache -Xcc /Users/builder/builds/TDmZkXJm/0/finestructure/swiftpackageindex-builder/spi-builder-workspace/.derivedData/SDKStatCaches.noindex/watchos10.0-21R5295e-9a43322743793491a98c52dfd0045baa.sdkstatcache -Xcc -I/Users/builder/builds/TDmZkXJm/0/finestructure/swiftpackageindex-builder/spi-builder-workspace/.derivedData/Build/Products/Debug-watchos/include -Xcc -I/Users/builder/builds/TDmZkXJm/0/finestructure/swiftpackageindex-builder/spi-builder-workspace/.derivedData/Build/Intermediates.noindex/shell-kit.build/Debug-watchos/ShellKitTests.build/DerivedSources-normal/armv7k -Xcc -I/Users/builder/builds/TDmZkXJm/0/finestructure/swiftpackageindex-builder/spi-builder-workspace/.derivedData/Build/Intermediates.noindex/shell-kit.build/Debug-watchos/ShellKitTests.build/DerivedSources/armv7k -Xcc -I/Users/builder/builds/TDmZkXJm/0/finestructure/swiftpackageindex-builder/spi-builder-workspace/.derivedData/Build/Intermediates.noindex/shell-kit.build/Debug-watchos/ShellKitTests.build/DerivedSources -Xcc -DSWIFT_PACKAGE -Xcc -DDEBUG\=1 -module-name ShellKitTests -frontend-parseable-output -disable-clang-spi -target-sdk-version 10.0 -target-sdk-name watchos10.0 -o /Users/builder/builds/TDmZkXJm/0/finestructure/swiftpackageindex-builder/spi-builder-workspace/.derivedData/Build/Intermediates.noindex/shell-kit.build/Debug-watchos/ShellKitTests.build/Objects-normal/armv7k/ShellKitTests.o -index-unit-output-path /shell-kit.build/Debug-watchos/ShellKitTests.build/Objects-normal/armv7k/ShellKitTests.o -index-store-path /Users/builder/builds/TDmZkXJm/0/finestructure/swiftpackageindex-builder/spi-builder-workspace/.derivedData/Index.noindex/DataStore -index-system-modules
Command SwiftCompile failed with a nonzero exit code
** BUILD FAILED **


The following build commands failed:
	SwiftCompile normal armv7k /Users/builder/builds/TDmZkXJm/0/finestructure/swiftpackageindex-builder/spi-builder-workspace/Sources/ShellKit/Shell.swift (in target 'ShellKit' from project 'shell-kit')
	SwiftCompile normal armv7k Compiling\ Shell.swift /Users/builder/builds/TDmZkXJm/0/finestructure/swiftpackageindex-builder/spi-builder-workspace/Sources/ShellKit/Shell.swift (in target 'ShellKit' from project 'shell-kit')
	SwiftCompile normal arm64_32 Compiling\ Shell.swift /Users/builder/builds/TDmZkXJm/0/finestructure/swiftpackageindex-builder/spi-builder-workspace/Sources/ShellKit/Shell.swift (in target 'ShellKit' from project 'shell-kit')
	SwiftCompile normal arm64_32 /Users/builder/builds/TDmZkXJm/0/finestructure/swiftpackageindex-builder/spi-builder-workspace/Sources/ShellKit/Shell.swift (in target 'ShellKit' from project 'shell-kit')
	SwiftCompile normal arm64_32 Compiling\ ShellKitTests.swift /Users/builder/builds/TDmZkXJm/0/finestructure/swiftpackageindex-builder/spi-builder-workspace/Tests/ShellKitTests/ShellKitTests.swift (in target 'ShellKitTests' from project 'shell-kit')
	SwiftCompile normal armv7k Compiling\ ShellKitTests.swift /Users/builder/builds/TDmZkXJm/0/finestructure/swiftpackageindex-builder/spi-builder-workspace/Tests/ShellKitTests/ShellKitTests.swift (in target 'ShellKitTests' from project 'shell-kit')
(6 failures)
ShellOut encountered an error
Status code: 65
Message: "** BUILD FAILED **


The following build commands failed:
	SwiftCompile normal armv7k /Users/builder/builds/TDmZkXJm/0/finestructure/swiftpackageindex-builder/spi-builder-workspace/Sources/ShellKit/Shell.swift (in target 'ShellKit' from project 'shell-kit')
	SwiftCompile normal armv7k Compiling\ Shell.swift /Users/builder/builds/TDmZkXJm/0/finestructure/swiftpackageindex-builder/spi-builder-workspace/Sources/ShellKit/Shell.swift (in target 'ShellKit' from project 'shell-kit')
	SwiftCompile normal arm64_32 Compiling\ Shell.swift /Users/builder/builds/TDmZkXJm/0/finestructure/swiftpackageindex-builder/spi-builder-workspace/Sources/ShellKit/Shell.swift (in target 'ShellKit' from project 'shell-kit')
	SwiftCompile normal arm64_32 /Users/builder/builds/TDmZkXJm/0/finestructure/swiftpackageindex-builder/spi-builder-workspace/Sources/ShellKit/Shell.swift (in target 'ShellKit' from project 'shell-kit')
	SwiftCompile normal arm64_32 Compiling\ ShellKitTests.swift /Users/builder/builds/TDmZkXJm/0/finestructure/swiftpackageindex-builder/spi-builder-workspace/Tests/ShellKitTests/ShellKitTests.swift (in target 'ShellKitTests' from project 'shell-kit')
	SwiftCompile normal armv7k Compiling\ ShellKitTests.swift /Users/builder/builds/TDmZkXJm/0/finestructure/swiftpackageindex-builder/spi-builder-workspace/Tests/ShellKitTests/ShellKitTests.swift (in target 'ShellKitTests' from project 'shell-kit')
(6 failures)"
Output: "Command line invocation:
    /Applications/Xcode-15.0.0-Beta.2.app/Contents/Developer/usr/bin/xcodebuild -IDEClonedSourcePackagesDirPathOverride=/Users/builder/builds/TDmZkXJm/0/finestructure/swiftpackageindex-builder/spi-builder-workspace/.dependencies -derivedDataPath /Users/builder/builds/TDmZkXJm/0/finestructure/swiftpackageindex-builder/spi-builder-workspace/.derivedData build -scheme shell-kit -destination generic/platform=watchos

User defaults from command line:
    IDEClonedSourcePackagesDirPathOverride = /Users/builder/builds/TDmZkXJm/0/finestructure/swiftpackageindex-builder/spi-builder-workspace/.dependencies
    IDEDerivedDataPathOverride = /Users/builder/builds/TDmZkXJm/0/finestructure/swiftpackageindex-builder/spi-builder-workspace/.derivedData
    IDEPackageSupportUseBuiltinSCM = YES

Resolve Package Graph


Resolved source packages:
  shell-kit: /Users/builder/builds/TDmZkXJm/0/finestructure/swiftpackageindex-builder/spi-builder-workspace

Prepare packages

Computing target dependency graph and provisioning inputs

Create build description

note: Building targets in dependency order
note: Target dependency graph (3 targets)
    Target 'ShellKitTests' in project 'shell-kit'
        ➜ Explicit dependency on target 'ShellKit' in project 'shell-kit'
    Target 'ShellKit' in project 'shell-kit'
        ➜ Explicit dependency on target 'ShellKit' in project 'shell-kit'
    Target 'ShellKit' in project 'shell-kit' (no dependencies)
ClangStatCache /Applications/Xcode-15.0.0-Beta.2.app/Contents/Developer/Toolchains/XcodeDefault.xctoolchain/usr/bin/clang-stat-cache /Applications/Xcode-15.0.0-Beta.2.app/Contents/Developer/Platforms/WatchOS.platform/Developer/SDKs/WatchOS10.0.sdk /Users/builder/builds/TDmZkXJm/0/finestructure/swiftpackageindex-builder/spi-builder-workspace/.derivedData/SDKStatCaches.noindex/watchos10.0-21R5295e-9a43322743793491a98c52dfd0045baa.sdkstatcache
    cd /Users/builder/builds/TDmZkXJm/0/finestructure/swiftpackageindex-builder/spi-builder-workspace/.swiftpm/xcode
    /Applications/Xcode-15.0.0-Beta.2.app/Contents/Developer/Toolchains/XcodeDefault.xctoolchain/usr/bin/clang-stat-cache /Applications/Xcode-15.0.0-Beta.2.app/Contents/Developer/Platforms/WatchOS.platform/Developer/SDKs/WatchOS10.0.sdk -o /Users/builder/builds/TDmZkXJm/0/finestructure/swiftpackageindex-builder/spi-builder-workspace/.derivedData/SDKStatCaches.noindex/watchos10.0-21R5295e-9a43322743793491a98c52dfd0045baa.sdkstatcache

SwiftDriver ShellKitTests normal arm64_32 com.apple.xcode.tools.swift.compiler (in target 'ShellKitTests' from project 'shell-kit')
    cd /Users/builder/builds/TDmZkXJm/0/finestructure/swiftpackageindex-builder/spi-builder-workspace
    builtin-SwiftDriver -- /Applications/Xcode-15.0.0-Beta.2.app/Contents/Developer/Toolchains/XcodeDefault.xctoolchain/usr/bin/swiftc -module-name ShellKitTests -Onone -enforce-exclusivity\=checked @/Users/builder/builds/TDmZkXJm/0/finestructure/swiftpackageindex-builder/spi-builder-workspace/.derivedData/Build/Intermediates.noindex/shell-kit.build/Debug-watchos/ShellKitTests.build/Objects-normal/arm64_32/ShellKitTests.SwiftFileList -DSWIFT_PACKAGE -DDEBUG -DXcode -sdk /Applications/Xcode-15.0.0-Beta.2.app/Contents/Developer/Platforms/WatchOS.platform/Developer/SDKs/WatchOS10.0.sdk -target arm64_32-apple-watchos5.0 -g -module-cache-path /Users/builder/builds/TDmZkXJm/0/finestructure/swiftpackageindex-builder/spi-builder-workspace/.derivedData/ModuleCache.noindex -Xfrontend -serialize-debugging-options -enable-testing -index-store-path /Users/builder/builds/TDmZkXJm/0/finestructure/swiftpackageindex-builder/spi-builder-workspace/.derivedData/Index.noindex/DataStore -swift-version 5 -I /Users/builder/builds/TDmZkXJm/0/finestructure/swiftpackageindex-builder/spi-builder-workspace/.derivedData/Build/Products/Debug-watchos -I /Applications/Xcode-15.0.0-Beta.2.app/Contents/Developer/Platforms/WatchOS.platform/Developer/usr/lib -F /Users/builder/builds/TDmZkXJm/0/finestructure/swiftpackageindex-builder/spi-builder-workspace/.derivedData/Build/Products/Debug-watchos/PackageFrameworks -F /Users/builder/builds/TDmZkXJm/0/finestructure/swiftpackageindex-builder/spi-builder-workspace/.derivedData/Build/Products/Debug-watchos -F /Applications/Xcode-15.0.0-Beta.2.app/Contents/Developer/Platforms/WatchOS.platform/Developer/Library/Frameworks -F /Applications/Xcode-15.0.0-Beta.2.app/Contents/Developer/Platforms/WatchOS.platform/Developer/SDKs/WatchOS10.0.sdk/Developer/Library/Frameworks -c -j8 -enable-batch-mode -incremental -Xcc -ivfsstatcache -Xcc /Users/builder/builds/TDmZkXJm/0/finestructure/swiftpackageindex-builder/spi-builder-workspace/.derivedData/SDKStatCaches.noindex/watchos10.0-21R5295e-9a43322743793491a98c52dfd0045baa.sdkstatcache -output-file-map /Users/builder/builds/TDmZkXJm/0/finestructure/swiftpackageindex-builder/spi-builder-workspace/.derivedData/Build/Intermediates.noindex/shell-kit.build/Debug-watchos/ShellKitTests.build/Objects-normal/arm64_32/ShellKitTests-OutputFileMap.json -use-frontend-parseable-output -save-temps -no-color-diagnostics -serialize-diagnostics -emit-dependencies -emit-module -emit-module-path /Users/builder/builds/TDmZkXJm/0/finestructure/swiftpackageindex-builder/spi-builder-workspace/.derivedData/Build/Intermediates.noindex/shell-kit.build/Debug-watchos/ShellKitTests.build/Objects-normal/arm64_32/ShellKitTests.swiftmodule -validate-clang-modules-once -clang-build-session-file /Users/builder/builds/TDmZkXJm/0/finestructure/swiftpackageindex-builder/spi-builder-workspace/.derivedData/ModuleCache.noindex/Session.modulevalidation -emit-const-values -Xfrontend -const-gather-protocols-file -Xfrontend /Users/builder/builds/TDmZkXJm/0/finestructure/swiftpackageindex-builder/spi-builder-workspace/.derivedData/Build/Intermediates.noindex/shell-kit.build/Debug-watchos/ShellKitTests.build/Objects-normal/arm64_32/ShellKitTests_const_extract_protocols.json -Xcc -I/Users/builder/builds/TDmZkXJm/0/finestructure/swiftpackageindex-builder/spi-builder-workspace/.derivedData/Build/Products/Debug-watchos/include -Xcc -I/Users/builder/builds/TDmZkXJm/0/finestructure/swiftpackageindex-builder/spi-builder-workspace/.derivedData/Build/Intermediates.noindex/shell-kit.build/Debug-watchos/ShellKitTests.build/DerivedSources-normal/arm64_32 -Xcc -I/Users/builder/builds/TDmZkXJm/0/finestructure/swiftpackageindex-builder/spi-builder-workspace/.derivedData/Build/Intermediates.noindex/shell-kit.build/Debug-watchos/ShellKitTests.build/DerivedSources/arm64_32 -Xcc -I/Users/builder/builds/TDmZkXJm/0/finestructure/swiftpackageindex-builder/spi-builder-workspace/.derivedData/Build/Intermediates.noindex/shell-kit.build/Debug-watchos/ShellKitTests.build/DerivedSources -Xcc -DSWIFT_PACKAGE -Xcc -DDEBUG\=1 -working-directory /Users/builder/builds/TDmZkXJm/0/finestructure/swiftpackageindex-builder/spi-builder-workspace -experimental-emit-module-separately -disable-cmo

SwiftDriver ShellKitTests normal armv7k com.apple.xcode.tools.swift.compiler (in target 'ShellKitTests' from project 'shell-kit')
    cd /Users/builder/builds/TDmZkXJm/0/finestructure/swiftpackageindex-builder/spi-builder-workspace
    builtin-SwiftDriver -- /Applications/Xcode-15.0.0-Beta.2.app/Contents/Developer/Toolchains/XcodeDefault.xctoolchain/usr/bin/swiftc -module-name ShellKitTests -Onone -enforce-exclusivity\=checked @/Users/builder/builds/TDmZkXJm/0/finestructure/swiftpackageindex-builder/spi-builder-workspace/.derivedData/Build/Intermediates.noindex/shell-kit.build/Debug-watchos/ShellKitTests.build/Objects-normal/armv7k/ShellKitTests.SwiftFileList -DSWIFT_PACKAGE -DDEBUG -DXcode -sdk /Applications/Xcode-15.0.0-Beta.2.app/Contents/Developer/Platforms/WatchOS.platform/Developer/SDKs/WatchOS10.0.sdk -target armv7k-apple-watchos5.0 -g -module-cache-path /Users/builder/builds/TDmZkXJm/0/finestructure/swiftpackageindex-builder/spi-builder-workspace/.derivedData/ModuleCache.noindex -Xfrontend -serialize-debugging-options -enable-testing -index-store-path /Users/builder/builds/TDmZkXJm/0/finestructure/swiftpackageindex-builder/spi-builder-workspace/.derivedData/Index.noindex/DataStore -swift-version 5 -I /Users/builder/builds/TDmZkXJm/0/finestructure/swiftpackageindex-builder/spi-builder-workspace/.derivedData/Build/Products/Debug-watchos -I /Applications/Xcode-15.0.0-Beta.2.app/Contents/Developer/Platforms/WatchOS.platform/Developer/usr/lib -F /Users/builder/builds/TDmZkXJm/0/finestructure/swiftpackageindex-builder/spi-builder-workspace/.derivedData/Build/Products/Debug-watchos/PackageFrameworks -F /Users/builder/builds/TDmZkXJm/0/finestructure/swiftpackageindex-builder/spi-builder-workspace/.derivedData/Build/Products/Debug-watchos -F /Applications/Xcode-15.0.0-Beta.2.app/Contents/Developer/Platforms/WatchOS.platform/Developer/Library/Frameworks -F /Applications/Xcode-15.0.0-Beta.2.app/Contents/Developer/Platforms/WatchOS.platform/Developer/SDKs/WatchOS10.0.sdk/Developer/Library/Frameworks -c -j8 -enable-batch-mode -incremental -Xcc -ivfsstatcache -Xcc /Users/builder/builds/TDmZkXJm/0/finestructure/swiftpackageindex-builder/spi-builder-workspace/.derivedData/SDKStatCaches.noindex/watchos10.0-21R5295e-9a43322743793491a98c52dfd0045baa.sdkstatcache -output-file-map /Users/builder/builds/TDmZkXJm/0/finestructure/swiftpackageindex-builder/spi-builder-workspace/.derivedData/Build/Intermediates.noindex/shell-kit.build/Debug-watchos/ShellKitTests.build/Objects-normal/armv7k/ShellKitTests-OutputFileMap.json -use-frontend-parseable-output -save-temps -no-color-diagnostics -serialize-diagnostics -emit-dependencies -emit-module -emit-module-path /Users/builder/builds/TDmZkXJm/0/finestructure/swiftpackageindex-builder/spi-builder-workspace/.derivedData/Build/Intermediates.noindex/shell-kit.build/Debug-watchos/ShellKitTests.build/Objects-normal/armv7k/ShellKitTests.swiftmodule -validate-clang-modules-once -clang-build-session-file /Users/builder/builds/TDmZkXJm/0/finestructure/swiftpackageindex-builder/spi-builder-workspace/.derivedData/ModuleCache.noindex/Session.modulevalidation -emit-const-values -Xfrontend -const-gather-protocols-file -Xfrontend /Users/builder/builds/TDmZkXJm/0/finestructure/swiftpackageindex-builder/spi-builder-workspace/.derivedData/Build/Intermediates.noindex/shell-kit.build/Debug-watchos/ShellKitTests.build/Objects-normal/armv7k/ShellKitTests_const_extract_protocols.json -Xcc -I/Users/builder/builds/TDmZkXJm/0/finestructure/swiftpackageindex-builder/spi-builder-workspace/.derivedData/Build/Products/Debug-watchos/include -Xcc -I/Users/builder/builds/TDmZkXJm/0/finestructure/swiftpackageindex-builder/spi-builder-workspace/.derivedData/Build/Intermediates.noindex/shell-kit.build/Debug-watchos/ShellKitTests.build/DerivedSources-normal/armv7k -Xcc -I/Users/builder/builds/TDmZkXJm/0/finestructure/swiftpackageindex-builder/spi-builder-workspace/.derivedData/Build/Intermediates.noindex/shell-kit.build/Debug-watchos/ShellKitTests.build/DerivedSources/armv7k -Xcc -I/Users/builder/builds/TDmZkXJm/0/finestructure/swiftpackageindex-builder/spi-builder-workspace/.derivedData/Build/Intermediates.noindex/shell-kit.build/Debug-watchos/ShellKitTests.build/DerivedSources -Xcc -DSWIFT_PACKAGE -Xcc -DDEBUG\=1 -working-directory /Users/builder/builds/TDmZkXJm/0/finestructure/swiftpackageindex-builder/spi-builder-workspace -experimental-emit-module-separately -disable-cmo

SwiftDriver ShellKit normal armv7k com.apple.xcode.tools.swift.compiler (in target 'ShellKit' from project 'shell-kit')
    cd /Users/builder/builds/TDmZkXJm/0/finestructure/swiftpackageindex-builder/spi-builder-workspace
    builtin-SwiftDriver -- /Applications/Xcode-15.0.0-Beta.2.app/Contents/Developer/Toolchains/XcodeDefault.xctoolchain/usr/bin/swiftc -module-name ShellKit -Onone -enforce-exclusivity\=checked @/Users/builder/builds/TDmZkXJm/0/finestructure/swiftpackageindex-builder/spi-builder-workspace/.derivedData/Build/Intermediates.noindex/shell-kit.build/Debug-watchos/ShellKit.build/Objects-normal/armv7k/ShellKit.SwiftFileList -DSWIFT_PACKAGE -DDEBUG -DXcode -sdk /Applications/Xcode-15.0.0-Beta.2.app/Contents/Developer/Platforms/WatchOS.platform/Developer/SDKs/WatchOS10.0.sdk -target armv7k-apple-watchos5.0 -g -module-cache-path /Users/builder/builds/TDmZkXJm/0/finestructure/swiftpackageindex-builder/spi-builder-workspace/.derivedData/ModuleCache.noindex -Xfrontend -serialize-debugging-options -enable-testing -index-store-path /Users/builder/builds/TDmZkXJm/0/finestructure/swiftpackageindex-builder/spi-builder-workspace/.derivedData/Index.noindex/DataStore -swift-version 5 -I /Users/builder/builds/TDmZkXJm/0/finestructure/swiftpackageindex-builder/spi-builder-workspace/.derivedData/Build/Products/Debug-watchos -I /Applications/Xcode-15.0.0-Beta.2.app/Contents/Developer/Platforms/WatchOS.platform/Developer/usr/lib -F /Users/builder/builds/TDmZkXJm/0/finestructure/swiftpackageindex-builder/spi-builder-workspace/.derivedData/Build/Products/Debug-watchos -F /Applications/Xcode-15.0.0-Beta.2.app/Contents/Developer/Platforms/WatchOS.platform/Developer/Library/Frameworks -F /Applications/Xcode-15.0.0-Beta.2.app/Contents/Developer/Platforms/WatchOS.platform/Developer/SDKs/WatchOS10.0.sdk/Developer/Library/Frameworks -parse-as-library -c -j8 -enable-batch-mode -incremental -Xcc -ivfsstatcache -Xcc /Users/builder/builds/TDmZkXJm/0/finestructure/swiftpackageindex-builder/spi-builder-workspace/.derivedData/SDKStatCaches.noindex/watchos10.0-21R5295e-9a43322743793491a98c52dfd0045baa.sdkstatcache -output-file-map /Users/builder/builds/TDmZkXJm/0/finestructure/swiftpackageindex-builder/spi-builder-workspace/.derivedData/Build/Intermediates.noindex/shell-kit.build/Debug-watchos/ShellKit.build/Objects-normal/armv7k/ShellKit-OutputFileMap.json -use-frontend-parseable-output -save-temps -no-color-diagnostics -serialize-diagnostics -emit-dependencies -emit-module -emit-module-path /Users/builder/builds/TDmZkXJm/0/finestructure/swiftpackageindex-builder/spi-builder-workspace/.derivedData/Build/Intermediates.noindex/shell-kit.build/Debug-watchos/ShellKit.build/Objects-normal/armv7k/ShellKit.swiftmodule -validate-clang-modules-once -clang-build-session-file /Users/builder/builds/TDmZkXJm/0/finestructure/swiftpackageindex-builder/spi-builder-workspace/.derivedData/ModuleCache.noindex/Session.modulevalidation -Xcc -I/Users/builder/builds/TDmZkXJm/0/finestructure/swiftpackageindex-builder/spi-builder-workspace/.derivedData/Build/Intermediates.noindex/shell-kit.build/Debug-watchos/ShellKit.build/swift-overrides.hmap -emit-const-values -Xfrontend -const-gather-protocols-file -Xfrontend /Users/builder/builds/TDmZkXJm/0/finestructure/swiftpackageindex-builder/spi-builder-workspace/.derivedData/Build/Intermediates.noindex/shell-kit.build/Debug-watchos/ShellKit.build/Objects-normal/armv7k/ShellKit_const_extract_protocols.json -Xcc -I/Users/builder/builds/TDmZkXJm/0/finestructure/swiftpackageindex-builder/spi-builder-workspace/.derivedData/Build/Products/Debug-watchos/include -Xcc -I/Users/builder/builds/TDmZkXJm/0/finestructure/swiftpackageindex-builder/spi-builder-workspace/.derivedData/Build/Intermediates.noindex/shell-kit.build/Debug-watchos/ShellKit.build/DerivedSources-normal/armv7k -Xcc -I/Users/builder/builds/TDmZkXJm/0/finestructure/swiftpackageindex-builder/spi-builder-workspace/.derivedData/Build/Intermediates.noindex/shell-kit.build/Debug-watchos/ShellKit.build/DerivedSources/armv7k -Xcc -I/Users/builder/builds/TDmZkXJm/0/finestructure/swiftpackageindex-builder/spi-builder-workspace/.derivedData/Build/Intermediates.noindex/shell-kit.build/Debug-watchos/ShellKit.build/DerivedSources -Xcc -DSWIFT_PACKAGE -Xcc -DDEBUG\=1 -emit-objc-header -emit-objc-header-path /Users/builder/builds/TDmZkXJm/0/finestructure/swiftpackageindex-builder/spi-builder-workspace/.derivedData/Build/Intermediates.noindex/shell-kit.build/Debug-watchos/ShellKit.build/Objects-normal/armv7k/ShellKit-Swift.h -working-directory /Users/builder/builds/TDmZkXJm/0/finestructure/swiftpackageindex-builder/spi-builder-workspace -experimental-emit-module-separately -disable-cmo

SwiftDriver ShellKitTests normal arm64 com.apple.xcode.tools.swift.compiler (in target 'ShellKitTests' from project 'shell-kit')
    cd /Users/builder/builds/TDmZkXJm/0/finestructure/swiftpackageindex-builder/spi-builder-workspace
    builtin-SwiftDriver -- /Applications/Xcode-15.0.0-Beta.2.app/Contents/Developer/Toolchains/XcodeDefault.xctoolchain/usr/bin/swiftc -module-name ShellKitTests -Onone -enforce-exclusivity\=checked @/Users/builder/builds/TDmZkXJm/0/finestructure/swiftpackageindex-builder/spi-builder-workspace/.derivedData/Build/Intermediates.noindex/shell-kit.build/Debug-watchos/ShellKitTests.build/Objects-normal/arm64/ShellKitTests.SwiftFileList -DSWIFT_PACKAGE -DDEBUG -DXcode -sdk /Applications/Xcode-15.0.0-Beta.2.app/Contents/Developer/Platforms/WatchOS.platform/Developer/SDKs/WatchOS10.0.sdk -target arm64-apple-watchos5.0 -g -module-cache-path /Users/builder/builds/TDmZkXJm/0/finestructure/swiftpackageindex-builder/spi-builder-workspace/.derivedData/ModuleCache.noindex -Xfrontend -serialize-debugging-options -enable-testing -index-store-path /Users/builder/builds/TDmZkXJm/0/finestructure/swiftpackageindex-builder/spi-builder-workspace/.derivedData/Index.noindex/DataStore -swift-version 5 -I /Users/builder/builds/TDmZkXJm/0/finestructure/swiftpackageindex-builder/spi-builder-workspace/.derivedData/Build/Products/Debug-watchos -I /Applications/Xcode-15.0.0-Beta.2.app/Contents/Developer/Platforms/WatchOS.platform/Developer/usr/lib -F /Users/builder/builds/TDmZkXJm/0/finestructure/swiftpackageindex-builder/spi-builder-workspace/.derivedData/Build/Products/Debug-watchos/PackageFrameworks -F /Users/builder/builds/TDmZkXJm/0/finestructure/swiftpackageindex-builder/spi-builder-workspace/.derivedData/Build/Products/Debug-watchos -F /Applications/Xcode-15.0.0-Beta.2.app/Contents/Developer/Platforms/WatchOS.platform/Developer/Library/Frameworks -F /Applications/Xcode-15.0.0-Beta.2.app/Contents/Developer/Platforms/WatchOS.platform/Developer/SDKs/WatchOS10.0.sdk/Developer/Library/Frameworks -c -j8 -enable-batch-mode -incremental -Xcc -ivfsstatcache -Xcc /Users/builder/builds/TDmZkXJm/0/finestructure/swiftpackageindex-builder/spi-builder-workspace/.derivedData/SDKStatCaches.noindex/watchos10.0-21R5295e-9a43322743793491a98c52dfd0045baa.sdkstatcache -output-file-map /Users/builder/builds/TDmZkXJm/0/finestructure/swiftpackageindex-builder/spi-builder-workspace/.derivedData/Build/Intermediates.noindex/shell-kit.build/Debug-watchos/ShellKitTests.build/Objects-normal/arm64/ShellKitTests-OutputFileMap.json -use-frontend-parseable-output -save-temps -no-color-diagnostics -serialize-diagnostics -emit-dependencies -emit-module -emit-module-path /Users/builder/builds/TDmZkXJm/0/finestructure/swiftpackageindex-builder/spi-builder-workspace/.derivedData/Build/Intermediates.noindex/shell-kit.build/Debug-watchos/ShellKitTests.build/Objects-normal/arm64/ShellKitTests.swiftmodule -validate-clang-modules-once -clang-build-session-file /Users/builder/builds/TDmZkXJm/0/finestructure/swiftpackageindex-builder/spi-builder-workspace/.derivedData/ModuleCache.noindex/Session.modulevalidation -emit-const-values -Xfrontend -const-gather-protocols-file -Xfrontend /Users/builder/builds/TDmZkXJm/0/finestructure/swiftpackageindex-builder/spi-builder-workspace/.derivedData/Build/Intermediates.noindex/shell-kit.build/Debug-watchos/ShellKitTests.build/Objects-normal/arm64/ShellKitTests_const_extract_protocols.json -Xcc -I/Users/builder/builds/TDmZkXJm/0/finestructure/swiftpackageindex-builder/spi-builder-workspace/.derivedData/Build/Products/Debug-watchos/include -Xcc -I/Users/builder/builds/TDmZkXJm/0/finestructure/swiftpackageindex-builder/spi-builder-workspace/.derivedData/Build/Intermediates.noindex/shell-kit.build/Debug-watchos/ShellKitTests.build/DerivedSources-normal/arm64 -Xcc -I/Users/builder/builds/TDmZkXJm/0/finestructure/swiftpackageindex-builder/spi-builder-workspace/.derivedData/Build/Intermediates.noindex/shell-kit.build/Debug-watchos/ShellKitTests.build/DerivedSources/arm64 -Xcc -I/Users/builder/builds/TDmZkXJm/0/finestructure/swiftpackageindex-builder/spi-builder-workspace/.derivedData/Build/Intermediates.noindex/shell-kit.build/Debug-watchos/ShellKitTests.build/DerivedSources -Xcc -DSWIFT_PACKAGE -Xcc -DDEBUG\=1 -working-directory /Users/builder/builds/TDmZkXJm/0/finestructure/swiftpackageindex-builder/spi-builder-workspace -experimental-emit-module-separately -disable-cmo

SwiftDriver ShellKit normal arm64_32 com.apple.xcode.tools.swift.compiler (in target 'ShellKit' from project 'shell-kit')
    cd /Users/builder/builds/TDmZkXJm/0/finestructure/swiftpackageindex-builder/spi-builder-workspace
    builtin-SwiftDriver -- /Applications/Xcode-15.0.0-Beta.2.app/Contents/Developer/Toolchains/XcodeDefault.xctoolchain/usr/bin/swiftc -module-name ShellKit -Onone -enforce-exclusivity\=checked @/Users/builder/builds/TDmZkXJm/0/finestructure/swiftpackageindex-builder/spi-builder-workspace/.derivedData/Build/Intermediates.noindex/shell-kit.build/Debug-watchos/ShellKit.build/Objects-normal/arm64_32/ShellKit.SwiftFileList -DSWIFT_PACKAGE -DDEBUG -DXcode -sdk /Applications/Xcode-15.0.0-Beta.2.app/Contents/Developer/Platforms/WatchOS.platform/Developer/SDKs/WatchOS10.0.sdk -target arm64_32-apple-watchos5.0 -g -module-cache-path /Users/builder/builds/TDmZkXJm/0/finestructure/swiftpackageindex-builder/spi-builder-workspace/.derivedData/ModuleCache.noindex -Xfrontend -serialize-debugging-options -enable-testing -index-store-path /Users/builder/builds/TDmZkXJm/0/finestructure/swiftpackageindex-builder/spi-builder-workspace/.derivedData/Index.noindex/DataStore -swift-version 5 -I /Users/builder/builds/TDmZkXJm/0/finestructure/swiftpackageindex-builder/spi-builder-workspace/.derivedData/Build/Products/Debug-watchos -I /Applications/Xcode-15.0.0-Beta.2.app/Contents/Developer/Platforms/WatchOS.platform/Developer/usr/lib -F /Users/builder/builds/TDmZkXJm/0/finestructure/swiftpackageindex-builder/spi-builder-workspace/.derivedData/Build/Products/Debug-watchos -F /Applications/Xcode-15.0.0-Beta.2.app/Contents/Developer/Platforms/WatchOS.platform/Developer/Library/Frameworks -F /Applications/Xcode-15.0.0-Beta.2.app/Contents/Developer/Platforms/WatchOS.platform/Developer/SDKs/WatchOS10.0.sdk/Developer/Library/Frameworks -parse-as-library -c -j8 -enable-batch-mode -incremental -Xcc -ivfsstatcache -Xcc /Users/builder/builds/TDmZkXJm/0/finestructure/swiftpackageindex-builder/spi-builder-workspace/.derivedData/SDKStatCaches.noindex/watchos10.0-21R5295e-9a43322743793491a98c52dfd0045baa.sdkstatcache -output-file-map /Users/builder/builds/TDmZkXJm/0/finestructure/swiftpackageindex-builder/spi-builder-workspace/.derivedData/Build/Intermediates.noindex/shell-kit.build/Debug-watchos/ShellKit.build/Objects-normal/arm64_32/ShellKit-OutputFileMap.json -use-frontend-parseable-output -save-temps -no-color-diagnostics -serialize-diagnostics -emit-dependencies -emit-module -emit-module-path /Users/builder/builds/TDmZkXJm/0/finestructure/swiftpackageindex-builder/spi-builder-workspace/.derivedData/Build/Intermediates.noindex/shell-kit.build/Debug-watchos/ShellKit.build/Objects-normal/arm64_32/ShellKit.swiftmodule -validate-clang-modules-once -clang-build-session-file /Users/builder/builds/TDmZkXJm/0/finestructure/swiftpackageindex-builder/spi-builder-workspace/.derivedData/ModuleCache.noindex/Session.modulevalidation -Xcc -I/Users/builder/builds/TDmZkXJm/0/finestructure/swiftpackageindex-builder/spi-builder-workspace/.derivedData/Build/Intermediates.noindex/shell-kit.build/Debug-watchos/ShellKit.build/swift-overrides.hmap -emit-const-values -Xfrontend -const-gather-protocols-file -Xfrontend /Users/builder/builds/TDmZkXJm/0/finestructure/swiftpackageindex-builder/spi-builder-workspace/.derivedData/Build/Intermediates.noindex/shell-kit.build/Debug-watchos/ShellKit.build/Objects-normal/arm64_32/ShellKit_const_extract_protocols.json -Xcc -I/Users/builder/builds/TDmZkXJm/0/finestructure/swiftpackageindex-builder/spi-builder-workspace/.derivedData/Build/Products/Debug-watchos/include -Xcc -I/Users/builder/builds/TDmZkXJm/0/finestructure/swiftpackageindex-builder/spi-builder-workspace/.derivedData/Build/Intermediates.noindex/shell-kit.build/Debug-watchos/ShellKit.build/DerivedSources-normal/arm64_32 -Xcc -I/Users/builder/builds/TDmZkXJm/0/finestructure/swiftpackageindex-builder/spi-builder-workspace/.derivedData/Build/Intermediates.noindex/shell-kit.build/Debug-watchos/ShellKit.build/DerivedSources/arm64_32 -Xcc -I/Users/builder/builds/TDmZkXJm/0/finestructure/swiftpackageindex-builder/spi-builder-workspace/.derivedData/Build/Intermediates.noindex/shell-kit.build/Debug-watchos/ShellKit.build/DerivedSources -Xcc -DSWIFT_PACKAGE -Xcc -DDEBUG\=1 -emit-objc-header -emit-objc-header-path /Users/builder/builds/TDmZkXJm/0/finestructure/swiftpackageindex-builder/spi-builder-workspace/.derivedData/Build/Intermediates.noindex/shell-kit.build/Debug-watchos/ShellKit.build/Objects-normal/arm64_32/ShellKit-Swift.h -working-directory /Users/builder/builds/TDmZkXJm/0/finestructure/swiftpackageindex-builder/spi-builder-workspace -experimental-emit-module-separately -disable-cmo

SwiftDriver ShellKit normal arm64 com.apple.xcode.tools.swift.compiler (in target 'ShellKit' from project 'shell-kit')
    cd /Users/builder/builds/TDmZkXJm/0/finestructure/swiftpackageindex-builder/spi-builder-workspace
    builtin-SwiftDriver -- /Applications/Xcode-15.0.0-Beta.2.app/Contents/Developer/Toolchains/XcodeDefault.xctoolchain/usr/bin/swiftc -module-name ShellKit -Onone -enforce-exclusivity\=checked @/Users/builder/builds/TDmZkXJm/0/finestructure/swiftpackageindex-builder/spi-builder-workspace/.derivedData/Build/Intermediates.noindex/shell-kit.build/Debug-watchos/ShellKit.build/Objects-normal/arm64/ShellKit.SwiftFileList -DSWIFT_PACKAGE -DDEBUG -DXcode -sdk /Applications/Xcode-15.0.0-Beta.2.app/Contents/Developer/Platforms/WatchOS.platform/Developer/SDKs/WatchOS10.0.sdk -target arm64-apple-watchos5.0 -g -module-cache-path /Users/builder/builds/TDmZkXJm/0/finestructure/swiftpackageindex-builder/spi-builder-workspace/.derivedData/ModuleCache.noindex -Xfrontend -serialize-debugging-options -enable-testing -index-store-path /Users/builder/builds/TDmZkXJm/0/finestructure/swiftpackageindex-builder/spi-builder-workspace/.derivedData/Index.noindex/DataStore -swift-version 5 -I /Users/builder/builds/TDmZkXJm/0/finestructure/swiftpackageindex-builder/spi-builder-workspace/.derivedData/Build/Products/Debug-watchos -I /Applications/Xcode-15.0.0-Beta.2.app/Contents/Developer/Platforms/WatchOS.platform/Developer/usr/lib -F /Users/builder/builds/TDmZkXJm/0/finestructure/swiftpackageindex-builder/spi-builder-workspace/.derivedData/Build/Products/Debug-watchos -F /Applications/Xcode-15.0.0-Beta.2.app/Contents/Developer/Platforms/WatchOS.platform/Developer/Library/Frameworks -F /Applications/Xcode-15.0.0-Beta.2.app/Contents/Developer/Platforms/WatchOS.platform/Developer/SDKs/WatchOS10.0.sdk/Developer/Library/Frameworks -parse-as-library -c -j8 -enable-batch-mode -incremental -Xcc -ivfsstatcache -Xcc /Users/builder/builds/TDmZkXJm/0/finestructure/swiftpackageindex-builder/spi-builder-workspace/.derivedData/SDKStatCaches.noindex/watchos10.0-21R5295e-9a43322743793491a98c52dfd0045baa.sdkstatcache -output-file-map /Users/builder/builds/TDmZkXJm/0/finestructure/swiftpackageindex-builder/spi-builder-workspace/.derivedData/Build/Intermediates.noindex/shell-kit.build/Debug-watchos/ShellKit.build/Objects-normal/arm64/ShellKit-OutputFileMap.json -use-frontend-parseable-output -save-temps -no-color-diagnostics -serialize-diagnostics -emit-dependencies -emit-module -emit-module-path /Users/builder/builds/TDmZkXJm/0/finestructure/swiftpackageindex-builder/spi-builder-workspace/.derivedData/Build/Intermediates.noindex/shell-kit.build/Debug-watchos/ShellKit.build/Objects-normal/arm64/ShellKit.swiftmodule -validate-clang-modules-once -clang-build-session-file /Users/builder/builds/TDmZkXJm/0/finestructure/swiftpackageindex-builder/spi-builder-workspace/.derivedData/ModuleCache.noindex/Session.modulevalidation -Xcc -I/Users/builder/builds/TDmZkXJm/0/finestructure/swiftpackageindex-builder/spi-builder-workspace/.derivedData/Build/Intermediates.noindex/shell-kit.build/Debug-watchos/ShellKit.build/swift-overrides.hmap -emit-const-values -Xfrontend -const-gather-protocols-file -Xfrontend /Users/builder/builds/TDmZkXJm/0/finestructure/swiftpackageindex-builder/spi-builder-workspace/.derivedData/Build/Intermediates.noindex/shell-kit.build/Debug-watchos/ShellKit.build/Objects-normal/arm64/ShellKit_const_extract_protocols.json -Xcc -I/Users/builder/builds/TDmZkXJm/0/finestructure/swiftpackageindex-builder/spi-builder-workspace/.derivedData/Build/Products/Debug-watchos/include -Xcc -I/Users/builder/builds/TDmZkXJm/0/finestructure/swiftpackageindex-builder/spi-builder-workspace/.derivedData/Build/Intermediates.noindex/shell-kit.build/Debug-watchos/ShellKit.build/DerivedSources-normal/arm64 -Xcc -I/Users/builder/builds/TDmZkXJm/0/finestructure/swiftpackageindex-builder/spi-builder-workspace/.derivedData/Build/Intermediates.noindex/shell-kit.build/Debug-watchos/ShellKit.build/DerivedSources/arm64 -Xcc -I/Users/builder/builds/TDmZkXJm/0/finestructure/swiftpackageindex-builder/spi-builder-workspace/.derivedData/Build/Intermediates.noindex/shell-kit.build/Debug-watchos/ShellKit.build/DerivedSources -Xcc -DSWIFT_PACKAGE -Xcc -DDEBUG\=1 -emit-objc-header -emit-objc-header-path /Users/builder/builds/TDmZkXJm/0/finestructure/swiftpackageindex-builder/spi-builder-workspace/.derivedData/Build/Intermediates.noindex/shell-kit.build/Debug-watchos/ShellKit.build/Objects-normal/arm64/ShellKit-Swift.h -working-directory /Users/builder/builds/TDmZkXJm/0/finestructure/swiftpackageindex-builder/spi-builder-workspace -experimental-emit-module-separately -disable-cmo

SwiftCompile normal armv7k Compiling\ Shell.swift /Users/builder/builds/TDmZkXJm/0/finestructure/swiftpackageindex-builder/spi-builder-workspace/Sources/ShellKit/Shell.swift (in target 'ShellKit' from project 'shell-kit')
    cd /Users/builder/builds/TDmZkXJm/0/finestructure/swiftpackageindex-builder/spi-builder-workspace
    builtin-swiftTaskExecution -- /Applications/Xcode-15.0.0-Beta.2.app/Contents/Developer/Toolchains/XcodeDefault.xctoolchain/usr/bin/swift-frontend -frontend -c -primary-file /Users/builder/builds/TDmZkXJm/0/finestructure/swiftpackageindex-builder/spi-builder-workspace/Sources/ShellKit/Shell.swift -emit-dependencies-path /Users/builder/builds/TDmZkXJm/0/finestructure/swiftpackageindex-builder/spi-builder-workspace/.derivedData/Build/Intermediates.noindex/shell-kit.build/Debug-watchos/ShellKit.build/Objects-normal/armv7k/Shell.d -emit-const-values-path /Users/builder/builds/TDmZkXJm/0/finestructure/swiftpackageindex-builder/spi-builder-workspace/.derivedData/Build/Intermediates.noindex/shell-kit.build/Debug-watchos/ShellKit.build/Objects-normal/armv7k/Shell.swiftconstvalues -emit-reference-dependencies-path /Users/builder/builds/TDmZkXJm/0/finestructure/swiftpackageindex-builder/spi-builder-workspace/.derivedData/Build/Intermediates.noindex/shell-kit.build/Debug-watchos/ShellKit.build/Objects-normal/armv7k/Shell.swiftdeps -serialize-diagnostics-path /Users/builder/builds/TDmZkXJm/0/finestructure/swiftpackageindex-builder/spi-builder-workspace/.derivedData/Build/Intermediates.noindex/shell-kit.build/Debug-watchos/ShellKit.build/Objects-normal/armv7k/Shell.dia -target armv7k-apple-watchos5.0 -enable-objc-interop -sdk /Applications/Xcode-15.0.0-Beta.2.app/Contents/Developer/Platforms/WatchOS.platform/Developer/SDKs/WatchOS10.0.sdk -I /Users/builder/builds/TDmZkXJm/0/finestructure/swiftpackageindex-builder/spi-builder-workspace/.derivedData/Build/Products/Debug-watchos -I /Applications/Xcode-15.0.0-Beta.2.app/Contents/Developer/Platforms/WatchOS.platform/Developer/usr/lib -F /Users/builder/builds/TDmZkXJm/0/finestructure/swiftpackageindex-builder/spi-builder-workspace/.derivedData/Build/Products/Debug-watchos -F /Applications/Xcode-15.0.0-Beta.2.app/Contents/Developer/Platforms/WatchOS.platform/Developer/Library/Frameworks -F /Applications/Xcode-15.0.0-Beta.2.app/Contents/Developer/Platforms/WatchOS.platform/Developer/SDKs/WatchOS10.0.sdk/Developer/Library/Frameworks -no-color-diagnostics -enable-testing -g -module-cache-path /Users/builder/builds/TDmZkXJm/0/finestructure/swiftpackageindex-builder/spi-builder-workspace/.derivedData/ModuleCache.noindex -swift-version 5 -enforce-exclusivity\=checked -Onone -D SWIFT_PACKAGE -D DEBUG -D Xcode -serialize-debugging-options -const-gather-protocols-file /Users/builder/builds/TDmZkXJm/0/finestructure/swiftpackageindex-builder/spi-builder-workspace/.derivedData/Build/Intermediates.noindex/shell-kit.build/Debug-watchos/ShellKit.build/Objects-normal/armv7k/ShellKit_const_extract_protocols.json -empty-abi-descriptor -plugin-path /Applications/Xcode-15.0.0-Beta.2.app/Contents/Developer/Toolchains/XcodeDefault.xctoolchain/usr/lib/swift/host/plugins -plugin-path /Applications/Xcode-15.0.0-Beta.2.app/Contents/Developer/Toolchains/XcodeDefault.xctoolchain/usr/local/lib/swift/host/plugins -validate-clang-modules-once -clang-build-session-file /Users/builder/builds/TDmZkXJm/0/finestructure/swiftpackageindex-builder/spi-builder-workspace/.derivedData/ModuleCache.noindex/Session.modulevalidation -Xcc -working-directory -Xcc /Users/builder/builds/TDmZkXJm/0/finestructure/swiftpackageindex-builder/spi-builder-workspace -resource-dir /Applications/Xcode-15.0.0-Beta.2.app/Contents/Developer/Toolchains/XcodeDefault.xctoolchain/usr/lib/swift -enable-anonymous-context-mangled-names -Xcc -ivfsstatcache -Xcc /Users/builder/builds/TDmZkXJm/0/finestructure/swiftpackageindex-builder/spi-builder-workspace/.derivedData/SDKStatCaches.noindex/watchos10.0-21R5295e-9a43322743793491a98c52dfd0045baa.sdkstatcache -Xcc -I/Users/builder/builds/TDmZkXJm/0/finestructure/swiftpackageindex-builder/spi-builder-workspace/.derivedData/Build/Intermediates.noindex/shell-kit.build/Debug-watchos/ShellKit.build/swift-overrides.hmap -Xcc -I/Users/builder/builds/TDmZkXJm/0/finestructure/swiftpackageindex-builder/spi-builder-workspace/.derivedData/Build/Products/Debug-watchos/include -Xcc -I/Users/builder/builds/TDmZkXJm/0/finestructure/swiftpackageindex-builder/spi-builder-workspace/.derivedData/Build/Intermediates.noindex/shell-kit.build/Debug-watchos/ShellKit.build/DerivedSources-normal/armv7k -Xcc -I/Users/builder/builds/TDmZkXJm/0/finestructure/swiftpackageindex-builder/spi-builder-workspace/.derivedData/Build/Intermediates.noindex/shell-kit.build/Debug-watchos/ShellKit.build/DerivedSources/armv7k -Xcc -I/Users/builder/builds/TDmZkXJm/0/finestructure/swiftpackageindex-builder/spi-builder-workspace/.derivedData/Build/Intermediates.noindex/shell-kit.build/Debug-watchos/ShellKit.build/DerivedSources -Xcc -DSWIFT_PACKAGE -Xcc -DDEBUG\=1 -module-name ShellKit -frontend-parseable-output -disable-clang-spi -target-sdk-version 10.0 -target-sdk-name watchos10.0 -parse-as-library -o /Users/builder/builds/TDmZkXJm/0/finestructure/swiftpackageindex-builder/spi-builder-workspace/.derivedData/Build/Intermediates.noindex/shell-kit.build/Debug-watchos/ShellKit.build/Objects-normal/armv7k/Shell.o -index-unit-output-path /shell-kit.build/Debug-watchos/ShellKit.build/Objects-normal/armv7k/Shell.o -index-store-path /Users/builder/builds/TDmZkXJm/0/finestructure/swiftpackageindex-builder/spi-builder-workspace/.derivedData/Index.noindex/DataStore -index-system-modules

SwiftCompile normal armv7k /Users/builder/builds/TDmZkXJm/0/finestructure/swiftpackageindex-builder/spi-builder-workspace/Sources/ShellKit/Shell.swift (in target 'ShellKit' from project 'shell-kit')
    cd /Users/builder/builds/TDmZkXJm/0/finestructure/swiftpackageindex-builder/spi-builder-workspace
    /Applications/Xcode-15.0.0-Beta.2.app/Contents/Developer/Toolchains/XcodeDefault.xctoolchain/usr/bin/swift-frontend -c -primary-file /Users/builder/builds/TDmZkXJm/0/finestructure/swiftpackageindex-builder/spi-builder-workspace/Sources/ShellKit/Shell.swift -emit-dependencies-path /Users/builder/builds/TDmZkXJm/0/finestructure/swiftpackageindex-builder/spi-builder-workspace/.derivedData/Build/Intermediates.noindex/shell-kit.build/Debug-watchos/ShellKit.build/Objects-normal/armv7k/Shell.d -emit-const-values-path /Users/builder/builds/TDmZkXJm/0/finestructure/swiftpackageindex-builder/spi-builder-workspace/.derivedData/Build/Intermediates.noindex/shell-kit.build/Debug-watchos/ShellKit.build/Objects-normal/armv7k/Shell.swiftconstvalues -emit-reference-dependencies-path /Users/builder/builds/TDmZkXJm/0/finestructure/swiftpackageindex-builder/spi-builder-workspace/.derivedData/Build/Intermediates.noindex/shell-kit.build/Debug-watchos/ShellKit.build/Objects-normal/armv7k/Shell.swiftdeps -serialize-diagnostics-path /Users/builder/builds/TDmZkXJm/0/finestructure/swiftpackageindex-builder/spi-builder-workspace/.derivedData/Build/Intermediates.noindex/shell-kit.build/Debug-watchos/ShellKit.build/Objects-normal/armv7k/Shell.dia -target armv7k-apple-watchos5.0 -enable-objc-interop -sdk /Applications/Xcode-15.0.0-Beta.2.app/Contents/Developer/Platforms/WatchOS.platform/Developer/SDKs/WatchOS10.0.sdk -I /Users/builder/builds/TDmZkXJm/0/finestructure/swiftpackageindex-builder/spi-builder-workspace/.derivedData/Build/Products/Debug-watchos -I /Applications/Xcode-15.0.0-Beta.2.app/Contents/Developer/Platforms/WatchOS.platform/Developer/usr/lib -F /Users/builder/builds/TDmZkXJm/0/finestructure/swiftpackageindex-builder/spi-builder-workspace/.derivedData/Build/Products/Debug-watchos -F /Applications/Xcode-15.0.0-Beta.2.app/Contents/Developer/Platforms/WatchOS.platform/Developer/Library/Frameworks -F /Applications/Xcode-15.0.0-Beta.2.app/Contents/Developer/Platforms/WatchOS.platform/Developer/SDKs/WatchOS10.0.sdk/Developer/Library/Frameworks -no-color-diagnostics -enable-testing -g -module-cache-path /Users/builder/builds/TDmZkXJm/0/finestructure/swiftpackageindex-builder/spi-builder-workspace/.derivedData/ModuleCache.noindex -swift-version 5 -enforce-exclusivity\=checked -Onone -D SWIFT_PACKAGE -D DEBUG -D Xcode -serialize-debugging-options -const-gather-protocols-file /Users/builder/builds/TDmZkXJm/0/finestructure/swiftpackageindex-builder/spi-builder-workspace/.derivedData/Build/Intermediates.noindex/shell-kit.build/Debug-watchos/ShellKit.build/Objects-normal/armv7k/ShellKit_const_extract_protocols.json -empty-abi-descriptor -plugin-path /Applications/Xcode-15.0.0-Beta.2.app/Contents/Developer/Toolchains/XcodeDefault.xctoolchain/usr/lib/swift/host/plugins -plugin-path /Applications/Xcode-15.0.0-Beta.2.app/Contents/Developer/Toolchains/XcodeDefault.xctoolchain/usr/local/lib/swift/host/plugins -validate-clang-modules-once -clang-build-session-file /Users/builder/builds/TDmZkXJm/0/finestructure/swiftpackageindex-builder/spi-builder-workspace/.derivedData/ModuleCache.noindex/Session.modulevalidation -Xcc -working-directory -Xcc /Users/builder/builds/TDmZkXJm/0/finestructure/swiftpackageindex-builder/spi-builder-workspace -resource-dir /Applications/Xcode-15.0.0-Beta.2.app/Contents/Developer/Toolchains/XcodeDefault.xctoolchain/usr/lib/swift -enable-anonymous-context-mangled-names -Xcc -ivfsstatcache -Xcc /Users/builder/builds/TDmZkXJm/0/finestructure/swiftpackageindex-builder/spi-builder-workspace/.derivedData/SDKStatCaches.noindex/watchos10.0-21R5295e-9a43322743793491a98c52dfd0045baa.sdkstatcache -Xcc -I/Users/builder/builds/TDmZkXJm/0/finestructure/swiftpackageindex-builder/spi-builder-workspace/.derivedData/Build/Intermediates.noindex/shell-kit.build/Debug-watchos/ShellKit.build/swift-overrides.hmap -Xcc -I/Users/builder/builds/TDmZkXJm/0/finestructure/swiftpackageindex-builder/spi-builder-workspace/.derivedData/Build/Products/Debug-watchos/include -Xcc -I/Users/builder/builds/TDmZkXJm/0/finestructure/swiftpackageindex-builder/spi-builder-workspace/.derivedData/Build/Intermediates.noindex/shell-kit.build/Debug-watchos/ShellKit.build/DerivedSources-normal/armv7k -Xcc -I/Users/builder/builds/TDmZkXJm/0/finestructure/swiftpackageindex-builder/spi-builder-workspace/.derivedData/Build/Intermediates.noindex/shell-kit.build/Debug-watchos/ShellKit.build/DerivedSources/armv7k -Xcc -I/Users/builder/builds/TDmZkXJm/0/finestructure/swiftpackageindex-builder/spi-builder-workspace/.derivedData/Build/Intermediates.noindex/shell-kit.build/Debug-watchos/ShellKit.build/DerivedSources -Xcc -DSWIFT_PACKAGE -Xcc -DDEBUG\=1 -module-name ShellKit -frontend-parseable-output -disable-clang-spi -target-sdk-version 10.0 -target-sdk-name watchos10.0 -parse-as-library -o /Users/builder/builds/TDmZkXJm/0/finestructure/swiftpackageindex-builder/spi-builder-workspace/.derivedData/Build/Intermediates.noindex/shell-kit.build/Debug-watchos/ShellKit.build/Objects-normal/armv7k/Shell.o -index-unit-output-path /shell-kit.build/Debug-watchos/ShellKit.build/Objects-normal/armv7k/Shell.o -index-store-path /Users/builder/builds/TDmZkXJm/0/finestructure/swiftpackageindex-builder/spi-builder-workspace/.derivedData/Index.noindex/DataStore -index-system-modules
/Users/builder/builds/TDmZkXJm/0/finestructure/swiftpackageindex-builder/spi-builder-workspace/Sources/ShellKit/Shell.swift:121:23: error: cannot find 'Process' in scope
        let process = Process()
                      ^~~~~~~

SwiftCompile normal arm64_32 Compiling\ Shell.swift /Users/builder/builds/TDmZkXJm/0/finestructure/swiftpackageindex-builder/spi-builder-workspace/Sources/ShellKit/Shell.swift (in target 'ShellKit' from project 'shell-kit')
    cd /Users/builder/builds/TDmZkXJm/0/finestructure/swiftpackageindex-builder/spi-builder-workspace
    builtin-swiftTaskExecution -- /Applications/Xcode-15.0.0-Beta.2.app/Contents/Developer/Toolchains/XcodeDefault.xctoolchain/usr/bin/swift-frontend -frontend -c -primary-file /Users/builder/builds/TDmZkXJm/0/finestructure/swiftpackageindex-builder/spi-builder-workspace/Sources/ShellKit/Shell.swift -emit-dependencies-path /Users/builder/builds/TDmZkXJm/0/finestructure/swiftpackageindex-builder/spi-builder-workspace/.derivedData/Build/Intermediates.noindex/shell-kit.build/Debug-watchos/ShellKit.build/Objects-normal/arm64_32/Shell.d -emit-const-values-path /Users/builder/builds/TDmZkXJm/0/finestructure/swiftpackageindex-builder/spi-builder-workspace/.derivedData/Build/Intermediates.noindex/shell-kit.build/Debug-watchos/ShellKit.build/Objects-normal/arm64_32/Shell.swiftconstvalues -emit-reference-dependencies-path /Users/builder/builds/TDmZkXJm/0/finestructure/swiftpackageindex-builder/spi-builder-workspace/.derivedData/Build/Intermediates.noindex/shell-kit.build/Debug-watchos/ShellKit.build/Objects-normal/arm64_32/Shell.swiftdeps -serialize-diagnostics-path /Users/builder/builds/TDmZkXJm/0/finestructure/swiftpackageindex-builder/spi-builder-workspace/.derivedData/Build/Intermediates.noindex/shell-kit.build/Debug-watchos/ShellKit.build/Objects-normal/arm64_32/Shell.dia -target arm64_32-apple-watchos5.0 -enable-objc-interop -sdk /Applications/Xcode-15.0.0-Beta.2.app/Contents/Developer/Platforms/WatchOS.platform/Developer/SDKs/WatchOS10.0.sdk -I /Users/builder/builds/TDmZkXJm/0/finestructure/swiftpackageindex-builder/spi-builder-workspace/.derivedData/Build/Products/Debug-watchos -I /Applications/Xcode-15.0.0-Beta.2.app/Contents/Developer/Platforms/WatchOS.platform/Developer/usr/lib -F /Users/builder/builds/TDmZkXJm/0/finestructure/swiftpackageindex-builder/spi-builder-workspace/.derivedData/Build/Products/Debug-watchos -F /Applications/Xcode-15.0.0-Beta.2.app/Contents/Developer/Platforms/WatchOS.platform/Developer/Library/Frameworks -F /Applications/Xcode-15.0.0-Beta.2.app/Contents/Developer/Platforms/WatchOS.platform/Developer/SDKs/WatchOS10.0.sdk/Developer/Library/Frameworks -no-color-diagnostics -enable-testing -g -module-cache-path /Users/builder/builds/TDmZkXJm/0/finestructure/swiftpackageindex-builder/spi-builder-workspace/.derivedData/ModuleCache.noindex -swift-version 5 -enforce-exclusivity\=checked -Onone -D SWIFT_PACKAGE -D DEBUG -D Xcode -serialize-debugging-options -const-gather-protocols-file /Users/builder/builds/TDmZkXJm/0/finestructure/swiftpackageindex-builder/spi-builder-workspace/.derivedData/Build/Intermediates.noindex/shell-kit.build/Debug-watchos/ShellKit.build/Objects-normal/arm64_32/ShellKit_const_extract_protocols.json -empty-abi-descriptor -plugin-path /Applications/Xcode-15.0.0-Beta.2.app/Contents/Developer/Toolchains/XcodeDefault.xctoolchain/usr/lib/swift/host/plugins -plugin-path /Applications/Xcode-15.0.0-Beta.2.app/Contents/Developer/Toolchains/XcodeDefault.xctoolchain/usr/local/lib/swift/host/plugins -validate-clang-modules-once -clang-build-session-file /Users/builder/builds/TDmZkXJm/0/finestructure/swiftpackageindex-builder/spi-builder-workspace/.derivedData/ModuleCache.noindex/Session.modulevalidation -Xcc -working-directory -Xcc /Users/builder/builds/TDmZkXJm/0/finestructure/swiftpackageindex-builder/spi-builder-workspace -resource-dir /Applications/Xcode-15.0.0-Beta.2.app/Contents/Developer/Toolchains/XcodeDefault.xctoolchain/usr/lib/swift -enable-anonymous-context-mangled-names -Xcc -ivfsstatcache -Xcc /Users/builder/builds/TDmZkXJm/0/finestructure/swiftpackageindex-builder/spi-builder-workspace/.derivedData/SDKStatCaches.noindex/watchos10.0-21R5295e-9a43322743793491a98c52dfd0045baa.sdkstatcache -Xcc -I/Users/builder/builds/TDmZkXJm/0/finestructure/swiftpackageindex-builder/spi-builder-workspace/.derivedData/Build/Intermediates.noindex/shell-kit.build/Debug-watchos/ShellKit.build/swift-overrides.hmap -Xcc -I/Users/builder/builds/TDmZkXJm/0/finestructure/swiftpackageindex-builder/spi-builder-workspace/.derivedData/Build/Products/Debug-watchos/include -Xcc -I/Users/builder/builds/TDmZkXJm/0/finestructure/swiftpackageindex-builder/spi-builder-workspace/.derivedData/Build/Intermediates.noindex/shell-kit.build/Debug-watchos/ShellKit.build/DerivedSources-normal/arm64_32 -Xcc -I/Users/builder/builds/TDmZkXJm/0/finestructure/swiftpackageindex-builder/spi-builder-workspace/.derivedData/Build/Intermediates.noindex/shell-kit.build/Debug-watchos/ShellKit.build/DerivedSources/arm64_32 -Xcc -I/Users/builder/builds/TDmZkXJm/0/finestructure/swiftpackageindex-builder/spi-builder-workspace/.derivedData/Build/Intermediates.noindex/shell-kit.build/Debug-watchos/ShellKit.build/DerivedSources -Xcc -DSWIFT_PACKAGE -Xcc -DDEBUG\=1 -module-name ShellKit -frontend-parseable-output -disable-clang-spi -target-sdk-version 10.0 -target-sdk-name watchos10.0 -parse-as-library -o /Users/builder/builds/TDmZkXJm/0/finestructure/swiftpackageindex-builder/spi-builder-workspace/.derivedData/Build/Intermediates.noindex/shell-kit.build/Debug-watchos/ShellKit.build/Objects-normal/arm64_32/Shell.o -index-unit-output-path /shell-kit.build/Debug-watchos/ShellKit.build/Objects-normal/arm64_32/Shell.o -index-store-path /Users/builder/builds/TDmZkXJm/0/finestructure/swiftpackageindex-builder/spi-builder-workspace/.derivedData/Index.noindex/DataStore -index-system-modules

SwiftCompile normal arm64_32 /Users/builder/builds/TDmZkXJm/0/finestructure/swiftpackageindex-builder/spi-builder-workspace/Sources/ShellKit/Shell.swift (in target 'ShellKit' from project 'shell-kit')
    cd /Users/builder/builds/TDmZkXJm/0/finestructure/swiftpackageindex-builder/spi-builder-workspace
    /Applications/Xcode-15.0.0-Beta.2.app/Contents/Developer/Toolchains/XcodeDefault.xctoolchain/usr/bin/swift-frontend -c -primary-file /Users/builder/builds/TDmZkXJm/0/finestructure/swiftpackageindex-builder/spi-builder-workspace/Sources/ShellKit/Shell.swift -emit-dependencies-path /Users/builder/builds/TDmZkXJm/0/finestructure/swiftpackageindex-builder/spi-builder-workspace/.derivedData/Build/Intermediates.noindex/shell-kit.build/Debug-watchos/ShellKit.build/Objects-normal/arm64_32/Shell.d -emit-const-values-path /Users/builder/builds/TDmZkXJm/0/finestructure/swiftpackageindex-builder/spi-builder-workspace/.derivedData/Build/Intermediates.noindex/shell-kit.build/Debug-watchos/ShellKit.build/Objects-normal/arm64_32/Shell.swiftconstvalues -emit-reference-dependencies-path /Users/builder/builds/TDmZkXJm/0/finestructure/swiftpackageindex-builder/spi-builder-workspace/.derivedData/Build/Intermediates.noindex/shell-kit.build/Debug-watchos/ShellKit.build/Objects-normal/arm64_32/Shell.swiftdeps -serialize-diagnostics-path /Users/builder/builds/TDmZkXJm/0/finestructure/swiftpackageindex-builder/spi-builder-workspace/.derivedData/Build/Intermediates.noindex/shell-kit.build/Debug-watchos/ShellKit.build/Objects-normal/arm64_32/Shell.dia -target arm64_32-apple-watchos5.0 -enable-objc-interop -sdk /Applications/Xcode-15.0.0-Beta.2.app/Contents/Developer/Platforms/WatchOS.platform/Developer/SDKs/WatchOS10.0.sdk -I /Users/builder/builds/TDmZkXJm/0/finestructure/swiftpackageindex-builder/spi-builder-workspace/.derivedData/Build/Products/Debug-watchos -I /Applications/Xcode-15.0.0-Beta.2.app/Contents/Developer/Platforms/WatchOS.platform/Developer/usr/lib -F /Users/builder/builds/TDmZkXJm/0/finestructure/swiftpackageindex-builder/spi-builder-workspace/.derivedData/Build/Products/Debug-watchos -F /Applications/Xcode-15.0.0-Beta.2.app/Contents/Developer/Platforms/WatchOS.platform/Developer/Library/Frameworks -F /Applications/Xcode-15.0.0-Beta.2.app/Contents/Developer/Platforms/WatchOS.platform/Developer/SDKs/WatchOS10.0.sdk/Developer/Library/Frameworks -no-color-diagnostics -enable-testing -g -module-cache-path /Users/builder/builds/TDmZkXJm/0/finestructure/swiftpackageindex-builder/spi-builder-workspace/.derivedData/ModuleCache.noindex -swift-version 5 -enforce-exclusivity\=checked -Onone -D SWIFT_PACKAGE -D DEBUG -D Xcode -serialize-debugging-options -const-gather-protocols-file /Users/builder/builds/TDmZkXJm/0/finestructure/swiftpackageindex-builder/spi-builder-workspace/.derivedData/Build/Intermediates.noindex/shell-kit.build/Debug-watchos/ShellKit.build/Objects-normal/arm64_32/ShellKit_const_extract_protocols.json -empty-abi-descriptor -plugin-path /Applications/Xcode-15.0.0-Beta.2.app/Contents/Developer/Toolchains/XcodeDefault.xctoolchain/usr/lib/swift/host/plugins -plugin-path /Applications/Xcode-15.0.0-Beta.2.app/Contents/Developer/Toolchains/XcodeDefault.xctoolchain/usr/local/lib/swift/host/plugins -validate-clang-modules-once -clang-build-session-file /Users/builder/builds/TDmZkXJm/0/finestructure/swiftpackageindex-builder/spi-builder-workspace/.derivedData/ModuleCache.noindex/Session.modulevalidation -Xcc -working-directory -Xcc /Users/builder/builds/TDmZkXJm/0/finestructure/swiftpackageindex-builder/spi-builder-workspace -resource-dir /Applications/Xcode-15.0.0-Beta.2.app/Contents/Developer/Toolchains/XcodeDefault.xctoolchain/usr/lib/swift -enable-anonymous-context-mangled-names -Xcc -ivfsstatcache -Xcc /Users/builder/builds/TDmZkXJm/0/finestructure/swiftpackageindex-builder/spi-builder-workspace/.derivedData/SDKStatCaches.noindex/watchos10.0-21R5295e-9a43322743793491a98c52dfd0045baa.sdkstatcache -Xcc -I/Users/builder/builds/TDmZkXJm/0/finestructure/swiftpackageindex-builder/spi-builder-workspace/.derivedData/Build/Intermediates.noindex/shell-kit.build/Debug-watchos/ShellKit.build/swift-overrides.hmap -Xcc -I/Users/builder/builds/TDmZkXJm/0/finestructure/swiftpackageindex-builder/spi-builder-workspace/.derivedData/Build/Products/Debug-watchos/include -Xcc -I/Users/builder/builds/TDmZkXJm/0/finestructure/swiftpackageindex-builder/spi-builder-workspace/.derivedData/Build/Intermediates.noindex/shell-kit.build/Debug-watchos/ShellKit.build/DerivedSources-normal/arm64_32 -Xcc -I/Users/builder/builds/TDmZkXJm/0/finestructure/swiftpackageindex-builder/spi-builder-workspace/.derivedData/Build/Intermediates.noindex/shell-kit.build/Debug-watchos/ShellKit.build/DerivedSources/arm64_32 -Xcc -I/Users/builder/builds/TDmZkXJm/0/finestructure/swiftpackageindex-builder/spi-builder-workspace/.derivedData/Build/Intermediates.noindex/shell-kit.build/Debug-watchos/ShellKit.build/DerivedSources -Xcc -DSWIFT_PACKAGE -Xcc -DDEBUG\=1 -module-name ShellKit -frontend-parseable-output -disable-clang-spi -target-sdk-version 10.0 -target-sdk-name watchos10.0 -parse-as-library -o /Users/builder/builds/TDmZkXJm/0/finestructure/swiftpackageindex-builder/spi-builder-workspace/.derivedData/Build/Intermediates.noindex/shell-kit.build/Debug-watchos/ShellKit.build/Objects-normal/arm64_32/Shell.o -index-unit-output-path /shell-kit.build/Debug-watchos/ShellKit.build/Objects-normal/arm64_32/Shell.o -index-store-path /Users/builder/builds/TDmZkXJm/0/finestructure/swiftpackageindex-builder/spi-builder-workspace/.derivedData/Index.noindex/DataStore -index-system-modules
/Users/builder/builds/TDmZkXJm/0/finestructure/swiftpackageindex-builder/spi-builder-workspace/Sources/ShellKit/Shell.swift:121:23: error: cannot find 'Process' in scope
        let process = Process()
                      ^~~~~~~

SwiftEmitModule normal arm64_32 Emitting\ module\ for\ ShellKitTests (in target 'ShellKitTests' from project 'shell-kit')
    cd /Users/builder/builds/TDmZkXJm/0/finestructure/swiftpackageindex-builder/spi-builder-workspace
    builtin-swiftTaskExecution -- /Applications/Xcode-15.0.0-Beta.2.app/Contents/Developer/Toolchains/XcodeDefault.xctoolchain/usr/bin/swift-frontend -frontend -emit-module -experimental-skip-non-inlinable-function-bodies-without-types /Users/builder/builds/TDmZkXJm/0/finestructure/swiftpackageindex-builder/spi-builder-workspace/Tests/ShellKitTests/ShellKitTests.swift /Users/builder/builds/TDmZkXJm/0/finestructure/swiftpackageindex-builder/spi-builder-workspace/Tests/ShellKitTests/XCTestManifests.swift -target arm64_32-apple-watchos5.0 -enable-objc-interop -sdk /Applications/Xcode-15.0.0-Beta.2.app/Contents/Developer/Platforms/WatchOS.platform/Developer/SDKs/WatchOS10.0.sdk -I /Users/builder/builds/TDmZkXJm/0/finestructure/swiftpackageindex-builder/spi-builder-workspace/.derivedData/Build/Products/Debug-watchos -I /Applications/Xcode-15.0.0-Beta.2.app/Contents/Developer/Platforms/WatchOS.platform/Developer/usr/lib -F /Users/builder/builds/TDmZkXJm/0/finestructure/swiftpackageindex-builder/spi-builder-workspace/.derivedData/Build/Products/Debug-watchos/PackageFrameworks -F /Users/builder/builds/TDmZkXJm/0/finestructure/swiftpackageindex-builder/spi-builder-workspace/.derivedData/Build/Products/Debug-watchos -F /Applications/Xcode-15.0.0-Beta.2.app/Contents/Developer/Platforms/WatchOS.platform/Developer/Library/Frameworks -F /Applications/Xcode-15.0.0-Beta.2.app/Contents/Developer/Platforms/WatchOS.platform/Developer/SDKs/WatchOS10.0.sdk/Developer/Library/Frameworks -no-color-diagnostics -enable-testing -g -module-cache-path /Users/builder/builds/TDmZkXJm/0/finestructure/swiftpackageindex-builder/spi-builder-workspace/.derivedData/ModuleCache.noindex -swift-version 5 -enforce-exclusivity\=checked -Onone -D SWIFT_PACKAGE -D DEBUG -D Xcode -serialize-debugging-options -const-gather-protocols-file /Users/builder/builds/TDmZkXJm/0/finestructure/swiftpackageindex-builder/spi-builder-workspace/.derivedData/Build/Intermediates.noindex/shell-kit.build/Debug-watchos/ShellKitTests.build/Objects-normal/arm64_32/ShellKitTests_const_extract_protocols.json -empty-abi-descriptor -plugin-path /Applications/Xcode-15.0.0-Beta.2.app/Contents/Developer/Toolchains/XcodeDefault.xctoolchain/usr/lib/swift/host/plugins -plugin-path /Applications/Xcode-15.0.0-Beta.2.app/Contents/Developer/Toolchains/XcodeDefault.xctoolchain/usr/local/lib/swift/host/plugins -validate-clang-modules-once -clang-build-session-file /Users/builder/builds/TDmZkXJm/0/finestructure/swiftpackageindex-builder/spi-builder-workspace/.derivedData/ModuleCache.noindex/Session.modulevalidation -Xcc -working-directory -Xcc /Users/builder/builds/TDmZkXJm/0/finestructure/swiftpackageindex-builder/spi-builder-workspace -resource-dir /Applications/Xcode-15.0.0-Beta.2.app/Contents/Developer/Toolchains/XcodeDefault.xctoolchain/usr/lib/swift -enable-anonymous-context-mangled-names -Xcc -ivfsstatcache -Xcc /Users/builder/builds/TDmZkXJm/0/finestructure/swiftpackageindex-builder/spi-builder-workspace/.derivedData/SDKStatCaches.noindex/watchos10.0-21R5295e-9a43322743793491a98c52dfd0045baa.sdkstatcache -Xcc -I/Users/builder/builds/TDmZkXJm/0/finestructure/swiftpackageindex-builder/spi-builder-workspace/.derivedData/Build/Products/Debug-watchos/include -Xcc -I/Users/builder/builds/TDmZkXJm/0/finestructure/swiftpackageindex-builder/spi-builder-workspace/.derivedData/Build/Intermediates.noindex/shell-kit.build/Debug-watchos/ShellKitTests.build/DerivedSources-normal/arm64_32 -Xcc -I/Users/builder/builds/TDmZkXJm/0/finestructure/swiftpackageindex-builder/spi-builder-workspace/.derivedData/Build/Intermediates.noindex/shell-kit.build/Debug-watchos/ShellKitTests.build/DerivedSources/arm64_32 -Xcc -I/Users/builder/builds/TDmZkXJm/0/finestructure/swiftpackageindex-builder/spi-builder-workspace/.derivedData/Build/Intermediates.noindex/shell-kit.build/Debug-watchos/ShellKitTests.build/DerivedSources -Xcc -DSWIFT_PACKAGE -Xcc -DDEBUG\=1 -module-name ShellKitTests -disable-clang-spi -target-sdk-version 10.0 -target-sdk-name watchos10.0 -emit-module-doc-path /Users/builder/builds/TDmZkXJm/0/finestructure/swiftpackageindex-builder/spi-builder-workspace/.derivedData/Build/Intermediates.noindex/shell-kit.build/Debug-watchos/ShellKitTests.build/Objects-normal/arm64_32/ShellKitTests.swiftdoc -emit-module-source-info-path /Users/builder/builds/TDmZkXJm/0/finestructure/swiftpackageindex-builder/spi-builder-workspace/.derivedData/Build/Intermediates.noindex/shell-kit.build/Debug-watchos/ShellKitTests.build/Objects-normal/arm64_32/ShellKitTests.swiftsourceinfo -serialize-diagnostics-path /Users/builder/builds/TDmZkXJm/0/finestructure/swiftpackageindex-builder/spi-builder-workspace/.derivedData/Build/Intermediates.noindex/shell-kit.build/Debug-watchos/ShellKitTests.build/Objects-normal/arm64_32/ShellKitTests-master-emit-module.dia -emit-dependencies-path /Users/builder/builds/TDmZkXJm/0/finestructure/swiftpackageindex-builder/spi-builder-workspace/.derivedData/Build/Intermediates.noindex/shell-kit.build/Debug-watchos/ShellKitTests.build/Objects-normal/arm64_32/ShellKitTests-master-emit-module.d -o /Users/builder/builds/TDmZkXJm/0/finestructure/swiftpackageindex-builder/spi-builder-workspace/.derivedData/Build/Intermediates.noindex/shell-kit.build/Debug-watchos/ShellKitTests.build/Objects-normal/arm64_32/ShellKitTests.swiftmodule -emit-abi-descriptor-path /Users/builder/builds/TDmZkXJm/0/finestructure/swiftpackageindex-builder/spi-builder-workspace/.derivedData/Build/Intermediates.noindex/shell-kit.build/Debug-watchos/ShellKitTests.build/Objects-normal/arm64_32/ShellKitTests.abi.json

SwiftEmitModule normal arm64 Emitting\ module\ for\ ShellKitTests (in target 'ShellKitTests' from project 'shell-kit')
    cd /Users/builder/builds/TDmZkXJm/0/finestructure/swiftpackageindex-builder/spi-builder-workspace
    builtin-swiftTaskExecution -- /Applications/Xcode-15.0.0-Beta.2.app/Contents/Developer/Toolchains/XcodeDefault.xctoolchain/usr/bin/swift-frontend -frontend -emit-module -experimental-skip-non-inlinable-function-bodies-without-types /Users/builder/builds/TDmZkXJm/0/finestructure/swiftpackageindex-builder/spi-builder-workspace/Tests/ShellKitTests/ShellKitTests.swift /Users/builder/builds/TDmZkXJm/0/finestructure/swiftpackageindex-builder/spi-builder-workspace/Tests/ShellKitTests/XCTestManifests.swift -target arm64-apple-watchos5.0 -Xllvm -aarch64-use-tbi -enable-objc-interop -sdk /Applications/Xcode-15.0.0-Beta.2.app/Contents/Developer/Platforms/WatchOS.platform/Developer/SDKs/WatchOS10.0.sdk -I /Users/builder/builds/TDmZkXJm/0/finestructure/swiftpackageindex-builder/spi-builder-workspace/.derivedData/Build/Products/Debug-watchos -I /Applications/Xcode-15.0.0-Beta.2.app/Contents/Developer/Platforms/WatchOS.platform/Developer/usr/lib -F /Users/builder/builds/TDmZkXJm/0/finestructure/swiftpackageindex-builder/spi-builder-workspace/.derivedData/Build/Products/Debug-watchos/PackageFrameworks -F /Users/builder/builds/TDmZkXJm/0/finestructure/swiftpackageindex-builder/spi-builder-workspace/.derivedData/Build/Products/Debug-watchos -F /Applications/Xcode-15.0.0-Beta.2.app/Contents/Developer/Platforms/WatchOS.platform/Developer/Library/Frameworks -F /Applications/Xcode-15.0.0-Beta.2.app/Contents/Developer/Platforms/WatchOS.platform/Developer/SDKs/WatchOS10.0.sdk/Developer/Library/Frameworks -no-color-diagnostics -enable-testing -g -module-cache-path /Users/builder/builds/TDmZkXJm/0/finestructure/swiftpackageindex-builder/spi-builder-workspace/.derivedData/ModuleCache.noindex -swift-version 5 -enforce-exclusivity\=checked -Onone -D SWIFT_PACKAGE -D DEBUG -D Xcode -serialize-debugging-options -const-gather-protocols-file /Users/builder/builds/TDmZkXJm/0/finestructure/swiftpackageindex-builder/spi-builder-workspace/.derivedData/Build/Intermediates.noindex/shell-kit.build/Debug-watchos/ShellKitTests.build/Objects-normal/arm64/ShellKitTests_const_extract_protocols.json -empty-abi-descriptor -plugin-path /Applications/Xcode-15.0.0-Beta.2.app/Contents/Developer/Toolchains/XcodeDefault.xctoolchain/usr/lib/swift/host/plugins -plugin-path /Applications/Xcode-15.0.0-Beta.2.app/Contents/Developer/Toolchains/XcodeDefault.xctoolchain/usr/local/lib/swift/host/plugins -validate-clang-modules-once -clang-build-session-file /Users/builder/builds/TDmZkXJm/0/finestructure/swiftpackageindex-builder/spi-builder-workspace/.derivedData/ModuleCache.noindex/Session.modulevalidation -Xcc -working-directory -Xcc /Users/builder/builds/TDmZkXJm/0/finestructure/swiftpackageindex-builder/spi-builder-workspace -resource-dir /Applications/Xcode-15.0.0-Beta.2.app/Contents/Developer/Toolchains/XcodeDefault.xctoolchain/usr/lib/swift -enable-anonymous-context-mangled-names -Xcc -ivfsstatcache -Xcc /Users/builder/builds/TDmZkXJm/0/finestructure/swiftpackageindex-builder/spi-builder-workspace/.derivedData/SDKStatCaches.noindex/watchos10.0-21R5295e-9a43322743793491a98c52dfd0045baa.sdkstatcache -Xcc -I/Users/builder/builds/TDmZkXJm/0/finestructure/swiftpackageindex-builder/spi-builder-workspace/.derivedData/Build/Products/Debug-watchos/include -Xcc -I/Users/builder/builds/TDmZkXJm/0/finestructure/swiftpackageindex-builder/spi-builder-workspace/.derivedData/Build/Intermediates.noindex/shell-kit.build/Debug-watchos/ShellKitTests.build/DerivedSources-normal/arm64 -Xcc -I/Users/builder/builds/TDmZkXJm/0/finestructure/swiftpackageindex-builder/spi-builder-workspace/.derivedData/Build/Intermediates.noindex/shell-kit.build/Debug-watchos/ShellKitTests.build/DerivedSources/arm64 -Xcc -I/Users/builder/builds/TDmZkXJm/0/finestructure/swiftpackageindex-builder/spi-builder-workspace/.derivedData/Build/Intermediates.noindex/shell-kit.build/Debug-watchos/ShellKitTests.build/DerivedSources -Xcc -DSWIFT_PACKAGE -Xcc -DDEBUG\=1 -module-name ShellKitTests -disable-clang-spi -target-sdk-version 10.0 -target-sdk-name watchos10.0 -emit-module-doc-path /Users/builder/builds/TDmZkXJm/0/finestructure/swiftpackageindex-builder/spi-builder-workspace/.derivedData/Build/Intermediates.noindex/shell-kit.build/Debug-watchos/ShellKitTests.build/Objects-normal/arm64/ShellKitTests.swiftdoc -emit-module-source-info-path /Users/builder/builds/TDmZkXJm/0/finestructure/swiftpackageindex-builder/spi-builder-workspace/.derivedData/Build/Intermediates.noindex/shell-kit.build/Debug-watchos/ShellKitTests.build/Objects-normal/arm64/ShellKitTests.swiftsourceinfo -serialize-diagnostics-path /Users/builder/builds/TDmZkXJm/0/finestructure/swiftpackageindex-builder/spi-builder-workspace/.derivedData/Build/Intermediates.noindex/shell-kit.build/Debug-watchos/ShellKitTests.build/Objects-normal/arm64/ShellKitTests-master-emit-module.dia -emit-dependencies-path /Users/builder/builds/TDmZkXJm/0/finestructure/swiftpackageindex-builder/spi-builder-workspace/.derivedData/Build/Intermediates.noindex/shell-kit.build/Debug-watchos/ShellKitTests.build/Objects-normal/arm64/ShellKitTests-master-emit-module.d -o /Users/builder/builds/TDmZkXJm/0/finestructure/swiftpackageindex-builder/spi-builder-workspace/.derivedData/Build/Intermediates.noindex/shell-kit.build/Debug-watchos/ShellKitTests.build/Objects-normal/arm64/ShellKitTests.swiftmodule -emit-abi-descriptor-path /Users/builder/builds/TDmZkXJm/0/finestructure/swiftpackageindex-builder/spi-builder-workspace/.derivedData/Build/Intermediates.noindex/shell-kit.build/Debug-watchos/ShellKitTests.build/Objects-normal/arm64/ShellKitTests.abi.json

SwiftEmitModule normal armv7k Emitting\ module\ for\ ShellKitTests (in target 'ShellKitTests' from project 'shell-kit')
    cd /Users/builder/builds/TDmZkXJm/0/finestructure/swiftpackageindex-builder/spi-builder-workspace
    builtin-swiftTaskExecution -- /Applications/Xcode-15.0.0-Beta.2.app/Contents/Developer/Toolchains/XcodeDefault.xctoolchain/usr/bin/swift-frontend -frontend -emit-module -experimental-skip-non-inlinable-function-bodies-without-types /Users/builder/builds/TDmZkXJm/0/finestructure/swiftpackageindex-builder/spi-builder-workspace/Tests/ShellKitTests/ShellKitTests.swift /Users/builder/builds/TDmZkXJm/0/finestructure/swiftpackageindex-builder/spi-builder-workspace/Tests/ShellKitTests/XCTestManifests.swift -target armv7k-apple-watchos5.0 -enable-objc-interop -sdk /Applications/Xcode-15.0.0-Beta.2.app/Contents/Developer/Platforms/WatchOS.platform/Developer/SDKs/WatchOS10.0.sdk -I /Users/builder/builds/TDmZkXJm/0/finestructure/swiftpackageindex-builder/spi-builder-workspace/.derivedData/Build/Products/Debug-watchos -I /Applications/Xcode-15.0.0-Beta.2.app/Contents/Developer/Platforms/WatchOS.platform/Developer/usr/lib -F /Users/builder/builds/TDmZkXJm/0/finestructure/swiftpackageindex-builder/spi-builder-workspace/.derivedData/Build/Products/Debug-watchos/PackageFrameworks -F /Users/builder/builds/TDmZkXJm/0/finestructure/swiftpackageindex-builder/spi-builder-workspace/.derivedData/Build/Products/Debug-watchos -F /Applications/Xcode-15.0.0-Beta.2.app/Contents/Developer/Platforms/WatchOS.platform/Developer/Library/Frameworks -F /Applications/Xcode-15.0.0-Beta.2.app/Contents/Developer/Platforms/WatchOS.platform/Developer/SDKs/WatchOS10.0.sdk/Developer/Library/Frameworks -no-color-diagnostics -enable-testing -g -module-cache-path /Users/builder/builds/TDmZkXJm/0/finestructure/swiftpackageindex-builder/spi-builder-workspace/.derivedData/ModuleCache.noindex -swift-version 5 -enforce-exclusivity\=checked -Onone -D SWIFT_PACKAGE -D DEBUG -D Xcode -serialize-debugging-options -const-gather-protocols-file /Users/builder/builds/TDmZkXJm/0/finestructure/swiftpackageindex-builder/spi-builder-workspace/.derivedData/Build/Intermediates.noindex/shell-kit.build/Debug-watchos/ShellKitTests.build/Objects-normal/armv7k/ShellKitTests_const_extract_protocols.json -empty-abi-descriptor -plugin-path /Applications/Xcode-15.0.0-Beta.2.app/Contents/Developer/Toolchains/XcodeDefault.xctoolchain/usr/lib/swift/host/plugins -plugin-path /Applications/Xcode-15.0.0-Beta.2.app/Contents/Developer/Toolchains/XcodeDefault.xctoolchain/usr/local/lib/swift/host/plugins -validate-clang-modules-once -clang-build-session-file /Users/builder/builds/TDmZkXJm/0/finestructure/swiftpackageindex-builder/spi-builder-workspace/.derivedData/ModuleCache.noindex/Session.modulevalidation -Xcc -working-directory -Xcc /Users/builder/builds/TDmZkXJm/0/finestructure/swiftpackageindex-builder/spi-builder-workspace -resource-dir /Applications/Xcode-15.0.0-Beta.2.app/Contents/Developer/Toolchains/XcodeDefault.xctoolchain/usr/lib/swift -enable-anonymous-context-mangled-names -Xcc -ivfsstatcache -Xcc /Users/builder/builds/TDmZkXJm/0/finestructure/swiftpackageindex-builder/spi-builder-workspace/.derivedData/SDKStatCaches.noindex/watchos10.0-21R5295e-9a43322743793491a98c52dfd0045baa.sdkstatcache -Xcc -I/Users/builder/builds/TDmZkXJm/0/finestructure/swiftpackageindex-builder/spi-builder-workspace/.derivedData/Build/Products/Debug-watchos/include -Xcc -I/Users/builder/builds/TDmZkXJm/0/finestructure/swiftpackageindex-builder/spi-builder-workspace/.derivedData/Build/Intermediates.noindex/shell-kit.build/Debug-watchos/ShellKitTests.build/DerivedSources-normal/armv7k -Xcc -I/Users/builder/builds/TDmZkXJm/0/finestructure/swiftpackageindex-builder/spi-builder-workspace/.derivedData/Build/Intermediates.noindex/shell-kit.build/Debug-watchos/ShellKitTests.build/DerivedSources/armv7k -Xcc -I/Users/builder/builds/TDmZkXJm/0/finestructure/swiftpackageindex-builder/spi-builder-workspace/.derivedData/Build/Intermediates.noindex/shell-kit.build/Debug-watchos/ShellKitTests.build/DerivedSources -Xcc -DSWIFT_PACKAGE -Xcc -DDEBUG\=1 -module-name ShellKitTests -disable-clang-spi -target-sdk-version 10.0 -target-sdk-name watchos10.0 -emit-module-doc-path /Users/builder/builds/TDmZkXJm/0/finestructure/swiftpackageindex-builder/spi-builder-workspace/.derivedData/Build/Intermediates.noindex/shell-kit.build/Debug-watchos/ShellKitTests.build/Objects-normal/armv7k/ShellKitTests.swiftdoc -emit-module-source-info-path /Users/builder/builds/TDmZkXJm/0/finestructure/swiftpackageindex-builder/spi-builder-workspace/.derivedData/Build/Intermediates.noindex/shell-kit.build/Debug-watchos/ShellKitTests.build/Objects-normal/armv7k/ShellKitTests.swiftsourceinfo -serialize-diagnostics-path /Users/builder/builds/TDmZkXJm/0/finestructure/swiftpackageindex-builder/spi-builder-workspace/.derivedData/Build/Intermediates.noindex/shell-kit.build/Debug-watchos/ShellKitTests.build/Objects-normal/armv7k/ShellKitTests-master-emit-module.dia -emit-dependencies-path /Users/builder/builds/TDmZkXJm/0/finestructure/swiftpackageindex-builder/spi-builder-workspace/.derivedData/Build/Intermediates.noindex/shell-kit.build/Debug-watchos/ShellKitTests.build/Objects-normal/armv7k/ShellKitTests-master-emit-module.d -o /Users/builder/builds/TDmZkXJm/0/finestructure/swiftpackageindex-builder/spi-builder-workspace/.derivedData/Build/Intermediates.noindex/shell-kit.build/Debug-watchos/ShellKitTests.build/Objects-normal/armv7k/ShellKitTests.swiftmodule -emit-abi-descriptor-path /Users/builder/builds/TDmZkXJm/0/finestructure/swiftpackageindex-builder/spi-builder-workspace/.derivedData/Build/Intermediates.noindex/shell-kit.build/Debug-watchos/ShellKitTests.build/Objects-normal/armv7k/ShellKitTests.abi.json

SwiftCompile normal arm64_32 Compiling\ XCTestManifests.swift /Users/builder/builds/TDmZkXJm/0/finestructure/swiftpackageindex-builder/spi-builder-workspace/Tests/ShellKitTests/XCTestManifests.swift (in target 'ShellKitTests' from project 'shell-kit')
    cd /Users/builder/builds/TDmZkXJm/0/finestructure/swiftpackageindex-builder/spi-builder-workspace
    builtin-swiftTaskExecution -- /Applications/Xcode-15.0.0-Beta.2.app/Contents/Developer/Toolchains/XcodeDefault.xctoolchain/usr/bin/swift-frontend -frontend -c /Users/builder/builds/TDmZkXJm/0/finestructure/swiftpackageindex-builder/spi-builder-workspace/Tests/ShellKitTests/ShellKitTests.swift -primary-file /Users/builder/builds/TDmZkXJm/0/finestructure/swiftpackageindex-builder/spi-builder-workspace/Tests/ShellKitTests/XCTestManifests.swift -emit-dependencies-path /Users/builder/builds/TDmZkXJm/0/finestructure/swiftpackageindex-builder/spi-builder-workspace/.derivedData/Build/Intermediates.noindex/shell-kit.build/Debug-watchos/ShellKitTests.build/Objects-normal/arm64_32/XCTestManifests.d -emit-const-values-path /Users/builder/builds/TDmZkXJm/0/finestructure/swiftpackageindex-builder/spi-builder-workspace/.derivedData/Build/Intermediates.noindex/shell-kit.build/Debug-watchos/ShellKitTests.build/Objects-normal/arm64_32/XCTestManifests.swiftconstvalues -emit-reference-dependencies-path /Users/builder/builds/TDmZkXJm/0/finestructure/swiftpackageindex-builder/spi-builder-workspace/.derivedData/Build/Intermediates.noindex/shell-kit.build/Debug-watchos/ShellKitTests.build/Objects-normal/arm64_32/XCTestManifests.swiftdeps -serialize-diagnostics-path /Users/builder/builds/TDmZkXJm/0/finestructure/swiftpackageindex-builder/spi-builder-workspace/.derivedData/Build/Intermediates.noindex/shell-kit.build/Debug-watchos/ShellKitTests.build/Objects-normal/arm64_32/XCTestManifests.dia -target arm64_32-apple-watchos5.0 -enable-objc-interop -sdk /Applications/Xcode-15.0.0-Beta.2.app/Contents/Developer/Platforms/WatchOS.platform/Developer/SDKs/WatchOS10.0.sdk -I /Users/builder/builds/TDmZkXJm/0/finestructure/swiftpackageindex-builder/spi-builder-workspace/.derivedData/Build/Products/Debug-watchos -I /Applications/Xcode-15.0.0-Beta.2.app/Contents/Developer/Platforms/WatchOS.platform/Developer/usr/lib -F /Users/builder/builds/TDmZkXJm/0/finestructure/swiftpackageindex-builder/spi-builder-workspace/.derivedData/Build/Products/Debug-watchos/PackageFrameworks -F /Users/builder/builds/TDmZkXJm/0/finestructure/swiftpackageindex-builder/spi-builder-workspace/.derivedData/Build/Products/Debug-watchos -F /Applications/Xcode-15.0.0-Beta.2.app/Contents/Developer/Platforms/WatchOS.platform/Developer/Library/Frameworks -F /Applications/Xcode-15.0.0-Beta.2.app/Contents/Developer/Platforms/WatchOS.platform/Developer/SDKs/WatchOS10.0.sdk/Developer/Library/Frameworks -no-color-diagnostics -enable-testing -g -module-cache-path /Users/builder/builds/TDmZkXJm/0/finestructure/swiftpackageindex-builder/spi-builder-workspace/.derivedData/ModuleCache.noindex -swift-version 5 -enforce-exclusivity\=checked -Onone -D SWIFT_PACKAGE -D DEBUG -D Xcode -serialize-debugging-options -const-gather-protocols-file /Users/builder/builds/TDmZkXJm/0/finestructure/swiftpackageindex-builder/spi-builder-workspace/.derivedData/Build/Intermediates.noindex/shell-kit.build/Debug-watchos/ShellKitTests.build/Objects-normal/arm64_32/ShellKitTests_const_extract_protocols.json -empty-abi-descriptor -plugin-path /Applications/Xcode-15.0.0-Beta.2.app/Contents/Developer/Toolchains/XcodeDefault.xctoolchain/usr/lib/swift/host/plugins -plugin-path /Applications/Xcode-15.0.0-Beta.2.app/Contents/Developer/Toolchains/XcodeDefault.xctoolchain/usr/local/lib/swift/host/plugins -validate-clang-modules-once -clang-build-session-file /Users/builder/builds/TDmZkXJm/0/finestructure/swiftpackageindex-builder/spi-builder-workspace/.derivedData/ModuleCache.noindex/Session.modulevalidation -Xcc -working-directory -Xcc /Users/builder/builds/TDmZkXJm/0/finestructure/swiftpackageindex-builder/spi-builder-workspace -resource-dir /Applications/Xcode-15.0.0-Beta.2.app/Contents/Developer/Toolchains/XcodeDefault.xctoolchain/usr/lib/swift -enable-anonymous-context-mangled-names -Xcc -ivfsstatcache -Xcc /Users/builder/builds/TDmZkXJm/0/finestructure/swiftpackageindex-builder/spi-builder-workspace/.derivedData/SDKStatCaches.noindex/watchos10.0-21R5295e-9a43322743793491a98c52dfd0045baa.sdkstatcache -Xcc -I/Users/builder/builds/TDmZkXJm/0/finestructure/swiftpackageindex-builder/spi-builder-workspace/.derivedData/Build/Products/Debug-watchos/include -Xcc -I/Users/builder/builds/TDmZkXJm/0/finestructure/swiftpackageindex-builder/spi-builder-workspace/.derivedData/Build/Intermediates.noindex/shell-kit.build/Debug-watchos/ShellKitTests.build/DerivedSources-normal/arm64_32 -Xcc -I/Users/builder/builds/TDmZkXJm/0/finestructure/swiftpackageindex-builder/spi-builder-workspace/.derivedData/Build/Intermediates.noindex/shell-kit.build/Debug-watchos/ShellKitTests.build/DerivedSources/arm64_32 -Xcc -I/Users/builder/builds/TDmZkXJm/0/finestructure/swiftpackageindex-builder/spi-builder-workspace/.derivedData/Build/Intermediates.noindex/shell-kit.build/Debug-watchos/ShellKitTests.build/DerivedSources -Xcc -DSWIFT_PACKAGE -Xcc -DDEBUG\=1 -module-name ShellKitTests -frontend-parseable-output -disable-clang-spi -target-sdk-version 10.0 -target-sdk-name watchos10.0 -o /Users/builder/builds/TDmZkXJm/0/finestructure/swiftpackageindex-builder/spi-builder-workspace/.derivedData/Build/Intermediates.noindex/shell-kit.build/Debug-watchos/ShellKitTests.build/Objects-normal/arm64_32/XCTestManifests.o -index-unit-output-path /shell-kit.build/Debug-watchos/ShellKitTests.build/Objects-normal/arm64_32/XCTestManifests.o -index-store-path /Users/builder/builds/TDmZkXJm/0/finestructure/swiftpackageindex-builder/spi-builder-workspace/.derivedData/Index.noindex/DataStore -index-system-modules
SwiftCompile normal arm64_32 /Users/builder/builds/TDmZkXJm/0/finestructure/swiftpackageindex-builder/spi-builder-workspace/Tests/ShellKitTests/XCTestManifests.swift (in target 'ShellKitTests' from project 'shell-kit')
    cd /Users/builder/builds/TDmZkXJm/0/finestructure/swiftpackageindex-builder/spi-builder-workspace
    /Applications/Xcode-15.0.0-Beta.2.app/Contents/Developer/Toolchains/XcodeDefault.xctoolchain/usr/bin/swift-frontend -c /Users/builder/builds/TDmZkXJm/0/finestructure/swiftpackageindex-builder/spi-builder-workspace/Tests/ShellKitTests/ShellKitTests.swift -primary-file /Users/builder/builds/TDmZkXJm/0/finestructure/swiftpackageindex-builder/spi-builder-workspace/Tests/ShellKitTests/XCTestManifests.swift -emit-dependencies-path /Users/builder/builds/TDmZkXJm/0/finestructure/swiftpackageindex-builder/spi-builder-workspace/.derivedData/Build/Intermediates.noindex/shell-kit.build/Debug-watchos/ShellKitTests.build/Objects-normal/arm64_32/XCTestManifests.d -emit-const-values-path /Users/builder/builds/TDmZkXJm/0/finestructure/swiftpackageindex-builder/spi-builder-workspace/.derivedData/Build/Intermediates.noindex/shell-kit.build/Debug-watchos/ShellKitTests.build/Objects-normal/arm64_32/XCTestManifests.swiftconstvalues -emit-reference-dependencies-path /Users/builder/builds/TDmZkXJm/0/finestructure/swiftpackageindex-builder/spi-builder-workspace/.derivedData/Build/Intermediates.noindex/shell-kit.build/Debug-watchos/ShellKitTests.build/Objects-normal/arm64_32/XCTestManifests.swiftdeps -serialize-diagnostics-path /Users/builder/builds/TDmZkXJm/0/finestructure/swiftpackageindex-builder/spi-builder-workspace/.derivedData/Build/Intermediates.noindex/shell-kit.build/Debug-watchos/ShellKitTests.build/Objects-normal/arm64_32/XCTestManifests.dia -target arm64_32-apple-watchos5.0 -enable-objc-interop -sdk /Applications/Xcode-15.0.0-Beta.2.app/Contents/Developer/Platforms/WatchOS.platform/Developer/SDKs/WatchOS10.0.sdk -I /Users/builder/builds/TDmZkXJm/0/finestructure/swiftpackageindex-builder/spi-builder-workspace/.derivedData/Build/Products/Debug-watchos -I /Applications/Xcode-15.0.0-Beta.2.app/Contents/Developer/Platforms/WatchOS.platform/Developer/usr/lib -F /Users/builder/builds/TDmZkXJm/0/finestructure/swiftpackageindex-builder/spi-builder-workspace/.derivedData/Build/Products/Debug-watchos/PackageFrameworks -F /Users/builder/builds/TDmZkXJm/0/finestructure/swiftpackageindex-builder/spi-builder-workspace/.derivedData/Build/Products/Debug-watchos -F /Applications/Xcode-15.0.0-Beta.2.app/Contents/Developer/Platforms/WatchOS.platform/Developer/Library/Frameworks -F /Applications/Xcode-15.0.0-Beta.2.app/Contents/Developer/Platforms/WatchOS.platform/Developer/SDKs/WatchOS10.0.sdk/Developer/Library/Frameworks -no-color-diagnostics -enable-testing -g -module-cache-path /Users/builder/builds/TDmZkXJm/0/finestructure/swiftpackageindex-builder/spi-builder-workspace/.derivedData/ModuleCache.noindex -swift-version 5 -enforce-exclusivity\=checked -Onone -D SWIFT_PACKAGE -D DEBUG -D Xcode -serialize-debugging-options -const-gather-protocols-file /Users/builder/builds/TDmZkXJm/0/finestructure/swiftpackageindex-builder/spi-builder-workspace/.derivedData/Build/Intermediates.noindex/shell-kit.build/Debug-watchos/ShellKitTests.build/Objects-normal/arm64_32/ShellKitTests_const_extract_protocols.json -empty-abi-descriptor -plugin-path /Applications/Xcode-15.0.0-Beta.2.app/Contents/Developer/Toolchains/XcodeDefault.xctoolchain/usr/lib/swift/host/plugins -plugin-path /Applications/Xcode-15.0.0-Beta.2.app/Contents/Developer/Toolchains/XcodeDefault.xctoolchain/usr/local/lib/swift/host/plugins -validate-clang-modules-once -clang-build-session-file /Users/builder/builds/TDmZkXJm/0/finestructure/swiftpackageindex-builder/spi-builder-workspace/.derivedData/ModuleCache.noindex/Session.modulevalidation -Xcc -working-directory -Xcc /Users/builder/builds/TDmZkXJm/0/finestructure/swiftpackageindex-builder/spi-builder-workspace -resource-dir /Applications/Xcode-15.0.0-Beta.2.app/Contents/Developer/Toolchains/XcodeDefault.xctoolchain/usr/lib/swift -enable-anonymous-context-mangled-names -Xcc -ivfsstatcache -Xcc /Users/builder/builds/TDmZkXJm/0/finestructure/swiftpackageindex-builder/spi-builder-workspace/.derivedData/SDKStatCaches.noindex/watchos10.0-21R5295e-9a43322743793491a98c52dfd0045baa.sdkstatcache -Xcc -I/Users/builder/builds/TDmZkXJm/0/finestructure/swiftpackageindex-builder/spi-builder-workspace/.derivedData/Build/Products/Debug-watchos/include -Xcc -I/Users/builder/builds/TDmZkXJm/0/finestructure/swiftpackageindex-builder/spi-builder-workspace/.derivedData/Build/Intermediates.noindex/shell-kit.build/Debug-watchos/ShellKitTests.build/DerivedSources-normal/arm64_32 -Xcc -I/Users/builder/builds/TDmZkXJm/0/finestructure/swiftpackageindex-builder/spi-builder-workspace/.derivedData/Build/Intermediates.noindex/shell-kit.build/Debug-watchos/ShellKitTests.build/DerivedSources/arm64_32 -Xcc -I/Users/builder/builds/TDmZkXJm/0/finestructure/swiftpackageindex-builder/spi-builder-workspace/.derivedData/Build/Intermediates.noindex/shell-kit.build/Debug-watchos/ShellKitTests.build/DerivedSources -Xcc -DSWIFT_PACKAGE -Xcc -DDEBUG\=1 -module-name ShellKitTests -frontend-parseable-output -disable-clang-spi -target-sdk-version 10.0 -target-sdk-name watchos10.0 -o /Users/builder/builds/TDmZkXJm/0/finestructure/swiftpackageindex-builder/spi-builder-workspace/.derivedData/Build/Intermediates.noindex/shell-kit.build/Debug-watchos/ShellKitTests.build/Objects-normal/arm64_32/XCTestManifests.o -index-unit-output-path /shell-kit.build/Debug-watchos/ShellKitTests.build/Objects-normal/arm64_32/XCTestManifests.o -index-store-path /Users/builder/builds/TDmZkXJm/0/finestructure/swiftpackageindex-builder/spi-builder-workspace/.derivedData/Index.noindex/DataStore -index-system-modules

SwiftCompile normal armv7k Compiling\ XCTestManifests.swift /Users/builder/builds/TDmZkXJm/0/finestructure/swiftpackageindex-builder/spi-builder-workspace/Tests/ShellKitTests/XCTestManifests.swift (in target 'ShellKitTests' from project 'shell-kit')
    cd /Users/builder/builds/TDmZkXJm/0/finestructure/swiftpackageindex-builder/spi-builder-workspace
    builtin-swiftTaskExecution -- /Applications/Xcode-15.0.0-Beta.2.app/Contents/Developer/Toolchains/XcodeDefault.xctoolchain/usr/bin/swift-frontend -frontend -c /Users/builder/builds/TDmZkXJm/0/finestructure/swiftpackageindex-builder/spi-builder-workspace/Tests/ShellKitTests/ShellKitTests.swift -primary-file /Users/builder/builds/TDmZkXJm/0/finestructure/swiftpackageindex-builder/spi-builder-workspace/Tests/ShellKitTests/XCTestManifests.swift -emit-dependencies-path /Users/builder/builds/TDmZkXJm/0/finestructure/swiftpackageindex-builder/spi-builder-workspace/.derivedData/Build/Intermediates.noindex/shell-kit.build/Debug-watchos/ShellKitTests.build/Objects-normal/armv7k/XCTestManifests.d -emit-const-values-path /Users/builder/builds/TDmZkXJm/0/finestructure/swiftpackageindex-builder/spi-builder-workspace/.derivedData/Build/Intermediates.noindex/shell-kit.build/Debug-watchos/ShellKitTests.build/Objects-normal/armv7k/XCTestManifests.swiftconstvalues -emit-reference-dependencies-path /Users/builder/builds/TDmZkXJm/0/finestructure/swiftpackageindex-builder/spi-builder-workspace/.derivedData/Build/Intermediates.noindex/shell-kit.build/Debug-watchos/ShellKitTests.build/Objects-normal/armv7k/XCTestManifests.swiftdeps -serialize-diagnostics-path /Users/builder/builds/TDmZkXJm/0/finestructure/swiftpackageindex-builder/spi-builder-workspace/.derivedData/Build/Intermediates.noindex/shell-kit.build/Debug-watchos/ShellKitTests.build/Objects-normal/armv7k/XCTestManifests.dia -target armv7k-apple-watchos5.0 -enable-objc-interop -sdk /Applications/Xcode-15.0.0-Beta.2.app/Contents/Developer/Platforms/WatchOS.platform/Developer/SDKs/WatchOS10.0.sdk -I /Users/builder/builds/TDmZkXJm/0/finestructure/swiftpackageindex-builder/spi-builder-workspace/.derivedData/Build/Products/Debug-watchos -I /Applications/Xcode-15.0.0-Beta.2.app/Contents/Developer/Platforms/WatchOS.platform/Developer/usr/lib -F /Users/builder/builds/TDmZkXJm/0/finestructure/swiftpackageindex-builder/spi-builder-workspace/.derivedData/Build/Products/Debug-watchos/PackageFrameworks -F /Users/builder/builds/TDmZkXJm/0/finestructure/swiftpackageindex-builder/spi-builder-workspace/.derivedData/Build/Products/Debug-watchos -F /Applications/Xcode-15.0.0-Beta.2.app/Contents/Developer/Platforms/WatchOS.platform/Developer/Library/Frameworks -F /Applications/Xcode-15.0.0-Beta.2.app/Contents/Developer/Platforms/WatchOS.platform/Developer/SDKs/WatchOS10.0.sdk/Developer/Library/Frameworks -no-color-diagnostics -enable-testing -g -module-cache-path /Users/builder/builds/TDmZkXJm/0/finestructure/swiftpackageindex-builder/spi-builder-workspace/.derivedData/ModuleCache.noindex -swift-version 5 -enforce-exclusivity\=checked -Onone -D SWIFT_PACKAGE -D DEBUG -D Xcode -serialize-debugging-options -const-gather-protocols-file /Users/builder/builds/TDmZkXJm/0/finestructure/swiftpackageindex-builder/spi-builder-workspace/.derivedData/Build/Intermediates.noindex/shell-kit.build/Debug-watchos/ShellKitTests.build/Objects-normal/armv7k/ShellKitTests_const_extract_protocols.json -empty-abi-descriptor -plugin-path /Applications/Xcode-15.0.0-Beta.2.app/Contents/Developer/Toolchains/XcodeDefault.xctoolchain/usr/lib/swift/host/plugins -plugin-path /Applications/Xcode-15.0.0-Beta.2.app/Contents/Developer/Toolchains/XcodeDefault.xctoolchain/usr/local/lib/swift/host/plugins -validate-clang-modules-once -clang-build-session-file /Users/builder/builds/TDmZkXJm/0/finestructure/swiftpackageindex-builder/spi-builder-workspace/.derivedData/ModuleCache.noindex/Session.modulevalidation -Xcc -working-directory -Xcc /Users/builder/builds/TDmZkXJm/0/finestructure/swiftpackageindex-builder/spi-builder-workspace -resource-dir /Applications/Xcode-15.0.0-Beta.2.app/Contents/Developer/Toolchains/XcodeDefault.xctoolchain/usr/lib/swift -enable-anonymous-context-mangled-names -Xcc -ivfsstatcache -Xcc /Users/builder/builds/TDmZkXJm/0/finestructure/swiftpackageindex-builder/spi-builder-workspace/.derivedData/SDKStatCaches.noindex/watchos10.0-21R5295e-9a43322743793491a98c52dfd0045baa.sdkstatcache -Xcc -I/Users/builder/builds/TDmZkXJm/0/finestructure/swiftpackageindex-builder/spi-builder-workspace/.derivedData/Build/Products/Debug-watchos/include -Xcc -I/Users/builder/builds/TDmZkXJm/0/finestructure/swiftpackageindex-builder/spi-builder-workspace/.derivedData/Build/Intermediates.noindex/shell-kit.build/Debug-watchos/ShellKitTests.build/DerivedSources-normal/armv7k -Xcc -I/Users/builder/builds/TDmZkXJm/0/finestructure/swiftpackageindex-builder/spi-builder-workspace/.derivedData/Build/Intermediates.noindex/shell-kit.build/Debug-watchos/ShellKitTests.build/DerivedSources/armv7k -Xcc -I/Users/builder/builds/TDmZkXJm/0/finestructure/swiftpackageindex-builder/spi-builder-workspace/.derivedData/Build/Intermediates.noindex/shell-kit.build/Debug-watchos/ShellKitTests.build/DerivedSources -Xcc -DSWIFT_PACKAGE -Xcc -DDEBUG\=1 -module-name ShellKitTests -frontend-parseable-output -disable-clang-spi -target-sdk-version 10.0 -target-sdk-name watchos10.0 -o /Users/builder/builds/TDmZkXJm/0/finestructure/swiftpackageindex-builder/spi-builder-workspace/.derivedData/Build/Intermediates.noindex/shell-kit.build/Debug-watchos/ShellKitTests.build/Objects-normal/armv7k/XCTestManifests.o -index-unit-output-path /shell-kit.build/Debug-watchos/ShellKitTests.build/Objects-normal/armv7k/XCTestManifests.o -index-store-path /Users/builder/builds/TDmZkXJm/0/finestructure/swiftpackageindex-builder/spi-builder-workspace/.derivedData/Index.noindex/DataStore -index-system-modules

SwiftCompile normal armv7k /Users/builder/builds/TDmZkXJm/0/finestructure/swiftpackageindex-builder/spi-builder-workspace/Tests/ShellKitTests/XCTestManifests.swift (in target 'ShellKitTests' from project 'shell-kit')
    cd /Users/builder/builds/TDmZkXJm/0/finestructure/swiftpackageindex-builder/spi-builder-workspace
    /Applications/Xcode-15.0.0-Beta.2.app/Contents/Developer/Toolchains/XcodeDefault.xctoolchain/usr/bin/swift-frontend -c /Users/builder/builds/TDmZkXJm/0/finestructure/swiftpackageindex-builder/spi-builder-workspace/Tests/ShellKitTests/ShellKitTests.swift -primary-file /Users/builder/builds/TDmZkXJm/0/finestructure/swiftpackageindex-builder/spi-builder-workspace/Tests/ShellKitTests/XCTestManifests.swift -emit-dependencies-path /Users/builder/builds/TDmZkXJm/0/finestructure/swiftpackageindex-builder/spi-builder-workspace/.derivedData/Build/Intermediates.noindex/shell-kit.build/Debug-watchos/ShellKitTests.build/Objects-normal/armv7k/XCTestManifests.d -emit-const-values-path /Users/builder/builds/TDmZkXJm/0/finestructure/swiftpackageindex-builder/spi-builder-workspace/.derivedData/Build/Intermediates.noindex/shell-kit.build/Debug-watchos/ShellKitTests.build/Objects-normal/armv7k/XCTestManifests.swiftconstvalues -emit-reference-dependencies-path /Users/builder/builds/TDmZkXJm/0/finestructure/swiftpackageindex-builder/spi-builder-workspace/.derivedData/Build/Intermediates.noindex/shell-kit.build/Debug-watchos/ShellKitTests.build/Objects-normal/armv7k/XCTestManifests.swiftdeps -serialize-diagnostics-path /Users/builder/builds/TDmZkXJm/0/finestructure/swiftpackageindex-builder/spi-builder-workspace/.derivedData/Build/Intermediates.noindex/shell-kit.build/Debug-watchos/ShellKitTests.build/Objects-normal/armv7k/XCTestManifests.dia -target armv7k-apple-watchos5.0 -enable-objc-interop -sdk /Applications/Xcode-15.0.0-Beta.2.app/Contents/Developer/Platforms/WatchOS.platform/Developer/SDKs/WatchOS10.0.sdk -I /Users/builder/builds/TDmZkXJm/0/finestructure/swiftpackageindex-builder/spi-builder-workspace/.derivedData/Build/Products/Debug-watchos -I /Applications/Xcode-15.0.0-Beta.2.app/Contents/Developer/Platforms/WatchOS.platform/Developer/usr/lib -F /Users/builder/builds/TDmZkXJm/0/finestructure/swiftpackageindex-builder/spi-builder-workspace/.derivedData/Build/Products/Debug-watchos/PackageFrameworks -F /Users/builder/builds/TDmZkXJm/0/finestructure/swiftpackageindex-builder/spi-builder-workspace/.derivedData/Build/Products/Debug-watchos -F /Applications/Xcode-15.0.0-Beta.2.app/Contents/Developer/Platforms/WatchOS.platform/Developer/Library/Frameworks -F /Applications/Xcode-15.0.0-Beta.2.app/Contents/Developer/Platforms/WatchOS.platform/Developer/SDKs/WatchOS10.0.sdk/Developer/Library/Frameworks -no-color-diagnostics -enable-testing -g -module-cache-path /Users/builder/builds/TDmZkXJm/0/finestructure/swiftpackageindex-builder/spi-builder-workspace/.derivedData/ModuleCache.noindex -swift-version 5 -enforce-exclusivity\=checked -Onone -D SWIFT_PACKAGE -D DEBUG -D Xcode -serialize-debugging-options -const-gather-protocols-file /Users/builder/builds/TDmZkXJm/0/finestructure/swiftpackageindex-builder/spi-builder-workspace/.derivedData/Build/Intermediates.noindex/shell-kit.build/Debug-watchos/ShellKitTests.build/Objects-normal/armv7k/ShellKitTests_const_extract_protocols.json -empty-abi-descriptor -plugin-path /Applications/Xcode-15.0.0-Beta.2.app/Contents/Developer/Toolchains/XcodeDefault.xctoolchain/usr/lib/swift/host/plugins -plugin-path /Applications/Xcode-15.0.0-Beta.2.app/Contents/Developer/Toolchains/XcodeDefault.xctoolchain/usr/local/lib/swift/host/plugins -validate-clang-modules-once -clang-build-session-file /Users/builder/builds/TDmZkXJm/0/finestructure/swiftpackageindex-builder/spi-builder-workspace/.derivedData/ModuleCache.noindex/Session.modulevalidation -Xcc -working-directory -Xcc /Users/builder/builds/TDmZkXJm/0/finestructure/swiftpackageindex-builder/spi-builder-workspace -resource-dir /Applications/Xcode-15.0.0-Beta.2.app/Contents/Developer/Toolchains/XcodeDefault.xctoolchain/usr/lib/swift -enable-anonymous-context-mangled-names -Xcc -ivfsstatcache -Xcc /Users/builder/builds/TDmZkXJm/0/finestructure/swiftpackageindex-builder/spi-builder-workspace/.derivedData/SDKStatCaches.noindex/watchos10.0-21R5295e-9a43322743793491a98c52dfd0045baa.sdkstatcache -Xcc -I/Users/builder/builds/TDmZkXJm/0/finestructure/swiftpackageindex-builder/spi-builder-workspace/.derivedData/Build/Products/Debug-watchos/include -Xcc -I/Users/builder/builds/TDmZkXJm/0/finestructure/swiftpackageindex-builder/spi-builder-workspace/.derivedData/Build/Intermediates.noindex/shell-kit.build/Debug-watchos/ShellKitTests.build/DerivedSources-normal/armv7k -Xcc -I/Users/builder/builds/TDmZkXJm/0/finestructure/swiftpackageindex-builder/spi-builder-workspace/.derivedData/Build/Intermediates.noindex/shell-kit.build/Debug-watchos/ShellKitTests.build/DerivedSources/armv7k -Xcc -I/Users/builder/builds/TDmZkXJm/0/finestructure/swiftpackageindex-builder/spi-builder-workspace/.derivedData/Build/Intermediates.noindex/shell-kit.build/Debug-watchos/ShellKitTests.build/DerivedSources -Xcc -DSWIFT_PACKAGE -Xcc -DDEBUG\=1 -module-name ShellKitTests -frontend-parseable-output -disable-clang-spi -target-sdk-version 10.0 -target-sdk-name watchos10.0 -o /Users/builder/builds/TDmZkXJm/0/finestructure/swiftpackageindex-builder/spi-builder-workspace/.derivedData/Build/Intermediates.noindex/shell-kit.build/Debug-watchos/ShellKitTests.build/Objects-normal/armv7k/XCTestManifests.o -index-unit-output-path /shell-kit.build/Debug-watchos/ShellKitTests.build/Objects-normal/armv7k/XCTestManifests.o -index-store-path /Users/builder/builds/TDmZkXJm/0/finestructure/swiftpackageindex-builder/spi-builder-workspace/.derivedData/Index.noindex/DataStore -index-system-modules

SwiftCompile normal arm64 Compiling\ ShellKitTests.swift /Users/builder/builds/TDmZkXJm/0/finestructure/swiftpackageindex-builder/spi-builder-workspace/Tests/ShellKitTests/ShellKitTests.swift (in target 'ShellKitTests' from project 'shell-kit')
    cd /Users/builder/builds/TDmZkXJm/0/finestructure/swiftpackageindex-builder/spi-builder-workspace
    builtin-swiftTaskExecution -- /Applications/Xcode-15.0.0-Beta.2.app/Contents/Developer/Toolchains/XcodeDefault.xctoolchain/usr/bin/swift-frontend -frontend -c -primary-file /Users/builder/builds/TDmZkXJm/0/finestructure/swiftpackageindex-builder/spi-builder-workspace/Tests/ShellKitTests/ShellKitTests.swift /Users/builder/builds/TDmZkXJm/0/finestructure/swiftpackageindex-builder/spi-builder-workspace/Tests/ShellKitTests/XCTestManifests.swift -emit-dependencies-path /Users/builder/builds/TDmZkXJm/0/finestructure/swiftpackageindex-builder/spi-builder-workspace/.derivedData/Build/Intermediates.noindex/shell-kit.build/Debug-watchos/ShellKitTests.build/Objects-normal/arm64/ShellKitTests.d -emit-const-values-path /Users/builder/builds/TDmZkXJm/0/finestructure/swiftpackageindex-builder/spi-builder-workspace/.derivedData/Build/Intermediates.noindex/shell-kit.build/Debug-watchos/ShellKitTests.build/Objects-normal/arm64/ShellKitTests.swiftconstvalues -emit-reference-dependencies-path /Users/builder/builds/TDmZkXJm/0/finestructure/swiftpackageindex-builder/spi-builder-workspace/.derivedData/Build/Intermediates.noindex/shell-kit.build/Debug-watchos/ShellKitTests.build/Objects-normal/arm64/ShellKitTests.swiftdeps -serialize-diagnostics-path /Users/builder/builds/TDmZkXJm/0/finestructure/swiftpackageindex-builder/spi-builder-workspace/.derivedData/Build/Intermediates.noindex/shell-kit.build/Debug-watchos/ShellKitTests.build/Objects-normal/arm64/ShellKitTests.dia -target arm64-apple-watchos5.0 -Xllvm -aarch64-use-tbi -enable-objc-interop -sdk /Applications/Xcode-15.0.0-Beta.2.app/Contents/Developer/Platforms/WatchOS.platform/Developer/SDKs/WatchOS10.0.sdk -I /Users/builder/builds/TDmZkXJm/0/finestructure/swiftpackageindex-builder/spi-builder-workspace/.derivedData/Build/Products/Debug-watchos -I /Applications/Xcode-15.0.0-Beta.2.app/Contents/Developer/Platforms/WatchOS.platform/Developer/usr/lib -F /Users/builder/builds/TDmZkXJm/0/finestructure/swiftpackageindex-builder/spi-builder-workspace/.derivedData/Build/Products/Debug-watchos/PackageFrameworks -F /Users/builder/builds/TDmZkXJm/0/finestructure/swiftpackageindex-builder/spi-builder-workspace/.derivedData/Build/Products/Debug-watchos -F /Applications/Xcode-15.0.0-Beta.2.app/Contents/Developer/Platforms/WatchOS.platform/Developer/Library/Frameworks -F /Applications/Xcode-15.0.0-Beta.2.app/Contents/Developer/Platforms/WatchOS.platform/Developer/SDKs/WatchOS10.0.sdk/Developer/Library/Frameworks -no-color-diagnostics -enable-testing -g -module-cache-path /Users/builder/builds/TDmZkXJm/0/finestructure/swiftpackageindex-builder/spi-builder-workspace/.derivedData/ModuleCache.noindex -swift-version 5 -enforce-exclusivity\=checked -Onone -D SWIFT_PACKAGE -D DEBUG -D Xcode -serialize-debugging-options -const-gather-protocols-file /Users/builder/builds/TDmZkXJm/0/finestructure/swiftpackageindex-builder/spi-builder-workspace/.derivedData/Build/Intermediates.noindex/shell-kit.build/Debug-watchos/ShellKitTests.build/Objects-normal/arm64/ShellKitTests_const_extract_protocols.json -empty-abi-descriptor -plugin-path /Applications/Xcode-15.0.0-Beta.2.app/Contents/Developer/Toolchains/XcodeDefault.xctoolchain/usr/lib/swift/host/plugins -plugin-path /Applications/Xcode-15.0.0-Beta.2.app/Contents/Developer/Toolchains/XcodeDefault.xctoolchain/usr/local/lib/swift/host/plugins -validate-clang-modules-once -clang-build-session-file /Users/builder/builds/TDmZkXJm/0/finestructure/swiftpackageindex-builder/spi-builder-workspace/.derivedData/ModuleCache.noindex/Session.modulevalidation -Xcc -working-directory -Xcc /Users/builder/builds/TDmZkXJm/0/finestructure/swiftpackageindex-builder/spi-builder-workspace -resource-dir /Applications/Xcode-15.0.0-Beta.2.app/Contents/Developer/Toolchains/XcodeDefault.xctoolchain/usr/lib/swift -enable-anonymous-context-mangled-names -Xcc -ivfsstatcache -Xcc /Users/builder/builds/TDmZkXJm/0/finestructure/swiftpackageindex-builder/spi-builder-workspace/.derivedData/SDKStatCaches.noindex/watchos10.0-21R5295e-9a43322743793491a98c52dfd0045baa.sdkstatcache -Xcc -I/Users/builder/builds/TDmZkXJm/0/finestructure/swiftpackageindex-builder/spi-builder-workspace/.derivedData/Build/Products/Debug-watchos/include -Xcc -I/Users/builder/builds/TDmZkXJm/0/finestructure/swiftpackageindex-builder/spi-builder-workspace/.derivedData/Build/Intermediates.noindex/shell-kit.build/Debug-watchos/ShellKitTests.build/DerivedSources-normal/arm64 -Xcc -I/Users/builder/builds/TDmZkXJm/0/finestructure/swiftpackageindex-builder/spi-builder-workspace/.derivedData/Build/Intermediates.noindex/shell-kit.build/Debug-watchos/ShellKitTests.build/DerivedSources/arm64 -Xcc -I/Users/builder/builds/TDmZkXJm/0/finestructure/swiftpackageindex-builder/spi-builder-workspace/.derivedData/Build/Intermediates.noindex/shell-kit.build/Debug-watchos/ShellKitTests.build/DerivedSources -Xcc -DSWIFT_PACKAGE -Xcc -DDEBUG\=1 -module-name ShellKitTests -frontend-parseable-output -disable-clang-spi -target-sdk-version 10.0 -target-sdk-name watchos10.0 -o /Users/builder/builds/TDmZkXJm/0/finestructure/swiftpackageindex-builder/spi-builder-workspace/.derivedData/Build/Intermediates.noindex/shell-kit.build/Debug-watchos/ShellKitTests.build/Objects-normal/arm64/ShellKitTests.o -index-unit-output-path /shell-kit.build/Debug-watchos/ShellKitTests.build/Objects-normal/arm64/ShellKitTests.o -index-store-path /Users/builder/builds/TDmZkXJm/0/finestructure/swiftpackageindex-builder/spi-builder-workspace/.derivedData/Index.noindex/DataStore -index-system-modules

SwiftCompile normal arm64_32 Compiling\ ShellKitTests.swift /Users/builder/builds/TDmZkXJm/0/finestructure/swiftpackageindex-builder/spi-builder-workspace/Tests/ShellKitTests/ShellKitTests.swift (in target 'ShellKitTests' from project 'shell-kit')
    cd /Users/builder/builds/TDmZkXJm/0/finestructure/swiftpackageindex-builder/spi-builder-workspace
    builtin-swiftTaskExecution -- /Applications/Xcode-15.0.0-Beta.2.app/Contents/Developer/Toolchains/XcodeDefault.xctoolchain/usr/bin/swift-frontend -frontend -c -primary-file /Users/builder/builds/TDmZkXJm/0/finestructure/swiftpackageindex-builder/spi-builder-workspace/Tests/ShellKitTests/ShellKitTests.swift /Users/builder/builds/TDmZkXJm/0/finestructure/swiftpackageindex-builder/spi-builder-workspace/Tests/ShellKitTests/XCTestManifests.swift -emit-dependencies-path /Users/builder/builds/TDmZkXJm/0/finestructure/swiftpackageindex-builder/spi-builder-workspace/.derivedData/Build/Intermediates.noindex/shell-kit.build/Debug-watchos/ShellKitTests.build/Objects-normal/arm64_32/ShellKitTests.d -emit-const-values-path /Users/builder/builds/TDmZkXJm/0/finestructure/swiftpackageindex-builder/spi-builder-workspace/.derivedData/Build/Intermediates.noindex/shell-kit.build/Debug-watchos/ShellKitTests.build/Objects-normal/arm64_32/ShellKitTests.swiftconstvalues -emit-reference-dependencies-path /Users/builder/builds/TDmZkXJm/0/finestructure/swiftpackageindex-builder/spi-builder-workspace/.derivedData/Build/Intermediates.noindex/shell-kit.build/Debug-watchos/ShellKitTests.build/Objects-normal/arm64_32/ShellKitTests.swiftdeps -serialize-diagnostics-path /Users/builder/builds/TDmZkXJm/0/finestructure/swiftpackageindex-builder/spi-builder-workspace/.derivedData/Build/Intermediates.noindex/shell-kit.build/Debug-watchos/ShellKitTests.build/Objects-normal/arm64_32/ShellKitTests.dia -target arm64_32-apple-watchos5.0 -enable-objc-interop -sdk /Applications/Xcode-15.0.0-Beta.2.app/Contents/Developer/Platforms/WatchOS.platform/Developer/SDKs/WatchOS10.0.sdk -I /Users/builder/builds/TDmZkXJm/0/finestructure/swiftpackageindex-builder/spi-builder-workspace/.derivedData/Build/Products/Debug-watchos -I /Applications/Xcode-15.0.0-Beta.2.app/Contents/Developer/Platforms/WatchOS.platform/Developer/usr/lib -F /Users/builder/builds/TDmZkXJm/0/finestructure/swiftpackageindex-builder/spi-builder-workspace/.derivedData/Build/Products/Debug-watchos/PackageFrameworks -F /Users/builder/builds/TDmZkXJm/0/finestructure/swiftpackageindex-builder/spi-builder-workspace/.derivedData/Build/Products/Debug-watchos -F /Applications/Xcode-15.0.0-Beta.2.app/Contents/Developer/Platforms/WatchOS.platform/Developer/Library/Frameworks -F /Applications/Xcode-15.0.0-Beta.2.app/Contents/Developer/Platforms/WatchOS.platform/Developer/SDKs/WatchOS10.0.sdk/Developer/Library/Frameworks -no-color-diagnostics -enable-testing -g -module-cache-path /Users/builder/builds/TDmZkXJm/0/finestructure/swiftpackageindex-builder/spi-builder-workspace/.derivedData/ModuleCache.noindex -swift-version 5 -enforce-exclusivity\=checked -Onone -D SWIFT_PACKAGE -D DEBUG -D Xcode -serialize-debugging-options -const-gather-protocols-file /Users/builder/builds/TDmZkXJm/0/finestructure/swiftpackageindex-builder/spi-builder-workspace/.derivedData/Build/Intermediates.noindex/shell-kit.build/Debug-watchos/ShellKitTests.build/Objects-normal/arm64_32/ShellKitTests_const_extract_protocols.json -empty-abi-descriptor -plugin-path /Applications/Xcode-15.0.0-Beta.2.app/Contents/Developer/Toolchains/XcodeDefault.xctoolchain/usr/lib/swift/host/plugins -plugin-path /Applications/Xcode-15.0.0-Beta.2.app/Contents/Developer/Toolchains/XcodeDefault.xctoolchain/usr/local/lib/swift/host/plugins -validate-clang-modules-once -clang-build-session-file /Users/builder/builds/TDmZkXJm/0/finestructure/swiftpackageindex-builder/spi-builder-workspace/.derivedData/ModuleCache.noindex/Session.modulevalidation -Xcc -working-directory -Xcc /Users/builder/builds/TDmZkXJm/0/finestructure/swiftpackageindex-builder/spi-builder-workspace -resource-dir /Applications/Xcode-15.0.0-Beta.2.app/Contents/Developer/Toolchains/XcodeDefault.xctoolchain/usr/lib/swift -enable-anonymous-context-mangled-names -Xcc -ivfsstatcache -Xcc /Users/builder/builds/TDmZkXJm/0/finestructure/swiftpackageindex-builder/spi-builder-workspace/.derivedData/SDKStatCaches.noindex/watchos10.0-21R5295e-9a43322743793491a98c52dfd0045baa.sdkstatcache -Xcc -I/Users/builder/builds/TDmZkXJm/0/finestructure/swiftpackageindex-builder/spi-builder-workspace/.derivedData/Build/Products/Debug-watchos/include -Xcc -I/Users/builder/builds/TDmZkXJm/0/finestructure/swiftpackageindex-builder/spi-builder-workspace/.derivedData/Build/Intermediates.noindex/shell-kit.build/Debug-watchos/ShellKitTests.build/DerivedSources-normal/arm64_32 -Xcc -I/Users/builder/builds/TDmZkXJm/0/finestructure/swiftpackageindex-builder/spi-builder-workspace/.derivedData/Build/Intermediates.noindex/shell-kit.build/Debug-watchos/ShellKitTests.build/DerivedSources/arm64_32 -Xcc -I/Users/builder/builds/TDmZkXJm/0/finestructure/swiftpackageindex-builder/spi-builder-workspace/.derivedData/Build/Intermediates.noindex/shell-kit.build/Debug-watchos/ShellKitTests.build/DerivedSources -Xcc -DSWIFT_PACKAGE -Xcc -DDEBUG\=1 -module-name ShellKitTests -frontend-parseable-output -disable-clang-spi -target-sdk-version 10.0 -target-sdk-name watchos10.0 -o /Users/builder/builds/TDmZkXJm/0/finestructure/swiftpackageindex-builder/spi-builder-workspace/.derivedData/Build/Intermediates.noindex/shell-kit.build/Debug-watchos/ShellKitTests.build/Objects-normal/arm64_32/ShellKitTests.o -index-unit-output-path /shell-kit.build/Debug-watchos/ShellKitTests.build/Objects-normal/arm64_32/ShellKitTests.o -index-store-path /Users/builder/builds/TDmZkXJm/0/finestructure/swiftpackageindex-builder/spi-builder-workspace/.derivedData/Index.noindex/DataStore -index-system-modules
Command SwiftCompile failed with a nonzero exit code

SwiftCompile normal armv7k Compiling\ ShellKitTests.swift /Users/builder/builds/TDmZkXJm/0/finestructure/swiftpackageindex-builder/spi-builder-workspace/Tests/ShellKitTests/ShellKitTests.swift (in target 'ShellKitTests' from project 'shell-kit')
    cd /Users/builder/builds/TDmZkXJm/0/finestructure/swiftpackageindex-builder/spi-builder-workspace
    builtin-swiftTaskExecution -- /Applications/Xcode-15.0.0-Beta.2.app/Contents/Developer/Toolchains/XcodeDefault.xctoolchain/usr/bin/swift-frontend -frontend -c -primary-file /Users/builder/builds/TDmZkXJm/0/finestructure/swiftpackageindex-builder/spi-builder-workspace/Tests/ShellKitTests/ShellKitTests.swift /Users/builder/builds/TDmZkXJm/0/finestructure/swiftpackageindex-builder/spi-builder-workspace/Tests/ShellKitTests/XCTestManifests.swift -emit-dependencies-path /Users/builder/builds/TDmZkXJm/0/finestructure/swiftpackageindex-builder/spi-builder-workspace/.derivedData/Build/Intermediates.noindex/shell-kit.build/Debug-watchos/ShellKitTests.build/Objects-normal/armv7k/ShellKitTests.d -emit-const-values-path /Users/builder/builds/TDmZkXJm/0/finestructure/swiftpackageindex-builder/spi-builder-workspace/.derivedData/Build/Intermediates.noindex/shell-kit.build/Debug-watchos/ShellKitTests.build/Objects-normal/armv7k/ShellKitTests.swiftconstvalues -emit-reference-dependencies-path /Users/builder/builds/TDmZkXJm/0/finestructure/swiftpackageindex-builder/spi-builder-workspace/.derivedData/Build/Intermediates.noindex/shell-kit.build/Debug-watchos/ShellKitTests.build/Objects-normal/armv7k/ShellKitTests.swiftdeps -serialize-diagnostics-path /Users/builder/builds/TDmZkXJm/0/finestructure/swiftpackageindex-builder/spi-builder-workspace/.derivedData/Build/Intermediates.noindex/shell-kit.build/Debug-watchos/ShellKitTests.build/Objects-normal/armv7k/ShellKitTests.dia -target armv7k-apple-watchos5.0 -enable-objc-interop -sdk /Applications/Xcode-15.0.0-Beta.2.app/Contents/Developer/Platforms/WatchOS.platform/Developer/SDKs/WatchOS10.0.sdk -I /Users/builder/builds/TDmZkXJm/0/finestructure/swiftpackageindex-builder/spi-builder-workspace/.derivedData/Build/Products/Debug-watchos -I /Applications/Xcode-15.0.0-Beta.2.app/Contents/Developer/Platforms/WatchOS.platform/Developer/usr/lib -F /Users/builder/builds/TDmZkXJm/0/finestructure/swiftpackageindex-builder/spi-builder-workspace/.derivedData/Build/Products/Debug-watchos/PackageFrameworks -F /Users/builder/builds/TDmZkXJm/0/finestructure/swiftpackageindex-builder/spi-builder-workspace/.derivedData/Build/Products/Debug-watchos -F /Applications/Xcode-15.0.0-Beta.2.app/Contents/Developer/Platforms/WatchOS.platform/Developer/Library/Frameworks -F /Applications/Xcode-15.0.0-Beta.2.app/Contents/Developer/Platforms/WatchOS.platform/Developer/SDKs/WatchOS10.0.sdk/Developer/Library/Frameworks -no-color-diagnostics -enable-testing -g -module-cache-path /Users/builder/builds/TDmZkXJm/0/finestructure/swiftpackageindex-builder/spi-builder-workspace/.derivedData/ModuleCache.noindex -swift-version 5 -enforce-exclusivity\=checked -Onone -D SWIFT_PACKAGE -D DEBUG -D Xcode -serialize-debugging-options -const-gather-protocols-file /Users/builder/builds/TDmZkXJm/0/finestructure/swiftpackageindex-builder/spi-builder-workspace/.derivedData/Build/Intermediates.noindex/shell-kit.build/Debug-watchos/ShellKitTests.build/Objects-normal/armv7k/ShellKitTests_const_extract_protocols.json -empty-abi-descriptor -plugin-path /Applications/Xcode-15.0.0-Beta.2.app/Contents/Developer/Toolchains/XcodeDefault.xctoolchain/usr/lib/swift/host/plugins -plugin-path /Applications/Xcode-15.0.0-Beta.2.app/Contents/Developer/Toolchains/XcodeDefault.xctoolchain/usr/local/lib/swift/host/plugins -validate-clang-modules-once -clang-build-session-file /Users/builder/builds/TDmZkXJm/0/finestructure/swiftpackageindex-builder/spi-builder-workspace/.derivedData/ModuleCache.noindex/Session.modulevalidation -Xcc -working-directory -Xcc /Users/builder/builds/TDmZkXJm/0/finestructure/swiftpackageindex-builder/spi-builder-workspace -resource-dir /Applications/Xcode-15.0.0-Beta.2.app/Contents/Developer/Toolchains/XcodeDefault.xctoolchain/usr/lib/swift -enable-anonymous-context-mangled-names -Xcc -ivfsstatcache -Xcc /Users/builder/builds/TDmZkXJm/0/finestructure/swiftpackageindex-builder/spi-builder-workspace/.derivedData/SDKStatCaches.noindex/watchos10.0-21R5295e-9a43322743793491a98c52dfd0045baa.sdkstatcache -Xcc -I/Users/builder/builds/TDmZkXJm/0/finestructure/swiftpackageindex-builder/spi-builder-workspace/.derivedData/Build/Products/Debug-watchos/include -Xcc -I/Users/builder/builds/TDmZkXJm/0/finestructure/swiftpackageindex-builder/spi-builder-workspace/.derivedData/Build/Intermediates.noindex/shell-kit.build/Debug-watchos/ShellKitTests.build/DerivedSources-normal/armv7k -Xcc -I/Users/builder/builds/TDmZkXJm/0/finestructure/swiftpackageindex-builder/spi-builder-workspace/.derivedData/Build/Intermediates.noindex/shell-kit.build/Debug-watchos/ShellKitTests.build/DerivedSources/armv7k -Xcc -I/Users/builder/builds/TDmZkXJm/0/finestructure/swiftpackageindex-builder/spi-builder-workspace/.derivedData/Build/Intermediates.noindex/shell-kit.build/Debug-watchos/ShellKitTests.build/DerivedSources -Xcc -DSWIFT_PACKAGE -Xcc -DDEBUG\=1 -module-name ShellKitTests -frontend-parseable-output -disable-clang-spi -target-sdk-version 10.0 -target-sdk-name watchos10.0 -o /Users/builder/builds/TDmZkXJm/0/finestructure/swiftpackageindex-builder/spi-builder-workspace/.derivedData/Build/Intermediates.noindex/shell-kit.build/Debug-watchos/ShellKitTests.build/Objects-normal/armv7k/ShellKitTests.o -index-unit-output-path /shell-kit.build/Debug-watchos/ShellKitTests.build/Objects-normal/armv7k/ShellKitTests.o -index-store-path /Users/builder/builds/TDmZkXJm/0/finestructure/swiftpackageindex-builder/spi-builder-workspace/.derivedData/Index.noindex/DataStore -index-system-modules
Command SwiftCompile failed with a nonzero exit code
"
BUILD FAILURE 5.9 watchOS
This is a staging environment. For live and up-to-date package information, visit swiftpackageindex.com.