This is a staging environment. For live and up-to-date package information, visit swiftpackageindex.com.

The Swift Package Index logo.Swift Package Index

Track the adoption of Swift 6 strict concurrency checks for data race safety. How many packages are Ready for Swift 6?

Build Information

Failed to build StateTree with Swift 6.0 for watchOS using Xcode 16.0.

Build Command

env DEVELOPER_DIR=/Applications/Xcode-15.3.0.app xcrun --toolchain org.swift.600202405261a xcodebuild -IDEClonedSourcePackagesDirPathOverride=$workDir/.dependencies -skipMacroValidation -skipPackagePluginValidation -derivedDataPath $workDir/.derivedData build -scheme StateTree-Package -destination generic/platform=watchos OTHER_SWIFT_FLAGS=-stats-output-dir .stats -strict-concurrency=complete

Build Log

   0.0002 (  0.1%)   0.0003 (  0.1%)   0.0005 (  0.1%)   0.0005 (  0.1%)  DefaultInitializerIsolation
   0.0002 (  0.0%)   0.0003 (  0.1%)   0.0005 (  0.1%)   0.0005 (  0.1%)  HasInitAccessorRequest
   0.0001 (  0.0%)   0.0003 (  0.1%)   0.0004 (  0.1%)   0.0004 (  0.1%)  IsGetterMutatingRequest
   0.0002 (  0.1%)   0.0002 (  0.0%)   0.0004 (  0.1%)   0.0004 (  0.1%)  InheritedTypeRequest
   0.0001 (  0.0%)   0.0003 (  0.1%)   0.0004 (  0.1%)   0.0004 (  0.1%)  SemanticDeclAttrsRequest
   0.0002 (  0.1%)   0.0003 (  0.1%)   0.0004 (  0.1%)   0.0004 (  0.1%)  ResolveImplicitMemberRequest
   0.0003 (  0.1%)   0.0002 (  0.0%)   0.0004 (  0.1%)   0.0004 (  0.1%)  RequirementSignatureRequest
   0.0001 (  0.0%)   0.0002 (  0.0%)   0.0003 (  0.0%)   0.0004 (  0.0%)  ExtendedTypeRequest
   0.0003 (  0.1%)   0.0000 (  0.0%)   0.0003 (  0.0%)   0.0003 (  0.0%)  ParseMembersRequest
   0.0001 (  0.0%)   0.0002 (  0.0%)   0.0003 (  0.0%)   0.0003 (  0.0%)  ResultBuilderTypeRequest
   0.0002 (  0.1%)   0.0002 (  0.0%)   0.0003 (  0.0%)   0.0003 (  0.0%)  HasIsolatedSelfRequest
   0.0002 (  0.1%)   0.0001 (  0.0%)   0.0003 (  0.0%)   0.0003 (  0.0%)  CheckRedeclarationRequest
   0.0001 (  0.0%)   0.0002 (  0.0%)   0.0003 (  0.0%)   0.0003 (  0.0%)  PreCheckFunctionBodyRequest
   0.0002 (  0.0%)   0.0001 (  0.0%)   0.0003 (  0.0%)   0.0003 (  0.0%)  ParseAbstractFunctionBodyRequest
   0.0001 (  0.0%)   0.0002 (  0.0%)   0.0003 (  0.0%)   0.0003 (  0.0%)  PrimaryAssociatedTypesRequest
   0.0001 (  0.0%)   0.0002 (  0.0%)   0.0002 (  0.0%)   0.0002 (  0.0%)  CollectOverriddenDeclsRequest
   0.0001 (  0.0%)   0.0001 (  0.0%)   0.0002 (  0.0%)   0.0002 (  0.0%)  GenericParamListRequest
   0.0001 (  0.0%)   0.0001 (  0.0%)   0.0002 (  0.0%)   0.0002 (  0.0%)  UnderlyingTypeRequest
   0.0001 (  0.0%)   0.0001 (  0.0%)   0.0002 (  0.0%)   0.0002 (  0.0%)  ImplicitKnownProtocolConformanceRequest
   0.0001 (  0.0%)   0.0001 (  0.0%)   0.0002 (  0.0%)   0.0002 (  0.0%)  RequiresOpaqueAccessorsRequest
   0.0001 (  0.0%)   0.0001 (  0.0%)   0.0002 (  0.0%)   0.0002 (  0.0%)  ProtocolRequirementsRequest
   0.0001 (  0.0%)   0.0001 (  0.0%)   0.0002 (  0.0%)   0.0002 (  0.0%)  SPIGroupsRequest
   0.0001 (  0.0%)   0.0001 (  0.0%)   0.0002 (  0.0%)   0.0002 (  0.0%)  ConditionalRequirementsRequest
   0.0001 (  0.0%)   0.0001 (  0.0%)   0.0002 (  0.0%)   0.0002 (  0.0%)  SuperclassDeclRequest
   0.0001 (  0.0%)   0.0001 (  0.0%)   0.0002 (  0.0%)   0.0002 (  0.0%)  import-clang-decl
   0.0001 (  0.0%)   0.0001 (  0.0%)   0.0002 (  0.0%)   0.0002 (  0.0%)  LocalDiscriminatorsRequest
   0.0001 (  0.0%)   0.0001 (  0.0%)   0.0002 (  0.0%)   0.0002 (  0.0%)  IsObjCRequest
   0.0001 (  0.0%)   0.0001 (  0.0%)   0.0002 (  0.0%)   0.0002 (  0.0%)  StructuralRequirementsRequest
   0.0001 (  0.0%)   0.0001 (  0.0%)   0.0001 (  0.0%)   0.0001 (  0.0%)  HasMemberwiseInitRequest
   0.0001 (  0.0%)   0.0001 (  0.0%)   0.0001 (  0.0%)   0.0001 (  0.0%)  IsActorRequest
   0.0001 (  0.0%)   0.0001 (  0.0%)   0.0001 (  0.0%)   0.0001 (  0.0%)  OverriddenDeclsRequest
   0.0001 (  0.0%)   0.0000 (  0.0%)   0.0001 (  0.0%)   0.0001 (  0.0%)  module-populate-cache
   0.0001 (  0.0%)   0.0001 (  0.0%)   0.0001 (  0.0%)   0.0001 (  0.0%)  SemanticUnavailableAttrRequest
   0.0001 (  0.0%)   0.0001 (  0.0%)   0.0001 (  0.0%)   0.0001 (  0.0%)  HasUserDefinedDesignatedInitRequest
   0.0000 (  0.0%)   0.0001 (  0.0%)   0.0001 (  0.0%)   0.0001 (  0.0%)  ExpandExtensionMacros
   0.0001 (  0.0%)   0.0001 (  0.0%)   0.0001 (  0.0%)   0.0001 (  0.0%)  ExpandChildTypeRefinementContextsRequest
   0.0001 (  0.0%)   0.0000 (  0.0%)   0.0001 (  0.0%)   0.0001 (  0.0%)  AllInheritedProtocolsRequest
   0.0001 (  0.0%)   0.0000 (  0.0%)   0.0001 (  0.0%)   0.0001 (  0.0%)  LifetimeDependenceInfoRequest
   0.0000 (  0.0%)   0.0001 (  0.0%)   0.0001 (  0.0%)   0.0001 (  0.0%)  DefaultAndMaxAccessLevelRequest
   0.0001 (  0.0%)   0.0000 (  0.0%)   0.0001 (  0.0%)   0.0001 (  0.0%)  IsFinalRequest
   0.0000 (  0.0%)   0.0001 (  0.0%)   0.0001 (  0.0%)   0.0001 (  0.0%)  ParamSpecifierRequest
   0.0001 (  0.0%)   0.0000 (  0.0%)   0.0001 (  0.0%)   0.0001 (  0.0%)  GlobalActorAttributeRequest
   0.0001 (  0.0%)   0.0000 (  0.0%)   0.0001 (  0.0%)   0.0001 (  0.0%)  FragileFunctionKindRequest
   0.0000 (  0.0%)   0.0000 (  0.0%)   0.0001 (  0.0%)   0.0001 (  0.0%)  ResolveTypeWitnessesRequest
   0.0000 (  0.0%)   0.0001 (  0.0%)   0.0001 (  0.0%)   0.0001 (  0.0%)  TypeDeclsFromWhereClauseRequest
   0.0000 (  0.0%)   0.0000 (  0.0%)   0.0001 (  0.0%)   0.0001 (  0.0%)  DefaultTypeRequest
   0.0000 (  0.0%)   0.0000 (  0.0%)   0.0001 (  0.0%)   0.0001 (  0.0%)  ValidatePrecedenceGroupRequest
   0.0000 (  0.0%)   0.0000 (  0.0%)   0.0001 (  0.0%)   0.0001 (  0.0%)  CompareDeclSpecializationRequest
   0.0000 (  0.0%)   0.0000 (  0.0%)   0.0001 (  0.0%)   0.0001 (  0.0%)  ProtocolRequiresClassRequest
   0.0000 (  0.0%)   0.0000 (  0.0%)   0.0001 (  0.0%)   0.0001 (  0.0%)  EnumRawTypeRequest
   0.0000 (  0.0%)   0.0000 (  0.0%)   0.0001 (  0.0%)   0.0001 (  0.0%)  PreCheckClosureBodyRequest
   0.0000 (  0.0%)   0.0000 (  0.0%)   0.0001 (  0.0%)   0.0001 (  0.0%)  HasCircularInheritedProtocolsRequest
   0.0000 (  0.0%)   0.0000 (  0.0%)   0.0001 (  0.0%)   0.0001 (  0.0%)  AllMembersRequest
   0.0000 (  0.0%)   0.0001 (  0.0%)   0.0001 (  0.0%)   0.0001 (  0.0%)  CheckInconsistentWeakLinkedImportsRequest
   0.0000 (  0.0%)   0.0000 (  0.0%)   0.0000 (  0.0%)   0.0001 (  0.0%)  DynamicallyReplacedDeclRequest
   0.0000 (  0.0%)   0.0000 (  0.0%)   0.0001 (  0.0%)   0.0001 (  0.0%)  CheckInconsistentImplementationOnlyImportsRequest
   0.0000 (  0.0%)   0.0000 (  0.0%)   0.0001 (  0.0%)   0.0001 (  0.0%)  AssociatedConformanceRequest
   0.0000 (  0.0%)   0.0000 (  0.0%)   0.0001 (  0.0%)   0.0001 (  0.0%)  HasStorageRequest
   0.0000 (  0.0%)   0.0000 (  0.0%)   0.0001 (  0.0%)   0.0001 (  0.0%)  InheritedProtocolsRequest
   0.0000 (  0.0%)   0.0000 (  0.0%)   0.0001 (  0.0%)   0.0000 (  0.0%)  ApplyAccessNoteRequest
   0.0000 (  0.0%)   0.0000 (  0.0%)   0.0000 (  0.0%)   0.0000 (  0.0%)  LookupPrecedenceGroupRequest
   0.0000 (  0.0%)   0.0000 (  0.0%)   0.0000 (  0.0%)   0.0000 (  0.0%)  SuppressesConformanceRequest
   0.0000 (  0.0%)   0.0000 (  0.0%)   0.0000 (  0.0%)   0.0000 (  0.0%)  IsImplicitlyUnwrappedOptionalRequest
   0.0000 (  0.0%)   0.0000 (  0.0%)   0.0000 (  0.0%)   0.0000 (  0.0%)  LookupInfixOperatorRequest
   0.0000 (  0.0%)   0.0000 (  0.0%)   0.0000 (  0.0%)   0.0000 (  0.0%)  AccessLevelRequest
   0.0000 (  0.0%)   0.0000 (  0.0%)   0.0000 (  0.0%)   0.0000 (  0.0%)  ClosureEffectsRequest
   0.0000 (  0.0%)   0.0000 (  0.0%)   0.0000 (  0.0%)   0.0000 (  0.0%)  LookupAllConformancesInContextRequest
   0.0000 (  0.0%)   0.0000 (  0.0%)   0.0000 (  0.0%)   0.0000 (  0.0%)  AttachedResultBuilderRequest
   0.0000 (  0.0%)   0.0000 (  0.0%)   0.0000 (  0.0%)   0.0000 (  0.0%)  HasDynamicMemberLookupAttributeRequest
   0.0000 (  0.0%)   0.0000 (  0.0%)   0.0000 (  0.0%)   0.0000 (  0.0%)  RawCommentRequest
   0.0000 (  0.0%)   0.0000 (  0.0%)   0.0000 (  0.0%)   0.0000 (  0.0%)  PropertyWrapperMutabilityRequest
   0.0000 (  0.0%)   0.0000 (  0.0%)   0.0000 (  0.0%)   0.0000 (  0.0%)  ProvideDefaultImplForRequest
   0.0000 (  0.0%)   0.0000 (  0.0%)   0.0000 (  0.0%)   0.0000 (  0.0%)  LocalTypeDeclsRequest
   0.0000 (  0.0%)   0.0000 (  0.0%)   0.0000 (  0.0%)   0.0000 (  0.0%)  IsFunctionBodySkippedRequest
   0.0000 (  0.0%)   0.0000 (  0.0%)   0.0000 (  0.0%)   0.0000 (  0.0%)  PropertyWrapperAuxiliaryVariablesRequest
   0.0000 (  0.0%)   0.0000 (  0.0%)   0.0000 (  0.0%)   0.0000 (  0.0%)  ObjCInterfaceAndImplementationRequest
   0.0000 (  0.0%)   0.0000 (  0.0%)   0.0000 (  0.0%)   0.0000 (  0.0%)  IsDistributedActorRequest
   0.0000 (  0.0%)   0.0000 (  0.0%)   0.0000 (  0.0%)   0.0000 (  0.0%)  IsStaticRequest
   0.0000 (  0.0%)   0.0000 (  0.0%)   0.0000 (  0.0%)   0.0000 (  0.0%)  PolymorphicEffectKindRequest
   0.0000 (  0.0%)   0.0000 (  0.0%)   0.0000 (  0.0%)   0.0000 (  0.0%)  ExpandSynthesizedMemberMacroRequest
   0.0000 (  0.0%)   0.0000 (  0.0%)   0.0000 (  0.0%)   0.0000 (  0.0%)  SelfAccessKindRequest
   0.0000 (  0.0%)   0.0000 (  0.0%)   0.0000 (  0.0%)   0.0000 (  0.0%)  PreCheckReturnStmtRequest
   0.0000 (  0.0%)   0.0000 (  0.0%)   0.0000 (  0.0%)   0.0000 (  0.0%)  PatternBindingCheckedAndContextualizedInitRequest
   0.0000 (  0.0%)   0.0000 (  0.0%)   0.0000 (  0.0%)   0.0000 (  0.0%)  InitAccessorPropertiesRequest
   0.0000 (  0.0%)   0.0000 (  0.0%)   0.0000 (  0.0%)   0.0000 (  0.0%)  ExpandAccessorMacros
   0.0000 (  0.0%)   0.0000 (  0.0%)   0.0000 (  0.0%)   0.0000 (  0.0%)  SelfBoundsFromWhereClauseRequest
   0.0000 (  0.0%)   0.0000 (  0.0%)   0.0000 (  0.0%)   0.0000 (  0.0%)  SimpleDidSetRequest
   0.0000 (  0.0%)   0.0000 (  0.0%)   0.0000 (  0.0%)   0.0000 (  0.0%)  SynthesizeAccessorRequest
   0.0000 (  0.0%)   0.0000 (  0.0%)   0.0000 (  0.0%)   0.0000 (  0.0%)  IsNonUserModuleRequest
   0.0000 (  0.0%)   0.0000 (  0.0%)   0.0000 (  0.0%)   0.0000 (  0.0%)  ExpandBodyMacroRequest
   0.0000 (  0.0%)   0.0000 (  0.0%)   0.0000 (  0.0%)   0.0000 (  0.0%)  TypeAliasRequirementsRequest
   0.0000 (  0.0%)   0.0000 (  0.0%)   0.0000 (  0.0%)   0.0000 (  0.0%)  ExpandPreambleMacroRequest
   0.0000 (  0.0%)   0.0000 (  0.0%)   0.0000 (  0.0%)   0.0000 (  0.0%)  IsSetterMutatingRequest
   0.0000 (  0.0%)   0.0000 (  0.0%)   0.0000 (  0.0%)   0.0000 (  0.0%)  BodyInitKindRequest
   0.0000 (  0.0%)   0.0000 (  0.0%)   0.0000 (  0.0%)   0.0000 (  0.0%)  HasImportsMatchingFlagRequest
   0.0000 (  0.0%)   0.0000 (  0.0%)   0.0000 (  0.0%)   0.0000 (  0.0%)  PropertyWrapperInitializerInfoRequest
   0.0000 (  0.0%)   0.0000 (  0.0%)   0.0000 (  0.0%)   0.0000 (  0.0%)  SynthesizeMainFunctionRequest
   0.0000 (  0.0%)   0.0000 (  0.0%)   0.0000 (  0.0%)   0.0000 (  0.0%)  DirectOperatorLookupRequest
   0.0000 (  0.0%)   0.0000 (  0.0%)   0.0000 (  0.0%)   0.0000 (  0.0%)  source-file-populate-cache
   0.0000 (  0.0%)   0.0000 (  0.0%)   0.0000 (  0.0%)   0.0000 (  0.0%)  MemberwiseInitPropertiesRequest
   0.0000 (  0.0%)   0.0000 (  0.0%)   0.0000 (  0.0%)   0.0000 (  0.0%)  IsSingleValueStmtRequest
   0.0000 (  0.0%)   0.0000 (  0.0%)   0.0000 (  0.0%)   0.0000 (  0.0%)  StoredPropertiesAndMissingMembersRequest
   0.0000 (  0.0%)   0.0000 (  0.0%)   0.0000 (  0.0%)   0.0000 (  0.0%)  IsAccessorTransparentRequest
   0.0000 (  0.0%)   0.0000 (  0.0%)   0.0000 (  0.0%)   0.0000 (  0.0%)  RequiresOpaqueModifyCoroutineRequest
   0.0000 (  0.0%)   0.0000 (  0.0%)   0.0000 (  0.0%)   0.0000 (  0.0%)  UnderlyingTypeDeclsReferencedRequest
   0.0000 (  0.0%)   0.0000 (  0.0%)   0.0000 (  0.0%)   0.0000 (  0.0%)  IsABICompatibleOverrideRequest
   0.0000 (  0.0%)   0.0000 (  0.0%)   0.0000 (  0.0%)   0.0000 (  0.0%)  ExistentialConformsToSelfRequest
   0.0000 (  0.0%)   0.0000 (  0.0%)   0.0000 (  0.0%)   0.0000 (  0.0%)  ClosureHasResultExprRequest
   0.0000 (  0.0%)   0.0000 (  0.0%)   0.0000 (  0.0%)   0.0000 (  0.0%)  ModuleImplicitImportsRequest
   0.0000 (  0.0%)   0.0000 (  0.0%)   0.0000 (  0.0%)   0.0000 (  0.0%)  HasDefaultInitRequest
   0.0000 (  0.0%)   0.0000 (  0.0%)   0.0000 (  0.0%)   0.0000 (  0.0%)  ReferencedAssociatedTypesRequest
   0.0000 (  0.0%)   0.0000 (  0.0%)   0.0000 (  0.0%)   0.0000 (  0.0%)  ClassAncestryFlagsRequest
   0.0000 (  0.0%)   0.0000 (  0.0%)   0.0000 (  0.0%)   0.0000 (  0.0%)  DirectPrecedenceGroupLookupRequest
   0.0000 (  0.0%)   0.0000 (  0.0%)   0.0000 (  0.0%)   0.0000 (  0.0%)  InitKindRequest
   0.0000 (  0.0%)   0.0000 (  0.0%)   0.0000 (  0.0%)   0.0000 (  0.0%)  ConformanceAccessScopeRequest
   0.0000 (  0.0%)   0.0000 (  0.0%)   0.0000 (  0.0%)   0.0000 (  0.0%)  HasCircularRawValueRequest
   0.0000 (  0.0%)   0.0000 (  0.0%)   0.0000 (  0.0%)   0.0000 (  0.0%)  SetterAccessLevelRequest
   0.0000 (  0.0%)   0.0000 (  0.0%)   0.0000 (  0.0%)   0.0000 (  0.0%)  CheckInconsistentAccessLevelOnImport
   0.0000 (  0.0%)   0.0000 (  0.0%)   0.0000 (  0.0%)   0.0000 (  0.0%)  EnumRawValuesRequest
   0.0000 (  0.0%)   0.0000 (  0.0%)   0.0000 (  0.0%)   0.0000 (  0.0%)  populate-source-file-class-member-cache
   0.0000 (  0.0%)   0.0000 (  0.0%)   0.0000 (  0.0%)   0.0000 (  0.0%)  PrimarySourceFilesRequest
   0.0000 (  0.0%)   0.0000 (  0.0%)   0.0000 (  0.0%)   0.0000 (  0.0%)  RenamedDeclRequest
   0.0000 (  0.0%)   0.0000 (  0.0%)   0.0000 (  0.0%)   0.0000 (  0.0%)  CheckInconsistentSPIOnlyImportsRequest
   0.0000 (  0.0%)   0.0000 (  0.0%)   0.0000 (  0.0%)   0.0000 (  0.0%)  perform-whole-module-type-checking
   0.0000 (  0.0%)   0.0000 (  0.0%)   0.0000 (  0.0%)   0.0000 (  0.0%)  CheckInconsistentAccessLevelOnImportSameFileRequest
   0.3191 (100.0%)   0.4949 (100.0%)   0.8140 (100.0%)   0.8154 (100.0%)  Total
===-------------------------------------------------------------------------===
                                Running Program
===-------------------------------------------------------------------------===
  Total Execution Time: 0.3562 seconds (0.3579 wall clock)
   ---User Time---   --System Time--   --User+System--   ---Wall Time---  --- Name ---
   0.1702 (100.0%)   0.1860 (100.0%)   0.3562 (100.0%)   0.3579 (100.0%)  Building Target
   0.1702 (100.0%)   0.1860 (100.0%)   0.3562 (100.0%)   0.3579 (100.0%)  Total
SwiftCompile normal arm64_32 /Users/admin/builder/spi-builder-workspace/.dependencies/checkouts/Disposable/Sources/Disposable/Task.swift (in target 'Disposable' from project 'Disposable')
    cd /Users/admin/builder/spi-builder-workspace/.dependencies/checkouts/Disposable
    /Library/Developer/Toolchains/swift-6.0-DEVELOPMENT-SNAPSHOT-2024-05-26-a.xctoolchain/usr/bin/swift-frontend -c /Users/admin/builder/spi-builder-workspace/.dependencies/checkouts/Disposable/Sources/Disposable/AutoDisposable.swift /Users/admin/builder/spi-builder-workspace/.dependencies/checkouts/Disposable/Sources/Disposable/Bridging/CombineExtensions.swift /Users/admin/builder/spi-builder-workspace/.dependencies/checkouts/Disposable/Sources/Disposable/Bridging/TaskExtensions.swift /Users/admin/builder/spi-builder-workspace/.dependencies/checkouts/Disposable/Sources/Disposable/ConvenienceStages.swift /Users/admin/builder/spi-builder-workspace/.dependencies/checkouts/Disposable/Sources/Disposable/Disposable.swift /Users/admin/builder/spi-builder-workspace/.dependencies/checkouts/Disposable/Sources/Disposable/DisposableBuilder.swift /Users/admin/builder/spi-builder-workspace/.dependencies/checkouts/Disposable/Sources/Disposable/DisposableStage.swift /Users/admin/builder/spi-builder-workspace/.dependencies/checkouts/Disposable/Sources/Disposable/ErasedDisposable.swift /Users/admin/builder/spi-builder-workspace/.dependencies/checkouts/Disposable/Sources/Disposable/Locked.swift -primary-file /Users/admin/builder/spi-builder-workspace/.dependencies/checkouts/Disposable/Sources/Disposable/Task.swift -emit-dependencies-path /Users/admin/builder/spi-builder-workspace/.derivedData/Build/Intermediates.noindex/Disposable.build/Debug-watchos/Disposable.build/Objects-normal/arm64_32/Task.d -emit-const-values-path /Users/admin/builder/spi-builder-workspace/.derivedData/Build/Intermediates.noindex/Disposable.build/Debug-watchos/Disposable.build/Objects-normal/arm64_32/Task.swiftconstvalues -emit-reference-dependencies-path /Users/admin/builder/spi-builder-workspace/.derivedData/Build/Intermediates.noindex/Disposable.build/Debug-watchos/Disposable.build/Objects-normal/arm64_32/Task.swiftdeps -serialize-diagnostics-path /Users/admin/builder/spi-builder-workspace/.derivedData/Build/Intermediates.noindex/Disposable.build/Debug-watchos/Disposable.build/Objects-normal/arm64_32/Task.dia -target arm64_32-apple-watchos8.5 -enable-objc-interop -sdk /Applications/Xcode-15.3.0.app/Contents/Developer/Platforms/WatchOS.platform/Developer/SDKs/WatchOS10.4.sdk -I /Users/admin/builder/spi-builder-workspace/.derivedData/Build/Products/Debug-watchos -I /Applications/Xcode-15.3.0.app/Contents/Developer/Platforms/WatchOS.platform/Developer/usr/lib -F /Users/admin/builder/spi-builder-workspace/.derivedData/Build/Products/Debug-watchos -F /Applications/Xcode-15.3.0.app/Contents/Developer/Platforms/WatchOS.platform/Developer/Library/Frameworks -F /Applications/Xcode-15.3.0.app/Contents/Developer/Platforms/WatchOS.platform/Developer/SDKs/WatchOS10.4.sdk/Developer/Library/Frameworks -no-color-diagnostics -enable-testing -g -module-cache-path /Users/admin/builder/spi-builder-workspace/.derivedData/ModuleCache.noindex -suppress-warnings -profile-generate -profile-coverage-mapping -swift-version 5 -enforce-exclusivity\=checked -stats-output-dir /Users/admin/builder/spi-builder-workspace/.dependencies/checkouts/Disposable/.stats -Onone -D SWIFT_PACKAGE -D DEBUG -serialize-debugging-options -const-gather-protocols-file /Users/admin/builder/spi-builder-workspace/.derivedData/Build/Intermediates.noindex/Disposable.build/Debug-watchos/Disposable.build/Objects-normal/arm64_32/Disposable_const_extract_protocols.json -strict-concurrency\=complete -empty-abi-descriptor -validate-clang-modules-once -clang-build-session-file /Users/admin/builder/spi-builder-workspace/.derivedData/ModuleCache.noindex/Session.modulevalidation -Xcc -working-directory -Xcc /Users/admin/builder/spi-builder-workspace/.dependencies/checkouts/Disposable -resource-dir /Library/Developer/Toolchains/swift-6.0-DEVELOPMENT-SNAPSHOT-2024-05-26-a.xctoolchain/usr/lib/swift -enable-anonymous-context-mangled-names -Xcc -I/Users/admin/builder/spi-builder-workspace/.derivedData/Build/Intermediates.noindex/Disposable.build/Debug-watchos/Disposable.build/swift-overrides.hmap -Xcc -I/Users/admin/builder/spi-builder-workspace/.derivedData/Build/Products/Debug-watchos/include -Xcc -I/Users/admin/builder/spi-builder-workspace/.derivedData/Build/Intermediates.noindex/Disposable.build/Debug-watchos/Disposable.build/DerivedSources-normal/arm64_32 -Xcc -I/Users/admin/builder/spi-builder-workspace/.derivedData/Build/Intermediates.noindex/Disposable.build/Debug-watchos/Disposable.build/DerivedSources/arm64_32 -Xcc -I/Users/admin/builder/spi-builder-workspace/.derivedData/Build/Intermediates.noindex/Disposable.build/Debug-watchos/Disposable.build/DerivedSources -Xcc -DSWIFT_PACKAGE -Xcc -DDEBUG\=1 -module-name Disposable -frontend-parseable-output -disable-clang-spi -target-sdk-version 10.4 -target-sdk-name watchos10.4 -external-plugin-path /Applications/Xcode-15.3.0.app/Contents/Developer/Platforms/WatchOS.platform/Developer/SDKs/WatchOS10.4.sdk/usr/lib/swift/host/plugins\#/Applications/Xcode-15.3.0.app/Contents/Developer/Platforms/WatchOS.platform/Developer/SDKs/WatchOS10.4.sdk/usr/bin/swift-plugin-server -external-plugin-path /Applications/Xcode-15.3.0.app/Contents/Developer/Platforms/WatchOS.platform/Developer/SDKs/WatchOS10.4.sdk/usr/local/lib/swift/host/plugins\#/Applications/Xcode-15.3.0.app/Contents/Developer/Platforms/WatchOS.platform/Developer/SDKs/WatchOS10.4.sdk/usr/bin/swift-plugin-server -external-plugin-path /Applications/Xcode-15.3.0.app/Contents/Developer/Platforms/WatchOS.platform/Developer/usr/lib/swift/host/plugins\#/Applications/Xcode-15.3.0.app/Contents/Developer/Platforms/WatchOS.platform/Developer/usr/bin/swift-plugin-server -external-plugin-path /Applications/Xcode-15.3.0.app/Contents/Developer/Platforms/WatchOS.platform/Developer/usr/local/lib/swift/host/plugins\#/Applications/Xcode-15.3.0.app/Contents/Developer/Platforms/WatchOS.platform/Developer/usr/bin/swift-plugin-server -plugin-path /Library/Developer/Toolchains/swift-6.0-DEVELOPMENT-SNAPSHOT-2024-05-26-a.xctoolchain/usr/lib/swift/host/plugins -plugin-path /Library/Developer/Toolchains/swift-6.0-DEVELOPMENT-SNAPSHOT-2024-05-26-a.xctoolchain/usr/local/lib/swift/host/plugins -o /Users/admin/builder/spi-builder-workspace/.derivedData/Build/Intermediates.noindex/Disposable.build/Debug-watchos/Disposable.build/Objects-normal/arm64_32/Task.o -index-unit-output-path /Disposable.build/Debug-watchos/Disposable.build/Objects-normal/arm64_32/Task.o -index-store-path /Users/admin/builder/spi-builder-workspace/.derivedData/Index.noindex/DataStore -index-system-modules
SwiftCompile normal arm64_32 Compiling\ Disposable.swift /Users/admin/builder/spi-builder-workspace/.dependencies/checkouts/Disposable/Sources/Disposable/Disposable.swift (in target 'Disposable' from project 'Disposable')
    cd /Users/admin/builder/spi-builder-workspace/.dependencies/checkouts/Disposable
    builtin-swiftTaskExecution -- /Library/Developer/Toolchains/swift-6.0-DEVELOPMENT-SNAPSHOT-2024-05-26-a.xctoolchain/usr/bin/swift-frontend -frontend -c /Users/admin/builder/spi-builder-workspace/.dependencies/checkouts/Disposable/Sources/Disposable/AutoDisposable.swift /Users/admin/builder/spi-builder-workspace/.dependencies/checkouts/Disposable/Sources/Disposable/Bridging/CombineExtensions.swift /Users/admin/builder/spi-builder-workspace/.dependencies/checkouts/Disposable/Sources/Disposable/Bridging/TaskExtensions.swift /Users/admin/builder/spi-builder-workspace/.dependencies/checkouts/Disposable/Sources/Disposable/ConvenienceStages.swift -primary-file /Users/admin/builder/spi-builder-workspace/.dependencies/checkouts/Disposable/Sources/Disposable/Disposable.swift /Users/admin/builder/spi-builder-workspace/.dependencies/checkouts/Disposable/Sources/Disposable/DisposableBuilder.swift /Users/admin/builder/spi-builder-workspace/.dependencies/checkouts/Disposable/Sources/Disposable/DisposableStage.swift /Users/admin/builder/spi-builder-workspace/.dependencies/checkouts/Disposable/Sources/Disposable/ErasedDisposable.swift /Users/admin/builder/spi-builder-workspace/.dependencies/checkouts/Disposable/Sources/Disposable/Locked.swift /Users/admin/builder/spi-builder-workspace/.dependencies/checkouts/Disposable/Sources/Disposable/Task.swift -emit-dependencies-path /Users/admin/builder/spi-builder-workspace/.derivedData/Build/Intermediates.noindex/Disposable.build/Debug-watchos/Disposable.build/Objects-normal/arm64_32/Disposable.d -emit-const-values-path /Users/admin/builder/spi-builder-workspace/.derivedData/Build/Intermediates.noindex/Disposable.build/Debug-watchos/Disposable.build/Objects-normal/arm64_32/Disposable.swiftconstvalues -emit-reference-dependencies-path /Users/admin/builder/spi-builder-workspace/.derivedData/Build/Intermediates.noindex/Disposable.build/Debug-watchos/Disposable.build/Objects-normal/arm64_32/Disposable.swiftdeps -serialize-diagnostics-path /Users/admin/builder/spi-builder-workspace/.derivedData/Build/Intermediates.noindex/Disposable.build/Debug-watchos/Disposable.build/Objects-normal/arm64_32/Disposable.dia -target arm64_32-apple-watchos8.5 -enable-objc-interop -sdk /Applications/Xcode-15.3.0.app/Contents/Developer/Platforms/WatchOS.platform/Developer/SDKs/WatchOS10.4.sdk -I /Users/admin/builder/spi-builder-workspace/.derivedData/Build/Products/Debug-watchos -I /Applications/Xcode-15.3.0.app/Contents/Developer/Platforms/WatchOS.platform/Developer/usr/lib -F /Users/admin/builder/spi-builder-workspace/.derivedData/Build/Products/Debug-watchos -F /Applications/Xcode-15.3.0.app/Contents/Developer/Platforms/WatchOS.platform/Developer/Library/Frameworks -F /Applications/Xcode-15.3.0.app/Contents/Developer/Platforms/WatchOS.platform/Developer/SDKs/WatchOS10.4.sdk/Developer/Library/Frameworks -no-color-diagnostics -enable-testing -g -module-cache-path /Users/admin/builder/spi-builder-workspace/.derivedData/ModuleCache.noindex -suppress-warnings -profile-generate -profile-coverage-mapping -swift-version 5 -enforce-exclusivity\=checked -stats-output-dir /Users/admin/builder/spi-builder-workspace/.dependencies/checkouts/Disposable/.stats -Onone -D SWIFT_PACKAGE -D DEBUG -serialize-debugging-options -const-gather-protocols-file /Users/admin/builder/spi-builder-workspace/.derivedData/Build/Intermediates.noindex/Disposable.build/Debug-watchos/Disposable.build/Objects-normal/arm64_32/Disposable_const_extract_protocols.json -strict-concurrency\=complete -empty-abi-descriptor -validate-clang-modules-once -clang-build-session-file /Users/admin/builder/spi-builder-workspace/.derivedData/ModuleCache.noindex/Session.modulevalidation -Xcc -working-directory -Xcc /Users/admin/builder/spi-builder-workspace/.dependencies/checkouts/Disposable -resource-dir /Library/Developer/Toolchains/swift-6.0-DEVELOPMENT-SNAPSHOT-2024-05-26-a.xctoolchain/usr/lib/swift -enable-anonymous-context-mangled-names -Xcc -I/Users/admin/builder/spi-builder-workspace/.derivedData/Build/Intermediates.noindex/Disposable.build/Debug-watchos/Disposable.build/swift-overrides.hmap -Xcc -I/Users/admin/builder/spi-builder-workspace/.derivedData/Build/Products/Debug-watchos/include -Xcc -I/Users/admin/builder/spi-builder-workspace/.derivedData/Build/Intermediates.noindex/Disposable.build/Debug-watchos/Disposable.build/DerivedSources-normal/arm64_32 -Xcc -I/Users/admin/builder/spi-builder-workspace/.derivedData/Build/Intermediates.noindex/Disposable.build/Debug-watchos/Disposable.build/DerivedSources/arm64_32 -Xcc -I/Users/admin/builder/spi-builder-workspace/.derivedData/Build/Intermediates.noindex/Disposable.build/Debug-watchos/Disposable.build/DerivedSources -Xcc -DSWIFT_PACKAGE -Xcc -DDEBUG\=1 -module-name Disposable -frontend-parseable-output -disable-clang-spi -target-sdk-version 10.4 -target-sdk-name watchos10.4 -external-plugin-path /Applications/Xcode-15.3.0.app/Contents/Developer/Platforms/WatchOS.platform/Developer/SDKs/WatchOS10.4.sdk/usr/lib/swift/host/plugins\#/Applications/Xcode-15.3.0.app/Contents/Developer/Platforms/WatchOS.platform/Developer/SDKs/WatchOS10.4.sdk/usr/bin/swift-plugin-server -external-plugin-path /Applications/Xcode-15.3.0.app/Contents/Developer/Platforms/WatchOS.platform/Developer/SDKs/WatchOS10.4.sdk/usr/local/lib/swift/host/plugins\#/Applications/Xcode-15.3.0.app/Contents/Developer/Platforms/WatchOS.platform/Developer/SDKs/WatchOS10.4.sdk/usr/bin/swift-plugin-server -external-plugin-path /Applications/Xcode-15.3.0.app/Contents/Developer/Platforms/WatchOS.platform/Developer/usr/lib/swift/host/plugins\#/Applications/Xcode-15.3.0.app/Contents/Developer/Platforms/WatchOS.platform/Developer/usr/bin/swift-plugin-server -external-plugin-path /Applications/Xcode-15.3.0.app/Contents/Developer/Platforms/WatchOS.platform/Developer/usr/local/lib/swift/host/plugins\#/Applications/Xcode-15.3.0.app/Contents/Developer/Platforms/WatchOS.platform/Developer/usr/bin/swift-plugin-server -plugin-path /Library/Developer/Toolchains/swift-6.0-DEVELOPMENT-SNAPSHOT-2024-05-26-a.xctoolchain/usr/lib/swift/host/plugins -plugin-path /Library/Developer/Toolchains/swift-6.0-DEVELOPMENT-SNAPSHOT-2024-05-26-a.xctoolchain/usr/local/lib/swift/host/plugins -o /Users/admin/builder/spi-builder-workspace/.derivedData/Build/Intermediates.noindex/Disposable.build/Debug-watchos/Disposable.build/Objects-normal/arm64_32/Disposable.o -index-unit-output-path /Disposable.build/Debug-watchos/Disposable.build/Objects-normal/arm64_32/Disposable.o -index-store-path /Users/admin/builder/spi-builder-workspace/.derivedData/Index.noindex/DataStore -index-system-modules
Error opening -stats-output-dir file '/Users/admin/builder/spi-builder-workspace/.dependencies/checkouts/Disposable/.stats/stats-1717042921178188-swift-frontend-Disposable-Disposable.swift-arm64_32_apple_watchos8.5-o-Onone-181589371.json' for writing
===-------------------------------------------------------------------------===
                               Swift compilation
===-------------------------------------------------------------------------===
  Total Execution Time: 0.3735 seconds (0.3778 wall clock)
   ---User Time---   --System Time--   --User+System--   ---Wall Time---  --- Name ---
   0.0160 ( 16.6%)   0.0858 ( 31.0%)   0.1018 ( 27.3%)   0.1027 ( 27.2%)  parse-and-resolve-imports
   0.0155 ( 16.0%)   0.0849 ( 30.7%)   0.1004 ( 26.9%)   0.1012 ( 26.8%)  Import resolution
   0.0051 (  5.3%)   0.0098 (  3.6%)   0.0149 (  4.0%)   0.0149 (  4.0%)  perform-sema
   0.0050 (  5.2%)   0.0097 (  3.5%)   0.0147 (  3.9%)   0.0147 (  3.9%)  TypeCheckSourceFileRequest
   0.0049 (  5.1%)   0.0095 (  3.4%)   0.0144 (  3.9%)   0.0144 (  3.8%)  Type checking and Semantic analysis
   0.0032 (  3.3%)   0.0059 (  2.1%)   0.0091 (  2.4%)   0.0093 (  2.5%)  IRGenRequest
   0.0014 (  1.5%)   0.0075 (  2.7%)   0.0090 (  2.4%)   0.0090 (  2.4%)  load-stdlib
   0.0038 (  3.9%)   0.0044 (  1.6%)   0.0081 (  2.2%)   0.0083 (  2.2%)  ASTLoweringRequest
   0.0025 (  2.6%)   0.0053 (  1.9%)   0.0078 (  2.1%)   0.0079 (  2.1%)  IRGen
   0.0024 (  2.5%)   0.0052 (  1.9%)   0.0076 (  2.0%)   0.0077 (  2.0%)  typecheck-decl
   0.0033 (  3.4%)   0.0040 (  1.4%)   0.0073 (  2.0%)   0.0075 (  2.0%)  SILgen-decl
   0.0025 (  2.5%)   0.0042 (  1.5%)   0.0066 (  1.8%)   0.0066 (  1.7%)  TypeCheckFunctionBodyRequest
   0.0035 (  3.7%)   0.0024 (  0.9%)   0.0060 (  1.6%)   0.0063 (  1.7%)  ExecuteSILPipelineRequest
   0.0022 (  2.3%)   0.0036 (  1.3%)   0.0058 (  1.5%)   0.0058 (  1.5%)  typecheck-stmt
   0.0016 (  1.7%)   0.0029 (  1.0%)   0.0045 (  1.2%)   0.0046 (  1.2%)  InterfaceTypeRequest
   0.0019 (  2.0%)   0.0024 (  0.9%)   0.0043 (  1.1%)   0.0043 (  1.1%)  LookupConformanceInModuleRequest
   0.0012 (  1.2%)   0.0024 (  0.9%)   0.0036 (  1.0%)   0.0036 (  1.0%)  UnqualifiedLookupRequest
   0.0012 (  1.3%)   0.0021 (  0.8%)   0.0033 (  0.9%)   0.0034 (  0.9%)  ResolveTypeRequest
   0.0011 (  1.1%)   0.0018 (  0.7%)   0.0029 (  0.8%)   0.0030 (  0.8%)  performUnqualifiedLookup
   0.0007 (  0.7%)   0.0016 (  0.6%)   0.0023 (  0.6%)   0.0024 (  0.6%)  QualifiedLookupRequest
   0.0008 (  0.9%)   0.0015 (  0.5%)   0.0023 (  0.6%)   0.0023 (  0.6%)  GenericSignatureRequest
   0.0016 (  1.6%)   0.0005 (  0.2%)   0.0021 (  0.6%)   0.0023 (  0.6%)  SIL optimization
   0.0007 (  0.7%)   0.0010 (  0.4%)   0.0017 (  0.5%)   0.0018 (  0.5%)  PatternBindingEntryRequest
   0.0007 (  0.7%)   0.0010 (  0.3%)   0.0016 (  0.4%)   0.0017 (  0.5%)  PatternTypeRequest
   0.0007 (  0.7%)   0.0011 (  0.4%)   0.0017 (  0.5%)   0.0017 (  0.5%)  InferredGenericSignatureRequest
   0.0007 (  0.7%)   0.0009 (  0.3%)   0.0016 (  0.4%)   0.0017 (  0.5%)  NamingPatternRequest
   0.0008 (  0.8%)   0.0007 (  0.3%)   0.0015 (  0.4%)   0.0016 (  0.4%)  LookupInModuleRequest
   0.0004 (  0.4%)   0.0007 (  0.3%)   0.0011 (  0.3%)   0.0011 (  0.3%)  InheritedDeclsReferencedRequest
   0.0005 (  0.5%)   0.0006 (  0.2%)   0.0011 (  0.3%)   0.0011 (  0.3%)  ModuleQualifiedLookupRequest
   0.0004 (  0.4%)   0.0006 (  0.2%)   0.0011 (  0.3%)   0.0011 (  0.3%)  DirectLookupRequest
   0.0005 (  0.6%)   0.0005 (  0.2%)   0.0011 (  0.3%)   0.0011 (  0.3%)  SILGen-function
   0.0003 (  0.3%)   0.0008 (  0.3%)   0.0010 (  0.3%)   0.0010 (  0.3%)  ActorIsolationRequest
   0.0003 (  0.4%)   0.0007 (  0.2%)   0.0010 (  0.3%)   0.0010 (  0.3%)  StoredPropertiesRequest
   0.0007 (  0.7%)   0.0003 (  0.1%)   0.0010 (  0.3%)   0.0010 (  0.3%)  ParseTopLevelDeclsRequest
   0.0005 (  0.6%)   0.0004 (  0.2%)   0.0010 (  0.3%)   0.0010 (  0.3%)  CollectOverriddenDeclsRequest
   0.0004 (  0.4%)   0.0005 (  0.2%)   0.0009 (  0.2%)   0.0009 (  0.2%)  ExtendedNominalRequest
   0.0007 (  0.7%)   0.0002 (  0.1%)   0.0009 (  0.2%)   0.0009 (  0.2%)  ParseSourceFileRequest
   0.0004 (  0.4%)   0.0004 (  0.2%)   0.0008 (  0.2%)   0.0009 (  0.2%)  SIL verification, pre-optimization
   0.0005 (  0.5%)   0.0004 (  0.1%)   0.0009 (  0.2%)   0.0009 (  0.2%)  ProvideDefaultImplForRequest
   0.0004 (  0.4%)   0.0004 (  0.2%)   0.0008 (  0.2%)   0.0008 (  0.2%)  build-rewrite-system
   0.0003 (  0.3%)   0.0004 (  0.1%)   0.0007 (  0.2%)   0.0007 (  0.2%)  RequirementSignatureRequest
   0.0002 (  0.2%)   0.0005 (  0.2%)   0.0007 (  0.2%)   0.0007 (  0.2%)  ResultTypeRequest
   0.0002 (  0.2%)   0.0004 (  0.1%)   0.0006 (  0.2%)   0.0006 (  0.2%)  ResolveImplicitMemberRequest
   0.0002 (  0.2%)   0.0004 (  0.1%)   0.0005 (  0.1%)   0.0006 (  0.1%)  ProtocolDependenciesRequest
   0.0001 (  0.1%)   0.0004 (  0.1%)   0.0005 (  0.1%)   0.0005 (  0.1%)  PotentialMacroExpansionsInContextRequest
   0.0002 (  0.2%)   0.0003 (  0.1%)   0.0005 (  0.1%)   0.0005 (  0.1%)  ABIMembersRequest
   0.0002 (  0.2%)   0.0003 (  0.1%)   0.0005 (  0.1%)   0.0005 (  0.1%)  StructuralRequirementsRequest
   0.0003 (  0.3%)   0.0002 (  0.1%)   0.0004 (  0.1%)   0.0005 (  0.1%)  verify-all-loaded-modules
   0.0002 (  0.2%)   0.0003 (  0.1%)   0.0004 (  0.1%)   0.0004 (  0.1%)  InheritedTypeRequest
   0.0002 (  0.2%)   0.0002 (  0.1%)   0.0004 (  0.1%)   0.0004 (  0.1%)  CheckRedeclarationRequest
   0.0001 (  0.1%)   0.0002 (  0.1%)   0.0004 (  0.1%)   0.0004 (  0.1%)  ProtocolRequirementsRequest
   0.0001 (  0.1%)   0.0003 (  0.1%)   0.0004 (  0.1%)   0.0004 (  0.1%)  precheck-expr
   0.0002 (  0.2%)   0.0002 (  0.1%)   0.0004 (  0.1%)   0.0004 (  0.1%)  StorageImplInfoRequest
   0.0003 (  0.3%)   0.0001 (  0.0%)   0.0004 (  0.1%)   0.0004 (  0.1%)  ParseMembersRequest
   0.0001 (  0.1%)   0.0001 (  0.1%)   0.0003 (  0.1%)   0.0003 (  0.1%)  PrimaryAssociatedTypesRequest
   0.0002 (  0.2%)   0.0002 (  0.1%)   0.0003 (  0.1%)   0.0003 (  0.1%)  IsSetterMutatingRequest
   0.0001 (  0.1%)   0.0002 (  0.1%)   0.0003 (  0.1%)   0.0003 (  0.1%)  HasMemberwiseInitRequest
   0.0001 (  0.1%)   0.0002 (  0.1%)   0.0003 (  0.1%)   0.0003 (  0.1%)  HasUserDefinedDesignatedInitRequest
   0.0002 (  0.2%)   0.0002 (  0.1%)   0.0003 (  0.1%)   0.0003 (  0.1%)  OpaqueReadOwnershipRequest
   0.0001 (  0.1%)   0.0002 (  0.1%)   0.0003 (  0.1%)   0.0003 (  0.1%)  HasIsolatedSelfRequest
   0.0001 (  0.1%)   0.0002 (  0.1%)   0.0003 (  0.1%)   0.0003 (  0.1%)  ExpandPeerMacroRequest
   0.0002 (  0.2%)   0.0001 (  0.0%)   0.0003 (  0.1%)   0.0003 (  0.1%)  USRGenerationRequest
   0.0001 (  0.1%)   0.0002 (  0.1%)   0.0002 (  0.1%)   0.0002 (  0.1%)  RequirementRequest
   0.0001 (  0.1%)   0.0001 (  0.0%)   0.0002 (  0.0%)   0.0002 (  0.1%)  SuperclassDeclRequest
   0.0001 (  0.1%)   0.0002 (  0.1%)   0.0002 (  0.1%)   0.0002 (  0.1%)  AttachedPropertyWrappersRequest
   0.0001 (  0.1%)   0.0001 (  0.1%)   0.0002 (  0.1%)   0.0002 (  0.1%)  IsActorRequest
   0.0001 (  0.1%)   0.0002 (  0.1%)   0.0002 (  0.1%)   0.0002 (  0.1%)  ImplicitKnownProtocolConformanceRequest
   0.0001 (  0.1%)   0.0002 (  0.1%)   0.0002 (  0.1%)   0.0002 (  0.1%)  DefaultAndMaxAccessLevelRequest
   0.0001 (  0.1%)   0.0001 (  0.1%)   0.0002 (  0.1%)   0.0002 (  0.1%)  AST verification
   0.0001 (  0.1%)   0.0001 (  0.0%)   0.0002 (  0.1%)   0.0002 (  0.1%)  PublicSymbolsRequest
   0.0000 (  0.0%)   0.0001 (  0.0%)   0.0002 (  0.0%)   0.0002 (  0.0%)  TypeDeclsFromWhereClauseRequest
   0.0001 (  0.1%)   0.0001 (  0.0%)   0.0001 (  0.0%)   0.0002 (  0.0%)  import-clang-decl
   0.0000 (  0.0%)   0.0001 (  0.0%)   0.0001 (  0.0%)   0.0001 (  0.0%)  IsDynamicRequest
   0.0001 (  0.1%)   0.0000 (  0.0%)   0.0001 (  0.0%)   0.0001 (  0.0%)  module-populate-cache
   0.0000 (  0.0%)   0.0001 (  0.0%)   0.0001 (  0.0%)   0.0001 (  0.0%)  OverriddenDeclsRequest
   0.0000 (  0.0%)   0.0001 (  0.0%)   0.0001 (  0.0%)   0.0001 (  0.0%)  ExtendedTypeRequest
   0.0001 (  0.1%)   0.0000 (  0.0%)   0.0001 (  0.0%)   0.0001 (  0.0%)  SIL verification, post-optimization
   0.0000 (  0.0%)   0.0001 (  0.0%)   0.0001 (  0.0%)   0.0001 (  0.0%)  ConditionalRequirementsRequest
   0.0000 (  0.0%)   0.0001 (  0.0%)   0.0001 (  0.0%)   0.0001 (  0.0%)  RequiresOpaqueAccessorsRequest
   0.0001 (  0.1%)   0.0000 (  0.0%)   0.0001 (  0.0%)   0.0001 (  0.0%)  ExpandMemberAttributeMacros
   0.0000 (  0.0%)   0.0001 (  0.0%)   0.0001 (  0.0%)   0.0001 (  0.0%)  CheckInconsistentImplementationOnlyImportsRequest
   0.0000 (  0.0%)   0.0000 (  0.0%)   0.0001 (  0.0%)   0.0001 (  0.0%)  SemanticDeclAttrsRequest
   0.0000 (  0.0%)   0.0001 (  0.0%)   0.0001 (  0.0%)   0.0001 (  0.0%)  CheckInconsistentWeakLinkedImportsRequest
   0.0000 (  0.0%)   0.0000 (  0.0%)   0.0001 (  0.0%)   0.0001 (  0.0%)  IsObjCRequest
   0.0000 (  0.0%)   0.0001 (  0.0%)   0.0001 (  0.0%)   0.0001 (  0.0%)  SuppressesConformanceRequest
   0.0000 (  0.0%)   0.0001 (  0.0%)   0.0001 (  0.0%)   0.0001 (  0.0%)  CustomAttrNominalRequest
   0.0000 (  0.0%)   0.0000 (  0.0%)   0.0001 (  0.0%)   0.0001 (  0.0%)  InheritedProtocolsRequest
   0.0000 (  0.0%)   0.0000 (  0.0%)   0.0001 (  0.0%)   0.0001 (  0.0%)  ExpandChildTypeRefinementContextsRequest
   0.0000 (  0.0%)   0.0000 (  0.0%)   0.0001 (  0.0%)   0.0001 (  0.0%)  ResultBuilderTypeRequest
   0.0000 (  0.0%)   0.0000 (  0.0%)   0.0001 (  0.0%)   0.0001 (  0.0%)  PreCheckFunctionBodyRequest
   0.0000 (  0.0%)   0.0000 (  0.0%)   0.0001 (  0.0%)   0.0001 (  0.0%)  SPIGroupsRequest
   0.0000 (  0.0%)   0.0001 (  0.0%)   0.0001 (  0.0%)   0.0001 (  0.0%)  ParamSpecifierRequest
   0.0000 (  0.0%)   0.0000 (  0.0%)   0.0001 (  0.0%)   0.0001 (  0.0%)  GenericParamListRequest
   0.0000 (  0.0%)   0.0000 (  0.0%)   0.0001 (  0.0%)   0.0001 (  0.0%)  HasCircularInheritedProtocolsRequest
   0.0000 (  0.0%)   0.0000 (  0.0%)   0.0001 (  0.0%)   0.0001 (  0.0%)  ExpandExtensionMacros
   0.0000 (  0.0%)   0.0000 (  0.0%)   0.0001 (  0.0%)   0.0001 (  0.0%)  ProtocolRequiresClassRequest
   0.0000 (  0.0%)   0.0000 (  0.0%)   0.0000 (  0.0%)   0.0000 (  0.0%)  SemanticUnavailableAttrRequest
   0.0000 (  0.0%)   0.0000 (  0.0%)   0.0000 (  0.0%)   0.0000 (  0.0%)  CustomAttrTypeRequest
   0.0000 (  0.0%)   0.0000 (  0.0%)   0.0000 (  0.0%)   0.0000 (  0.0%)  AbstractGenericSignatureRequest
   0.0000 (  0.0%)   0.0000 (  0.0%)   0.0000 (  0.0%)   0.0000 (  0.0%)  IsGetterMutatingRequest
   0.0000 (  0.0%)   0.0000 (  0.0%)   0.0000 (  0.0%)   0.0000 (  0.0%)  GlobalActorAttributeRequest
   0.0000 (  0.0%)   0.0000 (  0.0%)   0.0000 (  0.0%)   0.0000 (  0.0%)  HasInitAccessorRequest
   0.0000 (  0.0%)   0.0000 (  0.0%)   0.0000 (  0.0%)   0.0000 (  0.0%)  ResolveMacroRequest
   0.0000 (  0.0%)   0.0000 (  0.0%)   0.0000 (  0.0%)   0.0000 (  0.0%)  TypeAliasRequirementsRequest
   0.0000 (  0.0%)   0.0000 (  0.0%)   0.0000 (  0.0%)   0.0000 (  0.0%)  AccessLevelRequest
   0.0000 (  0.0%)   0.0000 (  0.0%)   0.0000 (  0.0%)   0.0000 (  0.0%)  AttachedResultBuilderRequest
   0.0000 (  0.0%)   0.0000 (  0.0%)   0.0000 (  0.0%)   0.0000 (  0.0%)  DynamicallyReplacedDeclRequest
   0.0000 (  0.0%)   0.0000 (  0.0%)   0.0000 (  0.0%)   0.0000 (  0.0%)  ObjCInterfaceAndImplementationRequest
   0.0000 (  0.0%)   0.0000 (  0.0%)   0.0000 (  0.0%)   0.0000 (  0.0%)  IsFinalRequest
   0.0000 (  0.0%)   0.0000 (  0.0%)   0.0000 (  0.0%)   0.0000 (  0.0%)  SelfBoundsFromWhereClauseRequest
   0.0000 (  0.0%)   0.0000 (  0.0%)   0.0000 (  0.0%)   0.0000 (  0.0%)  ApplyAccessNoteRequest
   0.0000 (  0.0%)   0.0000 (  0.0%)   0.0000 (  0.0%)   0.0000 (  0.0%)  FragileFunctionKindRequest
   0.0000 (  0.0%)   0.0000 (  0.0%)   0.0000 (  0.0%)   0.0000 (  0.0%)  IsNonUserModuleRequest
   0.0000 (  0.0%)   0.0000 (  0.0%)   0.0000 (  0.0%)   0.0000 (  0.0%)  LocalTypeDeclsRequest
   0.0000 (  0.0%)   0.0000 (  0.0%)   0.0000 (  0.0%)   0.0000 (  0.0%)  LookupAllConformancesInContextRequest
   0.0000 (  0.0%)   0.0000 (  0.0%)   0.0000 (  0.0%)   0.0000 (  0.0%)  RawCommentRequest
   0.0000 (  0.0%)   0.0000 (  0.0%)   0.0000 (  0.0%)   0.0000 (  0.0%)  AllInheritedProtocolsRequest
   0.0000 (  0.0%)   0.0000 (  0.0%)   0.0000 (  0.0%)   0.0000 (  0.0%)  HasCircularRawValueRequest
   0.0000 (  0.0%)   0.0000 (  0.0%)   0.0000 (  0.0%)   0.0000 (  0.0%)  LifetimeDependenceInfoRequest
   0.0000 (  0.0%)   0.0000 (  0.0%)   0.0000 (  0.0%)   0.0000 (  0.0%)  ExpandSynthesizedMemberMacroRequest
   0.0000 (  0.0%)   0.0000 (  0.0%)   0.0000 (  0.0%)   0.0000 (  0.0%)  LocalDiscriminatorsRequest
   0.0000 (  0.0%)   0.0000 (  0.0%)   0.0000 (  0.0%)   0.0000 (  0.0%)  HasImportsMatchingFlagRequest
   0.0000 (  0.0%)   0.0000 (  0.0%)   0.0000 (  0.0%)   0.0000 (  0.0%)  HasStorageRequest
   0.0000 (  0.0%)   0.0000 (  0.0%)   0.0000 (  0.0%)   0.0000 (  0.0%)  IsStaticRequest
   0.0000 (  0.0%)   0.0000 (  0.0%)   0.0000 (  0.0%)   0.0000 (  0.0%)  IsFunctionBodySkippedRequest
   0.0000 (  0.0%)   0.0000 (  0.0%)   0.0000 (  0.0%)   0.0000 (  0.0%)  IsImplicitlyUnwrappedOptionalRequest
   0.0000 (  0.0%)   0.0000 (  0.0%)   0.0000 (  0.0%)   0.0000 (  0.0%)  ExpandBodyMacroRequest
   0.0000 (  0.0%)   0.0000 (  0.0%)   0.0000 (  0.0%)   0.0000 (  0.0%)  IsDistributedActorRequest
   0.0000 (  0.0%)   0.0000 (  0.0%)   0.0000 (  0.0%)   0.0000 (  0.0%)  DirectOperatorLookupRequest
   0.0000 (  0.0%)   0.0000 (  0.0%)   0.0000 (  0.0%)   0.0000 (  0.0%)  SelfAccessKindRequest
   0.0000 (  0.0%)   0.0000 (  0.0%)   0.0000 (  0.0%)   0.0000 (  0.0%)  PolymorphicEffectKindRequest
   0.0000 (  0.0%)   0.0000 (  0.0%)   0.0000 (  0.0%)   0.0000 (  0.0%)  SynthesizeMainFunctionRequest
   0.0000 (  0.0%)   0.0000 (  0.0%)   0.0000 (  0.0%)   0.0000 (  0.0%)  CompareDeclSpecializationRequest
   0.0000 (  0.0%)   0.0000 (  0.0%)   0.0000 (  0.0%)   0.0000 (  0.0%)  InitKindRequest
   0.0000 (  0.0%)   0.0000 (  0.0%)   0.0000 (  0.0%)   0.0000 (  0.0%)  ExpandPreambleMacroRequest
   0.0000 (  0.0%)   0.0000 (  0.0%)   0.0000 (  0.0%)   0.0000 (  0.0%)  PropertyWrapperAuxiliaryVariablesRequest
   0.0000 (  0.0%)   0.0000 (  0.0%)   0.0000 (  0.0%)   0.0000 (  0.0%)  source-file-populate-cache
   0.0000 (  0.0%)   0.0000 (  0.0%)   0.0000 (  0.0%)   0.0000 (  0.0%)  ModuleImplicitImportsRequest
   0.0000 (  0.0%)   0.0000 (  0.0%)   0.0000 (  0.0%)   0.0000 (  0.0%)  ClassAncestryFlagsRequest
   0.0000 (  0.0%)   0.0000 (  0.0%)   0.0000 (  0.0%)   0.0000 (  0.0%)  ExistentialConformsToSelfRequest
   0.0000 (  0.0%)   0.0000 (  0.0%)   0.0000 (  0.0%)   0.0000 (  0.0%)  PreCheckReturnStmtRequest
   0.0000 (  0.0%)   0.0000 (  0.0%)   0.0000 (  0.0%)   0.0000 (  0.0%)  UnderlyingTypeDeclsReferencedRequest
   0.0000 (  0.0%)   0.0000 (  0.0%)   0.0000 (  0.0%)   0.0000 (  0.0%)  HasDefaultInitRequest
   0.0000 (  0.0%)   0.0000 (  0.0%)   0.0000 (  0.0%)   0.0000 (  0.0%)  RequiresOpaqueModifyCoroutineRequest
   0.0000 (  0.0%)   0.0000 (  0.0%)   0.0000 (  0.0%)   0.0000 (  0.0%)  PrimarySourceFilesRequest
   0.0000 (  0.0%)   0.0000 (  0.0%)   0.0000 (  0.0%)   0.0000 (  0.0%)  perform-whole-module-type-checking
   0.0000 (  0.0%)   0.0000 (  0.0%)   0.0000 (  0.0%)   0.0000 (  0.0%)  CheckInconsistentAccessLevelOnImport
   0.0000 (  0.0%)   0.0000 (  0.0%)   0.0000 (  0.0%)   0.0000 (  0.0%)  CheckInconsistentSPIOnlyImportsRequest
   0.0000 (  0.0%)   0.0000 (  0.0%)   0.0000 (  0.0%)   0.0000 (  0.0%)  CheckInconsistentAccessLevelOnImportSameFileRequest
   0.0000 (  0.0%)   0.0000 (  0.0%)   0.0000 (  0.0%)   0.0000 (  0.0%)  PropertyWrapperInitializerInfoRequest
   0.0000 (  0.0%)   0.0000 (  0.0%)   0.0000 (  0.0%)   0.0000 (  0.0%)  DefaultInitializerIsolation
   0.0000 (  0.0%)   0.0000 (  0.0%)   0.0000 (  0.0%)   0.0000 (  0.0%)  PropertyWrapperMutabilityRequest
   0.0000 (  0.0%)   0.0000 (  0.0%)   0.0000 (  0.0%)   0.0000 (  0.0%)  populate-source-file-class-member-cache
   0.0000 (  0.0%)   0.0000 (  0.0%)   0.0000 (  0.0%)   0.0000 (  0.0%)  IsAccessorTransparentRequest
   0.0000 (  0.0%)   0.0000 (  0.0%)   0.0000 (  0.0%)   0.0000 (  0.0%)  GlobalActorInstanceRequest
   0.0000 (  0.0%)   0.0000 (  0.0%)   0.0000 (  0.0%)   0.0000 (  0.0%)  SimpleDidSetRequest
   0.0000 (  0.0%)   0.0000 (  0.0%)   0.0000 (  0.0%)   0.0000 (  0.0%)  EnumRawTypeRequest
   0.0968 (100.0%)   0.2768 (100.0%)   0.3735 (100.0%)   0.3778 (100.0%)  Total
===-------------------------------------------------------------------------===
                                Running Program
===-------------------------------------------------------------------------===
  Total Execution Time: 0.1650 seconds (0.1668 wall clock)
   ---User Time---   --System Time--   --User+System--   ---Wall Time---  --- Name ---
   0.0427 (100.0%)   0.1223 (100.0%)   0.1650 (100.0%)   0.1668 (100.0%)  Building Target
   0.0427 (100.0%)   0.1223 (100.0%)   0.1650 (100.0%)   0.1668 (100.0%)  Total
SwiftCompile normal arm64_32 /Users/admin/builder/spi-builder-workspace/.dependencies/checkouts/Disposable/Sources/Disposable/Disposable.swift (in target 'Disposable' from project 'Disposable')
    cd /Users/admin/builder/spi-builder-workspace/.dependencies/checkouts/Disposable
    /Library/Developer/Toolchains/swift-6.0-DEVELOPMENT-SNAPSHOT-2024-05-26-a.xctoolchain/usr/bin/swift-frontend -c /Users/admin/builder/spi-builder-workspace/.dependencies/checkouts/Disposable/Sources/Disposable/AutoDisposable.swift /Users/admin/builder/spi-builder-workspace/.dependencies/checkouts/Disposable/Sources/Disposable/Bridging/CombineExtensions.swift /Users/admin/builder/spi-builder-workspace/.dependencies/checkouts/Disposable/Sources/Disposable/Bridging/TaskExtensions.swift /Users/admin/builder/spi-builder-workspace/.dependencies/checkouts/Disposable/Sources/Disposable/ConvenienceStages.swift -primary-file /Users/admin/builder/spi-builder-workspace/.dependencies/checkouts/Disposable/Sources/Disposable/Disposable.swift /Users/admin/builder/spi-builder-workspace/.dependencies/checkouts/Disposable/Sources/Disposable/DisposableBuilder.swift /Users/admin/builder/spi-builder-workspace/.dependencies/checkouts/Disposable/Sources/Disposable/DisposableStage.swift /Users/admin/builder/spi-builder-workspace/.dependencies/checkouts/Disposable/Sources/Disposable/ErasedDisposable.swift /Users/admin/builder/spi-builder-workspace/.dependencies/checkouts/Disposable/Sources/Disposable/Locked.swift /Users/admin/builder/spi-builder-workspace/.dependencies/checkouts/Disposable/Sources/Disposable/Task.swift -emit-dependencies-path /Users/admin/builder/spi-builder-workspace/.derivedData/Build/Intermediates.noindex/Disposable.build/Debug-watchos/Disposable.build/Objects-normal/arm64_32/Disposable.d -emit-const-values-path /Users/admin/builder/spi-builder-workspace/.derivedData/Build/Intermediates.noindex/Disposable.build/Debug-watchos/Disposable.build/Objects-normal/arm64_32/Disposable.swiftconstvalues -emit-reference-dependencies-path /Users/admin/builder/spi-builder-workspace/.derivedData/Build/Intermediates.noindex/Disposable.build/Debug-watchos/Disposable.build/Objects-normal/arm64_32/Disposable.swiftdeps -serialize-diagnostics-path /Users/admin/builder/spi-builder-workspace/.derivedData/Build/Intermediates.noindex/Disposable.build/Debug-watchos/Disposable.build/Objects-normal/arm64_32/Disposable.dia -target arm64_32-apple-watchos8.5 -enable-objc-interop -sdk /Applications/Xcode-15.3.0.app/Contents/Developer/Platforms/WatchOS.platform/Developer/SDKs/WatchOS10.4.sdk -I /Users/admin/builder/spi-builder-workspace/.derivedData/Build/Products/Debug-watchos -I /Applications/Xcode-15.3.0.app/Contents/Developer/Platforms/WatchOS.platform/Developer/usr/lib -F /Users/admin/builder/spi-builder-workspace/.derivedData/Build/Products/Debug-watchos -F /Applications/Xcode-15.3.0.app/Contents/Developer/Platforms/WatchOS.platform/Developer/Library/Frameworks -F /Applications/Xcode-15.3.0.app/Contents/Developer/Platforms/WatchOS.platform/Developer/SDKs/WatchOS10.4.sdk/Developer/Library/Frameworks -no-color-diagnostics -enable-testing -g -module-cache-path /Users/admin/builder/spi-builder-workspace/.derivedData/ModuleCache.noindex -suppress-warnings -profile-generate -profile-coverage-mapping -swift-version 5 -enforce-exclusivity\=checked -stats-output-dir /Users/admin/builder/spi-builder-workspace/.dependencies/checkouts/Disposable/.stats -Onone -D SWIFT_PACKAGE -D DEBUG -serialize-debugging-options -const-gather-protocols-file /Users/admin/builder/spi-builder-workspace/.derivedData/Build/Intermediates.noindex/Disposable.build/Debug-watchos/Disposable.build/Objects-normal/arm64_32/Disposable_const_extract_protocols.json -strict-concurrency\=complete -empty-abi-descriptor -validate-clang-modules-once -clang-build-session-file /Users/admin/builder/spi-builder-workspace/.derivedData/ModuleCache.noindex/Session.modulevalidation -Xcc -working-directory -Xcc /Users/admin/builder/spi-builder-workspace/.dependencies/checkouts/Disposable -resource-dir /Library/Developer/Toolchains/swift-6.0-DEVELOPMENT-SNAPSHOT-2024-05-26-a.xctoolchain/usr/lib/swift -enable-anonymous-context-mangled-names -Xcc -I/Users/admin/builder/spi-builder-workspace/.derivedData/Build/Intermediates.noindex/Disposable.build/Debug-watchos/Disposable.build/swift-overrides.hmap -Xcc -I/Users/admin/builder/spi-builder-workspace/.derivedData/Build/Products/Debug-watchos/include -Xcc -I/Users/admin/builder/spi-builder-workspace/.derivedData/Build/Intermediates.noindex/Disposable.build/Debug-watchos/Disposable.build/DerivedSources-normal/arm64_32 -Xcc -I/Users/admin/builder/spi-builder-workspace/.derivedData/Build/Intermediates.noindex/Disposable.build/Debug-watchos/Disposable.build/DerivedSources/arm64_32 -Xcc -I/Users/admin/builder/spi-builder-workspace/.derivedData/Build/Intermediates.noindex/Disposable.build/Debug-watchos/Disposable.build/DerivedSources -Xcc -DSWIFT_PACKAGE -Xcc -DDEBUG\=1 -module-name Disposable -frontend-parseable-output -disable-clang-spi -target-sdk-version 10.4 -target-sdk-name watchos10.4 -external-plugin-path /Applications/Xcode-15.3.0.app/Contents/Developer/Platforms/WatchOS.platform/Developer/SDKs/WatchOS10.4.sdk/usr/lib/swift/host/plugins\#/Applications/Xcode-15.3.0.app/Contents/Developer/Platforms/WatchOS.platform/Developer/SDKs/WatchOS10.4.sdk/usr/bin/swift-plugin-server -external-plugin-path /Applications/Xcode-15.3.0.app/Contents/Developer/Platforms/WatchOS.platform/Developer/SDKs/WatchOS10.4.sdk/usr/local/lib/swift/host/plugins\#/Applications/Xcode-15.3.0.app/Contents/Developer/Platforms/WatchOS.platform/Developer/SDKs/WatchOS10.4.sdk/usr/bin/swift-plugin-server -external-plugin-path /Applications/Xcode-15.3.0.app/Contents/Developer/Platforms/WatchOS.platform/Developer/usr/lib/swift/host/plugins\#/Applications/Xcode-15.3.0.app/Contents/Developer/Platforms/WatchOS.platform/Developer/usr/bin/swift-plugin-server -external-plugin-path /Applications/Xcode-15.3.0.app/Contents/Developer/Platforms/WatchOS.platform/Developer/usr/local/lib/swift/host/plugins\#/Applications/Xcode-15.3.0.app/Contents/Developer/Platforms/WatchOS.platform/Developer/usr/bin/swift-plugin-server -plugin-path /Library/Developer/Toolchains/swift-6.0-DEVELOPMENT-SNAPSHOT-2024-05-26-a.xctoolchain/usr/lib/swift/host/plugins -plugin-path /Library/Developer/Toolchains/swift-6.0-DEVELOPMENT-SNAPSHOT-2024-05-26-a.xctoolchain/usr/local/lib/swift/host/plugins -o /Users/admin/builder/spi-builder-workspace/.derivedData/Build/Intermediates.noindex/Disposable.build/Debug-watchos/Disposable.build/Objects-normal/arm64_32/Disposable.o -index-unit-output-path /Disposable.build/Debug-watchos/Disposable.build/Objects-normal/arm64_32/Disposable.o -index-store-path /Users/admin/builder/spi-builder-workspace/.derivedData/Index.noindex/DataStore -index-system-modules
SwiftCompile normal arm64_32 Compiling\ ErasedDisposable.swift /Users/admin/builder/spi-builder-workspace/.dependencies/checkouts/Disposable/Sources/Disposable/ErasedDisposable.swift (in target 'Disposable' from project 'Disposable')
    cd /Users/admin/builder/spi-builder-workspace/.dependencies/checkouts/Disposable
    builtin-swiftTaskExecution -- /Library/Developer/Toolchains/swift-6.0-DEVELOPMENT-SNAPSHOT-2024-05-26-a.xctoolchain/usr/bin/swift-frontend -frontend -c /Users/admin/builder/spi-builder-workspace/.dependencies/checkouts/Disposable/Sources/Disposable/AutoDisposable.swift /Users/admin/builder/spi-builder-workspace/.dependencies/checkouts/Disposable/Sources/Disposable/Bridging/CombineExtensions.swift /Users/admin/builder/spi-builder-workspace/.dependencies/checkouts/Disposable/Sources/Disposable/Bridging/TaskExtensions.swift /Users/admin/builder/spi-builder-workspace/.dependencies/checkouts/Disposable/Sources/Disposable/ConvenienceStages.swift /Users/admin/builder/spi-builder-workspace/.dependencies/checkouts/Disposable/Sources/Disposable/Disposable.swift /Users/admin/builder/spi-builder-workspace/.dependencies/checkouts/Disposable/Sources/Disposable/DisposableBuilder.swift /Users/admin/builder/spi-builder-workspace/.dependencies/checkouts/Disposable/Sources/Disposable/DisposableStage.swift -primary-file /Users/admin/builder/spi-builder-workspace/.dependencies/checkouts/Disposable/Sources/Disposable/ErasedDisposable.swift /Users/admin/builder/spi-builder-workspace/.dependencies/checkouts/Disposable/Sources/Disposable/Locked.swift /Users/admin/builder/spi-builder-workspace/.dependencies/checkouts/Disposable/Sources/Disposable/Task.swift -emit-dependencies-path /Users/admin/builder/spi-builder-workspace/.derivedData/Build/Intermediates.noindex/Disposable.build/Debug-watchos/Disposable.build/Objects-normal/arm64_32/ErasedDisposable.d -emit-const-values-path /Users/admin/builder/spi-builder-workspace/.derivedData/Build/Intermediates.noindex/Disposable.build/Debug-watchos/Disposable.build/Objects-normal/arm64_32/ErasedDisposable.swiftconstvalues -emit-reference-dependencies-path /Users/admin/builder/spi-builder-workspace/.derivedData/Build/Intermediates.noindex/Disposable.build/Debug-watchos/Disposable.build/Objects-normal/arm64_32/ErasedDisposable.swiftdeps -serialize-diagnostics-path /Users/admin/builder/spi-builder-workspace/.derivedData/Build/Intermediates.noindex/Disposable.build/Debug-watchos/Disposable.build/Objects-normal/arm64_32/ErasedDisposable.dia -target arm64_32-apple-watchos8.5 -enable-objc-interop -sdk /Applications/Xcode-15.3.0.app/Contents/Developer/Platforms/WatchOS.platform/Developer/SDKs/WatchOS10.4.sdk -I /Users/admin/builder/spi-builder-workspace/.derivedData/Build/Products/Debug-watchos -I /Applications/Xcode-15.3.0.app/Contents/Developer/Platforms/WatchOS.platform/Developer/usr/lib -F /Users/admin/builder/spi-builder-workspace/.derivedData/Build/Products/Debug-watchos -F /Applications/Xcode-15.3.0.app/Contents/Developer/Platforms/WatchOS.platform/Developer/Library/Frameworks -F /Applications/Xcode-15.3.0.app/Contents/Developer/Platforms/WatchOS.platform/Developer/SDKs/WatchOS10.4.sdk/Developer/Library/Frameworks -no-color-diagnostics -enable-testing -g -module-cache-path /Users/admin/builder/spi-builder-workspace/.derivedData/ModuleCache.noindex -suppress-warnings -profile-generate -profile-coverage-mapping -swift-version 5 -enforce-exclusivity\=checked -stats-output-dir /Users/admin/builder/spi-builder-workspace/.dependencies/checkouts/Disposable/.stats -Onone -D SWIFT_PACKAGE -D DEBUG -serialize-debugging-options -const-gather-protocols-file /Users/admin/builder/spi-builder-workspace/.derivedData/Build/Intermediates.noindex/Disposable.build/Debug-watchos/Disposable.build/Objects-normal/arm64_32/Disposable_const_extract_protocols.json -strict-concurrency\=complete -empty-abi-descriptor -validate-clang-modules-once -clang-build-session-file /Users/admin/builder/spi-builder-workspace/.derivedData/ModuleCache.noindex/Session.modulevalidation -Xcc -working-directory -Xcc /Users/admin/builder/spi-builder-workspace/.dependencies/checkouts/Disposable -resource-dir /Library/Developer/Toolchains/swift-6.0-DEVELOPMENT-SNAPSHOT-2024-05-26-a.xctoolchain/usr/lib/swift -enable-anonymous-context-mangled-names -Xcc -I/Users/admin/builder/spi-builder-workspace/.derivedData/Build/Intermediates.noindex/Disposable.build/Debug-watchos/Disposable.build/swift-overrides.hmap -Xcc -I/Users/admin/builder/spi-builder-workspace/.derivedData/Build/Products/Debug-watchos/include -Xcc -I/Users/admin/builder/spi-builder-workspace/.derivedData/Build/Intermediates.noindex/Disposable.build/Debug-watchos/Disposable.build/DerivedSources-normal/arm64_32 -Xcc -I/Users/admin/builder/spi-builder-workspace/.derivedData/Build/Intermediates.noindex/Disposable.build/Debug-watchos/Disposable.build/DerivedSources/arm64_32 -Xcc -I/Users/admin/builder/spi-builder-workspace/.derivedData/Build/Intermediates.noindex/Disposable.build/Debug-watchos/Disposable.build/DerivedSources -Xcc -DSWIFT_PACKAGE -Xcc -DDEBUG\=1 -module-name Disposable -frontend-parseable-output -disable-clang-spi -target-sdk-version 10.4 -target-sdk-name watchos10.4 -external-plugin-path /Applications/Xcode-15.3.0.app/Contents/Developer/Platforms/WatchOS.platform/Developer/SDKs/WatchOS10.4.sdk/usr/lib/swift/host/plugins\#/Applications/Xcode-15.3.0.app/Contents/Developer/Platforms/WatchOS.platform/Developer/SDKs/WatchOS10.4.sdk/usr/bin/swift-plugin-server -external-plugin-path /Applications/Xcode-15.3.0.app/Contents/Developer/Platforms/WatchOS.platform/Developer/SDKs/WatchOS10.4.sdk/usr/local/lib/swift/host/plugins\#/Applications/Xcode-15.3.0.app/Contents/Developer/Platforms/WatchOS.platform/Developer/SDKs/WatchOS10.4.sdk/usr/bin/swift-plugin-server -external-plugin-path /Applications/Xcode-15.3.0.app/Contents/Developer/Platforms/WatchOS.platform/Developer/usr/lib/swift/host/plugins\#/Applications/Xcode-15.3.0.app/Contents/Developer/Platforms/WatchOS.platform/Developer/usr/bin/swift-plugin-server -external-plugin-path /Applications/Xcode-15.3.0.app/Contents/Developer/Platforms/WatchOS.platform/Developer/usr/local/lib/swift/host/plugins\#/Applications/Xcode-15.3.0.app/Contents/Developer/Platforms/WatchOS.platform/Developer/usr/bin/swift-plugin-server -plugin-path /Library/Developer/Toolchains/swift-6.0-DEVELOPMENT-SNAPSHOT-2024-05-26-a.xctoolchain/usr/lib/swift/host/plugins -plugin-path /Library/Developer/Toolchains/swift-6.0-DEVELOPMENT-SNAPSHOT-2024-05-26-a.xctoolchain/usr/local/lib/swift/host/plugins -o /Users/admin/builder/spi-builder-workspace/.derivedData/Build/Intermediates.noindex/Disposable.build/Debug-watchos/Disposable.build/Objects-normal/arm64_32/ErasedDisposable.o -index-unit-output-path /Disposable.build/Debug-watchos/Disposable.build/Objects-normal/arm64_32/ErasedDisposable.o -index-store-path /Users/admin/builder/spi-builder-workspace/.derivedData/Index.noindex/DataStore -index-system-modules
SwiftCompile normal arm64_32 /Users/admin/builder/spi-builder-workspace/.dependencies/checkouts/Disposable/Sources/Disposable/ErasedDisposable.swift (in target 'Disposable' from project 'Disposable')
    cd /Users/admin/builder/spi-builder-workspace/.dependencies/checkouts/Disposable
    /Library/Developer/Toolchains/swift-6.0-DEVELOPMENT-SNAPSHOT-2024-05-26-a.xctoolchain/usr/bin/swift-frontend -c /Users/admin/builder/spi-builder-workspace/.dependencies/checkouts/Disposable/Sources/Disposable/AutoDisposable.swift /Users/admin/builder/spi-builder-workspace/.dependencies/checkouts/Disposable/Sources/Disposable/Bridging/CombineExtensions.swift /Users/admin/builder/spi-builder-workspace/.dependencies/checkouts/Disposable/Sources/Disposable/Bridging/TaskExtensions.swift /Users/admin/builder/spi-builder-workspace/.dependencies/checkouts/Disposable/Sources/Disposable/ConvenienceStages.swift /Users/admin/builder/spi-builder-workspace/.dependencies/checkouts/Disposable/Sources/Disposable/Disposable.swift /Users/admin/builder/spi-builder-workspace/.dependencies/checkouts/Disposable/Sources/Disposable/DisposableBuilder.swift /Users/admin/builder/spi-builder-workspace/.dependencies/checkouts/Disposable/Sources/Disposable/DisposableStage.swift -primary-file /Users/admin/builder/spi-builder-workspace/.dependencies/checkouts/Disposable/Sources/Disposable/ErasedDisposable.swift /Users/admin/builder/spi-builder-workspace/.dependencies/checkouts/Disposable/Sources/Disposable/Locked.swift /Users/admin/builder/spi-builder-workspace/.dependencies/checkouts/Disposable/Sources/Disposable/Task.swift -emit-dependencies-path /Users/admin/builder/spi-builder-workspace/.derivedData/Build/Intermediates.noindex/Disposable.build/Debug-watchos/Disposable.build/Objects-normal/arm64_32/ErasedDisposable.d -emit-const-values-path /Users/admin/builder/spi-builder-workspace/.derivedData/Build/Intermediates.noindex/Disposable.build/Debug-watchos/Disposable.build/Objects-normal/arm64_32/ErasedDisposable.swiftconstvalues -emit-reference-dependencies-path /Users/admin/builder/spi-builder-workspace/.derivedData/Build/Intermediates.noindex/Disposable.build/Debug-watchos/Disposable.build/Objects-normal/arm64_32/ErasedDisposable.swiftdeps -serialize-diagnostics-path /Users/admin/builder/spi-builder-workspace/.derivedData/Build/Intermediates.noindex/Disposable.build/Debug-watchos/Disposable.build/Objects-normal/arm64_32/ErasedDisposable.dia -target arm64_32-apple-watchos8.5 -enable-objc-interop -sdk /Applications/Xcode-15.3.0.app/Contents/Developer/Platforms/WatchOS.platform/Developer/SDKs/WatchOS10.4.sdk -I /Users/admin/builder/spi-builder-workspace/.derivedData/Build/Products/Debug-watchos -I /Applications/Xcode-15.3.0.app/Contents/Developer/Platforms/WatchOS.platform/Developer/usr/lib -F /Users/admin/builder/spi-builder-workspace/.derivedData/Build/Products/Debug-watchos -F /Applications/Xcode-15.3.0.app/Contents/Developer/Platforms/WatchOS.platform/Developer/Library/Frameworks -F /Applications/Xcode-15.3.0.app/Contents/Developer/Platforms/WatchOS.platform/Developer/SDKs/WatchOS10.4.sdk/Developer/Library/Frameworks -no-color-diagnostics -enable-testing -g -module-cache-path /Users/admin/builder/spi-builder-workspace/.derivedData/ModuleCache.noindex -suppress-warnings -profile-generate -profile-coverage-mapping -swift-version 5 -enforce-exclusivity\=checked -stats-output-dir /Users/admin/builder/spi-builder-workspace/.dependencies/checkouts/Disposable/.stats -Onone -D SWIFT_PACKAGE -D DEBUG -serialize-debugging-options -const-gather-protocols-file /Users/admin/builder/spi-builder-workspace/.derivedData/Build/Intermediates.noindex/Disposable.build/Debug-watchos/Disposable.build/Objects-normal/arm64_32/Disposable_const_extract_protocols.json -strict-concurrency\=complete -empty-abi-descriptor -validate-clang-modules-once -clang-build-session-file /Users/admin/builder/spi-builder-workspace/.derivedData/ModuleCache.noindex/Session.modulevalidation -Xcc -working-directory -Xcc /Users/admin/builder/spi-builder-workspace/.dependencies/checkouts/Disposable -resource-dir /Library/Developer/Toolchains/swift-6.0-DEVELOPMENT-SNAPSHOT-2024-05-26-a.xctoolchain/usr/lib/swift -enable-anonymous-context-mangled-names -Xcc -I/Users/admin/builder/spi-builder-workspace/.derivedData/Build/Intermediates.noindex/Disposable.build/Debug-watchos/Disposable.build/swift-overrides.hmap -Xcc -I/Users/admin/builder/spi-builder-workspace/.derivedData/Build/Products/Debug-watchos/include -Xcc -I/Users/admin/builder/spi-builder-workspace/.derivedData/Build/Intermediates.noindex/Disposable.build/Debug-watchos/Disposable.build/DerivedSources-normal/arm64_32 -Xcc -I/Users/admin/builder/spi-builder-workspace/.derivedData/Build/Intermediates.noindex/Disposable.build/Debug-watchos/Disposable.build/DerivedSources/arm64_32 -Xcc -I/Users/admin/builder/spi-builder-workspace/.derivedData/Build/Intermediates.noindex/Disposable.build/Debug-watchos/Disposable.build/DerivedSources -Xcc -DSWIFT_PACKAGE -Xcc -DDEBUG\=1 -module-name Disposable -frontend-parseable-output -disable-clang-spi -target-sdk-version 10.4 -target-sdk-name watchos10.4 -external-plugin-path /Applications/Xcode-15.3.0.app/Contents/Developer/Platforms/WatchOS.platform/Developer/SDKs/WatchOS10.4.sdk/usr/lib/swift/host/plugins\#/Applications/Xcode-15.3.0.app/Contents/Developer/Platforms/WatchOS.platform/Developer/SDKs/WatchOS10.4.sdk/usr/bin/swift-plugin-server -external-plugin-path /Applications/Xcode-15.3.0.app/Contents/Developer/Platforms/WatchOS.platform/Developer/SDKs/WatchOS10.4.sdk/usr/local/lib/swift/host/plugins\#/Applications/Xcode-15.3.0.app/Contents/Developer/Platforms/WatchOS.platform/Developer/SDKs/WatchOS10.4.sdk/usr/bin/swift-plugin-server -external-plugin-path /Applications/Xcode-15.3.0.app/Contents/Developer/Platforms/WatchOS.platform/Developer/usr/lib/swift/host/plugins\#/Applications/Xcode-15.3.0.app/Contents/Developer/Platforms/WatchOS.platform/Developer/usr/bin/swift-plugin-server -external-plugin-path /Applications/Xcode-15.3.0.app/Contents/Developer/Platforms/WatchOS.platform/Developer/usr/local/lib/swift/host/plugins\#/Applications/Xcode-15.3.0.app/Contents/Developer/Platforms/WatchOS.platform/Developer/usr/bin/swift-plugin-server -plugin-path /Library/Developer/Toolchains/swift-6.0-DEVELOPMENT-SNAPSHOT-2024-05-26-a.xctoolchain/usr/lib/swift/host/plugins -plugin-path /Library/Developer/Toolchains/swift-6.0-DEVELOPMENT-SNAPSHOT-2024-05-26-a.xctoolchain/usr/local/lib/swift/host/plugins -o /Users/admin/builder/spi-builder-workspace/.derivedData/Build/Intermediates.noindex/Disposable.build/Debug-watchos/Disposable.build/Objects-normal/arm64_32/ErasedDisposable.o -index-unit-output-path /Disposable.build/Debug-watchos/Disposable.build/Objects-normal/arm64_32/ErasedDisposable.o -index-store-path /Users/admin/builder/spi-builder-workspace/.derivedData/Index.noindex/DataStore -index-system-modules
SwiftEmitModule normal arm64 Emitting\ module\ for\ _CollectionsUtilities (in target '_CollectionsUtilities' from project 'swift-collections')
    cd /Users/admin/builder/spi-builder-workspace/.dependencies/checkouts/swift-collections-v1_1-fork
    builtin-swiftTaskExecution -- /Library/Developer/Toolchains/swift-6.0-DEVELOPMENT-SNAPSHOT-2024-05-26-a.xctoolchain/usr/bin/swift-frontend -frontend -emit-module -experimental-skip-non-inlinable-function-bodies-without-types /Users/admin/builder/spi-builder-workspace/.dependencies/checkouts/swift-collections-v1_1-fork/Sources/_CollectionsUtilities/Compatibility/autogenerated/Array+WithContiguousStorage\ Compatibility.swift /Users/admin/builder/spi-builder-workspace/.dependencies/checkouts/swift-collections-v1_1-fork/Sources/_CollectionsUtilities/Compatibility/autogenerated/UnsafeMutableBufferPointer+SE-0370.swift /Users/admin/builder/spi-builder-workspace/.dependencies/checkouts/swift-collections-v1_1-fork/Sources/_CollectionsUtilities/Compatibility/autogenerated/UnsafeMutablePointer+SE-0370.swift /Users/admin/builder/spi-builder-workspace/.dependencies/checkouts/swift-collections-v1_1-fork/Sources/_CollectionsUtilities/Compatibility/autogenerated/UnsafeRawPointer\ extensions.swift /Users/admin/builder/spi-builder-workspace/.dependencies/checkouts/swift-collections-v1_1-fork/Sources/_CollectionsUtilities/IntegerTricks/autogenerated/FixedWidthInteger+roundUpToPowerOfTwo.swift /Users/admin/builder/spi-builder-workspace/.dependencies/checkouts/swift-collections-v1_1-fork/Sources/_CollectionsUtilities/IntegerTricks/autogenerated/Integer\ rank.swift /Users/admin/builder/spi-builder-workspace/.dependencies/checkouts/swift-collections-v1_1-fork/Sources/_CollectionsUtilities/IntegerTricks/autogenerated/UInt+first\ and\ last\ set\ bit.swift /Users/admin/builder/spi-builder-workspace/.dependencies/checkouts/swift-collections-v1_1-fork/Sources/_CollectionsUtilities/IntegerTricks/autogenerated/UInt+reversed.swift /Users/admin/builder/spi-builder-workspace/.dependencies/checkouts/swift-collections-v1_1-fork/Sources/_CollectionsUtilities/UnsafeBitSet/autogenerated/_UnsafeBitSet+Index.swift /Users/admin/builder/spi-builder-workspace/.dependencies/checkouts/swift-collections-v1_1-fork/Sources/_CollectionsUtilities/UnsafeBitSet/autogenerated/_UnsafeBitSet+_Word.swift /Users/admin/builder/spi-builder-workspace/.dependencies/checkouts/swift-collections-v1_1-fork/Sources/_CollectionsUtilities/UnsafeBitSet/autogenerated/_UnsafeBitSet.swift /Users/admin/builder/spi-builder-workspace/.dependencies/checkouts/swift-collections-v1_1-fork/Sources/_CollectionsUtilities/_SortedCollection.swift /Users/admin/builder/spi-builder-workspace/.dependencies/checkouts/swift-collections-v1_1-fork/Sources/_CollectionsUtilities/_UniqueCollection.swift /Users/admin/builder/spi-builder-workspace/.dependencies/checkouts/swift-collections-v1_1-fork/Sources/_CollectionsUtilities/autogenerated/Debugging.swift /Users/admin/builder/spi-builder-workspace/.dependencies/checkouts/swift-collections-v1_1-fork/Sources/_CollectionsUtilities/autogenerated/Descriptions.swift /Users/admin/builder/spi-builder-workspace/.dependencies/checkouts/swift-collections-v1_1-fork/Sources/_CollectionsUtilities/autogenerated/RandomAccessCollection+Offsets.swift /Users/admin/builder/spi-builder-workspace/.dependencies/checkouts/swift-collections-v1_1-fork/Sources/_CollectionsUtilities/autogenerated/UnsafeBufferPointer+Extras.swift /Users/admin/builder/spi-builder-workspace/.dependencies/checkouts/swift-collections-v1_1-fork/Sources/_CollectionsUtilities/autogenerated/UnsafeMutableBufferPointer+Extras.swift -target arm64-apple-watchos5.0 -Xllvm -aarch64-use-tbi -enable-objc-interop -sdk /Applications/Xcode-15.3.0.app/Contents/Developer/Platforms/WatchOS.platform/Developer/SDKs/WatchOS10.4.sdk -I /Users/admin/builder/spi-builder-workspace/.derivedData/Build/Products/Debug-watchos -I /Applications/Xcode-15.3.0.app/Contents/Developer/Platforms/WatchOS.platform/Developer/usr/lib -F /Users/admin/builder/spi-builder-workspace/.derivedData/Build/Products/Debug-watchos -F /Applications/Xcode-15.3.0.app/Contents/Developer/Platforms/WatchOS.platform/Developer/Library/Frameworks -F /Applications/Xcode-15.3.0.app/Contents/Developer/Platforms/WatchOS.platform/Developer/SDKs/WatchOS10.4.sdk/Developer/Library/Frameworks -no-color-diagnostics -enable-testing -g -module-cache-path /Users/admin/builder/spi-builder-workspace/.derivedData/ModuleCache.noindex -suppress-warnings -profile-generate -profile-coverage-mapping -swift-version 5 -enforce-exclusivity\=checked -stats-output-dir /Users/admin/builder/spi-builder-workspace/.dependencies/checkouts/swift-collections-v1_1-fork/.stats -Onone -D SWIFT_PACKAGE -D DEBUG -D COLLECTIONS_RANDOMIZED_TESTING -serialize-debugging-options -const-gather-protocols-file /Users/admin/builder/spi-builder-workspace/.derivedData/Build/Intermediates.noindex/swift-collections.build/Debug-watchos/_CollectionsUtilities.build/Objects-normal/arm64/_CollectionsUtilities_const_extract_protocols.json -strict-concurrency\=complete -empty-abi-descriptor -validate-clang-modules-once -clang-build-session-file /Users/admin/builder/spi-builder-workspace/.derivedData/ModuleCache.noindex/Session.modulevalidation -Xcc -working-directory -Xcc /Users/admin/builder/spi-builder-workspace/.dependencies/checkouts/swift-collections-v1_1-fork -resource-dir /Library/Developer/Toolchains/swift-6.0-DEVELOPMENT-SNAPSHOT-2024-05-26-a.xctoolchain/usr/lib/swift -enable-anonymous-context-mangled-names -Xcc -I/Users/admin/builder/spi-builder-workspace/.derivedData/Build/Intermediates.noindex/swift-collections.build/Debug-watchos/_CollectionsUtilities.build/swift-overrides.hmap -Xcc -I/Users/admin/builder/spi-builder-workspace/.derivedData/Build/Products/Debug-watchos/include -Xcc -I/Users/admin/builder/spi-builder-workspace/.derivedData/Build/Intermediates.noindex/swift-collections.build/Debug-watchos/_CollectionsUtilities.build/DerivedSources-normal/arm64 -Xcc -I/Users/admin/builder/spi-builder-workspace/.derivedData/Build/Intermediates.noindex/swift-collections.build/Debug-watchos/_CollectionsUtilities.build/DerivedSources/arm64 -Xcc -I/Users/admin/builder/spi-builder-workspace/.derivedData/Build/Intermediates.noindex/swift-collections.build/Debug-watchos/_CollectionsUtilities.build/DerivedSources -Xcc -DSWIFT_PACKAGE -Xcc -DDEBUG\=1 -module-name _CollectionsUtilities -disable-clang-spi -target-sdk-version 10.4 -target-sdk-name watchos10.4 -external-plugin-path /Applications/Xcode-15.3.0.app/Contents/Developer/Platforms/WatchOS.platform/Developer/SDKs/WatchOS10.4.sdk/usr/lib/swift/host/plugins\#/Applications/Xcode-15.3.0.app/Contents/Developer/Platforms/WatchOS.platform/Developer/SDKs/WatchOS10.4.sdk/usr/bin/swift-plugin-server -external-plugin-path /Applications/Xcode-15.3.0.app/Contents/Developer/Platforms/WatchOS.platform/Developer/SDKs/WatchOS10.4.sdk/usr/local/lib/swift/host/plugins\#/Applications/Xcode-15.3.0.app/Contents/Developer/Platforms/WatchOS.platform/Developer/SDKs/WatchOS10.4.sdk/usr/bin/swift-plugin-server -external-plugin-path /Applications/Xcode-15.3.0.app/Contents/Developer/Platforms/WatchOS.platform/Developer/usr/lib/swift/host/plugins\#/Applications/Xcode-15.3.0.app/Contents/Developer/Platforms/WatchOS.platform/Developer/usr/bin/swift-plugin-server -external-plugin-path /Applications/Xcode-15.3.0.app/Contents/Developer/Platforms/WatchOS.platform/Developer/usr/local/lib/swift/host/plugins\#/Applications/Xcode-15.3.0.app/Contents/Developer/Platforms/WatchOS.platform/Developer/usr/bin/swift-plugin-server -plugin-path /Library/Developer/Toolchains/swift-6.0-DEVELOPMENT-SNAPSHOT-2024-05-26-a.xctoolchain/usr/lib/swift/host/plugins -plugin-path /Library/Developer/Toolchains/swift-6.0-DEVELOPMENT-SNAPSHOT-2024-05-26-a.xctoolchain/usr/local/lib/swift/host/plugins -emit-module-doc-path /Users/admin/builder/spi-builder-workspace/.derivedData/Build/Intermediates.noindex/swift-collections.build/Debug-watchos/_CollectionsUtilities.build/Objects-normal/arm64/_CollectionsUtilities.swiftdoc -emit-module-source-info-path /Users/admin/builder/spi-builder-workspace/.derivedData/Build/Intermediates.noindex/swift-collections.build/Debug-watchos/_CollectionsUtilities.build/Objects-normal/arm64/_CollectionsUtilities.swiftsourceinfo -emit-objc-header-path /Users/admin/builder/spi-builder-workspace/.derivedData/Build/Intermediates.noindex/swift-collections.build/Debug-watchos/_CollectionsUtilities.build/Objects-normal/arm64/_CollectionsUtilities-Swift.h -serialize-diagnostics-path /Users/admin/builder/spi-builder-workspace/.derivedData/Build/Intermediates.noindex/swift-collections.build/Debug-watchos/_CollectionsUtilities.build/Objects-normal/arm64/_CollectionsUtilities-master-emit-module.dia -emit-dependencies-path /Users/admin/builder/spi-builder-workspace/.derivedData/Build/Intermediates.noindex/swift-collections.build/Debug-watchos/_CollectionsUtilities.build/Objects-normal/arm64/_CollectionsUtilities-master-emit-module.d -o /Users/admin/builder/spi-builder-workspace/.derivedData/Build/Intermediates.noindex/swift-collections.build/Debug-watchos/_CollectionsUtilities.build/Objects-normal/arm64/_CollectionsUtilities.swiftmodule -emit-abi-descriptor-path /Users/admin/builder/spi-builder-workspace/.derivedData/Build/Intermediates.noindex/swift-collections.build/Debug-watchos/_CollectionsUtilities.build/Objects-normal/arm64/_CollectionsUtilities.abi.json
SwiftDriverJobDiscovery normal arm64_32 Compiling TaskExtensions.swift (in target 'Disposable' from project 'Disposable')
SwiftEmitModule normal arm64_32 Emitting\ module\ for\ _CollectionsUtilities (in target '_CollectionsUtilities' from project 'swift-collections')
    cd /Users/admin/builder/spi-builder-workspace/.dependencies/checkouts/swift-collections-v1_1-fork
    builtin-swiftTaskExecution -- /Library/Developer/Toolchains/swift-6.0-DEVELOPMENT-SNAPSHOT-2024-05-26-a.xctoolchain/usr/bin/swift-frontend -frontend -emit-module -experimental-skip-non-inlinable-function-bodies-without-types /Users/admin/builder/spi-builder-workspace/.dependencies/checkouts/swift-collections-v1_1-fork/Sources/_CollectionsUtilities/Compatibility/autogenerated/Array+WithContiguousStorage\ Compatibility.swift /Users/admin/builder/spi-builder-workspace/.dependencies/checkouts/swift-collections-v1_1-fork/Sources/_CollectionsUtilities/Compatibility/autogenerated/UnsafeMutableBufferPointer+SE-0370.swift /Users/admin/builder/spi-builder-workspace/.dependencies/checkouts/swift-collections-v1_1-fork/Sources/_CollectionsUtilities/Compatibility/autogenerated/UnsafeMutablePointer+SE-0370.swift /Users/admin/builder/spi-builder-workspace/.dependencies/checkouts/swift-collections-v1_1-fork/Sources/_CollectionsUtilities/Compatibility/autogenerated/UnsafeRawPointer\ extensions.swift /Users/admin/builder/spi-builder-workspace/.dependencies/checkouts/swift-collections-v1_1-fork/Sources/_CollectionsUtilities/IntegerTricks/autogenerated/FixedWidthInteger+roundUpToPowerOfTwo.swift /Users/admin/builder/spi-builder-workspace/.dependencies/checkouts/swift-collections-v1_1-fork/Sources/_CollectionsUtilities/IntegerTricks/autogenerated/Integer\ rank.swift /Users/admin/builder/spi-builder-workspace/.dependencies/checkouts/swift-collections-v1_1-fork/Sources/_CollectionsUtilities/IntegerTricks/autogenerated/UInt+first\ and\ last\ set\ bit.swift /Users/admin/builder/spi-builder-workspace/.dependencies/checkouts/swift-collections-v1_1-fork/Sources/_CollectionsUtilities/IntegerTricks/autogenerated/UInt+reversed.swift /Users/admin/builder/spi-builder-workspace/.dependencies/checkouts/swift-collections-v1_1-fork/Sources/_CollectionsUtilities/UnsafeBitSet/autogenerated/_UnsafeBitSet+Index.swift /Users/admin/builder/spi-builder-workspace/.dependencies/checkouts/swift-collections-v1_1-fork/Sources/_CollectionsUtilities/UnsafeBitSet/autogenerated/_UnsafeBitSet+_Word.swift /Users/admin/builder/spi-builder-workspace/.dependencies/checkouts/swift-collections-v1_1-fork/Sources/_CollectionsUtilities/UnsafeBitSet/autogenerated/_UnsafeBitSet.swift /Users/admin/builder/spi-builder-workspace/.dependencies/checkouts/swift-collections-v1_1-fork/Sources/_CollectionsUtilities/_SortedCollection.swift /Users/admin/builder/spi-builder-workspace/.dependencies/checkouts/swift-collections-v1_1-fork/Sources/_CollectionsUtilities/_UniqueCollection.swift /Users/admin/builder/spi-builder-workspace/.dependencies/checkouts/swift-collections-v1_1-fork/Sources/_CollectionsUtilities/autogenerated/Debugging.swift /Users/admin/builder/spi-builder-workspace/.dependencies/checkouts/swift-collections-v1_1-fork/Sources/_CollectionsUtilities/autogenerated/Descriptions.swift /Users/admin/builder/spi-builder-workspace/.dependencies/checkouts/swift-collections-v1_1-fork/Sources/_CollectionsUtilities/autogenerated/RandomAccessCollection+Offsets.swift /Users/admin/builder/spi-builder-workspace/.dependencies/checkouts/swift-collections-v1_1-fork/Sources/_CollectionsUtilities/autogenerated/UnsafeBufferPointer+Extras.swift /Users/admin/builder/spi-builder-workspace/.dependencies/checkouts/swift-collections-v1_1-fork/Sources/_CollectionsUtilities/autogenerated/UnsafeMutableBufferPointer+Extras.swift -target arm64_32-apple-watchos5.0 -enable-objc-interop -sdk /Applications/Xcode-15.3.0.app/Contents/Developer/Platforms/WatchOS.platform/Developer/SDKs/WatchOS10.4.sdk -I /Users/admin/builder/spi-builder-workspace/.derivedData/Build/Products/Debug-watchos -I /Applications/Xcode-15.3.0.app/Contents/Developer/Platforms/WatchOS.platform/Developer/usr/lib -F /Users/admin/builder/spi-builder-workspace/.derivedData/Build/Products/Debug-watchos -F /Applications/Xcode-15.3.0.app/Contents/Developer/Platforms/WatchOS.platform/Developer/Library/Frameworks -F /Applications/Xcode-15.3.0.app/Contents/Developer/Platforms/WatchOS.platform/Developer/SDKs/WatchOS10.4.sdk/Developer/Library/Frameworks -no-color-diagnostics -enable-testing -g -module-cache-path /Users/admin/builder/spi-builder-workspace/.derivedData/ModuleCache.noindex -suppress-warnings -profile-generate -profile-coverage-mapping -swift-version 5 -enforce-exclusivity\=checked -stats-output-dir /Users/admin/builder/spi-builder-workspace/.dependencies/checkouts/swift-collections-v1_1-fork/.stats -Onone -D SWIFT_PACKAGE -D DEBUG -D COLLECTIONS_RANDOMIZED_TESTING -serialize-debugging-options -const-gather-protocols-file /Users/admin/builder/spi-builder-workspace/.derivedData/Build/Intermediates.noindex/swift-collections.build/Debug-watchos/_CollectionsUtilities.build/Objects-normal/arm64_32/_CollectionsUtilities_const_extract_protocols.json -strict-concurrency\=complete -empty-abi-descriptor -validate-clang-modules-once -clang-build-session-file /Users/admin/builder/spi-builder-workspace/.derivedData/ModuleCache.noindex/Session.modulevalidation -Xcc -working-directory -Xcc /Users/admin/builder/spi-builder-workspace/.dependencies/checkouts/swift-collections-v1_1-fork -resource-dir /Library/Developer/Toolchains/swift-6.0-DEVELOPMENT-SNAPSHOT-2024-05-26-a.xctoolchain/usr/lib/swift -enable-anonymous-context-mangled-names -Xcc -I/Users/admin/builder/spi-builder-workspace/.derivedData/Build/Intermediates.noindex/swift-collections.build/Debug-watchos/_CollectionsUtilities.build/swift-overrides.hmap -Xcc -I/Users/admin/builder/spi-builder-workspace/.derivedData/Build/Products/Debug-watchos/include -Xcc -I/Users/admin/builder/spi-builder-workspace/.derivedData/Build/Intermediates.noindex/swift-collections.build/Debug-watchos/_CollectionsUtilities.build/DerivedSources-normal/arm64_32 -Xcc -I/Users/admin/builder/spi-builder-workspace/.derivedData/Build/Intermediates.noindex/swift-collections.build/Debug-watchos/_CollectionsUtilities.build/DerivedSources/arm64_32 -Xcc -I/Users/admin/builder/spi-builder-workspace/.derivedData/Build/Intermediates.noindex/swift-collections.build/Debug-watchos/_CollectionsUtilities.build/DerivedSources -Xcc -DSWIFT_PACKAGE -Xcc -DDEBUG\=1 -module-name _CollectionsUtilities -disable-clang-spi -target-sdk-version 10.4 -target-sdk-name watchos10.4 -external-plugin-path /Applications/Xcode-15.3.0.app/Contents/Developer/Platforms/WatchOS.platform/Developer/SDKs/WatchOS10.4.sdk/usr/lib/swift/host/plugins\#/Applications/Xcode-15.3.0.app/Contents/Developer/Platforms/WatchOS.platform/Developer/SDKs/WatchOS10.4.sdk/usr/bin/swift-plugin-server -external-plugin-path /Applications/Xcode-15.3.0.app/Contents/Developer/Platforms/WatchOS.platform/Developer/SDKs/WatchOS10.4.sdk/usr/local/lib/swift/host/plugins\#/Applications/Xcode-15.3.0.app/Contents/Developer/Platforms/WatchOS.platform/Developer/SDKs/WatchOS10.4.sdk/usr/bin/swift-plugin-server -external-plugin-path /Applications/Xcode-15.3.0.app/Contents/Developer/Platforms/WatchOS.platform/Developer/usr/lib/swift/host/plugins\#/Applications/Xcode-15.3.0.app/Contents/Developer/Platforms/WatchOS.platform/Developer/usr/bin/swift-plugin-server -external-plugin-path /Applications/Xcode-15.3.0.app/Contents/Developer/Platforms/WatchOS.platform/Developer/usr/local/lib/swift/host/plugins\#/Applications/Xcode-15.3.0.app/Contents/Developer/Platforms/WatchOS.platform/Developer/usr/bin/swift-plugin-server -plugin-path /Library/Developer/Toolchains/swift-6.0-DEVELOPMENT-SNAPSHOT-2024-05-26-a.xctoolchain/usr/lib/swift/host/plugins -plugin-path /Library/Developer/Toolchains/swift-6.0-DEVELOPMENT-SNAPSHOT-2024-05-26-a.xctoolchain/usr/local/lib/swift/host/plugins -emit-module-doc-path /Users/admin/builder/spi-builder-workspace/.derivedData/Build/Intermediates.noindex/swift-collections.build/Debug-watchos/_CollectionsUtilities.build/Objects-normal/arm64_32/_CollectionsUtilities.swiftdoc -emit-module-source-info-path /Users/admin/builder/spi-builder-workspace/.derivedData/Build/Intermediates.noindex/swift-collections.build/Debug-watchos/_CollectionsUtilities.build/Objects-normal/arm64_32/_CollectionsUtilities.swiftsourceinfo -emit-objc-header-path /Users/admin/builder/spi-builder-workspace/.derivedData/Build/Intermediates.noindex/swift-collections.build/Debug-watchos/_CollectionsUtilities.build/Objects-normal/arm64_32/_CollectionsUtilities-Swift.h -serialize-diagnostics-path /Users/admin/builder/spi-builder-workspace/.derivedData/Build/Intermediates.noindex/swift-collections.build/Debug-watchos/_CollectionsUtilities.build/Objects-normal/arm64_32/_CollectionsUtilities-master-emit-module.dia -emit-dependencies-path /Users/admin/builder/spi-builder-workspace/.derivedData/Build/Intermediates.noindex/swift-collections.build/Debug-watchos/_CollectionsUtilities.build/Objects-normal/arm64_32/_CollectionsUtilities-master-emit-module.d -o /Users/admin/builder/spi-builder-workspace/.derivedData/Build/Intermediates.noindex/swift-collections.build/Debug-watchos/_CollectionsUtilities.build/Objects-normal/arm64_32/_CollectionsUtilities.swiftmodule -emit-abi-descriptor-path /Users/admin/builder/spi-builder-workspace/.derivedData/Build/Intermediates.noindex/swift-collections.build/Debug-watchos/_CollectionsUtilities.build/Objects-normal/arm64_32/_CollectionsUtilities.abi.json
Error opening -stats-output-dir file '/Users/admin/builder/spi-builder-workspace/.dependencies/checkouts/swift-collections-v1_1-fork/.stats/stats-1717042921497291-swift-frontend-_CollectionsUtilities-all-arm64_32_apple_watchos5.0-swiftmodule-Onone-2690811084.json' for writing
===-------------------------------------------------------------------------===
                               Swift compilation
===-------------------------------------------------------------------------===
  Total Execution Time: 3.4511 seconds (3.4533 wall clock)
   ---User Time---   --System Time--   --User+System--   ---Wall Time---  --- Name ---
   0.1755 ( 11.3%)   0.2302 ( 12.1%)   0.4057 ( 11.8%)   0.4058 ( 11.8%)  perform-sema
   0.1739 ( 11.2%)   0.2282 ( 12.0%)   0.4021 ( 11.7%)   0.4022 ( 11.6%)  TypeCheckSourceFileRequest
   0.1737 ( 11.2%)   0.2277 ( 12.0%)   0.4014 ( 11.6%)   0.4015 ( 11.6%)  Type checking and Semantic analysis
   0.1355 (  8.7%)   0.1595 (  8.4%)   0.2950 (  8.5%)   0.2951 (  8.5%)  TypeCheckFunctionBodyRequest
   0.1271 (  8.2%)   0.1449 (  7.6%)   0.2719 (  7.9%)   0.2720 (  7.9%)  typecheck-stmt
   0.1220 (  7.9%)   0.0984 (  5.2%)   0.2204 (  6.4%)   0.2210 (  6.4%)  ExecuteSILPipelineRequest
   0.0953 (  6.1%)   0.1029 (  5.4%)   0.1983 (  5.7%)   0.1983 (  5.7%)  typecheck-expr
   0.0617 (  4.0%)   0.0990 (  5.2%)   0.1607 (  4.7%)   0.1608 (  4.7%)  typecheck-decl
   0.0473 (  3.1%)   0.0516 (  2.7%)   0.0990 (  2.9%)   0.0990 (  2.9%)  ASTLoweringRequest
   0.0416 (  2.7%)   0.0489 (  2.6%)   0.0905 (  2.6%)   0.0906 (  2.6%)  SILgen-decl
   0.0310 (  2.0%)   0.0529 (  2.8%)   0.0839 (  2.4%)   0.0839 (  2.4%)  precheck-expr
   0.0196 (  1.3%)   0.0509 (  2.7%)   0.0705 (  2.0%)   0.0705 (  2.0%)  QualifiedLookupRequest
   0.0283 (  1.8%)   0.0360 (  1.9%)   0.0643 (  1.9%)   0.0644 (  1.9%)  SILGen-function
   0.0185 (  1.2%)   0.0437 (  2.3%)   0.0622 (  1.8%)   0.0622 (  1.8%)  InterfaceTypeRequest
   0.0430 (  2.8%)   0.0184 (  1.0%)   0.0614 (  1.8%)   0.0619 (  1.8%)  SIL optimization
   0.0168 (  1.1%)   0.0295 (  1.6%)   0.0463 (  1.3%)   0.0463 (  1.3%)  UnqualifiedLookupRequest
   0.0158 (  1.0%)   0.0256 (  1.3%)   0.0414 (  1.2%)   0.0414 (  1.2%)  performUnqualifiedLookup
   0.0177 (  1.1%)   0.0175 (  0.9%)   0.0352 (  1.0%)   0.0353 (  1.0%)  verify-all-loaded-modules
   0.0230 (  1.5%)   0.0123 (  0.6%)   0.0352 (  1.0%)   0.0352 (  1.0%)  build-rewrite-system
   0.0143 (  0.9%)   0.0199 (  1.0%)   0.0342 (  1.0%)   0.0342 (  1.0%)  PatternBindingEntryRequest
   0.0083 (  0.5%)   0.0249 (  1.3%)   0.0332 (  1.0%)   0.0332 (  1.0%)  ActorIsolationRequest
   0.0184 (  1.2%)   0.0125 (  0.7%)   0.0309 (  0.9%)   0.0310 (  0.9%)  LookupConformanceInModuleRequest
   0.0177 (  1.1%)   0.0088 (  0.5%)   0.0265 (  0.8%)   0.0265 (  0.8%)  SIL verification, pre-optimization
   0.0066 (  0.4%)   0.0130 (  0.7%)   0.0196 (  0.6%)   0.0196 (  0.6%)  ResolveTypeRequest
   0.0090 (  0.6%)   0.0082 (  0.4%)   0.0173 (  0.5%)   0.0173 (  0.5%)  DirectLookupRequest
   0.0107 (  0.7%)   0.0066 (  0.3%)   0.0173 (  0.5%)   0.0173 (  0.5%)  SIL verification, post-optimization
   0.0062 (  0.4%)   0.0106 (  0.6%)   0.0168 (  0.5%)   0.0168 (  0.5%)  ResolveValueWitnessesRequest
   0.0093 (  0.6%)   0.0075 (  0.4%)   0.0168 (  0.5%)   0.0168 (  0.5%)  GenericSignatureRequest
   0.0039 (  0.3%)   0.0113 (  0.6%)   0.0152 (  0.4%)   0.0152 (  0.4%)  AttachedPropertyWrappersRequest
   0.0039 (  0.2%)   0.0091 (  0.5%)   0.0130 (  0.4%)   0.0130 (  0.4%)  StoredPropertiesRequest
   0.0053 (  0.3%)   0.0076 (  0.4%)   0.0128 (  0.4%)   0.0128 (  0.4%)  Serialization, swiftmodule
   0.0081 (  0.5%)   0.0047 (  0.2%)   0.0127 (  0.4%)   0.0127 (  0.4%)  InferredGenericSignatureRequest
   0.0067 (  0.4%)   0.0027 (  0.1%)   0.0093 (  0.3%)   0.0093 (  0.3%)  LookupInModuleRequest
   0.0030 (  0.2%)   0.0054 (  0.3%)   0.0085 (  0.2%)   0.0085 (  0.2%)  ResolveTypeWitnessesRequest
   0.0036 (  0.2%)   0.0030 (  0.2%)   0.0066 (  0.2%)   0.0066 (  0.2%)  parse-and-resolve-imports
   0.0024 (  0.2%)   0.0032 (  0.2%)   0.0056 (  0.2%)   0.0056 (  0.2%)  ResultTypeRequest
   0.0013 (  0.1%)   0.0038 (  0.2%)   0.0052 (  0.1%)   0.0052 (  0.2%)  ExpandPeerMacroRequest
   0.0020 (  0.1%)   0.0028 (  0.1%)   0.0047 (  0.1%)   0.0047 (  0.1%)  CallerSideDefaultArgExprRequest
   0.0025 (  0.2%)   0.0015 (  0.1%)   0.0040 (  0.1%)   0.0040 (  0.1%)  Import resolution
   0.0011 (  0.1%)   0.0029 (  0.2%)   0.0040 (  0.1%)   0.0040 (  0.1%)  PotentialMacroExpansionsInContextRequest
   0.0014 (  0.1%)   0.0026 (  0.1%)   0.0040 (  0.1%)   0.0040 (  0.1%)  LocalDiscriminatorsRequest
   0.0013 (  0.1%)   0.0024 (  0.1%)   0.0037 (  0.1%)   0.0037 (  0.1%)  load-stdlib
   0.0021 (  0.1%)   0.0015 (  0.1%)   0.0035 (  0.1%)   0.0035 (  0.1%)  ExpandChildTypeRefinementContextsRequest
   0.0015 (  0.1%)   0.0018 (  0.1%)   0.0033 (  0.1%)   0.0033 (  0.1%)  AST verification
   0.0007 (  0.0%)   0.0021 (  0.1%)   0.0028 (  0.1%)   0.0028 (  0.1%)  IsDynamicRequest
   0.0009 (  0.1%)   0.0017 (  0.1%)   0.0026 (  0.1%)   0.0026 (  0.1%)  PatternTypeRequest
   0.0006 (  0.0%)   0.0020 (  0.1%)   0.0026 (  0.1%)   0.0026 (  0.1%)  LookupInfixOperatorRequest
   0.0023 (  0.2%)   0.0002 (  0.0%)   0.0025 (  0.1%)   0.0025 (  0.1%)  ParseAbstractFunctionBodyRequest
   0.0011 (  0.1%)   0.0013 (  0.1%)   0.0025 (  0.1%)   0.0025 (  0.1%)  HasIsolatedSelfRequest
   0.0006 (  0.0%)   0.0018 (  0.1%)   0.0024 (  0.1%)   0.0024 (  0.1%)  IsGetterMutatingRequest
   0.0014 (  0.1%)   0.0010 (  0.1%)   0.0024 (  0.1%)   0.0024 (  0.1%)  Serialization, swiftsourceinfo
   0.0010 (  0.1%)   0.0013 (  0.1%)   0.0023 (  0.1%)   0.0023 (  0.1%)  CheckRedeclarationRequest
   0.0007 (  0.0%)   0.0015 (  0.1%)   0.0022 (  0.1%)   0.0022 (  0.1%)  ExtendedTypeRequest
   0.0008 (  0.0%)   0.0013 (  0.1%)   0.0021 (  0.1%)   0.0021 (  0.1%)  Serialization, swiftdoc
   0.0006 (  0.0%)   0.0015 (  0.1%)   0.0020 (  0.1%)   0.0020 (  0.1%)  ABIMembersRequest
   0.0012 (  0.1%)   0.0008 (  0.0%)   0.0020 (  0.1%)   0.0020 (  0.1%)  ExpandMemberAttributeMacros
   0.0006 (  0.0%)   0.0013 (  0.1%)   0.0019 (  0.1%)   0.0019 (  0.1%)  associated-type-inference
   0.0005 (  0.0%)   0.0014 (  0.1%)   0.0019 (  0.1%)   0.0019 (  0.1%)  HasInitAccessorRequest
   0.0016 (  0.1%)   0.0003 (  0.0%)   0.0019 (  0.1%)   0.0019 (  0.1%)  ParseTopLevelDeclsRequest
   0.0005 (  0.0%)   0.0013 (  0.1%)   0.0018 (  0.1%)   0.0018 (  0.1%)  IsFunctionBodySkippedRequest
   0.0015 (  0.1%)   0.0002 (  0.0%)   0.0018 (  0.1%)   0.0018 (  0.1%)  ParseSourceFileRequest
   0.0009 (  0.1%)   0.0008 (  0.0%)   0.0017 (  0.0%)   0.0017 (  0.0%)  CompareDeclSpecializationRequest
   0.0007 (  0.0%)   0.0010 (  0.1%)   0.0017 (  0.0%)   0.0017 (  0.0%)  ExtendedNominalRequest
   0.0005 (  0.0%)   0.0011 (  0.1%)   0.0015 (  0.0%)   0.0015 (  0.0%)  RequirementRequest
   0.0004 (  0.0%)   0.0011 (  0.1%)   0.0015 (  0.0%)   0.0015 (  0.0%)  PropertyWrapperAuxiliaryVariablesRequest
   0.0004 (  0.0%)   0.0010 (  0.1%)   0.0014 (  0.0%)   0.0014 (  0.0%)  StorageImplInfoRequest
   0.0003 (  0.0%)   0.0010 (  0.1%)   0.0013 (  0.0%)   0.0013 (  0.0%)  RequiresOpaqueAccessorsRequest
   0.0003 (  0.0%)   0.0009 (  0.0%)   0.0012 (  0.0%)   0.0013 (  0.0%)  AllMembersRequest
   0.0004 (  0.0%)   0.0008 (  0.0%)   0.0012 (  0.0%)   0.0011 (  0.0%)  FragileFunctionKindRequest
   0.0004 (  0.0%)   0.0008 (  0.0%)   0.0011 (  0.0%)   0.0011 (  0.0%)  InheritedDeclsReferencedRequest
   0.0004 (  0.0%)   0.0007 (  0.0%)   0.0011 (  0.0%)   0.0011 (  0.0%)  ResolveImplicitMemberRequest
   0.0010 (  0.1%)   0.0001 (  0.0%)   0.0010 (  0.0%)   0.0010 (  0.0%)  ParseMembersRequest
   0.0009 (  0.1%)   0.0001 (  0.0%)   0.0010 (  0.0%)   0.0010 (  0.0%)  USRGenerationRequest
   0.0004 (  0.0%)   0.0006 (  0.0%)   0.0010 (  0.0%)   0.0010 (  0.0%)  DefaultTypeRequest
   0.0003 (  0.0%)   0.0006 (  0.0%)   0.0009 (  0.0%)   0.0009 (  0.0%)  PreCheckFunctionBodyRequest
   0.0004 (  0.0%)   0.0004 (  0.0%)   0.0008 (  0.0%)   0.0008 (  0.0%)  SPIGroupsRequest
   0.0003 (  0.0%)   0.0005 (  0.0%)   0.0008 (  0.0%)   0.0008 (  0.0%)  ModuleQualifiedLookupRequest
   0.0005 (  0.0%)   0.0003 (  0.0%)   0.0008 (  0.0%)   0.0008 (  0.0%)  GlobalActorAttributeRequest
   0.0002 (  0.0%)   0.0006 (  0.0%)   0.0008 (  0.0%)   0.0008 (  0.0%)  NeedsNewVTableEntryRequest
   0.0004 (  0.0%)   0.0003 (  0.0%)   0.0007 (  0.0%)   0.0007 (  0.0%)  GenericParamListRequest
   0.0002 (  0.0%)   0.0005 (  0.0%)   0.0007 (  0.0%)   0.0007 (  0.0%)  ParamSpecifierRequest
   0.0005 (  0.0%)   0.0002 (  0.0%)   0.0007 (  0.0%)   0.0007 (  0.0%)  AbstractGenericSignatureRequest
   0.0002 (  0.0%)   0.0005 (  0.0%)   0.0007 (  0.0%)   0.0007 (  0.0%)  InheritedTypeRequest
   0.0004 (  0.0%)   0.0003 (  0.0%)   0.0006 (  0.0%)   0.0006 (  0.0%)  DynamicallyReplacedDeclRequest
   0.0002 (  0.0%)   0.0004 (  0.0%)   0.0006 (  0.0%)   0.0006 (  0.0%)  ProtocolDependenciesRequest
   0.0002 (  0.0%)   0.0004 (  0.0%)   0.0006 (  0.0%)   0.0006 (  0.0%)  ImplicitKnownProtocolConformanceRequest
   0.0003 (  0.0%)   0.0002 (  0.0%)   0.0005 (  0.0%)   0.0006 (  0.0%)  LifetimeDependenceInfoRequest
   0.0002 (  0.0%)   0.0003 (  0.0%)   0.0006 (  0.0%)   0.0006 (  0.0%)  ResultBuilderTypeRequest
   0.0002 (  0.0%)   0.0004 (  0.0%)   0.0006 (  0.0%)   0.0006 (  0.0%)  SemanticUnavailableAttrRequest
   0.0003 (  0.0%)   0.0002 (  0.0%)   0.0006 (  0.0%)   0.0006 (  0.0%)  typecheck-for-each
   0.0002 (  0.0%)   0.0004 (  0.0%)   0.0005 (  0.0%)   0.0005 (  0.0%)  TypeWitnessRequest
   0.0002 (  0.0%)   0.0003 (  0.0%)   0.0005 (  0.0%)   0.0005 (  0.0%)  IsObjCRequest
   0.0002 (  0.0%)   0.0003 (  0.0%)   0.0005 (  0.0%)   0.0005 (  0.0%)  OpaqueReadOwnershipRequest
   0.0004 (  0.0%)   0.0001 (  0.0%)   0.0004 (  0.0%)   0.0004 (  0.0%)  get-conformance-access-path
   0.0003 (  0.0%)   0.0002 (  0.0%)   0.0004 (  0.0%)   0.0004 (  0.0%)  RequirementSignatureRequest
   0.0002 (  0.0%)   0.0002 (  0.0%)   0.0004 (  0.0%)   0.0004 (  0.0%)  DefaultArgumentExprRequest
   0.0002 (  0.0%)   0.0002 (  0.0%)   0.0004 (  0.0%)   0.0004 (  0.0%)  IsFinalRequest
   0.0002 (  0.0%)   0.0002 (  0.0%)   0.0004 (  0.0%)   0.0004 (  0.0%)  ConditionalRequirementsRequest
   0.0001 (  0.0%)   0.0002 (  0.0%)   0.0004 (  0.0%)   0.0004 (  0.0%)  AssociatedConformanceRequest
   0.0001 (  0.0%)   0.0002 (  0.0%)   0.0003 (  0.0%)   0.0004 (  0.0%)  ValidatePrecedenceGroupRequest
   0.0003 (  0.0%)   0.0001 (  0.0%)   0.0003 (  0.0%)   0.0003 (  0.0%)  IsDeclRefinementOfRequest
   0.0002 (  0.0%)   0.0001 (  0.0%)   0.0003 (  0.0%)   0.0003 (  0.0%)  LookupAllConformancesInContextRequest
   0.0001 (  0.0%)   0.0001 (  0.0%)   0.0003 (  0.0%)   0.0003 (  0.0%)  IsActorRequest
   0.0001 (  0.0%)   0.0002 (  0.0%)   0.0003 (  0.0%)   0.0003 (  0.0%)  LookupPrecedenceGroupRequest
   0.0001 (  0.0%)   0.0002 (  0.0%)   0.0003 (  0.0%)   0.0003 (  0.0%)  ProtocolRequirementsRequest
   0.0002 (  0.0%)   0.0001 (  0.0%)   0.0003 (  0.0%)   0.0003 (  0.0%)  DirectOperatorLookupRequest
   0.0002 (  0.0%)   0.0001 (  0.0%)   0.0003 (  0.0%)   0.0003 (  0.0%)  OverriddenDeclsRequest
   0.0001 (  0.0%)   0.0002 (  0.0%)   0.0002 (  0.0%)   0.0002 (  0.0%)  NamingPatternRequest
   0.0001 (  0.0%)   0.0001 (  0.0%)   0.0002 (  0.0%)   0.0002 (  0.0%)  HasStorageRequest
   0.0001 (  0.0%)   0.0002 (  0.0%)   0.0002 (  0.0%)   0.0002 (  0.0%)  UnderlyingTypeRequest
   0.0001 (  0.0%)   0.0001 (  0.0%)   0.0002 (  0.0%)   0.0002 (  0.0%)  IsImplicitlyUnwrappedOptionalRequest
   0.0001 (  0.0%)   0.0001 (  0.0%)   0.0002 (  0.0%)   0.0002 (  0.0%)  AccessLevelRequest
   0.0001 (  0.0%)   0.0002 (  0.0%)   0.0002 (  0.0%)   0.0002 (  0.0%)  ExpandExtensionMacros
   0.0001 (  0.0%)   0.0001 (  0.0%)   0.0002 (  0.0%)   0.0002 (  0.0%)  ObjCInterfaceAndImplementationRequest
   0.0000 (  0.0%)   0.0001 (  0.0%)   0.0002 (  0.0%)   0.0002 (  0.0%)  IsCallAsFunctionNominalRequest
   0.0001 (  0.0%)   0.0001 (  0.0%)   0.0002 (  0.0%)   0.0002 (  0.0%)  ApplyAccessNoteRequest
   0.0001 (  0.0%)   0.0001 (  0.0%)   0.0002 (  0.0%)   0.0002 (  0.0%)  PropertyWrapperMutabilityRequest
   0.0000 (  0.0%)   0.0001 (  0.0%)   0.0002 (  0.0%)   0.0002 (  0.0%)  StructuralRequirementsRequest
   0.0000 (  0.0%)   0.0001 (  0.0%)   0.0002 (  0.0%)   0.0002 (  0.0%)  ReferencedAssociatedTypesRequest
   0.0001 (  0.0%)   0.0000 (  0.0%)   0.0002 (  0.0%)   0.0002 (  0.0%)  RawCommentRequest
   0.0001 (  0.0%)   0.0001 (  0.0%)   0.0001 (  0.0%)   0.0001 (  0.0%)  AttachedResultBuilderRequest
   0.0000 (  0.0%)   0.0001 (  0.0%)   0.0001 (  0.0%)   0.0001 (  0.0%)  FunctionOperatorRequest
   0.0001 (  0.0%)   0.0000 (  0.0%)   0.0001 (  0.0%)   0.0001 (  0.0%)  LocalTypeDeclsRequest
   0.0001 (  0.0%)   0.0001 (  0.0%)   0.0001 (  0.0%)   0.0001 (  0.0%)  HasMemberwiseInitRequest
   0.0001 (  0.0%)   0.0000 (  0.0%)   0.0001 (  0.0%)   0.0001 (  0.0%)  SemanticBriefCommentRequest
   0.0000 (  0.0%)   0.0001 (  0.0%)   0.0001 (  0.0%)   0.0001 (  0.0%)  HasDynamicMemberLookupAttributeRequest
   0.0000 (  0.0%)   0.0001 (  0.0%)   0.0001 (  0.0%)   0.0001 (  0.0%)  CheckInconsistentWeakLinkedImportsRequest
   0.0000 (  0.0%)   0.0001 (  0.0%)   0.0001 (  0.0%)   0.0001 (  0.0%)  DefaultAndMaxAccessLevelRequest
   0.0000 (  0.0%)   0.0001 (  0.0%)   0.0001 (  0.0%)   0.0001 (  0.0%)  CheckInconsistentImplementationOnlyImportsRequest
   0.0001 (  0.0%)   0.0000 (  0.0%)   0.0001 (  0.0%)   0.0001 (  0.0%)  PolymorphicEffectKindRequest
   0.0000 (  0.0%)   0.0000 (  0.0%)   0.0001 (  0.0%)   0.0001 (  0.0%)  DefaultInitializerIsolation
   0.0000 (  0.0%)   0.0000 (  0.0%)   0.0001 (  0.0%)   0.0001 (  0.0%)  HasUserDefinedDesignatedInitRequest
   0.0001 (  0.0%)   0.0000 (  0.0%)   0.0001 (  0.0%)   0.0001 (  0.0%)  AllInheritedProtocolsRequest
   0.0001 (  0.0%)   0.0000 (  0.0%)   0.0001 (  0.0%)   0.0001 (  0.0%)  IsDistributedActorRequest
   0.0001 (  0.0%)   0.0000 (  0.0%)   0.0001 (  0.0%)   0.0001 (  0.0%)  module-populate-cache
   0.0000 (  0.0%)   0.0000 (  0.0%)   0.0001 (  0.0%)   0.0001 (  0.0%)  SelfAccessKindRequest
   0.0000 (  0.0%)   0.0000 (  0.0%)   0.0001 (  0.0%)   0.0001 (  0.0%)  ExpandBodyMacroRequest
   0.0000 (  0.0%)   0.0000 (  0.0%)   0.0001 (  0.0%)   0.0001 (  0.0%)  ExpandPreambleMacroRequest
   0.0000 (  0.0%)   0.0000 (  0.0%)   0.0001 (  0.0%)   0.0001 (  0.0%)  ExpandAccessorMacros
   0.0000 (  0.0%)   0.0000 (  0.0%)   0.0001 (  0.0%)   0.0001 (  0.0%)  IsStaticRequest
   0.0000 (  0.0%)   0.0000 (  0.0%)   0.0001 (  0.0%)   0.0001 (  0.0%)  HasDynamicCallableAttributeRequest
   0.0000 (  0.0%)   0.0000 (  0.0%)   0.0001 (  0.0%)   0.0001 (  0.0%)  PreCheckReturnStmtRequest
   0.0000 (  0.0%)   0.0000 (  0.0%)   0.0000 (  0.0%)   0.0000 (  0.0%)  CheckInconsistentAccessLevelOnImport
   0.0000 (  0.0%)   0.0000 (  0.0%)   0.0000 (  0.0%)   0.0000 (  0.0%)  IsSetterMutatingRequest
   0.0000 (  0.0%)   0.0000 (  0.0%)   0.0000 (  0.0%)   0.0000 (  0.0%)  SetterAccessLevelRequest
   0.0000 (  0.0%)   0.0000 (  0.0%)   0.0000 (  0.0%)   0.0000 (  0.0%)  PropertyWrapperInitializerInfoRequest
   0.0000 (  0.0%)   0.0000 (  0.0%)   0.0000 (  0.0%)   0.0000 (  0.0%)  InitAccessorPropertiesRequest
   0.0000 (  0.0%)   0.0000 (  0.0%)   0.0000 (  0.0%)   0.0000 (  0.0%)  HasCircularInheritedProtocolsRequest
   0.0000 (  0.0%)   0.0000 (  0.0%)   0.0000 (  0.0%)   0.0000 (  0.0%)  SimpleDidSetRequest
   0.0000 (  0.0%)   0.0000 (  0.0%)   0.0000 (  0.0%)   0.0000 (  0.0%)  SynthesizeAccessorRequest
   0.0000 (  0.0%)   0.0000 (  0.0%)   0.0000 (  0.0%)   0.0000 (  0.0%)  ExpandSynthesizedMemberMacroRequest
   0.0000 (  0.0%)   0.0000 (  0.0%)   0.0000 (  0.0%)   0.0000 (  0.0%)  PatternBindingCheckedAndContextualizedInitRequest
   0.0000 (  0.0%)   0.0000 (  0.0%)   0.0000 (  0.0%)   0.0000 (  0.0%)  RequiresOpaqueModifyCoroutineRequest
   0.0000 (  0.0%)   0.0000 (  0.0%)   0.0000 (  0.0%)   0.0000 (  0.0%)  source-file-populate-cache
   0.0000 (  0.0%)   0.0000 (  0.0%)   0.0000 (  0.0%)   0.0000 (  0.0%)  DirectPrecedenceGroupLookupRequest
   0.0000 (  0.0%)   0.0000 (  0.0%)   0.0000 (  0.0%)   0.0000 (  0.0%)  SynthesizeMainFunctionRequest
   0.0000 (  0.0%)   0.0000 (  0.0%)   0.0000 (  0.0%)   0.0000 (  0.0%)  PrimaryAssociatedTypesRequest
   0.0000 (  0.0%)   0.0000 (  0.0%)   0.0000 (  0.0%)   0.0000 (  0.0%)  CheckInconsistentSPIOnlyImportsRequest
   0.0000 (  0.0%)   0.0000 (  0.0%)   0.0000 (  0.0%)   0.0000 (  0.0%)  IsAccessorTransparentRequest
   0.0000 (  0.0%)   0.0000 (  0.0%)   0.0000 (  0.0%)   0.0000 (  0.0%)  TypeAliasRequirementsRequest
   0.0000 (  0.0%)   0.0000 (  0.0%)   0.0000 (  0.0%)   0.0000 (  0.0%)  HasImportsMatchingFlagRequest
   0.0000 (  0.0%)   0.0000 (  0.0%)   0.0000 (  0.0%)   0.0000 (  0.0%)  IsABICompatibleOverrideRequest
   0.0000 (  0.0%)   0.0000 (  0.0%)   0.0000 (  0.0%)   0.0000 (  0.0%)  SuperclassDeclRequest
   0.0000 (  0.0%)   0.0000 (  0.0%)   0.0000 (  0.0%)   0.0000 (  0.0%)  MemberwiseInitPropertiesRequest
   0.0000 (  0.0%)   0.0000 (  0.0%)   0.0000 (  0.0%)   0.0000 (  0.0%)  BodyInitKindRequest
   0.0000 (  0.0%)   0.0000 (  0.0%)   0.0000 (  0.0%)   0.0000 (  0.0%)  InheritedProtocolsRequest
   0.0000 (  0.0%)   0.0000 (  0.0%)   0.0000 (  0.0%)   0.0000 (  0.0%)  CheckInconsistentAccessLevelOnImportSameFileRequest
   0.0000 (  0.0%)   0.0000 (  0.0%)   0.0000 (  0.0%)   0.0000 (  0.0%)  SelfBoundsFromWhereClauseRequest
   0.0000 (  0.0%)   0.0000 (  0.0%)   0.0000 (  0.0%)   0.0000 (  0.0%)  PreCheckClosureBodyRequest
   0.0000 (  0.0%)   0.0000 (  0.0%)   0.0000 (  0.0%)   0.0000 (  0.0%)  ProtocolRequiresClassRequest
   0.0000 (  0.0%)   0.0000 (  0.0%)   0.0000 (  0.0%)   0.0000 (  0.0%)  ConformanceAccessScopeRequest
   0.0000 (  0.0%)   0.0000 (  0.0%)   0.0000 (  0.0%)   0.0000 (  0.0%)  populate-module-class-member-cache
   0.0000 (  0.0%)   0.0000 (  0.0%)   0.0000 (  0.0%)   0.0000 (  0.0%)  perform-whole-module-type-checking
   0.0000 (  0.0%)   0.0000 (  0.0%)   0.0000 (  0.0%)   0.0000 (  0.0%)  ClosureEffectsRequest
   0.0000 (  0.0%)   0.0000 (  0.0%)   0.0000 (  0.0%)   0.0000 (  0.0%)  ExistentialConformsToSelfRequest
   0.0000 (  0.0%)   0.0000 (  0.0%)   0.0000 (  0.0%)   0.0000 (  0.0%)  TypeDeclsFromWhereClauseRequest
   0.0000 (  0.0%)   0.0000 (  0.0%)   0.0000 (  0.0%)   0.0000 (  0.0%)  InitKindRequest
   0.0000 (  0.0%)   0.0000 (  0.0%)   0.0000 (  0.0%)   0.0000 (  0.0%)  SuppressesConformanceRequest
   0.0000 (  0.0%)   0.0000 (  0.0%)   0.0000 (  0.0%)   0.0000 (  0.0%)  SelfBoundsFromGenericSignatureRequest
   0.0000 (  0.0%)   0.0000 (  0.0%)   0.0000 (  0.0%)   0.0000 (  0.0%)  IsSingleValueStmtRequest
   0.0000 (  0.0%)   0.0000 (  0.0%)   0.0000 (  0.0%)   0.0000 (  0.0%)  ModuleImplicitImportsRequest
   0.0000 (  0.0%)   0.0000 (  0.0%)   0.0000 (  0.0%)   0.0000 (  0.0%)  HasDefaultInitRequest
   0.0000 (  0.0%)   0.0000 (  0.0%)   0.0000 (  0.0%)   0.0000 (  0.0%)  BreakTargetRequest
   0.0000 (  0.0%)   0.0000 (  0.0%)   0.0000 (  0.0%)   0.0000 (  0.0%)  PrimarySourceFilesRequest
   0.0000 (  0.0%)   0.0000 (  0.0%)   0.0000 (  0.0%)   0.0000 (  0.0%)  ClosureHasResultExprRequest
   0.0000 (  0.0%)   0.0000 (  0.0%)   0.0000 (  0.0%)   0.0000 (  0.0%)  ImportDeclRequest
   0.0000 (  0.0%)   0.0000 (  0.0%)   0.0000 (  0.0%)   0.0000 (  0.0%)  HasSelfOrAssociatedTypeRequirementsRequest
   0.0000 (  0.0%)   0.0000 (  0.0%)   0.0000 (  0.0%)   0.0000 (  0.0%)  DefaultDefinitionTypeRequest
   1.5519 (100.0%)   1.8993 (100.0%)   3.4511 (100.0%)   3.4533 (100.0%)  Total
===-------------------------------------------------------------------------===
                                Running Program
===-------------------------------------------------------------------------===
  Total Execution Time: 0.8178 seconds (0.8190 wall clock)
   ---User Time---   --System Time--   --User+System--   ---Wall Time---  --- Name ---
   0.3973 (100.0%)   0.4205 (100.0%)   0.8178 (100.0%)   0.8190 (100.0%)  Building Target
   0.3973 (100.0%)   0.4205 (100.0%)   0.8178 (100.0%)   0.8190 (100.0%)  Total
SwiftDriverJobDiscovery normal arm64_32 Compiling Disposable.swift (in target 'Disposable' from project 'Disposable')
SwiftEmitModule normal armv7k Emitting\ module\ for\ _CollectionsUtilities (in target '_CollectionsUtilities' from project 'swift-collections')
    cd /Users/admin/builder/spi-builder-workspace/.dependencies/checkouts/swift-collections-v1_1-fork
    builtin-swiftTaskExecution -- /Library/Developer/Toolchains/swift-6.0-DEVELOPMENT-SNAPSHOT-2024-05-26-a.xctoolchain/usr/bin/swift-frontend -frontend -emit-module -experimental-skip-non-inlinable-function-bodies-without-types /Users/admin/builder/spi-builder-workspace/.dependencies/checkouts/swift-collections-v1_1-fork/Sources/_CollectionsUtilities/Compatibility/autogenerated/Array+WithContiguousStorage\ Compatibility.swift /Users/admin/builder/spi-builder-workspace/.dependencies/checkouts/swift-collections-v1_1-fork/Sources/_CollectionsUtilities/Compatibility/autogenerated/UnsafeMutableBufferPointer+SE-0370.swift /Users/admin/builder/spi-builder-workspace/.dependencies/checkouts/swift-collections-v1_1-fork/Sources/_CollectionsUtilities/Compatibility/autogenerated/UnsafeMutablePointer+SE-0370.swift /Users/admin/builder/spi-builder-workspace/.dependencies/checkouts/swift-collections-v1_1-fork/Sources/_CollectionsUtilities/Compatibility/autogenerated/UnsafeRawPointer\ extensions.swift /Users/admin/builder/spi-builder-workspace/.dependencies/checkouts/swift-collections-v1_1-fork/Sources/_CollectionsUtilities/IntegerTricks/autogenerated/FixedWidthInteger+roundUpToPowerOfTwo.swift /Users/admin/builder/spi-builder-workspace/.dependencies/checkouts/swift-collections-v1_1-fork/Sources/_CollectionsUtilities/IntegerTricks/autogenerated/Integer\ rank.swift /Users/admin/builder/spi-builder-workspace/.dependencies/checkouts/swift-collections-v1_1-fork/Sources/_CollectionsUtilities/IntegerTricks/autogenerated/UInt+first\ and\ last\ set\ bit.swift /Users/admin/builder/spi-builder-workspace/.dependencies/checkouts/swift-collections-v1_1-fork/Sources/_CollectionsUtilities/IntegerTricks/autogenerated/UInt+reversed.swift /Users/admin/builder/spi-builder-workspace/.dependencies/checkouts/swift-collections-v1_1-fork/Sources/_CollectionsUtilities/UnsafeBitSet/autogenerated/_UnsafeBitSet+Index.swift /Users/admin/builder/spi-builder-workspace/.dependencies/checkouts/swift-collections-v1_1-fork/Sources/_CollectionsUtilities/UnsafeBitSet/autogenerated/_UnsafeBitSet+_Word.swift /Users/admin/builder/spi-builder-workspace/.dependencies/checkouts/swift-collections-v1_1-fork/Sources/_CollectionsUtilities/UnsafeBitSet/autogenerated/_UnsafeBitSet.swift /Users/admin/builder/spi-builder-workspace/.dependencies/checkouts/swift-collections-v1_1-fork/Sources/_CollectionsUtilities/_SortedCollection.swift /Users/admin/builder/spi-builder-workspace/.dependencies/checkouts/swift-collections-v1_1-fork/Sources/_CollectionsUtilities/_UniqueCollection.swift /Users/admin/builder/spi-builder-workspace/.dependencies/checkouts/swift-collections-v1_1-fork/Sources/_CollectionsUtilities/autogenerated/Debugging.swift /Users/admin/builder/spi-builder-workspace/.dependencies/checkouts/swift-collections-v1_1-fork/Sources/_CollectionsUtilities/autogenerated/Descriptions.swift /Users/admin/builder/spi-builder-workspace/.dependencies/checkouts/swift-collections-v1_1-fork/Sources/_CollectionsUtilities/autogenerated/RandomAccessCollection+Offsets.swift /Users/admin/builder/spi-builder-workspace/.dependencies/checkouts/swift-collections-v1_1-fork/Sources/_CollectionsUtilities/autogenerated/UnsafeBufferPointer+Extras.swift /Users/admin/builder/spi-builder-workspace/.dependencies/checkouts/swift-collections-v1_1-fork/Sources/_CollectionsUtilities/autogenerated/UnsafeMutableBufferPointer+Extras.swift -target armv7k-apple-watchos5.0 -enable-objc-interop -sdk /Applications/Xcode-15.3.0.app/Contents/Developer/Platforms/WatchOS.platform/Developer/SDKs/WatchOS10.4.sdk -I /Users/admin/builder/spi-builder-workspace/.derivedData/Build/Products/Debug-watchos -I /Applications/Xcode-15.3.0.app/Contents/Developer/Platforms/WatchOS.platform/Developer/usr/lib -F /Users/admin/builder/spi-builder-workspace/.derivedData/Build/Products/Debug-watchos -F /Applications/Xcode-15.3.0.app/Contents/Developer/Platforms/WatchOS.platform/Developer/Library/Frameworks -F /Applications/Xcode-15.3.0.app/Contents/Developer/Platforms/WatchOS.platform/Developer/SDKs/WatchOS10.4.sdk/Developer/Library/Frameworks -no-color-diagnostics -enable-testing -g -module-cache-path /Users/admin/builder/spi-builder-workspace/.derivedData/ModuleCache.noindex -suppress-warnings -profile-generate -profile-coverage-mapping -swift-version 5 -enforce-exclusivity\=checked -stats-output-dir /Users/admin/builder/spi-builder-workspace/.dependencies/checkouts/swift-collections-v1_1-fork/.stats -Onone -D SWIFT_PACKAGE -D DEBUG -D COLLECTIONS_RANDOMIZED_TESTING -serialize-debugging-options -const-gather-protocols-file /Users/admin/builder/spi-builder-workspace/.derivedData/Build/Intermediates.noindex/swift-collections.build/Debug-watchos/_CollectionsUtilities.build/Objects-normal/armv7k/_CollectionsUtilities_const_extract_protocols.json -strict-concurrency\=complete -empty-abi-descriptor -validate-clang-modules-once -clang-build-session-file /Users/admin/builder/spi-builder-workspace/.derivedData/ModuleCache.noindex/Session.modulevalidation -Xcc -working-directory -Xcc /Users/admin/builder/spi-builder-workspace/.dependencies/checkouts/swift-collections-v1_1-fork -resource-dir /Library/Developer/Toolchains/swift-6.0-DEVELOPMENT-SNAPSHOT-2024-05-26-a.xctoolchain/usr/lib/swift -enable-anonymous-context-mangled-names -Xcc -I/Users/admin/builder/spi-builder-workspace/.derivedData/Build/Intermediates.noindex/swift-collections.build/Debug-watchos/_CollectionsUtilities.build/swift-overrides.hmap -Xcc -I/Users/admin/builder/spi-builder-workspace/.derivedData/Build/Products/Debug-watchos/include -Xcc -I/Users/admin/builder/spi-builder-workspace/.derivedData/Build/Intermediates.noindex/swift-collections.build/Debug-watchos/_CollectionsUtilities.build/DerivedSources-normal/armv7k -Xcc -I/Users/admin/builder/spi-builder-workspace/.derivedData/Build/Intermediates.noindex/swift-collections.build/Debug-watchos/_CollectionsUtilities.build/DerivedSources/armv7k -Xcc -I/Users/admin/builder/spi-builder-workspace/.derivedData/Build/Intermediates.noindex/swift-collections.build/Debug-watchos/_CollectionsUtilities.build/DerivedSources -Xcc -DSWIFT_PACKAGE -Xcc -DDEBUG\=1 -module-name _CollectionsUtilities -disable-clang-spi -target-sdk-version 10.4 -target-sdk-name watchos10.4 -external-plugin-path /Applications/Xcode-15.3.0.app/Contents/Developer/Platforms/WatchOS.platform/Developer/SDKs/WatchOS10.4.sdk/usr/lib/swift/host/plugins\#/Applications/Xcode-15.3.0.app/Contents/Developer/Platforms/WatchOS.platform/Developer/SDKs/WatchOS10.4.sdk/usr/bin/swift-plugin-server -external-plugin-path /Applications/Xcode-15.3.0.app/Contents/Developer/Platforms/WatchOS.platform/Developer/SDKs/WatchOS10.4.sdk/usr/local/lib/swift/host/plugins\#/Applications/Xcode-15.3.0.app/Contents/Developer/Platforms/WatchOS.platform/Developer/SDKs/WatchOS10.4.sdk/usr/bin/swift-plugin-server -external-plugin-path /Applications/Xcode-15.3.0.app/Contents/Developer/Platforms/WatchOS.platform/Developer/usr/lib/swift/host/plugins\#/Applications/Xcode-15.3.0.app/Contents/Developer/Platforms/WatchOS.platform/Developer/usr/bin/swift-plugin-server -external-plugin-path /Applications/Xcode-15.3.0.app/Contents/Developer/Platforms/WatchOS.platform/Developer/usr/local/lib/swift/host/plugins\#/Applications/Xcode-15.3.0.app/Contents/Developer/Platforms/WatchOS.platform/Developer/usr/bin/swift-plugin-server -plugin-path /Library/Developer/Toolchains/swift-6.0-DEVELOPMENT-SNAPSHOT-2024-05-26-a.xctoolchain/usr/lib/swift/host/plugins -plugin-path /Library/Developer/Toolchains/swift-6.0-DEVELOPMENT-SNAPSHOT-2024-05-26-a.xctoolchain/usr/local/lib/swift/host/plugins -emit-module-doc-path /Users/admin/builder/spi-builder-workspace/.derivedData/Build/Intermediates.noindex/swift-collections.build/Debug-watchos/_CollectionsUtilities.build/Objects-normal/armv7k/_CollectionsUtilities.swiftdoc -emit-module-source-info-path /Users/admin/builder/spi-builder-workspace/.derivedData/Build/Intermediates.noindex/swift-collections.build/Debug-watchos/_CollectionsUtilities.build/Objects-normal/armv7k/_CollectionsUtilities.swiftsourceinfo -emit-objc-header-path /Users/admin/builder/spi-builder-workspace/.derivedData/Build/Intermediates.noindex/swift-collections.build/Debug-watchos/_CollectionsUtilities.build/Objects-normal/armv7k/_CollectionsUtilities-Swift.h -serialize-diagnostics-path /Users/admin/builder/spi-builder-workspace/.derivedData/Build/Intermediates.noindex/swift-collections.build/Debug-watchos/_CollectionsUtilities.build/Objects-normal/armv7k/_CollectionsUtilities-master-emit-module.dia -emit-dependencies-path /Users/admin/builder/spi-builder-workspace/.derivedData/Build/Intermediates.noindex/swift-collections.build/Debug-watchos/_CollectionsUtilities.build/Objects-normal/armv7k/_CollectionsUtilities-master-emit-module.d -o /Users/admin/builder/spi-builder-workspace/.derivedData/Build/Intermediates.noindex/swift-collections.build/Debug-watchos/_CollectionsUtilities.build/Objects-normal/armv7k/_CollectionsUtilities.swiftmodule -emit-abi-descriptor-path /Users/admin/builder/spi-builder-workspace/.derivedData/Build/Intermediates.noindex/swift-collections.build/Debug-watchos/_CollectionsUtilities.build/Objects-normal/armv7k/_CollectionsUtilities.abi.json
Error opening -stats-output-dir file '/Users/admin/builder/spi-builder-workspace/.dependencies/checkouts/swift-collections-v1_1-fork/.stats/stats-1717042921595715-swift-frontend-_CollectionsUtilities-all-armv7k_apple_watchos5.0-swiftmodule-Onone-2974730062.json' for writing
===-------------------------------------------------------------------------===
                               Swift compilation
===-------------------------------------------------------------------------===
  Total Execution Time: 3.4243 seconds (3.4309 wall clock)
   ---User Time---   --System Time--   --User+System--   ---Wall Time---  --- Name ---
   0.1703 ( 11.2%)   0.2346 ( 12.3%)   0.4050 ( 11.8%)   0.4051 ( 11.8%)  perform-sema
   0.1688 ( 11.1%)   0.2324 ( 12.2%)   0.4012 ( 11.7%)   0.4014 ( 11.7%)  TypeCheckSourceFileRequest
   0.1686 ( 11.1%)   0.2319 ( 12.2%)   0.4005 ( 11.7%)   0.4006 ( 11.7%)  Type checking and Semantic analysis
   0.1318 (  8.7%)   0.1628 (  8.5%)   0.2945 (  8.6%)   0.2946 (  8.6%)  TypeCheckFunctionBodyRequest
   0.1233 (  8.1%)   0.1481 (  7.8%)   0.2714 (  7.9%)   0.2715 (  7.9%)  typecheck-stmt
   0.1238 (  8.2%)   0.0915 (  4.8%)   0.2153 (  6.3%)   0.2179 (  6.4%)  ExecuteSILPipelineRequest
   0.0925 (  6.1%)   0.1053 (  5.5%)   0.1978 (  5.8%)   0.1978 (  5.8%)  typecheck-expr
   0.0599 (  3.9%)   0.1016 (  5.3%)   0.1614 (  4.7%)   0.1615 (  4.7%)  typecheck-decl
   0.0476 (  3.1%)   0.0442 (  2.3%)   0.0918 (  2.7%)   0.0918 (  2.7%)  ASTLoweringRequest
   0.0418 (  2.8%)   0.0419 (  2.2%)   0.0837 (  2.4%)   0.0837 (  2.4%)  SILgen-decl
   0.0299 (  2.0%)   0.0532 (  2.8%)   0.0831 (  2.4%)   0.0831 (  2.4%)  precheck-expr
   0.0191 (  1.3%)   0.0520 (  2.7%)   0.0711 (  2.1%)   0.0711 (  2.1%)  QualifiedLookupRequest
   0.0436 (  2.9%)   0.0189 (  1.0%)   0.0625 (  1.8%)   0.0651 (  1.9%)  SIL optimization
   0.0180 (  1.2%)   0.0440 (  2.3%)   0.0621 (  1.8%)   0.0622 (  1.8%)  InterfaceTypeRequest
   0.0285 (  1.9%)   0.0305 (  1.6%)   0.0591 (  1.7%)   0.0591 (  1.7%)  SILGen-function
   0.0165 (  1.1%)   0.0304 (  1.6%)   0.0469 (  1.4%)   0.0469 (  1.4%)  UnqualifiedLookupRequest
   0.0154 (  1.0%)   0.0265 (  1.4%)   0.0419 (  1.2%)   0.0419 (  1.2%)  performUnqualifiedLookup
   0.0221 (  1.5%)   0.0148 (  0.8%)   0.0370 (  1.1%)   0.0370 (  1.1%)  build-rewrite-system
   0.0177 (  1.2%)   0.0181 (  0.9%)   0.0359 (  1.0%)   0.0359 (  1.0%)  verify-all-loaded-modules
   0.0142 (  0.9%)   0.0216 (  1.1%)   0.0358 (  1.0%)   0.0358 (  1.0%)  PatternBindingEntryRequest
   0.0081 (  0.5%)   0.0270 (  1.4%)   0.0351 (  1.0%)   0.0351 (  1.0%)  ActorIsolationRequest
   0.0186 (  1.2%)   0.0126 (  0.7%)   0.0312 (  0.9%)   0.0312 (  0.9%)  LookupConformanceInModuleRequest
   0.0164 (  1.1%)   0.0085 (  0.4%)   0.0249 (  0.7%)   0.0249 (  0.7%)  SIL verification, pre-optimization
   0.0065 (  0.4%)   0.0138 (  0.7%)   0.0204 (  0.6%)   0.0204 (  0.6%)  ResolveTypeRequest
   0.0087 (  0.6%)   0.0088 (  0.5%)   0.0175 (  0.5%)   0.0175 (  0.5%)  DirectLookupRequest
   0.0061 (  0.4%)   0.0107 (  0.6%)   0.0168 (  0.5%)   0.0168 (  0.5%)  ResolveValueWitnessesRequest
   0.0088 (  0.6%)   0.0073 (  0.4%)   0.0161 (  0.5%)   0.0162 (  0.5%)  GenericSignatureRequest
   0.0101 (  0.7%)   0.0059 (  0.3%)   0.0159 (  0.5%)   0.0159 (  0.5%)  SIL verification, post-optimization
   0.0037 (  0.2%)   0.0111 (  0.6%)   0.0149 (  0.4%)   0.0149 (  0.4%)  AttachedPropertyWrappersRequest
   0.0076 (  0.5%)   0.0044 (  0.2%)   0.0120 (  0.3%)   0.0120 (  0.4%)  InferredGenericSignatureRequest
   0.0050 (  0.3%)   0.0068 (  0.4%)   0.0117 (  0.3%)   0.0117 (  0.3%)  Serialization, swiftmodule
   0.0039 (  0.3%)   0.0075 (  0.4%)   0.0114 (  0.3%)   0.0114 (  0.3%)  StoredPropertiesRequest
   0.0063 (  0.4%)   0.0027 (  0.1%)   0.0090 (  0.3%)   0.0090 (  0.3%)  LookupInModuleRequest
   0.0028 (  0.2%)   0.0055 (  0.3%)   0.0082 (  0.2%)   0.0082 (  0.2%)  ResolveTypeWitnessesRequest
   0.0036 (  0.2%)   0.0034 (  0.2%)   0.0070 (  0.2%)   0.0070 (  0.2%)  parse-and-resolve-imports
   0.0024 (  0.2%)   0.0036 (  0.2%)   0.0060 (  0.2%)   0.0060 (  0.2%)  ResultTypeRequest
   0.0019 (  0.1%)   0.0027 (  0.1%)   0.0046 (  0.1%)   0.0046 (  0.1%)  CallerSideDefaultArgExprRequest
   0.0013 (  0.1%)   0.0033 (  0.2%)   0.0046 (  0.1%)   0.0046 (  0.1%)  ExpandPeerMacroRequest
   0.0011 (  0.1%)   0.0032 (  0.2%)   0.0043 (  0.1%)   0.0043 (  0.1%)  PotentialMacroExpansionsInContextRequest
   0.0025 (  0.2%)   0.0015 (  0.1%)   0.0040 (  0.1%)   0.0040 (  0.1%)  Import resolution
   0.0014 (  0.1%)   0.0026 (  0.1%)   0.0039 (  0.1%)   0.0039 (  0.1%)  LocalDiscriminatorsRequest
   0.0012 (  0.1%)   0.0025 (  0.1%)   0.0037 (  0.1%)   0.0037 (  0.1%)  load-stdlib
   0.0020 (  0.1%)   0.0015 (  0.1%)   0.0035 (  0.1%)   0.0035 (  0.1%)  ExpandChildTypeRefinementContextsRequest
   0.0014 (  0.1%)   0.0020 (  0.1%)   0.0034 (  0.1%)   0.0034 (  0.1%)  AST verification
   0.0010 (  0.1%)   0.0018 (  0.1%)   0.0028 (  0.1%)   0.0028 (  0.1%)  HasIsolatedSelfRequest
   0.0007 (  0.0%)   0.0020 (  0.1%)   0.0027 (  0.1%)   0.0027 (  0.1%)  IsDynamicRequest
   0.0006 (  0.0%)   0.0021 (  0.1%)   0.0026 (  0.1%)   0.0027 (  0.1%)  LookupInfixOperatorRequest
   0.0009 (  0.1%)   0.0017 (  0.1%)   0.0026 (  0.1%)   0.0026 (  0.1%)  PatternTypeRequest
   0.0023 (  0.1%)   0.0002 (  0.0%)   0.0024 (  0.1%)   0.0024 (  0.1%)  ParseAbstractFunctionBodyRequest
   0.0006 (  0.0%)   0.0018 (  0.1%)   0.0024 (  0.1%)   0.0024 (  0.1%)  IsGetterMutatingRequest
   0.0010 (  0.1%)   0.0013 (  0.1%)   0.0023 (  0.1%)   0.0023 (  0.1%)  CheckRedeclarationRequest
   0.0013 (  0.1%)   0.0009 (  0.0%)   0.0023 (  0.1%)   0.0023 (  0.1%)  Serialization, swiftsourceinfo
   0.0007 (  0.0%)   0.0015 (  0.1%)   0.0022 (  0.1%)   0.0022 (  0.1%)  Serialization, swiftdoc
   0.0007 (  0.0%)   0.0016 (  0.1%)   0.0022 (  0.1%)   0.0022 (  0.1%)  ExtendedTypeRequest
   0.0012 (  0.1%)   0.0008 (  0.0%)   0.0020 (  0.1%)   0.0020 (  0.1%)  ExpandMemberAttributeMacros
   0.0007 (  0.0%)   0.0013 (  0.1%)   0.0020 (  0.1%)   0.0020 (  0.1%)  ExtendedNominalRequest
   0.0005 (  0.0%)   0.0014 (  0.1%)   0.0019 (  0.1%)   0.0019 (  0.1%)  associated-type-inference
   0.0006 (  0.0%)   0.0013 (  0.1%)   0.0019 (  0.1%)   0.0019 (  0.1%)  ABIMembersRequest
   0.0005 (  0.0%)   0.0013 (  0.1%)   0.0018 (  0.1%)   0.0018 (  0.1%)  HasInitAccessorRequest
   0.0015 (  0.1%)   0.0003 (  0.0%)   0.0018 (  0.1%)   0.0018 (  0.1%)  ParseTopLevelDeclsRequest
   0.0005 (  0.0%)   0.0013 (  0.1%)   0.0017 (  0.1%)   0.0017 (  0.1%)  IsFunctionBodySkippedRequest
   0.0015 (  0.1%)   0.0002 (  0.0%)   0.0017 (  0.0%)   0.0017 (  0.0%)  ParseSourceFileRequest
   0.0004 (  0.0%)   0.0012 (  0.1%)   0.0016 (  0.0%)   0.0016 (  0.0%)  RequirementRequest
   0.0008 (  0.0%)   0.0007 (  0.0%)   0.0014 (  0.0%)   0.0014 (  0.0%)  CompareDeclSpecializationRequest
   0.0004 (  0.0%)   0.0010 (  0.1%)   0.0014 (  0.0%)   0.0014 (  0.0%)  PropertyWrapperAuxiliaryVariablesRequest
   0.0004 (  0.0%)   0.0010 (  0.1%)   0.0014 (  0.0%)   0.0014 (  0.0%)  StorageImplInfoRequest
   0.0003 (  0.0%)   0.0010 (  0.1%)   0.0013 (  0.0%)   0.0013 (  0.0%)  RequiresOpaqueAccessorsRequest
   0.0004 (  0.0%)   0.0008 (  0.0%)   0.0012 (  0.0%)   0.0012 (  0.0%)  InheritedDeclsReferencedRequest
   0.0011 (  0.1%)   0.0001 (  0.0%)   0.0012 (  0.0%)   0.0012 (  0.0%)  ParseMembersRequest
   0.0004 (  0.0%)   0.0008 (  0.0%)   0.0011 (  0.0%)   0.0011 (  0.0%)  FragileFunctionKindRequest
   0.0003 (  0.0%)   0.0007 (  0.0%)   0.0010 (  0.0%)   0.0010 (  0.0%)  AllMembersRequest
   0.0009 (  0.1%)   0.0001 (  0.0%)   0.0010 (  0.0%)   0.0010 (  0.0%)  USRGenerationRequest
   0.0004 (  0.0%)   0.0006 (  0.0%)   0.0010 (  0.0%)   0.0010 (  0.0%)  ResolveImplicitMemberRequest
   0.0003 (  0.0%)   0.0006 (  0.0%)   0.0009 (  0.0%)   0.0009 (  0.0%)  DefaultTypeRequest
   0.0003 (  0.0%)   0.0006 (  0.0%)   0.0009 (  0.0%)   0.0009 (  0.0%)  PreCheckFunctionBodyRequest
   0.0003 (  0.0%)   0.0005 (  0.0%)   0.0009 (  0.0%)   0.0009 (  0.0%)  ModuleQualifiedLookupRequest
   0.0004 (  0.0%)   0.0004 (  0.0%)   0.0008 (  0.0%)   0.0008 (  0.0%)  SPIGroupsRequest
   0.0005 (  0.0%)   0.0003 (  0.0%)   0.0008 (  0.0%)   0.0008 (  0.0%)  GlobalActorAttributeRequest
   0.0002 (  0.0%)   0.0005 (  0.0%)   0.0007 (  0.0%)   0.0007 (  0.0%)  ParamSpecifierRequest
   0.0004 (  0.0%)   0.0003 (  0.0%)   0.0007 (  0.0%)   0.0007 (  0.0%)  typecheck-for-each
   0.0001 (  0.0%)   0.0005 (  0.0%)   0.0007 (  0.0%)   0.0007 (  0.0%)  NeedsNewVTableEntryRequest
   0.0002 (  0.0%)   0.0005 (  0.0%)   0.0007 (  0.0%)   0.0007 (  0.0%)  InheritedTypeRequest
   0.0004 (  0.0%)   0.0003 (  0.0%)   0.0007 (  0.0%)   0.0007 (  0.0%)  GenericParamListRequest
   0.0003 (  0.0%)   0.0003 (  0.0%)   0.0006 (  0.0%)   0.0006 (  0.0%)  DynamicallyReplacedDeclRequest
   0.0002 (  0.0%)   0.0004 (  0.0%)   0.0006 (  0.0%)   0.0006 (  0.0%)  ProtocolDependenciesRequest
   0.0002 (  0.0%)   0.0004 (  0.0%)   0.0006 (  0.0%)   0.0006 (  0.0%)  ImplicitKnownProtocolConformanceRequest
   0.0001 (  0.0%)   0.0005 (  0.0%)   0.0006 (  0.0%)   0.0006 (  0.0%)  TypeWitnessRequest
   0.0004 (  0.0%)   0.0002 (  0.0%)   0.0006 (  0.0%)   0.0006 (  0.0%)  AbstractGenericSignatureRequest
   0.0002 (  0.0%)   0.0003 (  0.0%)   0.0006 (  0.0%)   0.0006 (  0.0%)  ResultBuilderTypeRequest
   0.0003 (  0.0%)   0.0002 (  0.0%)   0.0005 (  0.0%)   0.0006 (  0.0%)  LifetimeDependenceInfoRequest
   0.0002 (  0.0%)   0.0003 (  0.0%)   0.0005 (  0.0%)   0.0005 (  0.0%)  SemanticUnavailableAttrRequest
   0.0002 (  0.0%)   0.0003 (  0.0%)   0.0005 (  0.0%)   0.0005 (  0.0%)  OpaqueReadOwnershipRequest
   0.0003 (  0.0%)   0.0002 (  0.0%)   0.0005 (  0.0%)   0.0005 (  0.0%)  RequirementSignatureRequest
   0.0002 (  0.0%)   0.0003 (  0.0%)   0.0004 (  0.0%)   0.0005 (  0.0%)  IsObjCRequest
   0.0002 (  0.0%)   0.0002 (  0.0%)   0.0004 (  0.0%)   0.0004 (  0.0%)  ConditionalRequirementsRequest
   0.0002 (  0.0%)   0.0002 (  0.0%)   0.0003 (  0.0%)   0.0004 (  0.0%)  IsFinalRequest
   0.0001 (  0.0%)   0.0002 (  0.0%)   0.0004 (  0.0%)   0.0004 (  0.0%)  AssociatedConformanceRequest
   0.0003 (  0.0%)   0.0001 (  0.0%)   0.0004 (  0.0%)   0.0004 (  0.0%)  get-conformance-access-path
   0.0003 (  0.0%)   0.0001 (  0.0%)   0.0003 (  0.0%)   0.0003 (  0.0%)  IsDeclRefinementOfRequest
   0.0001 (  0.0%)   0.0002 (  0.0%)   0.0003 (  0.0%)   0.0003 (  0.0%)  DefaultArgumentExprRequest
   0.0001 (  0.0%)   0.0002 (  0.0%)   0.0003 (  0.0%)   0.0003 (  0.0%)  ValidatePrecedenceGroupRequest
   0.0002 (  0.0%)   0.0001 (  0.0%)   0.0003 (  0.0%)   0.0003 (  0.0%)  LookupAllConformancesInContextRequest
   0.0001 (  0.0%)   0.0002 (  0.0%)   0.0003 (  0.0%)   0.0003 (  0.0%)  IsActorRequest
   0.0001 (  0.0%)   0.0002 (  0.0%)   0.0003 (  0.0%)   0.0003 (  0.0%)  LookupPrecedenceGroupRequest
   0.0001 (  0.0%)   0.0001 (  0.0%)   0.0003 (  0.0%)   0.0003 (  0.0%)  HasStorageRequest
   0.0001 (  0.0%)   0.0002 (  0.0%)   0.0002 (  0.0%)   0.0002 (  0.0%)  ProtocolRequirementsRequest
   0.0001 (  0.0%)   0.0002 (  0.0%)   0.0002 (  0.0%)   0.0002 (  0.0%)  NamingPatternRequest
   0.0002 (  0.0%)   0.0001 (  0.0%)   0.0002 (  0.0%)   0.0002 (  0.0%)  OverriddenDeclsRequest
   0.0002 (  0.0%)   0.0001 (  0.0%)   0.0002 (  0.0%)   0.0002 (  0.0%)  DirectOperatorLookupRequest
   0.0001 (  0.0%)   0.0002 (  0.0%)   0.0002 (  0.0%)   0.0002 (  0.0%)  ExpandExtensionMacros
   0.0001 (  0.0%)   0.0001 (  0.0%)   0.0002 (  0.0%)   0.0002 (  0.0%)  IsImplicitlyUnwrappedOptionalRequest
   0.0001 (  0.0%)   0.0001 (  0.0%)   0.0002 (  0.0%)   0.0002 (  0.0%)  ObjCInterfaceAndImplementationRequest
   0.0001 (  0.0%)   0.0001 (  0.0%)   0.0002 (  0.0%)   0.0002 (  0.0%)  UnderlyingTypeRequest
   0.0000 (  0.0%)   0.0001 (  0.0%)   0.0002 (  0.0%)   0.0002 (  0.0%)  IsCallAsFunctionNominalRequest
   0.0001 (  0.0%)   0.0001 (  0.0%)   0.0002 (  0.0%)   0.0002 (  0.0%)  AccessLevelRequest
   0.0001 (  0.0%)   0.0001 (  0.0%)   0.0002 (  0.0%)   0.0002 (  0.0%)  PropertyWrapperMutabilityRequest
   0.0001 (  0.0%)   0.0001 (  0.0%)   0.0002 (  0.0%)   0.0002 (  0.0%)  ApplyAccessNoteRequest
   0.0000 (  0.0%)   0.0001 (  0.0%)   0.0002 (  0.0%)   0.0002 (  0.0%)  StructuralRequirementsRequest
   0.0001 (  0.0%)   0.0001 (  0.0%)   0.0002 (  0.0%)   0.0002 (  0.0%)  SemanticBriefCommentRequest
   0.0000 (  0.0%)   0.0001 (  0.0%)   0.0001 (  0.0%)   0.0001 (  0.0%)  FunctionOperatorRequest
   0.0001 (  0.0%)   0.0001 (  0.0%)   0.0002 (  0.0%)   0.0001 (  0.0%)  AttachedResultBuilderRequest
   0.0000 (  0.0%)   0.0001 (  0.0%)   0.0001 (  0.0%)   0.0001 (  0.0%)  ReferencedAssociatedTypesRequest
   0.0001 (  0.0%)   0.0000 (  0.0%)   0.0001 (  0.0%)   0.0001 (  0.0%)  RawCommentRequest
   0.0000 (  0.0%)   0.0001 (  0.0%)   0.0001 (  0.0%)   0.0001 (  0.0%)  HasDynamicMemberLookupAttributeRequest
   0.0001 (  0.0%)   0.0000 (  0.0%)   0.0001 (  0.0%)   0.0001 (  0.0%)  LocalTypeDeclsRequest
   0.0000 (  0.0%)   0.0001 (  0.0%)   0.0001 (  0.0%)   0.0001 (  0.0%)  CheckInconsistentImplementationOnlyImportsRequest
   0.0000 (  0.0%)   0.0001 (  0.0%)   0.0001 (  0.0%)   0.0001 (  0.0%)  CheckInconsistentWeakLinkedImportsRequest
   0.0001 (  0.0%)   0.0001 (  0.0%)   0.0001 (  0.0%)   0.0001 (  0.0%)  HasMemberwiseInitRequest
   0.0001 (  0.0%)   0.0000 (  0.0%)   0.0001 (  0.0%)   0.0001 (  0.0%)  PolymorphicEffectKindRequest
   0.0000 (  0.0%)   0.0001 (  0.0%)   0.0001 (  0.0%)   0.0001 (  0.0%)  DefaultAndMaxAccessLevelRequest
   0.0000 (  0.0%)   0.0000 (  0.0%)   0.0001 (  0.0%)   0.0001 (  0.0%)  DefaultInitializerIsolation
   0.0000 (  0.0%)   0.0000 (  0.0%)   0.0001 (  0.0%)   0.0001 (  0.0%)  HasUserDefinedDesignatedInitRequest
   0.0000 (  0.0%)   0.0000 (  0.0%)   0.0001 (  0.0%)   0.0001 (  0.0%)  IsStaticRequest
   0.0001 (  0.0%)   0.0000 (  0.0%)   0.0001 (  0.0%)   0.0001 (  0.0%)  AllInheritedProtocolsRequest
   0.0001 (  0.0%)   0.0000 (  0.0%)   0.0001 (  0.0%)   0.0001 (  0.0%)  ExpandBodyMacroRequest
   0.0000 (  0.0%)   0.0000 (  0.0%)   0.0001 (  0.0%)   0.0001 (  0.0%)  HasDynamicCallableAttributeRequest
   0.0001 (  0.0%)   0.0000 (  0.0%)   0.0001 (  0.0%)   0.0001 (  0.0%)  module-populate-cache
   0.0000 (  0.0%)   0.0000 (  0.0%)   0.0001 (  0.0%)   0.0001 (  0.0%)  ExpandAccessorMacros
   0.0000 (  0.0%)   0.0000 (  0.0%)   0.0001 (  0.0%)   0.0001 (  0.0%)  IsDistributedActorRequest
   0.0000 (  0.0%)   0.0000 (  0.0%)   0.0001 (  0.0%)   0.0001 (  0.0%)  SelfAccessKindRequest
   0.0000 (  0.0%)   0.0000 (  0.0%)   0.0001 (  0.0%)   0.0001 (  0.0%)  ExpandPreambleMacroRequest
   0.0000 (  0.0%)   0.0000 (  0.0%)   0.0001 (  0.0%)   0.0000 (  0.0%)  PreCheckReturnStmtRequest
   0.0000 (  0.0%)   0.0000 (  0.0%)   0.0000 (  0.0%)   0.0000 (  0.0%)  SynthesizeAccessorRequest
   0.0000 (  0.0%)   0.0000 (  0.0%)   0.0000 (  0.0%)   0.0000 (  0.0%)  PropertyWrapperInitializerInfoRequest
   0.0000 (  0.0%)   0.0000 (  0.0%)   0.0001 (  0.0%)   0.0000 (  0.0%)  IsSetterMutatingRequest
   0.0000 (  0.0%)   0.0000 (  0.0%)   0.0000 (  0.0%)   0.0000 (  0.0%)  CheckInconsistentAccessLevelOnImport
   0.0000 (  0.0%)   0.0000 (  0.0%)   0.0000 (  0.0%)   0.0000 (  0.0%)  InitAccessorPropertiesRequest
   0.0000 (  0.0%)   0.0000 (  0.0%)   0.0000 (  0.0%)   0.0000 (  0.0%)  SetterAccessLevelRequest
   0.0000 (  0.0%)   0.0000 (  0.0%)   0.0000 (  0.0%)   0.0000 (  0.0%)  HasCircularInheritedProtocolsRequest
   0.0000 (  0.0%)   0.0000 (  0.0%)   0.0000 (  0.0%)   0.0000 (  0.0%)  PatternBindingCheckedAndContextualizedInitRequest
   0.0000 (  0.0%)   0.0000 (  0.0%)   0.0000 (  0.0%)   0.0000 (  0.0%)  SimpleDidSetRequest
   0.0000 (  0.0%)   0.0000 (  0.0%)   0.0000 (  0.0%)   0.0000 (  0.0%)  RequiresOpaqueModifyCoroutineRequest
   0.0000 (  0.0%)   0.0000 (  0.0%)   0.0000 (  0.0%)   0.0000 (  0.0%)  source-file-populate-cache
   0.0000 (  0.0%)   0.0000 (  0.0%)   0.0000 (  0.0%)   0.0000 (  0.0%)  SynthesizeMainFunctionRequest
   0.0000 (  0.0%)   0.0000 (  0.0%)   0.0000 (  0.0%)   0.0000 (  0.0%)  ExpandSynthesizedMemberMacroRequest
   0.0000 (  0.0%)   0.0000 (  0.0%)   0.0000 (  0.0%)   0.0000 (  0.0%)  DirectPrecedenceGroupLookupRequest
   0.0000 (  0.0%)   0.0000 (  0.0%)   0.0000 (  0.0%)   0.0000 (  0.0%)  TypeAliasRequirementsRequest
   0.0000 (  0.0%)   0.0000 (  0.0%)   0.0000 (  0.0%)   0.0000 (  0.0%)  IsABICompatibleOverrideRequest
   0.0000 (  0.0%)   0.0000 (  0.0%)   0.0000 (  0.0%)   0.0000 (  0.0%)  PrimaryAssociatedTypesRequest
   0.0000 (  0.0%)   0.0000 (  0.0%)   0.0000 (  0.0%)   0.0000 (  0.0%)  IsAccessorTransparentRequest
   0.0000 (  0.0%)   0.0000 (  0.0%)   0.0000 (  0.0%)   0.0000 (  0.0%)  HasImportsMatchingFlagRequest
   0.0000 (  0.0%)   0.0000 (  0.0%)   0.0000 (  0.0%)   0.0000 (  0.0%)  CheckInconsistentSPIOnlyImportsRequest
   0.0000 (  0.0%)   0.0000 (  0.0%)   0.0000 (  0.0%)   0.0000 (  0.0%)  InheritedProtocolsRequest
   0.0000 (  0.0%)   0.0000 (  0.0%)   0.0000 (  0.0%)   0.0000 (  0.0%)  SuperclassDeclRequest
   0.0000 (  0.0%)   0.0000 (  0.0%)   0.0000 (  0.0%)   0.0000 (  0.0%)  MemberwiseInitPropertiesRequest
   0.0000 (  0.0%)   0.0000 (  0.0%)   0.0000 (  0.0%)   0.0000 (  0.0%)  BodyInitKindRequest
   0.0000 (  0.0%)   0.0000 (  0.0%)   0.0000 (  0.0%)   0.0000 (  0.0%)  ConformanceAccessScopeRequest
   0.0000 (  0.0%)   0.0000 (  0.0%)   0.0000 (  0.0%)   0.0000 (  0.0%)  CheckInconsistentAccessLevelOnImportSameFileRequest
   0.0000 (  0.0%)   0.0000 (  0.0%)   0.0000 (  0.0%)   0.0000 (  0.0%)  ProtocolRequiresClassRequest
   0.0000 (  0.0%)   0.0000 (  0.0%)   0.0000 (  0.0%)   0.0000 (  0.0%)  SelfBoundsFromWhereClauseRequest
   0.0000 (  0.0%)   0.0000 (  0.0%)   0.0000 (  0.0%)   0.0000 (  0.0%)  PreCheckClosureBodyRequest
   0.0000 (  0.0%)   0.0000 (  0.0%)   0.0000 (  0.0%)   0.0000 (  0.0%)  SelfBoundsFromGenericSignatureRequest
   0.0000 (  0.0%)   0.0000 (  0.0%)   0.0000 (  0.0%)   0.0000 (  0.0%)  perform-whole-module-type-checking
   0.0000 (  0.0%)   0.0000 (  0.0%)   0.0000 (  0.0%)   0.0000 (  0.0%)  TypeDeclsFromWhereClauseRequest
   0.0000 (  0.0%)   0.0000 (  0.0%)   0.0000 (  0.0%)   0.0000 (  0.0%)  populate-module-class-member-cache
   0.0000 (  0.0%)   0.0000 (  0.0%)   0.0000 (  0.0%)   0.0000 (  0.0%)  ClosureEffectsRequest
   0.0000 (  0.0%)   0.0000 (  0.0%)   0.0000 (  0.0%)   0.0000 (  0.0%)  InitKindRequest
   0.0000 (  0.0%)   0.0000 (  0.0%)   0.0000 (  0.0%)   0.0000 (  0.0%)  SuppressesConformanceRequest
   0.0000 (  0.0%)   0.0000 (  0.0%)   0.0000 (  0.0%)   0.0000 (  0.0%)  HasDefaultInitRequest
   0.0000 (  0.0%)   0.0000 (  0.0%)   0.0000 (  0.0%)   0.0000 (  0.0%)  IsSingleValueStmtRequest
   0.0000 (  0.0%)   0.0000 (  0.0%)   0.0000 (  0.0%)   0.0000 (  0.0%)  ModuleImplicitImportsRequest
   0.0000 (  0.0%)   0.0000 (  0.0%)   0.0000 (  0.0%)   0.0000 (  0.0%)  ExistentialConformsToSelfRequest
   0.0000 (  0.0%)   0.0000 (  0.0%)   0.0000 (  0.0%)   0.0000 (  0.0%)  BreakTargetRequest
   0.0000 (  0.0%)   0.0000 (  0.0%)   0.0000 (  0.0%)   0.0000 (  0.0%)  PrimarySourceFilesRequest
   0.0000 (  0.0%)   0.0000 (  0.0%)   0.0000 (  0.0%)   0.0000 (  0.0%)  ImportDeclRequest
   0.0000 (  0.0%)   0.0000 (  0.0%)   0.0000 (  0.0%)   0.0000 (  0.0%)  HasSelfOrAssociatedTypeRequirementsRequest
   0.0000 (  0.0%)   0.0000 (  0.0%)   0.0000 (  0.0%)   0.0000 (  0.0%)  ClosureHasResultExprRequest
   0.0000 (  0.0%)   0.0000 (  0.0%)   0.0000 (  0.0%)   0.0000 (  0.0%)  DefaultDefinitionTypeRequest
   1.5181 (100.0%)   1.9062 (100.0%)   3.4243 (100.0%)   3.4309 (100.0%)  Total
===-------------------------------------------------------------------------===
                                Running Program
===-------------------------------------------------------------------------===
  Total Execution Time: 0.8033 seconds (0.8066 wall clock)
   ---User Time---   --System Time--   --User+System--   ---Wall Time---  --- Name ---
   0.3923 (100.0%)   0.4110 (100.0%)   0.8033 (100.0%)   0.8066 (100.0%)  Building Target
   0.3923 (100.0%)   0.4110 (100.0%)   0.8033 (100.0%)   0.8066 (100.0%)  Total
SwiftDriverJobDiscovery normal arm64_32 Compiling DisposableBuilder.swift (in target 'Disposable' from project 'Disposable')
SwiftEmitModule normal arm64 Emitting\ module\ for\ Disposable (in target 'Disposable' from project 'Disposable')
    cd /Users/admin/builder/spi-builder-workspace/.dependencies/checkouts/Disposable
    builtin-swiftTaskExecution -- /Library/Developer/Toolchains/swift-6.0-DEVELOPMENT-SNAPSHOT-2024-05-26-a.xctoolchain/usr/bin/swift-frontend -frontend -emit-module -experimental-skip-non-inlinable-function-bodies-without-types /Users/admin/builder/spi-builder-workspace/.dependencies/checkouts/Disposable/Sources/Disposable/AutoDisposable.swift /Users/admin/builder/spi-builder-workspace/.dependencies/checkouts/Disposable/Sources/Disposable/Bridging/CombineExtensions.swift /Users/admin/builder/spi-builder-workspace/.dependencies/checkouts/Disposable/Sources/Disposable/Bridging/TaskExtensions.swift /Users/admin/builder/spi-builder-workspace/.dependencies/checkouts/Disposable/Sources/Disposable/ConvenienceStages.swift /Users/admin/builder/spi-builder-workspace/.dependencies/checkouts/Disposable/Sources/Disposable/Disposable.swift /Users/admin/builder/spi-builder-workspace/.dependencies/checkouts/Disposable/Sources/Disposable/DisposableBuilder.swift /Users/admin/builder/spi-builder-workspace/.dependencies/checkouts/Disposable/Sources/Disposable/DisposableStage.swift /Users/admin/builder/spi-builder-workspace/.dependencies/checkouts/Disposable/Sources/Disposable/ErasedDisposable.swift /Users/admin/builder/spi-builder-workspace/.dependencies/checkouts/Disposable/Sources/Disposable/Locked.swift /Users/admin/builder/spi-builder-workspace/.dependencies/checkouts/Disposable/Sources/Disposable/Task.swift -target arm64-apple-watchos8.5 -Xllvm -aarch64-use-tbi -enable-objc-interop -sdk /Applications/Xcode-15.3.0.app/Contents/Developer/Platforms/WatchOS.platform/Developer/SDKs/WatchOS10.4.sdk -I /Users/admin/builder/spi-builder-workspace/.derivedData/Build/Products/Debug-watchos -I /Applications/Xcode-15.3.0.app/Contents/Developer/Platforms/WatchOS.platform/Developer/usr/lib -F /Users/admin/builder/spi-builder-workspace/.derivedData/Build/Products/Debug-watchos -F /Applications/Xcode-15.3.0.app/Contents/Developer/Platforms/WatchOS.platform/Developer/Library/Frameworks -F /Applications/Xcode-15.3.0.app/Contents/Developer/Platforms/WatchOS.platform/Developer/SDKs/WatchOS10.4.sdk/Developer/Library/Frameworks -no-color-diagnostics -enable-testing -g -module-cache-path /Users/admin/builder/spi-builder-workspace/.derivedData/ModuleCache.noindex -suppress-warnings -profile-generate -profile-coverage-mapping -swift-version 5 -enforce-exclusivity\=checked -stats-output-dir /Users/admin/builder/spi-builder-workspace/.dependencies/checkouts/Disposable/.stats -Onone -D SWIFT_PACKAGE -D DEBUG -serialize-debugging-options -const-gather-protocols-file /Users/admin/builder/spi-builder-workspace/.derivedData/Build/Intermediates.noindex/Disposable.build/Debug-watchos/Disposable.build/Objects-normal/arm64/Disposable_const_extract_protocols.json -strict-concurrency\=complete -empty-abi-descriptor -validate-clang-modules-once -clang-build-session-file /Users/admin/builder/spi-builder-workspace/.derivedData/ModuleCache.noindex/Session.modulevalidation -Xcc -working-directory -Xcc /Users/admin/builder/spi-builder-workspace/.dependencies/checkouts/Disposable -resource-dir /Library/Developer/Toolchains/swift-6.0-DEVELOPMENT-SNAPSHOT-2024-05-26-a.xctoolchain/usr/lib/swift -enable-anonymous-context-mangled-names -Xcc -I/Users/admin/builder/spi-builder-workspace/.derivedData/Build/Intermediates.noindex/Disposable.build/Debug-watchos/Disposable.build/swift-overrides.hmap -Xcc -I/Users/admin/builder/spi-builder-workspace/.derivedData/Build/Products/Debug-watchos/include -Xcc -I/Users/admin/builder/spi-builder-workspace/.derivedData/Build/Intermediates.noindex/Disposable.build/Debug-watchos/Disposable.build/DerivedSources-normal/arm64 -Xcc -I/Users/admin/builder/spi-builder-workspace/.derivedData/Build/Intermediates.noindex/Disposable.build/Debug-watchos/Disposable.build/DerivedSources/arm64 -Xcc -I/Users/admin/builder/spi-builder-workspace/.derivedData/Build/Intermediates.noindex/Disposable.build/Debug-watchos/Disposable.build/DerivedSources -Xcc -DSWIFT_PACKAGE -Xcc -DDEBUG\=1 -module-name Disposable -disable-clang-spi -target-sdk-version 10.4 -target-sdk-name watchos10.4 -external-plugin-path /Applications/Xcode-15.3.0.app/Contents/Developer/Platforms/WatchOS.platform/Developer/SDKs/WatchOS10.4.sdk/usr/lib/swift/host/plugins\#/Applications/Xcode-15.3.0.app/Contents/Developer/Platforms/WatchOS.platform/Developer/SDKs/WatchOS10.4.sdk/usr/bin/swift-plugin-server -external-plugin-path /Applications/Xcode-15.3.0.app/Contents/Developer/Platforms/WatchOS.platform/Developer/SDKs/WatchOS10.4.sdk/usr/local/lib/swift/host/plugins\#/Applications/Xcode-15.3.0.app/Contents/Developer/Platforms/WatchOS.platform/Developer/SDKs/WatchOS10.4.sdk/usr/bin/swift-plugin-server -external-plugin-path /Applications/Xcode-15.3.0.app/Contents/Developer/Platforms/WatchOS.platform/Developer/usr/lib/swift/host/plugins\#/Applications/Xcode-15.3.0.app/Contents/Developer/Platforms/WatchOS.platform/Developer/usr/bin/swift-plugin-server -external-plugin-path /Applications/Xcode-15.3.0.app/Contents/Developer/Platforms/WatchOS.platform/Developer/usr/local/lib/swift/host/plugins\#/Applications/Xcode-15.3.0.app/Contents/Developer/Platforms/WatchOS.platform/Developer/usr/bin/swift-plugin-server -plugin-path /Library/Developer/Toolchains/swift-6.0-DEVELOPMENT-SNAPSHOT-2024-05-26-a.xctoolchain/usr/lib/swift/host/plugins -plugin-path /Library/Developer/Toolchains/swift-6.0-DEVELOPMENT-SNAPSHOT-2024-05-26-a.xctoolchain/usr/local/lib/swift/host/plugins -emit-module-doc-path /Users/admin/builder/spi-builder-workspace/.derivedData/Build/Intermediates.noindex/Disposable.build/Debug-watchos/Disposable.build/Objects-normal/arm64/Disposable.swiftdoc -emit-module-source-info-path /Users/admin/builder/spi-builder-workspace/.derivedData/Build/Intermediates.noindex/Disposable.build/Debug-watchos/Disposable.build/Objects-normal/arm64/Disposable.swiftsourceinfo -emit-objc-header-path /Users/admin/builder/spi-builder-workspace/.derivedData/Build/Intermediates.noindex/Disposable.build/Debug-watchos/Disposable.build/Objects-normal/arm64/Disposable-Swift.h -serialize-diagnostics-path /Users/admin/builder/spi-builder-workspace/.derivedData/Build/Intermediates.noindex/Disposable.build/Debug-watchos/Disposable.build/Objects-normal/arm64/Disposable-master-emit-module.dia -emit-dependencies-path /Users/admin/builder/spi-builder-workspace/.derivedData/Build/Intermediates.noindex/Disposable.build/Debug-watchos/Disposable.build/Objects-normal/arm64/Disposable-master-emit-module.d -o /Users/admin/builder/spi-builder-workspace/.derivedData/Build/Intermediates.noindex/Disposable.build/Debug-watchos/Disposable.build/Objects-normal/arm64/Disposable.swiftmodule -emit-abi-descriptor-path /Users/admin/builder/spi-builder-workspace/.derivedData/Build/Intermediates.noindex/Disposable.build/Debug-watchos/Disposable.build/Objects-normal/arm64/Disposable.abi.json
SwiftDriverJobDiscovery normal arm64_32 Compiling Task.swift (in target 'Disposable' from project 'Disposable')
SwiftEmitModule normal arm64_32 Emitting\ module\ for\ Disposable (in target 'Disposable' from project 'Disposable')
    cd /Users/admin/builder/spi-builder-workspace/.dependencies/checkouts/Disposable
    builtin-swiftTaskExecution -- /Library/Developer/Toolchains/swift-6.0-DEVELOPMENT-SNAPSHOT-2024-05-26-a.xctoolchain/usr/bin/swift-frontend -frontend -emit-module -experimental-skip-non-inlinable-function-bodies-without-types /Users/admin/builder/spi-builder-workspace/.dependencies/checkouts/Disposable/Sources/Disposable/AutoDisposable.swift /Users/admin/builder/spi-builder-workspace/.dependencies/checkouts/Disposable/Sources/Disposable/Bridging/CombineExtensions.swift /Users/admin/builder/spi-builder-workspace/.dependencies/checkouts/Disposable/Sources/Disposable/Bridging/TaskExtensions.swift /Users/admin/builder/spi-builder-workspace/.dependencies/checkouts/Disposable/Sources/Disposable/ConvenienceStages.swift /Users/admin/builder/spi-builder-workspace/.dependencies/checkouts/Disposable/Sources/Disposable/Disposable.swift /Users/admin/builder/spi-builder-workspace/.dependencies/checkouts/Disposable/Sources/Disposable/DisposableBuilder.swift /Users/admin/builder/spi-builder-workspace/.dependencies/checkouts/Disposable/Sources/Disposable/DisposableStage.swift /Users/admin/builder/spi-builder-workspace/.dependencies/checkouts/Disposable/Sources/Disposable/ErasedDisposable.swift /Users/admin/builder/spi-builder-workspace/.dependencies/checkouts/Disposable/Sources/Disposable/Locked.swift /Users/admin/builder/spi-builder-workspace/.dependencies/checkouts/Disposable/Sources/Disposable/Task.swift -target arm64_32-apple-watchos8.5 -enable-objc-interop -sdk /Applications/Xcode-15.3.0.app/Contents/Developer/Platforms/WatchOS.platform/Developer/SDKs/WatchOS10.4.sdk -I /Users/admin/builder/spi-builder-workspace/.derivedData/Build/Products/Debug-watchos -I /Applications/Xcode-15.3.0.app/Contents/Developer/Platforms/WatchOS.platform/Developer/usr/lib -F /Users/admin/builder/spi-builder-workspace/.derivedData/Build/Products/Debug-watchos -F /Applications/Xcode-15.3.0.app/Contents/Developer/Platforms/WatchOS.platform/Developer/Library/Frameworks -F /Applications/Xcode-15.3.0.app/Contents/Developer/Platforms/WatchOS.platform/Developer/SDKs/WatchOS10.4.sdk/Developer/Library/Frameworks -no-color-diagnostics -enable-testing -g -module-cache-path /Users/admin/builder/spi-builder-workspace/.derivedData/ModuleCache.noindex -suppress-warnings -profile-generate -profile-coverage-mapping -swift-version 5 -enforce-exclusivity\=checked -stats-output-dir /Users/admin/builder/spi-builder-workspace/.dependencies/checkouts/Disposable/.stats -Onone -D SWIFT_PACKAGE -D DEBUG -serialize-debugging-options -const-gather-protocols-file /Users/admin/builder/spi-builder-workspace/.derivedData/Build/Intermediates.noindex/Disposable.build/Debug-watchos/Disposable.build/Objects-normal/arm64_32/Disposable_const_extract_protocols.json -strict-concurrency\=complete -empty-abi-descriptor -validate-clang-modules-once -clang-build-session-file /Users/admin/builder/spi-builder-workspace/.derivedData/ModuleCache.noindex/Session.modulevalidation -Xcc -working-directory -Xcc /Users/admin/builder/spi-builder-workspace/.dependencies/checkouts/Disposable -resource-dir /Library/Developer/Toolchains/swift-6.0-DEVELOPMENT-SNAPSHOT-2024-05-26-a.xctoolchain/usr/lib/swift -enable-anonymous-context-mangled-names -Xcc -I/Users/admin/builder/spi-builder-workspace/.derivedData/Build/Intermediates.noindex/Disposable.build/Debug-watchos/Disposable.build/swift-overrides.hmap -Xcc -I/Users/admin/builder/spi-builder-workspace/.derivedData/Build/Products/Debug-watchos/include -Xcc -I/Users/admin/builder/spi-builder-workspace/.derivedData/Build/Intermediates.noindex/Disposable.build/Debug-watchos/Disposable.build/DerivedSources-normal/arm64_32 -Xcc -I/Users/admin/builder/spi-builder-workspace/.derivedData/Build/Intermediates.noindex/Disposable.build/Debug-watchos/Disposable.build/DerivedSources/arm64_32 -Xcc -I/Users/admin/builder/spi-builder-workspace/.derivedData/Build/Intermediates.noindex/Disposable.build/Debug-watchos/Disposable.build/DerivedSources -Xcc -DSWIFT_PACKAGE -Xcc -DDEBUG\=1 -module-name Disposable -disable-clang-spi -target-sdk-version 10.4 -target-sdk-name watchos10.4 -external-plugin-path /Applications/Xcode-15.3.0.app/Contents/Developer/Platforms/WatchOS.platform/Developer/SDKs/WatchOS10.4.sdk/usr/lib/swift/host/plugins\#/Applications/Xcode-15.3.0.app/Contents/Developer/Platforms/WatchOS.platform/Developer/SDKs/WatchOS10.4.sdk/usr/bin/swift-plugin-server -external-plugin-path /Applications/Xcode-15.3.0.app/Contents/Developer/Platforms/WatchOS.platform/Developer/SDKs/WatchOS10.4.sdk/usr/local/lib/swift/host/plugins\#/Applications/Xcode-15.3.0.app/Contents/Developer/Platforms/WatchOS.platform/Developer/SDKs/WatchOS10.4.sdk/usr/bin/swift-plugin-server -external-plugin-path /Applications/Xcode-15.3.0.app/Contents/Developer/Platforms/WatchOS.platform/Developer/usr/lib/swift/host/plugins\#/Applications/Xcode-15.3.0.app/Contents/Developer/Platforms/WatchOS.platform/Developer/usr/bin/swift-plugin-server -external-plugin-path /Applications/Xcode-15.3.0.app/Contents/Developer/Platforms/WatchOS.platform/Developer/usr/local/lib/swift/host/plugins\#/Applications/Xcode-15.3.0.app/Contents/Developer/Platforms/WatchOS.platform/Developer/usr/bin/swift-plugin-server -plugin-path /Library/Developer/Toolchains/swift-6.0-DEVELOPMENT-SNAPSHOT-2024-05-26-a.xctoolchain/usr/lib/swift/host/plugins -plugin-path /Library/Developer/Toolchains/swift-6.0-DEVELOPMENT-SNAPSHOT-2024-05-26-a.xctoolchain/usr/local/lib/swift/host/plugins -emit-module-doc-path /Users/admin/builder/spi-builder-workspace/.derivedData/Build/Intermediates.noindex/Disposable.build/Debug-watchos/Disposable.build/Objects-normal/arm64_32/Disposable.swiftdoc -emit-module-source-info-path /Users/admin/builder/spi-builder-workspace/.derivedData/Build/Intermediates.noindex/Disposable.build/Debug-watchos/Disposable.build/Objects-normal/arm64_32/Disposable.swiftsourceinfo -emit-objc-header-path /Users/admin/builder/spi-builder-workspace/.derivedData/Build/Intermediates.noindex/Disposable.build/Debug-watchos/Disposable.build/Objects-normal/arm64_32/Disposable-Swift.h -serialize-diagnostics-path /Users/admin/builder/spi-builder-workspace/.derivedData/Build/Intermediates.noindex/Disposable.build/Debug-watchos/Disposable.build/Objects-normal/arm64_32/Disposable-master-emit-module.dia -emit-dependencies-path /Users/admin/builder/spi-builder-workspace/.derivedData/Build/Intermediates.noindex/Disposable.build/Debug-watchos/Disposable.build/Objects-normal/arm64_32/Disposable-master-emit-module.d -o /Users/admin/builder/spi-builder-workspace/.derivedData/Build/Intermediates.noindex/Disposable.build/Debug-watchos/Disposable.build/Objects-normal/arm64_32/Disposable.swiftmodule -emit-abi-descriptor-path /Users/admin/builder/spi-builder-workspace/.derivedData/Build/Intermediates.noindex/Disposable.build/Debug-watchos/Disposable.build/Objects-normal/arm64_32/Disposable.abi.json
/Users/admin/builder/spi-builder-workspace/.dependencies/checkouts/Disposable/Sources/Disposable/Locked.swift:202:23: error: 'OSAllocatedUnfairLock' is only available in watchOS 9.0 or newer
174 | import os
175 | @available(iOS 16, macOS 13, *)
176 | private final class OSUnfairLocked<T>: LockType {
    |                     `- note: add @available attribute to enclosing generic class
177 |
178 |   // MARK: Lifecycle
    :
200 |   // MARK: Private
201 |
202 |   private let oslock: OSAllocatedUnfairLock<Void>
    |                       `- error: 'OSAllocatedUnfairLock' is only available in watchOS 9.0 or newer
203 | }
204 | #endif
Error opening -stats-output-dir file '/Users/admin/builder/spi-builder-workspace/.dependencies/checkouts/Disposable/.stats/stats-1717042922461638-swift-frontend-Disposable-all-arm64_32_apple_watchos8.5-swiftmodule-Onone-2341631545.json' for writing
===-------------------------------------------------------------------------===
                               Swift compilation
===-------------------------------------------------------------------------===
  Total Execution Time: 0.7458 seconds (0.7460 wall clock)
   ---User Time---   --System Time--   --User+System--   ---Wall Time---  --- Name ---
   0.0455 ( 15.0%)   0.0648 ( 14.6%)   0.1103 ( 14.8%)   0.1104 ( 14.8%)  perform-sema
   0.0452 ( 14.9%)   0.0643 ( 14.5%)   0.1096 ( 14.7%)   0.1096 ( 14.7%)  TypeCheckSourceFileRequest
   0.0451 ( 14.9%)   0.0641 ( 14.5%)   0.1092 ( 14.6%)   0.1092 ( 14.6%)  Type checking and Semantic analysis
   0.0445 ( 14.7%)   0.0630 ( 14.2%)   0.1076 ( 14.4%)   0.1076 ( 14.4%)  typecheck-decl
   0.0111 (  3.7%)   0.0246 (  5.6%)   0.0357 (  4.8%)   0.0358 (  4.8%)  parse-and-resolve-imports
   0.0107 (  3.5%)   0.0242 (  5.5%)   0.0349 (  4.7%)   0.0349 (  4.7%)  Import resolution
   0.0141 (  4.7%)   0.0186 (  4.2%)   0.0327 (  4.4%)   0.0327 (  4.4%)  ResolveValueWitnessesRequest
   0.0079 (  2.6%)   0.0165 (  3.7%)   0.0244 (  3.3%)   0.0244 (  3.3%)  InterfaceTypeRequest
   0.0068 (  2.2%)   0.0089 (  2.0%)   0.0157 (  2.1%)   0.0157 (  2.1%)  UnqualifiedLookupRequest
   0.0064 (  2.1%)   0.0075 (  1.7%)   0.0139 (  1.9%)   0.0139 (  1.9%)  performUnqualifiedLookup
   0.0055 (  1.8%)   0.0074 (  1.7%)   0.0129 (  1.7%)   0.0129 (  1.7%)  PatternBindingEntryRequest
   0.0050 (  1.6%)   0.0064 (  1.4%)   0.0113 (  1.5%)   0.0113 (  1.5%)  typecheck-expr
   0.0032 (  1.1%)   0.0064 (  1.4%)   0.0096 (  1.3%)   0.0096 (  1.3%)  QualifiedLookupRequest
   0.0051 (  1.7%)   0.0044 (  1.0%)   0.0095 (  1.3%)   0.0095 (  1.3%)  LookupInModuleRequest
   0.0036 (  1.2%)   0.0055 (  1.2%)   0.0090 (  1.2%)   0.0090 (  1.2%)  ResolveTypeRequest
   0.0050 (  1.7%)   0.0032 (  0.7%)   0.0082 (  1.1%)   0.0082 (  1.1%)  build-rewrite-system
   0.0037 (  1.2%)   0.0038 (  0.9%)   0.0075 (  1.0%)   0.0075 (  1.0%)  LookupConformanceInModuleRequest
   0.0028 (  0.9%)   0.0038 (  0.9%)   0.0066 (  0.9%)   0.0065 (  0.9%)  GenericSignatureRequest
   0.0021 (  0.7%)   0.0045 (  1.0%)   0.0065 (  0.9%)   0.0065 (  0.9%)  ActorIsolationRequest
   0.0024 (  0.8%)   0.0027 (  0.6%)   0.0051 (  0.7%)   0.0051 (  0.7%)  DirectLookupRequest
   0.0011 (  0.4%)   0.0031 (  0.7%)   0.0042 (  0.6%)   0.0042 (  0.6%)  AttachedPropertyWrappersRequest
   0.0018 (  0.6%)   0.0018 (  0.4%)   0.0035 (  0.5%)   0.0035 (  0.5%)  InferredGenericSignatureRequest
   0.0012 (  0.4%)   0.0022 (  0.5%)   0.0034 (  0.5%)   0.0034 (  0.5%)  load-stdlib
   0.0015 (  0.5%)   0.0018 (  0.4%)   0.0033 (  0.4%)   0.0034 (  0.5%)  CheckRedeclarationRequest
   0.0014 (  0.5%)   0.0017 (  0.4%)   0.0031 (  0.4%)   0.0031 (  0.4%)  ModuleQualifiedLookupRequest
   0.0014 (  0.5%)   0.0016 (  0.4%)   0.0030 (  0.4%)   0.0030 (  0.4%)  ResolveImplicitMemberRequest
   0.0009 (  0.3%)   0.0019 (  0.4%)   0.0028 (  0.4%)   0.0028 (  0.4%)  InheritedDeclsReferencedRequest
   0.0011 (  0.3%)   0.0016 (  0.4%)   0.0026 (  0.4%)   0.0027 (  0.4%)  PatternTypeRequest
   0.0007 (  0.2%)   0.0014 (  0.3%)   0.0021 (  0.3%)   0.0021 (  0.3%)  StoredPropertiesRequest
   0.0007 (  0.2%)   0.0010 (  0.2%)   0.0018 (  0.2%)   0.0018 (  0.2%)  import-clang-decl
   0.0006 (  0.2%)   0.0011 (  0.2%)   0.0016 (  0.2%)   0.0016 (  0.2%)  ABIMembersRequest
   0.0004 (  0.1%)   0.0011 (  0.2%)   0.0015 (  0.2%)   0.0015 (  0.2%)  IsFunctionBodySkippedRequest
   0.0006 (  0.2%)   0.0009 (  0.2%)   0.0015 (  0.2%)   0.0015 (  0.2%)  ResultTypeRequest
   0.0007 (  0.2%)   0.0008 (  0.2%)   0.0015 (  0.2%)   0.0015 (  0.2%)  DefaultArgumentExprRequest
   0.0005 (  0.2%)   0.0009 (  0.2%)   0.0014 (  0.2%)   0.0014 (  0.2%)  ResolveTypeWitnessesRequest
   0.0004 (  0.1%)   0.0010 (  0.2%)   0.0013 (  0.2%)   0.0014 (  0.2%)  PotentialMacroExpansionsInContextRequest
   0.0004 (  0.1%)   0.0008 (  0.2%)   0.0012 (  0.2%)   0.0012 (  0.2%)  RequirementRequest
   0.0004 (  0.1%)   0.0007 (  0.2%)   0.0011 (  0.1%)   0.0011 (  0.1%)  InheritedTypeRequest
   0.0003 (  0.1%)   0.0007 (  0.2%)   0.0010 (  0.1%)   0.0010 (  0.1%)  ExpandPeerMacroRequest
   0.0003 (  0.1%)   0.0006 (  0.1%)   0.0009 (  0.1%)   0.0009 (  0.1%)  NamingPatternRequest
   0.0006 (  0.2%)   0.0003 (  0.1%)   0.0009 (  0.1%)   0.0009 (  0.1%)  ParseTopLevelDeclsRequest
   0.0004 (  0.1%)   0.0005 (  0.1%)   0.0009 (  0.1%)   0.0009 (  0.1%)  ValueWitnessRequest
   0.0004 (  0.1%)   0.0004 (  0.1%)   0.0009 (  0.1%)   0.0009 (  0.1%)  OpaqueReadOwnershipRequest
   0.0002 (  0.1%)   0.0006 (  0.1%)   0.0009 (  0.1%)   0.0008 (  0.1%)  IsDynamicRequest
   0.0007 (  0.2%)   0.0001 (  0.0%)   0.0008 (  0.1%)   0.0008 (  0.1%)  ParseMembersRequest
   0.0002 (  0.1%)   0.0006 (  0.1%)   0.0008 (  0.1%)   0.0008 (  0.1%)  IsGetterMutatingRequest
   0.0003 (  0.1%)   0.0006 (  0.1%)   0.0008 (  0.1%)   0.0008 (  0.1%)  FragileFunctionKindRequest
   0.0006 (  0.2%)   0.0002 (  0.0%)   0.0008 (  0.1%)   0.0008 (  0.1%)  ParseSourceFileRequest
   0.0004 (  0.1%)   0.0004 (  0.1%)   0.0007 (  0.1%)   0.0007 (  0.1%)  precheck-expr
   0.0006 (  0.2%)   0.0001 (  0.0%)   0.0006 (  0.1%)   0.0006 (  0.1%)  verify-all-loaded-modules
   0.0003 (  0.1%)   0.0004 (  0.1%)   0.0006 (  0.1%)   0.0006 (  0.1%)  AST verification
   0.0004 (  0.1%)   0.0002 (  0.0%)   0.0006 (  0.1%)   0.0006 (  0.1%)  ExpandMemberAttributeMacros
   0.0002 (  0.1%)   0.0004 (  0.1%)   0.0006 (  0.1%)   0.0006 (  0.1%)  ExpandChildTypeRefinementContextsRequest
   0.0003 (  0.1%)   0.0002 (  0.1%)   0.0005 (  0.1%)   0.0005 (  0.1%)  ExtendedNominalRequest
   0.0002 (  0.1%)   0.0003 (  0.1%)   0.0005 (  0.1%)   0.0005 (  0.1%)  ImplicitKnownProtocolConformanceRequest
   0.0002 (  0.1%)   0.0003 (  0.1%)   0.0005 (  0.1%)   0.0005 (  0.1%)  ProtocolDependenciesRequest
   0.0002 (  0.1%)   0.0003 (  0.1%)   0.0005 (  0.1%)   0.0005 (  0.1%)  ExtendedTypeRequest
   0.0002 (  0.1%)   0.0003 (  0.1%)   0.0005 (  0.1%)   0.0005 (  0.1%)  LookupAllConformancesInContextRequest
   0.0002 (  0.1%)   0.0003 (  0.1%)   0.0005 (  0.1%)   0.0005 (  0.1%)  StorageImplInfoRequest
   0.0002 (  0.1%)   0.0003 (  0.1%)   0.0004 (  0.1%)   0.0004 (  0.1%)  HasUserDefinedDesignatedInitRequest
   0.0002 (  0.1%)   0.0002 (  0.1%)   0.0004 (  0.1%)   0.0004 (  0.1%)  HasMemberwiseInitRequest
   0.0002 (  0.1%)   0.0002 (  0.1%)   0.0004 (  0.1%)   0.0004 (  0.1%)  HasIsolatedSelfRequest
   0.0002 (  0.1%)   0.0002 (  0.0%)   0.0004 (  0.1%)   0.0004 (  0.1%)  OpaqueResultTypeRequest
   0.0002 (  0.1%)   0.0001 (  0.0%)   0.0003 (  0.0%)   0.0003 (  0.0%)  GenericParamListRequest
   0.0001 (  0.0%)   0.0002 (  0.1%)   0.0003 (  0.0%)   0.0003 (  0.0%)  DefaultInitializerIsolation
   0.0002 (  0.1%)   0.0002 (  0.0%)   0.0003 (  0.0%)   0.0003 (  0.0%)  RequirementSignatureRequest
   0.0001 (  0.0%)   0.0002 (  0.0%)   0.0003 (  0.0%)   0.0003 (  0.0%)  DefaultAndMaxAccessLevelRequest
   0.0002 (  0.1%)   0.0001 (  0.0%)   0.0003 (  0.0%)   0.0003 (  0.0%)  AbstractGenericSignatureRequest
   0.0001 (  0.0%)   0.0001 (  0.0%)   0.0003 (  0.0%)   0.0003 (  0.0%)  SPIGroupsRequest
   0.0001 (  0.0%)   0.0001 (  0.0%)   0.0003 (  0.0%)   0.0003 (  0.0%)  CompareDeclSpecializationRequest
   0.0001 (  0.0%)   0.0001 (  0.0%)   0.0003 (  0.0%)   0.0003 (  0.0%)  StructuralRequirementsRequest
   0.0001 (  0.0%)   0.0002 (  0.0%)   0.0002 (  0.0%)   0.0002 (  0.0%)  SuperclassDeclRequest
   0.0001 (  0.0%)   0.0001 (  0.0%)   0.0002 (  0.0%)   0.0002 (  0.0%)  ProtocolRequirementsRequest
   0.0001 (  0.0%)   0.0002 (  0.0%)   0.0002 (  0.0%)   0.0002 (  0.0%)  TypeDeclsFromWhereClauseRequest
   0.0001 (  0.0%)   0.0001 (  0.0%)   0.0002 (  0.0%)   0.0002 (  0.0%)  AssociatedConformanceRequest
   0.0001 (  0.0%)   0.0001 (  0.0%)   0.0002 (  0.0%)   0.0002 (  0.0%)  AccessLevelRequest
   0.0001 (  0.0%)   0.0001 (  0.0%)   0.0002 (  0.0%)   0.0002 (  0.0%)  OverriddenDeclsRequest
   0.0001 (  0.0%)   0.0001 (  0.0%)   0.0002 (  0.0%)   0.0002 (  0.0%)  LifetimeDependenceInfoRequest
   0.0001 (  0.0%)   0.0001 (  0.0%)   0.0002 (  0.0%)   0.0002 (  0.0%)  IsActorRequest
   0.0001 (  0.0%)   0.0001 (  0.0%)   0.0002 (  0.0%)   0.0002 (  0.0%)  PrimaryAssociatedTypesRequest
   0.0001 (  0.0%)   0.0001 (  0.0%)   0.0002 (  0.0%)   0.0002 (  0.0%)  associated-type-inference
   0.0001 (  0.0%)   0.0001 (  0.0%)   0.0002 (  0.0%)   0.0002 (  0.0%)  IsObjCRequest
   0.0001 (  0.0%)   0.0001 (  0.0%)   0.0002 (  0.0%)   0.0002 (  0.0%)  FunctionOperatorRequest
   0.0001 (  0.0%)   0.0001 (  0.0%)   0.0002 (  0.0%)   0.0002 (  0.0%)  SuppressesConformanceRequest
   0.0000 (  0.0%)   0.0001 (  0.0%)   0.0002 (  0.0%)   0.0002 (  0.0%)  LookupInfixOperatorRequest
   0.0001 (  0.0%)   0.0000 (  0.0%)   0.0001 (  0.0%)   0.0001 (  0.0%)  ApplyAccessNoteRequest
   0.0000 (  0.0%)   0.0001 (  0.0%)   0.0001 (  0.0%)   0.0001 (  0.0%)  ExpandExtensionMacros
   0.0000 (  0.0%)   0.0001 (  0.0%)   0.0001 (  0.0%)   0.0001 (  0.0%)  DefaultTypeRequest
   0.0001 (  0.0%)   0.0000 (  0.0%)   0.0001 (  0.0%)   0.0001 (  0.0%)  ObjCInterfaceAndImplementationRequest
   0.0001 (  0.0%)   0.0000 (  0.0%)   0.0001 (  0.0%)   0.0001 (  0.0%)  GlobalActorAttributeRequest
   0.0001 (  0.0%)   0.0001 (  0.0%)   0.0001 (  0.0%)   0.0001 (  0.0%)  ConditionalRequirementsRequest
   0.0000 (  0.0%)   0.0001 (  0.0%)   0.0001 (  0.0%)   0.0001 (  0.0%)  InheritedProtocolsRequest
   0.0001 (  0.0%)   0.0000 (  0.0%)   0.0001 (  0.0%)   0.0001 (  0.0%)  module-populate-cache
   0.0000 (  0.0%)   0.0001 (  0.0%)   0.0001 (  0.0%)   0.0001 (  0.0%)  HasDefaultInitRequest
   0.0001 (  0.0%)   0.0000 (  0.0%)   0.0001 (  0.0%)   0.0001 (  0.0%)  DynamicallyReplacedDeclRequest
   0.0000 (  0.0%)   0.0000 (  0.0%)   0.0001 (  0.0%)   0.0001 (  0.0%)  PatternBindingCheckedAndContextualizedInitRequest
   0.0000 (  0.0%)   0.0000 (  0.0%)   0.0001 (  0.0%)   0.0001 (  0.0%)  IsFinalRequest
   0.0000 (  0.0%)   0.0000 (  0.0%)   0.0001 (  0.0%)   0.0001 (  0.0%)  AttachedResultBuilderRequest
   0.0000 (  0.0%)   0.0000 (  0.0%)   0.0001 (  0.0%)   0.0001 (  0.0%)  IsSetterMutatingRequest
   0.0000 (  0.0%)   0.0000 (  0.0%)   0.0001 (  0.0%)   0.0001 (  0.0%)  UnderlyingTypeRequest
   0.0000 (  0.0%)   0.0000 (  0.0%)   0.0000 (  0.0%)   0.0001 (  0.0%)  IsStaticRequest
   0.0000 (  0.0%)   0.0000 (  0.0%)   0.0001 (  0.0%)   0.0001 (  0.0%)  EnumRawTypeRequest
   0.0000 (  0.0%)   0.0000 (  0.0%)   0.0001 (  0.0%)   0.0001 (  0.0%)  HasInitAccessorRequest
   0.0000 (  0.0%)   0.0000 (  0.0%)   0.0001 (  0.0%)   0.0001 (  0.0%)  InheritsSuperclassInitializersRequest
   0.0000 (  0.0%)   0.0000 (  0.0%)   0.0001 (  0.0%)   0.0001 (  0.0%)  CheckInconsistentImplementationOnlyImportsRequest
   0.0000 (  0.0%)   0.0000 (  0.0%)   0.0001 (  0.0%)   0.0001 (  0.0%)  CustomAttrNominalRequest
   0.0000 (  0.0%)   0.0000 (  0.0%)   0.0000 (  0.0%)   0.0001 (  0.0%)  PropertyWrapperMutabilityRequest
   0.0000 (  0.0%)   0.0000 (  0.0%)   0.0001 (  0.0%)   0.0001 (  0.0%)  HasCircularInheritedProtocolsRequest
   0.0000 (  0.0%)   0.0000 (  0.0%)   0.0000 (  0.0%)   0.0000 (  0.0%)  ProtocolRequiresClassRequest
   0.0000 (  0.0%)   0.0000 (  0.0%)   0.0000 (  0.0%)   0.0000 (  0.0%)  TypeCheckFunctionBodyRequest
   0.0000 (  0.0%)   0.0000 (  0.0%)   0.0000 (  0.0%)   0.0000 (  0.0%)  CheckInconsistentWeakLinkedImportsRequest
   0.0000 (  0.0%)   0.0000 (  0.0%)   0.0000 (  0.0%)   0.0000 (  0.0%)  SelfAccessKindRequest
   0.0000 (  0.0%)   0.0000 (  0.0%)   0.0000 (  0.0%)   0.0000 (  0.0%)  ResultBuilderTypeRequest
   0.0000 (  0.0%)   0.0000 (  0.0%)   0.0000 (  0.0%)   0.0000 (  0.0%)  SynthesizeAccessorRequest
   0.0000 (  0.0%)   0.0000 (  0.0%)   0.0000 (  0.0%)   0.0000 (  0.0%)  IsImplicitlyUnwrappedOptionalRequest
   0.0000 (  0.0%)   0.0000 (  0.0%)   0.0000 (  0.0%)   0.0000 (  0.0%)  CustomAttrTypeRequest
   0.0000 (  0.0%)   0.0000 (  0.0%)   0.0000 (  0.0%)   0.0000 (  0.0%)  ParamSpecifierRequest
   0.0000 (  0.0%)   0.0000 (  0.0%)   0.0000 (  0.0%)   0.0000 (  0.0%)  ParseAbstractFunctionBodyRequest
   0.0000 (  0.0%)   0.0000 (  0.0%)   0.0000 (  0.0%)   0.0000 (  0.0%)  LocalTypeDeclsRequest
   0.0000 (  0.0%)   0.0000 (  0.0%)   0.0000 (  0.0%)   0.0000 (  0.0%)  CheckInconsistentSPIOnlyImportsRequest
   0.0000 (  0.0%)   0.0000 (  0.0%)   0.0000 (  0.0%)   0.0000 (  0.0%)  HasStorageRequest
   0.0000 (  0.0%)   0.0000 (  0.0%)   0.0000 (  0.0%)   0.0000 (  0.0%)  DirectOperatorLookupRequest
   0.0000 (  0.0%)   0.0000 (  0.0%)   0.0000 (  0.0%)   0.0000 (  0.0%)  SimpleDidSetRequest
   0.0000 (  0.0%)   0.0000 (  0.0%)   0.0000 (  0.0%)   0.0000 (  0.0%)  RequiresOpaqueAccessorsRequest
   0.0000 (  0.0%)   0.0000 (  0.0%)   0.0000 (  0.0%)   0.0000 (  0.0%)  IsDistributedActorRequest
   0.0000 (  0.0%)   0.0000 (  0.0%)   0.0000 (  0.0%)   0.0000 (  0.0%)  HasMissingDesignatedInitializersRequest
   0.0000 (  0.0%)   0.0000 (  0.0%)   0.0000 (  0.0%)   0.0000 (  0.0%)  AllInheritedProtocolsRequest
   0.0000 (  0.0%)   0.0000 (  0.0%)   0.0000 (  0.0%)   0.0000 (  0.0%)  CheckInconsistentAccessLevelOnImport
   0.0000 (  0.0%)   0.0000 (  0.0%)   0.0000 (  0.0%)   0.0000 (  0.0%)  ExpandAccessorMacros
   0.0000 (  0.0%)   0.0000 (  0.0%)   0.0000 (  0.0%)   0.0000 (  0.0%)  PropertyWrapperAuxiliaryVariablesRequest
   0.0000 (  0.0%)   0.0000 (  0.0%)   0.0000 (  0.0%)   0.0000 (  0.0%)  RequiresOpaqueModifyCoroutineRequest
   0.0000 (  0.0%)   0.0000 (  0.0%)   0.0000 (  0.0%)   0.0000 (  0.0%)  SelfBoundsFromWhereClauseRequest
   0.0000 (  0.0%)   0.0000 (  0.0%)   0.0000 (  0.0%)   0.0000 (  0.0%)  PropertyWrapperInitializerInfoRequest
   0.0000 (  0.0%)   0.0000 (  0.0%)   0.0000 (  0.0%)   0.0000 (  0.0%)  ConformanceAccessScopeRequest
   0.0000 (  0.0%)   0.0000 (  0.0%)   0.0000 (  0.0%)   0.0000 (  0.0%)  ExpandSynthesizedMemberMacroRequest
   0.0000 (  0.0%)   0.0000 (  0.0%)   0.0000 (  0.0%)   0.0000 (  0.0%)  ClangRecordMemberLookup
   0.0000 (  0.0%)   0.0000 (  0.0%)   0.0000 (  0.0%)   0.0000 (  0.0%)  InitKindRequest
   0.0000 (  0.0%)   0.0000 (  0.0%)   0.0000 (  0.0%)   0.0000 (  0.0%)  source-file-populate-cache
   0.0000 (  0.0%)   0.0000 (  0.0%)   0.0000 (  0.0%)   0.0000 (  0.0%)  CheckInconsistentAccessLevelOnImportSameFileRequest
   0.0000 (  0.0%)   0.0000 (  0.0%)   0.0000 (  0.0%)   0.0000 (  0.0%)  HasCircularRawValueRequest
   0.0000 (  0.0%)   0.0000 (  0.0%)   0.0000 (  0.0%)   0.0000 (  0.0%)  HasImportsMatchingFlagRequest
   0.0000 (  0.0%)   0.0000 (  0.0%)   0.0000 (  0.0%)   0.0000 (  0.0%)  UnderlyingTypeDeclsReferencedRequest
   0.0000 (  0.0%)   0.0000 (  0.0%)   0.0000 (  0.0%)   0.0000 (  0.0%)  perform-whole-module-type-checking
   0.0000 (  0.0%)   0.0000 (  0.0%)   0.0000 (  0.0%)   0.0000 (  0.0%)  ClassAncestryFlagsRequest
   0.0000 (  0.0%)   0.0000 (  0.0%)   0.0000 (  0.0%)   0.0000 (  0.0%)  ClosureEffectsRequest
   0.0000 (  0.0%)   0.0000 (  0.0%)   0.0000 (  0.0%)   0.0000 (  0.0%)  IsAccessorTransparentRequest
   0.0000 (  0.0%)   0.0000 (  0.0%)   0.0000 (  0.0%)   0.0000 (  0.0%)  PolymorphicEffectKindRequest
   0.0000 (  0.0%)   0.0000 (  0.0%)   0.0000 (  0.0%)   0.0000 (  0.0%)  ReferencedAssociatedTypesRequest
   0.0000 (  0.0%)   0.0000 (  0.0%)   0.0000 (  0.0%)   0.0000 (  0.0%)  ExistentialConformsToSelfRequest
   0.0000 (  0.0%)   0.0000 (  0.0%)   0.0000 (  0.0%)   0.0000 (  0.0%)  GetDestructorRequest
   0.0000 (  0.0%)   0.0000 (  0.0%)   0.0000 (  0.0%)   0.0000 (  0.0%)  SetterAccessLevelRequest
   0.0000 (  0.0%)   0.0000 (  0.0%)   0.0000 (  0.0%)   0.0000 (  0.0%)  TypeAliasRequirementsRequest
   0.0000 (  0.0%)   0.0000 (  0.0%)   0.0000 (  0.0%)   0.0000 (  0.0%)  ClosureHasResultExprRequest
   0.0000 (  0.0%)   0.0000 (  0.0%)   0.0000 (  0.0%)   0.0000 (  0.0%)  typecheck-stmt
   0.0000 (  0.0%)   0.0000 (  0.0%)   0.0000 (  0.0%)   0.0000 (  0.0%)  SynthesizeMainFunctionRequest
   0.0000 (  0.0%)   0.0000 (  0.0%)   0.0000 (  0.0%)   0.0000 (  0.0%)  ModuleImplicitImportsRequest
   0.0000 (  0.0%)   0.0000 (  0.0%)   0.0000 (  0.0%)   0.0000 (  0.0%)  ClangCategoryLookupRequest
   0.0000 (  0.0%)   0.0000 (  0.0%)   0.0000 (  0.0%)   0.0000 (  0.0%)  PreCheckClosureBodyRequest
   0.0000 (  0.0%)   0.0000 (  0.0%)   0.0000 (  0.0%)   0.0000 (  0.0%)  SuperclassTypeRequest
   0.0000 (  0.0%)   0.0000 (  0.0%)   0.0000 (  0.0%)   0.0000 (  0.0%)  CxxRecordSemantics
   0.0000 (  0.0%)   0.0000 (  0.0%)   0.0000 (  0.0%)   0.0000 (  0.0%)  DefaultArgumentTypeRequest
   0.0000 (  0.0%)   0.0000 (  0.0%)   0.0000 (  0.0%)   0.0000 (  0.0%)  PrimarySourceFilesRequest
   0.0000 (  0.0%)   0.0000 (  0.0%)   0.0000 (  0.0%)   0.0000 (  0.0%)  ClangDirectLookupRequest
   0.0000 (  0.0%)   0.0000 (  0.0%)   0.0000 (  0.0%)   0.0000 (  0.0%)  SelfBoundsFromGenericSignatureRequest
   0.0000 (  0.0%)   0.0000 (  0.0%)   0.0000 (  0.0%)   0.0000 (  0.0%)  EnumRawValuesRequest
   0.3034 (100.0%)   0.4425 (100.0%)   0.7458 (100.0%)   0.7460 (100.0%)  Total
===-------------------------------------------------------------------------===
                                Running Program
===-------------------------------------------------------------------------===
  Total Execution Time: 0.1523 seconds (0.1524 wall clock)
   ---User Time---   --System Time--   --User+System--   ---Wall Time---  --- Name ---
   0.0592 (100.0%)   0.0931 (100.0%)   0.1523 (100.0%)   0.1524 (100.0%)  Building Target
   0.0592 (100.0%)   0.0931 (100.0%)   0.1523 (100.0%)   0.1524 (100.0%)  Total
SwiftEmitModule normal armv7k Emitting\ module\ for\ Disposable (in target 'Disposable' from project 'Disposable')
    cd /Users/admin/builder/spi-builder-workspace/.dependencies/checkouts/Disposable
    builtin-swiftTaskExecution -- /Library/Developer/Toolchains/swift-6.0-DEVELOPMENT-SNAPSHOT-2024-05-26-a.xctoolchain/usr/bin/swift-frontend -frontend -emit-module -experimental-skip-non-inlinable-function-bodies-without-types /Users/admin/builder/spi-builder-workspace/.dependencies/checkouts/Disposable/Sources/Disposable/AutoDisposable.swift /Users/admin/builder/spi-builder-workspace/.dependencies/checkouts/Disposable/Sources/Disposable/Bridging/CombineExtensions.swift /Users/admin/builder/spi-builder-workspace/.dependencies/checkouts/Disposable/Sources/Disposable/Bridging/TaskExtensions.swift /Users/admin/builder/spi-builder-workspace/.dependencies/checkouts/Disposable/Sources/Disposable/ConvenienceStages.swift /Users/admin/builder/spi-builder-workspace/.dependencies/checkouts/Disposable/Sources/Disposable/Disposable.swift /Users/admin/builder/spi-builder-workspace/.dependencies/checkouts/Disposable/Sources/Disposable/DisposableBuilder.swift /Users/admin/builder/spi-builder-workspace/.dependencies/checkouts/Disposable/Sources/Disposable/DisposableStage.swift /Users/admin/builder/spi-builder-workspace/.dependencies/checkouts/Disposable/Sources/Disposable/ErasedDisposable.swift /Users/admin/builder/spi-builder-workspace/.dependencies/checkouts/Disposable/Sources/Disposable/Locked.swift /Users/admin/builder/spi-builder-workspace/.dependencies/checkouts/Disposable/Sources/Disposable/Task.swift -target armv7k-apple-watchos8.5 -enable-objc-interop -sdk /Applications/Xcode-15.3.0.app/Contents/Developer/Platforms/WatchOS.platform/Developer/SDKs/WatchOS10.4.sdk -I /Users/admin/builder/spi-builder-workspace/.derivedData/Build/Products/Debug-watchos -I /Applications/Xcode-15.3.0.app/Contents/Developer/Platforms/WatchOS.platform/Developer/usr/lib -F /Users/admin/builder/spi-builder-workspace/.derivedData/Build/Products/Debug-watchos -F /Applications/Xcode-15.3.0.app/Contents/Developer/Platforms/WatchOS.platform/Developer/Library/Frameworks -F /Applications/Xcode-15.3.0.app/Contents/Developer/Platforms/WatchOS.platform/Developer/SDKs/WatchOS10.4.sdk/Developer/Library/Frameworks -no-color-diagnostics -enable-testing -g -module-cache-path /Users/admin/builder/spi-builder-workspace/.derivedData/ModuleCache.noindex -suppress-warnings -profile-generate -profile-coverage-mapping -swift-version 5 -enforce-exclusivity\=checked -stats-output-dir /Users/admin/builder/spi-builder-workspace/.dependencies/checkouts/Disposable/.stats -Onone -D SWIFT_PACKAGE -D DEBUG -serialize-debugging-options -const-gather-protocols-file /Users/admin/builder/spi-builder-workspace/.derivedData/Build/Intermediates.noindex/Disposable.build/Debug-watchos/Disposable.build/Objects-normal/armv7k/Disposable_const_extract_protocols.json -strict-concurrency\=complete -empty-abi-descriptor -validate-clang-modules-once -clang-build-session-file /Users/admin/builder/spi-builder-workspace/.derivedData/ModuleCache.noindex/Session.modulevalidation -Xcc -working-directory -Xcc /Users/admin/builder/spi-builder-workspace/.dependencies/checkouts/Disposable -resource-dir /Library/Developer/Toolchains/swift-6.0-DEVELOPMENT-SNAPSHOT-2024-05-26-a.xctoolchain/usr/lib/swift -enable-anonymous-context-mangled-names -Xcc -I/Users/admin/builder/spi-builder-workspace/.derivedData/Build/Intermediates.noindex/Disposable.build/Debug-watchos/Disposable.build/swift-overrides.hmap -Xcc -I/Users/admin/builder/spi-builder-workspace/.derivedData/Build/Products/Debug-watchos/include -Xcc -I/Users/admin/builder/spi-builder-workspace/.derivedData/Build/Intermediates.noindex/Disposable.build/Debug-watchos/Disposable.build/DerivedSources-normal/armv7k -Xcc -I/Users/admin/builder/spi-builder-workspace/.derivedData/Build/Intermediates.noindex/Disposable.build/Debug-watchos/Disposable.build/DerivedSources/armv7k -Xcc -I/Users/admin/builder/spi-builder-workspace/.derivedData/Build/Intermediates.noindex/Disposable.build/Debug-watchos/Disposable.build/DerivedSources -Xcc -DSWIFT_PACKAGE -Xcc -DDEBUG\=1 -module-name Disposable -disable-clang-spi -target-sdk-version 10.4 -target-sdk-name watchos10.4 -external-plugin-path /Applications/Xcode-15.3.0.app/Contents/Developer/Platforms/WatchOS.platform/Developer/SDKs/WatchOS10.4.sdk/usr/lib/swift/host/plugins\#/Applications/Xcode-15.3.0.app/Contents/Developer/Platforms/WatchOS.platform/Developer/SDKs/WatchOS10.4.sdk/usr/bin/swift-plugin-server -external-plugin-path /Applications/Xcode-15.3.0.app/Contents/Developer/Platforms/WatchOS.platform/Developer/SDKs/WatchOS10.4.sdk/usr/local/lib/swift/host/plugins\#/Applications/Xcode-15.3.0.app/Contents/Developer/Platforms/WatchOS.platform/Developer/SDKs/WatchOS10.4.sdk/usr/bin/swift-plugin-server -external-plugin-path /Applications/Xcode-15.3.0.app/Contents/Developer/Platforms/WatchOS.platform/Developer/usr/lib/swift/host/plugins\#/Applications/Xcode-15.3.0.app/Contents/Developer/Platforms/WatchOS.platform/Developer/usr/bin/swift-plugin-server -external-plugin-path /Applications/Xcode-15.3.0.app/Contents/Developer/Platforms/WatchOS.platform/Developer/usr/local/lib/swift/host/plugins\#/Applications/Xcode-15.3.0.app/Contents/Developer/Platforms/WatchOS.platform/Developer/usr/bin/swift-plugin-server -plugin-path /Library/Developer/Toolchains/swift-6.0-DEVELOPMENT-SNAPSHOT-2024-05-26-a.xctoolchain/usr/lib/swift/host/plugins -plugin-path /Library/Developer/Toolchains/swift-6.0-DEVELOPMENT-SNAPSHOT-2024-05-26-a.xctoolchain/usr/local/lib/swift/host/plugins -emit-module-doc-path /Users/admin/builder/spi-builder-workspace/.derivedData/Build/Intermediates.noindex/Disposable.build/Debug-watchos/Disposable.build/Objects-normal/armv7k/Disposable.swiftdoc -emit-module-source-info-path /Users/admin/builder/spi-builder-workspace/.derivedData/Build/Intermediates.noindex/Disposable.build/Debug-watchos/Disposable.build/Objects-normal/armv7k/Disposable.swiftsourceinfo -emit-objc-header-path /Users/admin/builder/spi-builder-workspace/.derivedData/Build/Intermediates.noindex/Disposable.build/Debug-watchos/Disposable.build/Objects-normal/armv7k/Disposable-Swift.h -serialize-diagnostics-path /Users/admin/builder/spi-builder-workspace/.derivedData/Build/Intermediates.noindex/Disposable.build/Debug-watchos/Disposable.build/Objects-normal/armv7k/Disposable-master-emit-module.dia -emit-dependencies-path /Users/admin/builder/spi-builder-workspace/.derivedData/Build/Intermediates.noindex/Disposable.build/Debug-watchos/Disposable.build/Objects-normal/armv7k/Disposable-master-emit-module.d -o /Users/admin/builder/spi-builder-workspace/.derivedData/Build/Intermediates.noindex/Disposable.build/Debug-watchos/Disposable.build/Objects-normal/armv7k/Disposable.swiftmodule -emit-abi-descriptor-path /Users/admin/builder/spi-builder-workspace/.derivedData/Build/Intermediates.noindex/Disposable.build/Debug-watchos/Disposable.build/Objects-normal/armv7k/Disposable.abi.json
/Users/admin/builder/spi-builder-workspace/.dependencies/checkouts/Disposable/Sources/Disposable/Locked.swift:202:23: error: 'OSAllocatedUnfairLock' is only available in watchOS 9.0 or newer
174 | import os
175 | @available(iOS 16, macOS 13, *)
176 | private final class OSUnfairLocked<T>: LockType {
    |                     `- note: add @available attribute to enclosing generic class
177 |
178 |   // MARK: Lifecycle
    :
200 |   // MARK: Private
201 |
202 |   private let oslock: OSAllocatedUnfairLock<Void>
    |                       `- error: 'OSAllocatedUnfairLock' is only available in watchOS 9.0 or newer
203 | }
204 | #endif
Error opening -stats-output-dir file '/Users/admin/builder/spi-builder-workspace/.dependencies/checkouts/Disposable/.stats/stats-1717042922670498-swift-frontend-Disposable-all-armv7k_apple_watchos8.5-swiftmodule-Onone-1379407935.json' for writing
===-------------------------------------------------------------------------===
                               Swift compilation
===-------------------------------------------------------------------------===
  Total Execution Time: 2.0538 seconds (2.0822 wall clock)
   ---User Time---   --System Time--   --User+System--   ---Wall Time---  --- Name ---
   0.5936 ( 39.3%)   0.1181 ( 21.7%)   0.7117 ( 34.7%)   0.7208 ( 34.6%)  parse-and-resolve-imports
   0.5931 ( 39.3%)   0.1176 ( 21.6%)   0.7107 ( 34.6%)   0.7198 ( 34.6%)  Import resolution
   0.0517 (  3.4%)   0.0505 (  9.3%)   0.1022 (  5.0%)   0.1035 (  5.0%)  perform-sema
   0.0513 (  3.4%)   0.0500 (  9.2%)   0.1014 (  4.9%)   0.1028 (  4.9%)  TypeCheckSourceFileRequest
   0.0512 (  3.4%)   0.0498 (  9.2%)   0.1010 (  4.9%)   0.1024 (  4.9%)  Type checking and Semantic analysis
   0.0505 (  3.3%)   0.0488 (  9.0%)   0.0994 (  4.8%)   0.1007 (  4.8%)  typecheck-decl
   0.0159 (  1.1%)   0.0129 (  2.4%)   0.0288 (  1.4%)   0.0293 (  1.4%)  ResolveValueWitnessesRequest
   0.0092 (  0.6%)   0.0129 (  2.4%)   0.0221 (  1.1%)   0.0224 (  1.1%)  InterfaceTypeRequest
   0.0082 (  0.5%)   0.0070 (  1.3%)   0.0152 (  0.7%)   0.0155 (  0.7%)  UnqualifiedLookupRequest
   0.0077 (  0.5%)   0.0059 (  1.1%)   0.0137 (  0.7%)   0.0139 (  0.7%)  performUnqualifiedLookup
   0.0070 (  0.5%)   0.0064 (  1.2%)   0.0134 (  0.7%)   0.0138 (  0.7%)  PatternBindingEntryRequest
   0.0062 (  0.4%)   0.0056 (  1.0%)   0.0118 (  0.6%)   0.0121 (  0.6%)  typecheck-expr
   0.0064 (  0.4%)   0.0031 (  0.6%)   0.0095 (  0.5%)   0.0098 (  0.5%)  LookupInModuleRequest
   0.0036 (  0.2%)   0.0053 (  1.0%)   0.0090 (  0.4%)   0.0091 (  0.4%)  QualifiedLookupRequest
   0.0044 (  0.3%)   0.0046 (  0.8%)   0.0089 (  0.4%)   0.0091 (  0.4%)  ResolveTypeRequest
   0.0044 (  0.3%)   0.0028 (  0.5%)   0.0072 (  0.4%)   0.0076 (  0.4%)  LookupConformanceInModuleRequest
   0.0055 (  0.4%)   0.0016 (  0.3%)   0.0071 (  0.3%)   0.0071 (  0.3%)  build-rewrite-system
   0.0026 (  0.2%)   0.0036 (  0.7%)   0.0062 (  0.3%)   0.0063 (  0.3%)  ActorIsolationRequest
   0.0032 (  0.2%)   0.0029 (  0.5%)   0.0061 (  0.3%)   0.0061 (  0.3%)  GenericSignatureRequest
   0.0027 (  0.2%)   0.0024 (  0.4%)   0.0051 (  0.2%)   0.0052 (  0.2%)  DirectLookupRequest
   0.0012 (  0.1%)   0.0026 (  0.5%)   0.0038 (  0.2%)   0.0038 (  0.2%)  load-stdlib
   0.0013 (  0.1%)   0.0024 (  0.4%)   0.0036 (  0.2%)   0.0037 (  0.2%)  AttachedPropertyWrappersRequest
   0.0021 (  0.1%)   0.0014 (  0.2%)   0.0034 (  0.2%)   0.0034 (  0.2%)  InferredGenericSignatureRequest
   0.0017 (  0.1%)   0.0014 (  0.3%)   0.0031 (  0.2%)   0.0033 (  0.2%)  ModuleQualifiedLookupRequest
   0.0016 (  0.1%)   0.0012 (  0.2%)   0.0028 (  0.1%)   0.0031 (  0.2%)  ResolveImplicitMemberRequest
   0.0016 (  0.1%)   0.0013 (  0.2%)   0.0029 (  0.1%)   0.0030 (  0.1%)  CheckRedeclarationRequest
   0.0014 (  0.1%)   0.0014 (  0.3%)   0.0027 (  0.1%)   0.0029 (  0.1%)  PatternTypeRequest
   0.0011 (  0.1%)   0.0015 (  0.3%)   0.0026 (  0.1%)   0.0027 (  0.1%)  InheritedDeclsReferencedRequest
   0.0008 (  0.1%)   0.0011 (  0.2%)   0.0019 (  0.1%)   0.0019 (  0.1%)  StoredPropertiesRequest
   0.0009 (  0.1%)   0.0007 (  0.1%)   0.0016 (  0.1%)   0.0018 (  0.1%)  import-clang-decl
   0.0007 (  0.0%)   0.0009 (  0.2%)   0.0015 (  0.1%)   0.0016 (  0.1%)  ABIMembersRequest
   0.0007 (  0.0%)   0.0007 (  0.1%)   0.0015 (  0.1%)   0.0015 (  0.1%)  DefaultArgumentExprRequest
   0.0006 (  0.0%)   0.0008 (  0.1%)   0.0014 (  0.1%)   0.0014 (  0.1%)  ResultTypeRequest
   0.0005 (  0.0%)   0.0010 (  0.2%)   0.0014 (  0.1%)   0.0014 (  0.1%)  IsFunctionBodySkippedRequest
   0.0004 (  0.0%)   0.0009 (  0.2%)   0.0013 (  0.1%)   0.0013 (  0.1%)  PotentialMacroExpansionsInContextRequest
   0.0008 (  0.1%)   0.0004 (  0.1%)   0.0012 (  0.1%)   0.0012 (  0.1%)  ValueWitnessRequest
   0.0006 (  0.0%)   0.0006 (  0.1%)   0.0011 (  0.1%)   0.0011 (  0.1%)  ResolveTypeWitnessesRequest
   0.0005 (  0.0%)   0.0006 (  0.1%)   0.0011 (  0.1%)   0.0011 (  0.1%)  NamingPatternRequest
   0.0005 (  0.0%)   0.0006 (  0.1%)   0.0011 (  0.1%)   0.0011 (  0.1%)  RequirementRequest
   0.0004 (  0.0%)   0.0006 (  0.1%)   0.0010 (  0.0%)   0.0010 (  0.0%)  InheritedTypeRequest
   0.0003 (  0.0%)   0.0006 (  0.1%)   0.0009 (  0.0%)   0.0009 (  0.0%)  ExpandPeerMacroRequest
   0.0005 (  0.0%)   0.0004 (  0.1%)   0.0009 (  0.0%)   0.0009 (  0.0%)  OpaqueReadOwnershipRequest
   0.0006 (  0.0%)   0.0002 (  0.0%)   0.0009 (  0.0%)   0.0009 (  0.0%)  ParseTopLevelDeclsRequest
   0.0008 (  0.1%)   0.0000 (  0.0%)   0.0008 (  0.0%)   0.0009 (  0.0%)  ParseMembersRequest
   0.0006 (  0.0%)   0.0002 (  0.0%)   0.0008 (  0.0%)   0.0008 (  0.0%)  ParseSourceFileRequest
   0.0003 (  0.0%)   0.0005 (  0.1%)   0.0008 (  0.0%)   0.0008 (  0.0%)  FragileFunctionKindRequest
   0.0003 (  0.0%)   0.0005 (  0.1%)   0.0007 (  0.0%)   0.0008 (  0.0%)  IsDynamicRequest
   0.0003 (  0.0%)   0.0005 (  0.1%)   0.0007 (  0.0%)   0.0008 (  0.0%)  IsGetterMutatingRequest
   0.0005 (  0.0%)   0.0003 (  0.1%)   0.0008 (  0.0%)   0.0008 (  0.0%)  precheck-expr
   0.0004 (  0.0%)   0.0003 (  0.1%)   0.0007 (  0.0%)   0.0007 (  0.0%)  ExtendedNominalRequest
   0.0004 (  0.0%)   0.0002 (  0.0%)   0.0006 (  0.0%)   0.0007 (  0.0%)  ExpandMemberAttributeMacros
   0.0003 (  0.0%)   0.0003 (  0.1%)   0.0006 (  0.0%)   0.0006 (  0.0%)  AST verification
   0.0006 (  0.0%)   0.0000 (  0.0%)   0.0006 (  0.0%)   0.0006 (  0.0%)  verify-all-loaded-modules
   0.0002 (  0.0%)   0.0003 (  0.1%)   0.0005 (  0.0%)   0.0005 (  0.0%)  ExpandChildTypeRefinementContextsRequest
   0.0002 (  0.0%)   0.0003 (  0.1%)   0.0005 (  0.0%)   0.0005 (  0.0%)  ExtendedTypeRequest
   0.0002 (  0.0%)   0.0003 (  0.1%)   0.0005 (  0.0%)   0.0005 (  0.0%)  ImplicitKnownProtocolConformanceRequest
   0.0002 (  0.0%)   0.0002 (  0.0%)   0.0005 (  0.0%)   0.0005 (  0.0%)  ProtocolDependenciesRequest
   0.0002 (  0.0%)   0.0002 (  0.0%)   0.0005 (  0.0%)   0.0005 (  0.0%)  StorageImplInfoRequest
   0.0002 (  0.0%)   0.0003 (  0.0%)   0.0004 (  0.0%)   0.0005 (  0.0%)  LookupAllConformancesInContextRequest
   0.0002 (  0.0%)   0.0002 (  0.0%)   0.0004 (  0.0%)   0.0004 (  0.0%)  HasIsolatedSelfRequest
   0.0002 (  0.0%)   0.0002 (  0.0%)   0.0004 (  0.0%)   0.0004 (  0.0%)  OpaqueResultTypeRequest
   0.0002 (  0.0%)   0.0001 (  0.0%)   0.0004 (  0.0%)   0.0004 (  0.0%)  GenericParamListRequest
   0.0002 (  0.0%)   0.0001 (  0.0%)   0.0003 (  0.0%)   0.0003 (  0.0%)  HasUserDefinedDesignatedInitRequest
   0.0002 (  0.0%)   0.0001 (  0.0%)   0.0003 (  0.0%)   0.0003 (  0.0%)  HasMemberwiseInitRequest
   0.0002 (  0.0%)   0.0001 (  0.0%)   0.0003 (  0.0%)   0.0003 (  0.0%)  CompareDeclSpecializationRequest
   0.0001 (  0.0%)   0.0001 (  0.0%)   0.0003 (  0.0%)   0.0003 (  0.0%)  DefaultInitializerIsolation
   0.0001 (  0.0%)   0.0001 (  0.0%)   0.0003 (  0.0%)   0.0003 (  0.0%)  PrimaryAssociatedTypesRequest
   0.0001 (  0.0%)   0.0001 (  0.0%)   0.0003 (  0.0%)   0.0003 (  0.0%)  ProtocolRequirementsRequest
   0.0002 (  0.0%)   0.0001 (  0.0%)   0.0003 (  0.0%)   0.0003 (  0.0%)  AbstractGenericSignatureRequest
   0.0001 (  0.0%)   0.0001 (  0.0%)   0.0003 (  0.0%)   0.0003 (  0.0%)  StructuralRequirementsRequest
   0.0001 (  0.0%)   0.0002 (  0.0%)   0.0003 (  0.0%)   0.0003 (  0.0%)  DefaultAndMaxAccessLevelRequest
   0.0001 (  0.0%)   0.0001 (  0.0%)   0.0002 (  0.0%)   0.0003 (  0.0%)  LifetimeDependenceInfoRequest
   0.0001 (  0.0%)   0.0001 (  0.0%)   0.0003 (  0.0%)   0.0003 (  0.0%)  SuperclassDeclRequest
   0.0001 (  0.0%)   0.0001 (  0.0%)   0.0002 (  0.0%)   0.0002 (  0.0%)  SPIGroupsRequest
   0.0002 (  0.0%)   0.0000 (  0.0%)   0.0002 (  0.0%)   0.0002 (  0.0%)  RequirementSignatureRequest
   0.0001 (  0.0%)   0.0001 (  0.0%)   0.0002 (  0.0%)   0.0002 (  0.0%)  TypeDeclsFromWhereClauseRequest
   0.0001 (  0.0%)   0.0001 (  0.0%)   0.0002 (  0.0%)   0.0002 (  0.0%)  AssociatedConformanceRequest
   0.0001 (  0.0%)   0.0001 (  0.0%)   0.0002 (  0.0%)   0.0002 (  0.0%)  IsObjCRequest
   0.0001 (  0.0%)   0.0001 (  0.0%)   0.0002 (  0.0%)   0.0002 (  0.0%)  OverriddenDeclsRequest
   0.0001 (  0.0%)   0.0001 (  0.0%)   0.0002 (  0.0%)   0.0002 (  0.0%)  AccessLevelRequest
   0.0001 (  0.0%)   0.0001 (  0.0%)   0.0002 (  0.0%)   0.0002 (  0.0%)  IsActorRequest
   0.0001 (  0.0%)   0.0001 (  0.0%)   0.0002 (  0.0%)   0.0002 (  0.0%)  FunctionOperatorRequest
   0.0001 (  0.0%)   0.0001 (  0.0%)   0.0002 (  0.0%)   0.0002 (  0.0%)  SuppressesConformanceRequest
   0.0001 (  0.0%)   0.0001 (  0.0%)   0.0001 (  0.0%)   0.0001 (  0.0%)  associated-type-inference
   0.0000 (  0.0%)   0.0001 (  0.0%)   0.0001 (  0.0%)   0.0001 (  0.0%)  LookupInfixOperatorRequest
   0.0001 (  0.0%)   0.0000 (  0.0%)   0.0001 (  0.0%)   0.0001 (  0.0%)  module-populate-cache
   0.0000 (  0.0%)   0.0001 (  0.0%)   0.0001 (  0.0%)   0.0001 (  0.0%)  PatternBindingCheckedAndContextualizedInitRequest
   0.0001 (  0.0%)   0.0001 (  0.0%)   0.0001 (  0.0%)   0.0001 (  0.0%)  ApplyAccessNoteRequest
   0.0001 (  0.0%)   0.0001 (  0.0%)   0.0001 (  0.0%)   0.0001 (  0.0%)  DefaultTypeRequest
   0.0000 (  0.0%)   0.0001 (  0.0%)   0.0001 (  0.0%)   0.0001 (  0.0%)  InheritedProtocolsRequest
   0.0001 (  0.0%)   0.0000 (  0.0%)   0.0001 (  0.0%)   0.0001 (  0.0%)  ConditionalRequirementsRequest
   0.0001 (  0.0%)   0.0000 (  0.0%)   0.0001 (  0.0%)   0.0001 (  0.0%)  GlobalActorAttributeRequest
   0.0000 (  0.0%)   0.0001 (  0.0%)   0.0001 (  0.0%)   0.0001 (  0.0%)  ExpandExtensionMacros
   0.0001 (  0.0%)   0.0000 (  0.0%)   0.0001 (  0.0%)   0.0001 (  0.0%)  DynamicallyReplacedDeclRequest
   0.0001 (  0.0%)   0.0000 (  0.0%)   0.0001 (  0.0%)   0.0001 (  0.0%)  ObjCInterfaceAndImplementationRequest
   0.0000 (  0.0%)   0.0001 (  0.0%)   0.0001 (  0.0%)   0.0001 (  0.0%)  HasDefaultInitRequest
   0.0001 (  0.0%)   0.0000 (  0.0%)   0.0001 (  0.0%)   0.0001 (  0.0%)  AttachedResultBuilderRequest
   0.0000 (  0.0%)   0.0000 (  0.0%)   0.0001 (  0.0%)   0.0001 (  0.0%)  IsFinalRequest
   0.0000 (  0.0%)   0.0000 (  0.0%)   0.0001 (  0.0%)   0.0001 (  0.0%)  HasInitAccessorRequest
   0.0000 (  0.0%)   0.0000 (  0.0%)   0.0001 (  0.0%)   0.0001 (  0.0%)  IsSetterMutatingRequest
   0.0000 (  0.0%)   0.0000 (  0.0%)   0.0001 (  0.0%)   0.0001 (  0.0%)  CustomAttrNominalRequest
   0.0000 (  0.0%)   0.0000 (  0.0%)   0.0001 (  0.0%)   0.0001 (  0.0%)  UnderlyingTypeRequest
   0.0000 (  0.0%)   0.0000 (  0.0%)   0.0001 (  0.0%)   0.0001 (  0.0%)  HasCircularInheritedProtocolsRequest
   0.0000 (  0.0%)   0.0000 (  0.0%)   0.0001 (  0.0%)   0.0001 (  0.0%)  CheckInconsistentWeakLinkedImportsRequest
   0.0000 (  0.0%)   0.0000 (  0.0%)   0.0001 (  0.0%)   0.0001 (  0.0%)  CheckInconsistentImplementationOnlyImportsRequest
   0.0000 (  0.0%)   0.0000 (  0.0%)   0.0001 (  0.0%)   0.0001 (  0.0%)  SynthesizeAccessorRequest
   0.0000 (  0.0%)   0.0000 (  0.0%)   0.0001 (  0.0%)   0.0001 (  0.0%)  IsStaticRequest
   0.0000 (  0.0%)   0.0000 (  0.0%)   0.0000 (  0.0%)   0.0001 (  0.0%)  IsImplicitlyUnwrappedOptionalRequest
   0.0000 (  0.0%)   0.0000 (  0.0%)   0.0000 (  0.0%)   0.0000 (  0.0%)  PropertyWrapperMutabilityRequest
   0.0000 (  0.0%)   0.0000 (  0.0%)   0.0001 (  0.0%)   0.0000 (  0.0%)  ProtocolRequiresClassRequest
   0.0000 (  0.0%)   0.0000 (  0.0%)   0.0001 (  0.0%)   0.0000 (  0.0%)  SelfAccessKindRequest
   0.0000 (  0.0%)   0.0000 (  0.0%)   0.0000 (  0.0%)   0.0000 (  0.0%)  PolymorphicEffectKindRequest
   0.0000 (  0.0%)   0.0000 (  0.0%)   0.0000 (  0.0%)   0.0000 (  0.0%)  InheritsSuperclassInitializersRequest
   0.0000 (  0.0%)   0.0000 (  0.0%)   0.0000 (  0.0%)   0.0000 (  0.0%)  ResultBuilderTypeRequest
   0.0000 (  0.0%)   0.0000 (  0.0%)   0.0000 (  0.0%)   0.0000 (  0.0%)  EnumRawTypeRequest
   0.0000 (  0.0%)   0.0000 (  0.0%)   0.0000 (  0.0%)   0.0000 (  0.0%)  ParamSpecifierRequest
   0.0000 (  0.0%)   0.0000 (  0.0%)   0.0000 (  0.0%)   0.0000 (  0.0%)  CustomAttrTypeRequest
   0.0000 (  0.0%)   0.0000 (  0.0%)   0.0000 (  0.0%)   0.0000 (  0.0%)  SynthesizeMainFunctionRequest
   0.0000 (  0.0%)   0.0000 (  0.0%)   0.0000 (  0.0%)   0.0000 (  0.0%)  TypeCheckFunctionBodyRequest
   0.0000 (  0.0%)   0.0000 (  0.0%)   0.0000 (  0.0%)   0.0000 (  0.0%)  HasStorageRequest
   0.0000 (  0.0%)   0.0000 (  0.0%)   0.0000 (  0.0%)   0.0000 (  0.0%)  LocalTypeDeclsRequest
   0.0000 (  0.0%)   0.0000 (  0.0%)   0.0000 (  0.0%)   0.0000 (  0.0%)  DirectOperatorLookupRequest
   0.0000 (  0.0%)   0.0000 (  0.0%)   0.0000 (  0.0%)   0.0000 (  0.0%)  ParseAbstractFunctionBodyRequest
   0.0000 (  0.0%)   0.0000 (  0.0%)   0.0000 (  0.0%)   0.0000 (  0.0%)  RequiresOpaqueAccessorsRequest
   0.0000 (  0.0%)   0.0000 (  0.0%)   0.0000 (  0.0%)   0.0000 (  0.0%)  CheckInconsistentAccessLevelOnImport
   0.0000 (  0.0%)   0.0000 (  0.0%)   0.0000 (  0.0%)   0.0000 (  0.0%)  PropertyWrapperAuxiliaryVariablesRequest
   0.0000 (  0.0%)   0.0000 (  0.0%)   0.0000 (  0.0%)   0.0000 (  0.0%)  PropertyWrapperInitializerInfoRequest
   0.0000 (  0.0%)   0.0000 (  0.0%)   0.0000 (  0.0%)   0.0000 (  0.0%)  IsDistributedActorRequest
   0.0000 (  0.0%)   0.0000 (  0.0%)   0.0000 (  0.0%)   0.0000 (  0.0%)  AllInheritedProtocolsRequest
   0.0000 (  0.0%)   0.0000 (  0.0%)   0.0000 (  0.0%)   0.0000 (  0.0%)  SelfBoundsFromWhereClauseRequest
   0.0000 (  0.0%)   0.0000 (  0.0%)   0.0000 (  0.0%)   0.0000 (  0.0%)  ExpandAccessorMacros
   0.0000 (  0.0%)   0.0000 (  0.0%)   0.0000 (  0.0%)   0.0000 (  0.0%)  SimpleDidSetRequest
   0.0000 (  0.0%)   0.0000 (  0.0%)   0.0000 (  0.0%)   0.0000 (  0.0%)  HasMissingDesignatedInitializersRequest
   0.0000 (  0.0%)   0.0000 (  0.0%)   0.0000 (  0.0%)   0.0000 (  0.0%)  ConformanceAccessScopeRequest
   0.0000 (  0.0%)   0.0000 (  0.0%)   0.0000 (  0.0%)   0.0000 (  0.0%)  HasImportsMatchingFlagRequest
   0.0000 (  0.0%)   0.0000 (  0.0%)   0.0000 (  0.0%)   0.0000 (  0.0%)  RequiresOpaqueModifyCoroutineRequest
   0.0000 (  0.0%)   0.0000 (  0.0%)   0.0000 (  0.0%)   0.0000 (  0.0%)  CheckInconsistentSPIOnlyImportsRequest
   0.0000 (  0.0%)   0.0000 (  0.0%)   0.0000 (  0.0%)   0.0000 (  0.0%)  InitKindRequest
   0.0000 (  0.0%)   0.0000 (  0.0%)   0.0000 (  0.0%)   0.0000 (  0.0%)  ReferencedAssociatedTypesRequest
   0.0000 (  0.0%)   0.0000 (  0.0%)   0.0000 (  0.0%)   0.0000 (  0.0%)  perform-whole-module-type-checking
   0.0000 (  0.0%)   0.0000 (  0.0%)   0.0000 (  0.0%)   0.0000 (  0.0%)  source-file-populate-cache
   0.0000 (  0.0%)   0.0000 (  0.0%)   0.0000 (  0.0%)   0.0000 (  0.0%)  HasCircularRawValueRequest
   0.0000 (  0.0%)   0.0000 (  0.0%)   0.0000 (  0.0%)   0.0000 (  0.0%)  ClassAncestryFlagsRequest
   0.0000 (  0.0%)   0.0000 (  0.0%)   0.0000 (  0.0%)   0.0000 (  0.0%)  CheckInconsistentAccessLevelOnImportSameFileRequest
   0.0000 (  0.0%)   0.0000 (  0.0%)   0.0000 (  0.0%)   0.0000 (  0.0%)  ExpandSynthesizedMemberMacroRequest
   0.0000 (  0.0%)   0.0000 (  0.0%)   0.0000 (  0.0%)   0.0000 (  0.0%)  ClangRecordMemberLookup
   0.0000 (  0.0%)   0.0000 (  0.0%)   0.0000 (  0.0%)   0.0000 (  0.0%)  TypeAliasRequirementsRequest
   0.0000 (  0.0%)   0.0000 (  0.0%)   0.0000 (  0.0%)   0.0000 (  0.0%)  SetterAccessLevelRequest
   0.0000 (  0.0%)   0.0000 (  0.0%)   0.0000 (  0.0%)   0.0000 (  0.0%)  ClosureHasResultExprRequest
   0.0000 (  0.0%)   0.0000 (  0.0%)   0.0000 (  0.0%)   0.0000 (  0.0%)  SuperclassTypeRequest
   0.0000 (  0.0%)   0.0000 (  0.0%)   0.0000 (  0.0%)   0.0000 (  0.0%)  UnderlyingTypeDeclsReferencedRequest
   0.0000 (  0.0%)   0.0000 (  0.0%)   0.0000 (  0.0%)   0.0000 (  0.0%)  ExistentialConformsToSelfRequest
   0.0000 (  0.0%)   0.0000 (  0.0%)   0.0000 (  0.0%)   0.0000 (  0.0%)  IsAccessorTransparentRequest
   0.0000 (  0.0%)   0.0000 (  0.0%)   0.0000 (  0.0%)   0.0000 (  0.0%)  GetDestructorRequest
   0.0000 (  0.0%)   0.0000 (  0.0%)   0.0000 (  0.0%)   0.0000 (  0.0%)  PreCheckClosureBodyRequest
   0.0000 (  0.0%)   0.0000 (  0.0%)   0.0000 (  0.0%)   0.0000 (  0.0%)  typecheck-stmt
   0.0000 (  0.0%)   0.0000 (  0.0%)   0.0000 (  0.0%)   0.0000 (  0.0%)  ClosureEffectsRequest
   0.0000 (  0.0%)   0.0000 (  0.0%)   0.0000 (  0.0%)   0.0000 (  0.0%)  ClangCategoryLookupRequest
   0.0000 (  0.0%)   0.0000 (  0.0%)   0.0000 (  0.0%)   0.0000 (  0.0%)  ModuleImplicitImportsRequest
   0.0000 (  0.0%)   0.0000 (  0.0%)   0.0000 (  0.0%)   0.0000 (  0.0%)  DefaultArgumentTypeRequest
   0.0000 (  0.0%)   0.0000 (  0.0%)   0.0000 (  0.0%)   0.0000 (  0.0%)  CxxRecordSemantics
   0.0000 (  0.0%)   0.0000 (  0.0%)   0.0000 (  0.0%)   0.0000 (  0.0%)  EnumRawValuesRequest
   0.0000 (  0.0%)   0.0000 (  0.0%)   0.0000 (  0.0%)   0.0000 (  0.0%)  ClangDirectLookupRequest
   0.0000 (  0.0%)   0.0000 (  0.0%)   0.0000 (  0.0%)   0.0000 (  0.0%)  PrimarySourceFilesRequest
   0.0000 (  0.0%)   0.0000 (  0.0%)   0.0000 (  0.0%)   0.0000 (  0.0%)  SelfBoundsFromGenericSignatureRequest
   1.5099 (100.0%)   0.5439 (100.0%)   2.0538 (100.0%)   2.0822 (100.0%)  Total
===-------------------------------------------------------------------------===
                                Running Program
===-------------------------------------------------------------------------===
  Total Execution Time: 0.8206 seconds (0.8313 wall clock)
   ---User Time---   --System Time--   --User+System--   ---Wall Time---  --- Name ---
   0.6479 (100.0%)   0.1727 (100.0%)   0.8206 (100.0%)   0.8313 (100.0%)  Building Target
   0.6479 (100.0%)   0.1727 (100.0%)   0.8206 (100.0%)   0.8313 (100.0%)  Total
SwiftDriverJobDiscovery normal armv7k Emitting module for _CollectionsUtilities (in target '_CollectionsUtilities' from project 'swift-collections')
SwiftDriver\ Compilation\ Requirements _CollectionsUtilities normal armv7k com.apple.xcode.tools.swift.compiler (in target '_CollectionsUtilities' from project 'swift-collections')
    cd /Users/admin/builder/spi-builder-workspace/.dependencies/checkouts/swift-collections-v1_1-fork
    builtin-Swift-Compilation-Requirements -- /Library/Developer/Toolchains/swift-6.0-DEVELOPMENT-SNAPSHOT-2024-05-26-a.xctoolchain/usr/bin/swiftc -module-name _CollectionsUtilities -Onone -enforce-exclusivity\=checked @/Users/admin/builder/spi-builder-workspace/.derivedData/Build/Intermediates.noindex/swift-collections.build/Debug-watchos/_CollectionsUtilities.build/Objects-normal/armv7k/_CollectionsUtilities.SwiftFileList -DSWIFT_PACKAGE -DDEBUG -DCOLLECTIONS_RANDOMIZED_TESTING -stats-output-dir .stats -strict-concurrency\=complete -sdk /Applications/Xcode-15.3.0.app/Contents/Developer/Platforms/WatchOS.platform/Developer/SDKs/WatchOS10.4.sdk -target armv7k-apple-watchos5.0 -g -module-cache-path /Users/admin/builder/spi-builder-workspace/.derivedData/ModuleCache.noindex -Xfrontend -serialize-debugging-options -profile-coverage-mapping -profile-generate -enable-testing -suppress-warnings -index-store-path /Users/admin/builder/spi-builder-workspace/.derivedData/Index.noindex/DataStore -swift-version 5 -I /Users/admin/builder/spi-builder-workspace/.derivedData/Build/Products/Debug-watchos -I /Applications/Xcode-15.3.0.app/Contents/Developer/Platforms/WatchOS.platform/Developer/usr/lib -F /Users/admin/builder/spi-builder-workspace/.derivedData/Build/Products/Debug-watchos -F /Applications/Xcode-15.3.0.app/Contents/Developer/Platforms/WatchOS.platform/Developer/Library/Frameworks -F /Applications/Xcode-15.3.0.app/Contents/Developer/Platforms/WatchOS.platform/Developer/SDKs/WatchOS10.4.sdk/Developer/Library/Frameworks -c -j10 -enable-batch-mode -incremental -output-file-map /Users/admin/builder/spi-builder-workspace/.derivedData/Build/Intermediates.noindex/swift-collections.build/Debug-watchos/_CollectionsUtilities.build/Objects-normal/armv7k/_CollectionsUtilities-OutputFileMap.json -use-frontend-parseable-output -save-temps -no-color-diagnostics -serialize-diagnostics -emit-dependencies -emit-module -emit-module-path /Users/admin/builder/spi-builder-workspace/.derivedData/Build/Intermediates.noindex/swift-collections.build/Debug-watchos/_CollectionsUtilities.build/Objects-normal/armv7k/_CollectionsUtilities.swiftmodule -validate-clang-modules-once -clang-build-session-file /Users/admin/builder/spi-builder-workspace/.derivedData/ModuleCache.noindex/Session.modulevalidation -Xcc -I/Users/admin/builder/spi-builder-workspace/.derivedData/Build/Intermediates.noindex/swift-collections.build/Debug-watchos/_CollectionsUtilities.build/swift-overrides.hmap -emit-const-values -Xfrontend -const-gather-protocols-file -Xfrontend /Users/admin/builder/spi-builder-workspace/.derivedData/Build/Intermediates.noindex/swift-collections.build/Debug-watchos/_CollectionsUtilities.build/Objects-normal/armv7k/_CollectionsUtilities_const_extract_protocols.json -Xcc -I/Users/admin/builder/spi-builder-workspace/.derivedData/Build/Products/Debug-watchos/include -Xcc -I/Users/admin/builder/spi-builder-workspace/.derivedData/Build/Intermediates.noindex/swift-collections.build/Debug-watchos/_CollectionsUtilities.build/DerivedSources-normal/armv7k -Xcc -I/Users/admin/builder/spi-builder-workspace/.derivedData/Build/Intermediates.noindex/swift-collections.build/Debug-watchos/_CollectionsUtilities.build/DerivedSources/armv7k -Xcc -I/Users/admin/builder/spi-builder-workspace/.derivedData/Build/Intermediates.noindex/swift-collections.build/Debug-watchos/_CollectionsUtilities.build/DerivedSources -Xcc -DSWIFT_PACKAGE -Xcc -DDEBUG\=1 -emit-objc-header -emit-objc-header-path /Users/admin/builder/spi-builder-workspace/.derivedData/Build/Intermediates.noindex/swift-collections.build/Debug-watchos/_CollectionsUtilities.build/Objects-normal/armv7k/_CollectionsUtilities-Swift.h -working-directory /Users/admin/builder/spi-builder-workspace/.dependencies/checkouts/swift-collections-v1_1-fork -experimental-emit-module-separately -disable-cmo
note: Using global toolchain override 'Swift 6.0 Development Snapshot 2024-05-26 (a)'. (in target 'StateTreeSwiftUI' from project 'StateTree')
note: Using global toolchain override 'Swift 6.0 Development Snapshot 2024-05-26 (a)'. (in target 'StateTreePlayback' from project 'StateTree')
note: Using global toolchain override 'Swift 6.0 Development Snapshot 2024-05-26 (a)'. (in target 'StateTree' from project 'StateTree')
note: Using global toolchain override 'Swift 6.0 Development Snapshot 2024-05-26 (a)'. (in target 'HeapModule' from project 'swift-collections')
note: Using global toolchain override 'Swift 6.0 Development Snapshot 2024-05-26 (a)'. (in target 'Utilities' from project 'StateTree')
note: Using global toolchain override 'Swift 6.0 Development Snapshot 2024-05-26 (a)'. (in target 'StateTreeSwiftUI' from project 'StateTree')
note: Using global toolchain override 'Swift 6.0 Development Snapshot 2024-05-26 (a)'. (in target 'StateTreeImperativeUI' from project 'StateTree')
note: Using global toolchain override 'Swift 6.0 Development Snapshot 2024-05-26 (a)'. (in target 'Emitter' from project 'Emitter')
note: Using global toolchain override 'Swift 6.0 Development Snapshot 2024-05-26 (a)'. (in target 'Intents' from project 'StateTree')
note: Using global toolchain override 'Swift 6.0 Development Snapshot 2024-05-26 (a)'. (in target 'StateTreeTesting' from project 'StateTree')
note: Using global toolchain override 'Swift 6.0 Development Snapshot 2024-05-26 (a)'. (in target 'StateTreeTesting' from project 'StateTree')
note: Using global toolchain override 'Swift 6.0 Development Snapshot 2024-05-26 (a)'. (in target 'Emitter' from project 'Emitter')
note: Using global toolchain override 'Swift 6.0 Development Snapshot 2024-05-26 (a)'. (in target 'OrderedCollections' from project 'swift-collections')
note: Using global toolchain override 'Swift 6.0 Development Snapshot 2024-05-26 (a)'. (in target 'StateTree' from project 'StateTree')
note: Using global toolchain override 'Swift 6.0 Development Snapshot 2024-05-26 (a)'. (in target 'Behavior' from project 'StateTree')
note: Using global toolchain override 'Swift 6.0 Development Snapshot 2024-05-26 (a)'. (in target 'OrderedCollections' from project 'swift-collections')
note: Using global toolchain override 'Swift 6.0 Development Snapshot 2024-05-26 (a)'. (in target 'HeapModule' from project 'swift-collections')
note: Using global toolchain override 'Swift 6.0 Development Snapshot 2024-05-26 (a)'. (in target 'StateTreeImperativeUI' from project 'StateTree')
note: Using global toolchain override 'Swift 6.0 Development Snapshot 2024-05-26 (a)'. (in target 'Disposable' from project 'Disposable')
note: Using global toolchain override 'Swift 6.0 Development Snapshot 2024-05-26 (a)'. (in target 'TreeActor' from project 'StateTree')
note: Using global toolchain override 'Swift 6.0 Development Snapshot 2024-05-26 (a)'. (in target 'Disposable' from project 'Disposable')
** BUILD FAILED **
The following build commands failed:
	SwiftEmitModule normal arm64_32 Emitting\ module\ for\ Disposable (in target 'Disposable' from project 'Disposable')
	SwiftEmitModule normal armv7k Emitting\ module\ for\ Disposable (in target 'Disposable' from project 'Disposable')
(2 failures)
BUILD FAILURE 6.0 watchOS
This is a staging environment. For live and up-to-date package information, visit swiftpackageindex.com.