This is a staging environment. For live and up-to-date package information, visit swiftpackageindex.com.

The Swift Package Index logo.Swift Package Index

Track the adoption of Swift 6 strict concurrency checks for data race safety. How many packages are Ready for Swift 6?

Build Information

Failed to build AlertKit with Swift 6.0 (beta) for watchOS using Xcode 16.0 at v5.

Build Command

env DEVELOPER_DIR=/Applications/Xcode-15.3.0.app xcrun --toolchain org.swift.600202405261a xcodebuild -IDEClonedSourcePackagesDirPathOverride=$workDir/.dependencies -skipMacroValidation -skipPackagePluginValidation -derivedDataPath $workDir/.derivedData build -scheme AlertKit -destination generic/platform=watchos OTHER_SWIFT_FLAGS=-stats-output-dir .stats -strict-concurrency=complete

Build Log

	SwiftCompile normal arm64_32 Compiling\ AlertIconErrorView.swift,\ AlertIconHeartView.swift /Users/admin/builder/spi-builder-workspace/Sources/AlertKit/Icons/AlertIconErrorView.swift /Users/admin/builder/spi-builder-workspace/Sources/AlertKit/Icons/AlertIconHeartView.swift (in target 'AlertKit' from project 'AlertKit')
	SwiftCompile normal arm64_32 /Users/admin/builder/spi-builder-workspace/Sources/AlertKit/Icons/AlertIconErrorView.swift (in target 'AlertKit' from project 'AlertKit')
	SwiftCompile normal arm64_32 /Users/admin/builder/spi-builder-workspace/Sources/AlertKit/Icons/AlertIconHeartView.swift (in target 'AlertKit' from project 'AlertKit')
	SwiftEmitModule normal arm64_32 Emitting\ module\ for\ AlertKit (in target 'AlertKit' from project 'AlertKit')
	SwiftCompile normal arm64_32 Compiling\ AlertKitAPI.swift,\ AlertViewStyle.swift /Users/admin/builder/spi-builder-workspace/Sources/AlertKit/AlertKitAPI.swift /Users/admin/builder/spi-builder-workspace/Sources/AlertKit/AlertViewStyle.swift (in target 'AlertKit' from project 'AlertKit')
	SwiftCompile normal arm64_32 /Users/admin/builder/spi-builder-workspace/Sources/AlertKit/AlertKitAPI.swift (in target 'AlertKit' from project 'AlertKit')
	SwiftCompile normal arm64_32 Compiling\ AlertViewProtocol.swift /Users/admin/builder/spi-builder-workspace/Sources/AlertKit/Views/AlertViewProtocol.swift (in target 'AlertKit' from project 'AlertKit')
	SwiftCompile normal arm64_32 /Users/admin/builder/spi-builder-workspace/Sources/AlertKit/Views/AlertViewProtocol.swift (in target 'AlertKit' from project 'AlertKit')
	SwiftCompile normal armv7k Compiling\ AlertSpinnerView.swift /Users/admin/builder/spi-builder-workspace/Sources/AlertKit/Icons/AlertSpinnerView.swift (in target 'AlertKit' from project 'AlertKit')
(11 failures)
Command line invocation:
    /Applications/Xcode-15.3.0.app/Contents/Developer/usr/bin/xcodebuild -IDEClonedSourcePackagesDirPathOverride=/Users/admin/builder/spi-builder-workspace/.dependencies -skipMacroValidation -skipPackagePluginValidation -derivedDataPath /Users/admin/builder/spi-builder-workspace/.derivedData build -scheme AlertKit -destination generic/platform=watchos "OTHER_SWIFT_FLAGS=-stats-output-dir .stats -strict-concurrency=complete"
User defaults from command line:
    IDEClonedSourcePackagesDirPathOverride = /Users/admin/builder/spi-builder-workspace/.dependencies
    IDEDerivedDataPathOverride = /Users/admin/builder/spi-builder-workspace/.derivedData
    IDEPackageSupportToolchainOverrideForManifestLoading = org.swift.600202405261a
    IDEPackageSupportUseBuiltinSCM = YES
Build settings from command line:
    OTHER_SWIFT_FLAGS = -stats-output-dir .stats -strict-concurrency=complete
    TOOLCHAINS = org.swift.600202405261a
Resolve Package Graph
Resolved source packages:
  AlertKit: /Users/admin/builder/spi-builder-workspace
Prepare packages
ComputeTargetDependencyGraph
note: Building targets in dependency order
note: Target dependency graph (2 targets)
    Target 'AlertKit' in project 'AlertKit'
        ➜ Explicit dependency on target 'AlertKit' in project 'AlertKit'
    Target 'AlertKit' in project 'AlertKit' (no dependencies)
GatherProvisioningInputs
CreateBuildDescription
note: Using global toolchain override 'Swift 6.0 Development Snapshot 2024-05-26 (a)'.
note: Using global toolchain override 'Swift 6.0 Development Snapshot 2024-05-26 (a)'. (in target 'AlertKit' from project 'AlertKit')
SwiftDriver AlertKit normal armv7k com.apple.xcode.tools.swift.compiler (in target 'AlertKit' from project 'AlertKit')
    cd /Users/admin/builder/spi-builder-workspace
    builtin-SwiftDriver -- /Library/Developer/Toolchains/swift-6.0-DEVELOPMENT-SNAPSHOT-2024-05-26-a.xctoolchain/usr/bin/swiftc -module-name AlertKit -Onone -enforce-exclusivity\=checked @/Users/admin/builder/spi-builder-workspace/.derivedData/Build/Intermediates.noindex/AlertKit.build/Debug-watchos/AlertKit.build/Objects-normal/armv7k/AlertKit.SwiftFileList -DSWIFT_PACKAGE -DDEBUG -DALERTKIT_SPM -stats-output-dir .stats -strict-concurrency\=complete -sdk /Applications/Xcode-15.3.0.app/Contents/Developer/Platforms/WatchOS.platform/Developer/SDKs/WatchOS10.4.sdk -target armv7k-apple-watchos6.0 -g -module-cache-path /Users/admin/builder/spi-builder-workspace/.derivedData/ModuleCache.noindex -Xfrontend -serialize-debugging-options -enable-testing -index-store-path /Users/admin/builder/spi-builder-workspace/.derivedData/Index.noindex/DataStore -swift-version 5 -I /Users/admin/builder/spi-builder-workspace/.derivedData/Build/Products/Debug-watchos -I /Applications/Xcode-15.3.0.app/Contents/Developer/Platforms/WatchOS.platform/Developer/usr/lib -F /Users/admin/builder/spi-builder-workspace/.derivedData/Build/Products/Debug-watchos -F /Applications/Xcode-15.3.0.app/Contents/Developer/Platforms/WatchOS.platform/Developer/Library/Frameworks -F /Applications/Xcode-15.3.0.app/Contents/Developer/Platforms/WatchOS.platform/Developer/SDKs/WatchOS10.4.sdk/Developer/Library/Frameworks -c -j10 -enable-batch-mode -incremental -output-file-map /Users/admin/builder/spi-builder-workspace/.derivedData/Build/Intermediates.noindex/AlertKit.build/Debug-watchos/AlertKit.build/Objects-normal/armv7k/AlertKit-OutputFileMap.json -use-frontend-parseable-output -save-temps -no-color-diagnostics -serialize-diagnostics -emit-dependencies -emit-module -emit-module-path /Users/admin/builder/spi-builder-workspace/.derivedData/Build/Intermediates.noindex/AlertKit.build/Debug-watchos/AlertKit.build/Objects-normal/armv7k/AlertKit.swiftmodule -validate-clang-modules-once -clang-build-session-file /Users/admin/builder/spi-builder-workspace/.derivedData/ModuleCache.noindex/Session.modulevalidation -Xfrontend -package-name -Xfrontend spi_builder_workspace -Xcc -I/Users/admin/builder/spi-builder-workspace/.derivedData/Build/Intermediates.noindex/AlertKit.build/Debug-watchos/AlertKit.build/swift-overrides.hmap -emit-const-values -Xfrontend -const-gather-protocols-file -Xfrontend /Users/admin/builder/spi-builder-workspace/.derivedData/Build/Intermediates.noindex/AlertKit.build/Debug-watchos/AlertKit.build/Objects-normal/armv7k/AlertKit_const_extract_protocols.json -Xcc -I/Users/admin/builder/spi-builder-workspace/.derivedData/Build/Products/Debug-watchos/include -Xcc -I/Users/admin/builder/spi-builder-workspace/.derivedData/Build/Intermediates.noindex/AlertKit.build/Debug-watchos/AlertKit.build/DerivedSources-normal/armv7k -Xcc -I/Users/admin/builder/spi-builder-workspace/.derivedData/Build/Intermediates.noindex/AlertKit.build/Debug-watchos/AlertKit.build/DerivedSources/armv7k -Xcc -I/Users/admin/builder/spi-builder-workspace/.derivedData/Build/Intermediates.noindex/AlertKit.build/Debug-watchos/AlertKit.build/DerivedSources -Xcc -DSWIFT_PACKAGE -Xcc -DDEBUG\=1 -emit-objc-header -emit-objc-header-path /Users/admin/builder/spi-builder-workspace/.derivedData/Build/Intermediates.noindex/AlertKit.build/Debug-watchos/AlertKit.build/Objects-normal/armv7k/AlertKit-Swift.h -working-directory /Users/admin/builder/spi-builder-workspace -experimental-emit-module-separately -disable-cmo
SwiftDriver AlertKit normal arm64 com.apple.xcode.tools.swift.compiler (in target 'AlertKit' from project 'AlertKit')
    cd /Users/admin/builder/spi-builder-workspace
    builtin-SwiftDriver -- /Library/Developer/Toolchains/swift-6.0-DEVELOPMENT-SNAPSHOT-2024-05-26-a.xctoolchain/usr/bin/swiftc -module-name AlertKit -Onone -enforce-exclusivity\=checked @/Users/admin/builder/spi-builder-workspace/.derivedData/Build/Intermediates.noindex/AlertKit.build/Debug-watchos/AlertKit.build/Objects-normal/arm64/AlertKit.SwiftFileList -DSWIFT_PACKAGE -DDEBUG -DALERTKIT_SPM -stats-output-dir .stats -strict-concurrency\=complete -sdk /Applications/Xcode-15.3.0.app/Contents/Developer/Platforms/WatchOS.platform/Developer/SDKs/WatchOS10.4.sdk -target arm64-apple-watchos6.0 -g -module-cache-path /Users/admin/builder/spi-builder-workspace/.derivedData/ModuleCache.noindex -Xfrontend -serialize-debugging-options -enable-testing -index-store-path /Users/admin/builder/spi-builder-workspace/.derivedData/Index.noindex/DataStore -swift-version 5 -I /Users/admin/builder/spi-builder-workspace/.derivedData/Build/Products/Debug-watchos -I /Applications/Xcode-15.3.0.app/Contents/Developer/Platforms/WatchOS.platform/Developer/usr/lib -F /Users/admin/builder/spi-builder-workspace/.derivedData/Build/Products/Debug-watchos -F /Applications/Xcode-15.3.0.app/Contents/Developer/Platforms/WatchOS.platform/Developer/Library/Frameworks -F /Applications/Xcode-15.3.0.app/Contents/Developer/Platforms/WatchOS.platform/Developer/SDKs/WatchOS10.4.sdk/Developer/Library/Frameworks -c -j10 -enable-batch-mode -incremental -output-file-map /Users/admin/builder/spi-builder-workspace/.derivedData/Build/Intermediates.noindex/AlertKit.build/Debug-watchos/AlertKit.build/Objects-normal/arm64/AlertKit-OutputFileMap.json -use-frontend-parseable-output -save-temps -no-color-diagnostics -serialize-diagnostics -emit-dependencies -emit-module -emit-module-path /Users/admin/builder/spi-builder-workspace/.derivedData/Build/Intermediates.noindex/AlertKit.build/Debug-watchos/AlertKit.build/Objects-normal/arm64/AlertKit.swiftmodule -validate-clang-modules-once -clang-build-session-file /Users/admin/builder/spi-builder-workspace/.derivedData/ModuleCache.noindex/Session.modulevalidation -Xfrontend -package-name -Xfrontend spi_builder_workspace -Xcc -I/Users/admin/builder/spi-builder-workspace/.derivedData/Build/Intermediates.noindex/AlertKit.build/Debug-watchos/AlertKit.build/swift-overrides.hmap -emit-const-values -Xfrontend -const-gather-protocols-file -Xfrontend /Users/admin/builder/spi-builder-workspace/.derivedData/Build/Intermediates.noindex/AlertKit.build/Debug-watchos/AlertKit.build/Objects-normal/arm64/AlertKit_const_extract_protocols.json -Xcc -I/Users/admin/builder/spi-builder-workspace/.derivedData/Build/Products/Debug-watchos/include -Xcc -I/Users/admin/builder/spi-builder-workspace/.derivedData/Build/Intermediates.noindex/AlertKit.build/Debug-watchos/AlertKit.build/DerivedSources-normal/arm64 -Xcc -I/Users/admin/builder/spi-builder-workspace/.derivedData/Build/Intermediates.noindex/AlertKit.build/Debug-watchos/AlertKit.build/DerivedSources/arm64 -Xcc -I/Users/admin/builder/spi-builder-workspace/.derivedData/Build/Intermediates.noindex/AlertKit.build/Debug-watchos/AlertKit.build/DerivedSources -Xcc -DSWIFT_PACKAGE -Xcc -DDEBUG\=1 -emit-objc-header -emit-objc-header-path /Users/admin/builder/spi-builder-workspace/.derivedData/Build/Intermediates.noindex/AlertKit.build/Debug-watchos/AlertKit.build/Objects-normal/arm64/AlertKit-Swift.h -working-directory /Users/admin/builder/spi-builder-workspace -experimental-emit-module-separately -disable-cmo
SwiftDriver AlertKit normal arm64_32 com.apple.xcode.tools.swift.compiler (in target 'AlertKit' from project 'AlertKit')
    cd /Users/admin/builder/spi-builder-workspace
    builtin-SwiftDriver -- /Library/Developer/Toolchains/swift-6.0-DEVELOPMENT-SNAPSHOT-2024-05-26-a.xctoolchain/usr/bin/swiftc -module-name AlertKit -Onone -enforce-exclusivity\=checked @/Users/admin/builder/spi-builder-workspace/.derivedData/Build/Intermediates.noindex/AlertKit.build/Debug-watchos/AlertKit.build/Objects-normal/arm64_32/AlertKit.SwiftFileList -DSWIFT_PACKAGE -DDEBUG -DALERTKIT_SPM -stats-output-dir .stats -strict-concurrency\=complete -sdk /Applications/Xcode-15.3.0.app/Contents/Developer/Platforms/WatchOS.platform/Developer/SDKs/WatchOS10.4.sdk -target arm64_32-apple-watchos6.0 -g -module-cache-path /Users/admin/builder/spi-builder-workspace/.derivedData/ModuleCache.noindex -Xfrontend -serialize-debugging-options -enable-testing -index-store-path /Users/admin/builder/spi-builder-workspace/.derivedData/Index.noindex/DataStore -swift-version 5 -I /Users/admin/builder/spi-builder-workspace/.derivedData/Build/Products/Debug-watchos -I /Applications/Xcode-15.3.0.app/Contents/Developer/Platforms/WatchOS.platform/Developer/usr/lib -F /Users/admin/builder/spi-builder-workspace/.derivedData/Build/Products/Debug-watchos -F /Applications/Xcode-15.3.0.app/Contents/Developer/Platforms/WatchOS.platform/Developer/Library/Frameworks -F /Applications/Xcode-15.3.0.app/Contents/Developer/Platforms/WatchOS.platform/Developer/SDKs/WatchOS10.4.sdk/Developer/Library/Frameworks -c -j10 -enable-batch-mode -incremental -output-file-map /Users/admin/builder/spi-builder-workspace/.derivedData/Build/Intermediates.noindex/AlertKit.build/Debug-watchos/AlertKit.build/Objects-normal/arm64_32/AlertKit-OutputFileMap.json -use-frontend-parseable-output -save-temps -no-color-diagnostics -serialize-diagnostics -emit-dependencies -emit-module -emit-module-path /Users/admin/builder/spi-builder-workspace/.derivedData/Build/Intermediates.noindex/AlertKit.build/Debug-watchos/AlertKit.build/Objects-normal/arm64_32/AlertKit.swiftmodule -validate-clang-modules-once -clang-build-session-file /Users/admin/builder/spi-builder-workspace/.derivedData/ModuleCache.noindex/Session.modulevalidation -Xfrontend -package-name -Xfrontend spi_builder_workspace -Xcc -I/Users/admin/builder/spi-builder-workspace/.derivedData/Build/Intermediates.noindex/AlertKit.build/Debug-watchos/AlertKit.build/swift-overrides.hmap -emit-const-values -Xfrontend -const-gather-protocols-file -Xfrontend /Users/admin/builder/spi-builder-workspace/.derivedData/Build/Intermediates.noindex/AlertKit.build/Debug-watchos/AlertKit.build/Objects-normal/arm64_32/AlertKit_const_extract_protocols.json -Xcc -I/Users/admin/builder/spi-builder-workspace/.derivedData/Build/Products/Debug-watchos/include -Xcc -I/Users/admin/builder/spi-builder-workspace/.derivedData/Build/Intermediates.noindex/AlertKit.build/Debug-watchos/AlertKit.build/DerivedSources-normal/arm64_32 -Xcc -I/Users/admin/builder/spi-builder-workspace/.derivedData/Build/Intermediates.noindex/AlertKit.build/Debug-watchos/AlertKit.build/DerivedSources/arm64_32 -Xcc -I/Users/admin/builder/spi-builder-workspace/.derivedData/Build/Intermediates.noindex/AlertKit.build/Debug-watchos/AlertKit.build/DerivedSources -Xcc -DSWIFT_PACKAGE -Xcc -DDEBUG\=1 -emit-objc-header -emit-objc-header-path /Users/admin/builder/spi-builder-workspace/.derivedData/Build/Intermediates.noindex/AlertKit.build/Debug-watchos/AlertKit.build/Objects-normal/arm64_32/AlertKit-Swift.h -working-directory /Users/admin/builder/spi-builder-workspace -experimental-emit-module-separately -disable-cmo
SwiftEmitModule normal arm64 Emitting\ module\ for\ AlertKit (in target 'AlertKit' from project 'AlertKit')
    cd /Users/admin/builder/spi-builder-workspace
    builtin-swiftTaskExecution -- /Library/Developer/Toolchains/swift-6.0-DEVELOPMENT-SNAPSHOT-2024-05-26-a.xctoolchain/usr/bin/swift-frontend -frontend -emit-module -experimental-skip-non-inlinable-function-bodies-without-types /Users/admin/builder/spi-builder-workspace/Sources/AlertKit/AlertHaptic.swift /Users/admin/builder/spi-builder-workspace/Sources/AlertKit/AlertIcon.swift /Users/admin/builder/spi-builder-workspace/Sources/AlertKit/AlertKitAPI.swift /Users/admin/builder/spi-builder-workspace/Sources/AlertKit/AlertViewStyle.swift /Users/admin/builder/spi-builder-workspace/Sources/AlertKit/Extensions/SwiftUIExtension.swift /Users/admin/builder/spi-builder-workspace/Sources/AlertKit/Extensions/UIFontExtension.swift /Users/admin/builder/spi-builder-workspace/Sources/AlertKit/Extensions/UILabelExtension.swift /Users/admin/builder/spi-builder-workspace/Sources/AlertKit/Icons/AlertIconDoneView.swift /Users/admin/builder/spi-builder-workspace/Sources/AlertKit/Icons/AlertIconErrorView.swift /Users/admin/builder/spi-builder-workspace/Sources/AlertKit/Icons/AlertIconHeartView.swift /Users/admin/builder/spi-builder-workspace/Sources/AlertKit/Icons/AlertSpinnerView.swift /Users/admin/builder/spi-builder-workspace/Sources/AlertKit/Views/AlertAppleMusic16View.swift /Users/admin/builder/spi-builder-workspace/Sources/AlertKit/Views/AlertAppleMusic17View.swift /Users/admin/builder/spi-builder-workspace/Sources/AlertKit/Views/AlertViewInternalDismissProtocol.swift /Users/admin/builder/spi-builder-workspace/Sources/AlertKit/Views/AlertViewProtocol.swift -target arm64-apple-watchos6.0 -Xllvm -aarch64-use-tbi -enable-objc-interop -sdk /Applications/Xcode-15.3.0.app/Contents/Developer/Platforms/WatchOS.platform/Developer/SDKs/WatchOS10.4.sdk -I /Users/admin/builder/spi-builder-workspace/.derivedData/Build/Products/Debug-watchos -I /Applications/Xcode-15.3.0.app/Contents/Developer/Platforms/WatchOS.platform/Developer/usr/lib -F /Users/admin/builder/spi-builder-workspace/.derivedData/Build/Products/Debug-watchos -F /Applications/Xcode-15.3.0.app/Contents/Developer/Platforms/WatchOS.platform/Developer/Library/Frameworks -F /Applications/Xcode-15.3.0.app/Contents/Developer/Platforms/WatchOS.platform/Developer/SDKs/WatchOS10.4.sdk/Developer/Library/Frameworks -no-color-diagnostics -enable-testing -g -module-cache-path /Users/admin/builder/spi-builder-workspace/.derivedData/ModuleCache.noindex -swift-version 5 -enforce-exclusivity\=checked -stats-output-dir /Users/admin/builder/spi-builder-workspace/.stats -Onone -D SWIFT_PACKAGE -D DEBUG -D ALERTKIT_SPM -serialize-debugging-options -package-name spi_builder_workspace -const-gather-protocols-file /Users/admin/builder/spi-builder-workspace/.derivedData/Build/Intermediates.noindex/AlertKit.build/Debug-watchos/AlertKit.build/Objects-normal/arm64/AlertKit_const_extract_protocols.json -strict-concurrency\=complete -empty-abi-descriptor -validate-clang-modules-once -clang-build-session-file /Users/admin/builder/spi-builder-workspace/.derivedData/ModuleCache.noindex/Session.modulevalidation -Xcc -working-directory -Xcc /Users/admin/builder/spi-builder-workspace -resource-dir /Library/Developer/Toolchains/swift-6.0-DEVELOPMENT-SNAPSHOT-2024-05-26-a.xctoolchain/usr/lib/swift -enable-anonymous-context-mangled-names -Xcc -I/Users/admin/builder/spi-builder-workspace/.derivedData/Build/Intermediates.noindex/AlertKit.build/Debug-watchos/AlertKit.build/swift-overrides.hmap -Xcc -I/Users/admin/builder/spi-builder-workspace/.derivedData/Build/Products/Debug-watchos/include -Xcc -I/Users/admin/builder/spi-builder-workspace/.derivedData/Build/Intermediates.noindex/AlertKit.build/Debug-watchos/AlertKit.build/DerivedSources-normal/arm64 -Xcc -I/Users/admin/builder/spi-builder-workspace/.derivedData/Build/Intermediates.noindex/AlertKit.build/Debug-watchos/AlertKit.build/DerivedSources/arm64 -Xcc -I/Users/admin/builder/spi-builder-workspace/.derivedData/Build/Intermediates.noindex/AlertKit.build/Debug-watchos/AlertKit.build/DerivedSources -Xcc -DSWIFT_PACKAGE -Xcc -DDEBUG\=1 -module-name AlertKit -disable-clang-spi -target-sdk-version 10.4 -target-sdk-name watchos10.4 -external-plugin-path /Applications/Xcode-15.3.0.app/Contents/Developer/Platforms/WatchOS.platform/Developer/SDKs/WatchOS10.4.sdk/usr/lib/swift/host/plugins\#/Applications/Xcode-15.3.0.app/Contents/Developer/Platforms/WatchOS.platform/Developer/SDKs/WatchOS10.4.sdk/usr/bin/swift-plugin-server -external-plugin-path /Applications/Xcode-15.3.0.app/Contents/Developer/Platforms/WatchOS.platform/Developer/SDKs/WatchOS10.4.sdk/usr/local/lib/swift/host/plugins\#/Applications/Xcode-15.3.0.app/Contents/Developer/Platforms/WatchOS.platform/Developer/SDKs/WatchOS10.4.sdk/usr/bin/swift-plugin-server -external-plugin-path /Applications/Xcode-15.3.0.app/Contents/Developer/Platforms/WatchOS.platform/Developer/usr/lib/swift/host/plugins\#/Applications/Xcode-15.3.0.app/Contents/Developer/Platforms/WatchOS.platform/Developer/usr/bin/swift-plugin-server -external-plugin-path /Applications/Xcode-15.3.0.app/Contents/Developer/Platforms/WatchOS.platform/Developer/usr/local/lib/swift/host/plugins\#/Applications/Xcode-15.3.0.app/Contents/Developer/Platforms/WatchOS.platform/Developer/usr/bin/swift-plugin-server -plugin-path /Library/Developer/Toolchains/swift-6.0-DEVELOPMENT-SNAPSHOT-2024-05-26-a.xctoolchain/usr/lib/swift/host/plugins -plugin-path /Library/Developer/Toolchains/swift-6.0-DEVELOPMENT-SNAPSHOT-2024-05-26-a.xctoolchain/usr/local/lib/swift/host/plugins -emit-module-doc-path /Users/admin/builder/spi-builder-workspace/.derivedData/Build/Intermediates.noindex/AlertKit.build/Debug-watchos/AlertKit.build/Objects-normal/arm64/AlertKit.swiftdoc -emit-module-source-info-path /Users/admin/builder/spi-builder-workspace/.derivedData/Build/Intermediates.noindex/AlertKit.build/Debug-watchos/AlertKit.build/Objects-normal/arm64/AlertKit.swiftsourceinfo -emit-objc-header-path /Users/admin/builder/spi-builder-workspace/.derivedData/Build/Intermediates.noindex/AlertKit.build/Debug-watchos/AlertKit.build/Objects-normal/arm64/AlertKit-Swift.h -serialize-diagnostics-path /Users/admin/builder/spi-builder-workspace/.derivedData/Build/Intermediates.noindex/AlertKit.build/Debug-watchos/AlertKit.build/Objects-normal/arm64/AlertKit-master-emit-module.dia -emit-dependencies-path /Users/admin/builder/spi-builder-workspace/.derivedData/Build/Intermediates.noindex/AlertKit.build/Debug-watchos/AlertKit.build/Objects-normal/arm64/AlertKit-master-emit-module.d -o /Users/admin/builder/spi-builder-workspace/.derivedData/Build/Intermediates.noindex/AlertKit.build/Debug-watchos/AlertKit.build/Objects-normal/arm64/AlertKit.swiftmodule -emit-abi-descriptor-path /Users/admin/builder/spi-builder-workspace/.derivedData/Build/Intermediates.noindex/AlertKit.build/Debug-watchos/AlertKit.build/Objects-normal/arm64/AlertKit.abi.json
SwiftCompile normal arm64 Compiling\ SwiftUIExtension.swift,\ UIFontExtension.swift /Users/admin/builder/spi-builder-workspace/Sources/AlertKit/Extensions/SwiftUIExtension.swift /Users/admin/builder/spi-builder-workspace/Sources/AlertKit/Extensions/UIFontExtension.swift (in target 'AlertKit' from project 'AlertKit')
    cd /Users/admin/builder/spi-builder-workspace
    builtin-swiftTaskExecution -- /Library/Developer/Toolchains/swift-6.0-DEVELOPMENT-SNAPSHOT-2024-05-26-a.xctoolchain/usr/bin/swift-frontend -frontend -c /Users/admin/builder/spi-builder-workspace/Sources/AlertKit/AlertHaptic.swift /Users/admin/builder/spi-builder-workspace/Sources/AlertKit/AlertIcon.swift /Users/admin/builder/spi-builder-workspace/Sources/AlertKit/AlertKitAPI.swift /Users/admin/builder/spi-builder-workspace/Sources/AlertKit/AlertViewStyle.swift -primary-file /Users/admin/builder/spi-builder-workspace/Sources/AlertKit/Extensions/SwiftUIExtension.swift -primary-file /Users/admin/builder/spi-builder-workspace/Sources/AlertKit/Extensions/UIFontExtension.swift /Users/admin/builder/spi-builder-workspace/Sources/AlertKit/Extensions/UILabelExtension.swift /Users/admin/builder/spi-builder-workspace/Sources/AlertKit/Icons/AlertIconDoneView.swift /Users/admin/builder/spi-builder-workspace/Sources/AlertKit/Icons/AlertIconErrorView.swift /Users/admin/builder/spi-builder-workspace/Sources/AlertKit/Icons/AlertIconHeartView.swift /Users/admin/builder/spi-builder-workspace/Sources/AlertKit/Icons/AlertSpinnerView.swift /Users/admin/builder/spi-builder-workspace/Sources/AlertKit/Views/AlertAppleMusic16View.swift /Users/admin/builder/spi-builder-workspace/Sources/AlertKit/Views/AlertAppleMusic17View.swift /Users/admin/builder/spi-builder-workspace/Sources/AlertKit/Views/AlertViewInternalDismissProtocol.swift /Users/admin/builder/spi-builder-workspace/Sources/AlertKit/Views/AlertViewProtocol.swift -emit-dependencies-path /Users/admin/builder/spi-builder-workspace/.derivedData/Build/Intermediates.noindex/AlertKit.build/Debug-watchos/AlertKit.build/Objects-normal/arm64/SwiftUIExtension.d -emit-const-values-path /Users/admin/builder/spi-builder-workspace/.derivedData/Build/Intermediates.noindex/AlertKit.build/Debug-watchos/AlertKit.build/Objects-normal/arm64/SwiftUIExtension.swiftconstvalues -emit-reference-dependencies-path /Users/admin/builder/spi-builder-workspace/.derivedData/Build/Intermediates.noindex/AlertKit.build/Debug-watchos/AlertKit.build/Objects-normal/arm64/SwiftUIExtension.swiftdeps -serialize-diagnostics-path /Users/admin/builder/spi-builder-workspace/.derivedData/Build/Intermediates.noindex/AlertKit.build/Debug-watchos/AlertKit.build/Objects-normal/arm64/SwiftUIExtension.dia -emit-dependencies-path /Users/admin/builder/spi-builder-workspace/.derivedData/Build/Intermediates.noindex/AlertKit.build/Debug-watchos/AlertKit.build/Objects-normal/arm64/UIFontExtension.d -emit-const-values-path /Users/admin/builder/spi-builder-workspace/.derivedData/Build/Intermediates.noindex/AlertKit.build/Debug-watchos/AlertKit.build/Objects-normal/arm64/UIFontExtension.swiftconstvalues -emit-reference-dependencies-path /Users/admin/builder/spi-builder-workspace/.derivedData/Build/Intermediates.noindex/AlertKit.build/Debug-watchos/AlertKit.build/Objects-normal/arm64/UIFontExtension.swiftdeps -serialize-diagnostics-path /Users/admin/builder/spi-builder-workspace/.derivedData/Build/Intermediates.noindex/AlertKit.build/Debug-watchos/AlertKit.build/Objects-normal/arm64/UIFontExtension.dia -target arm64-apple-watchos6.0 -Xllvm -aarch64-use-tbi -enable-objc-interop -sdk /Applications/Xcode-15.3.0.app/Contents/Developer/Platforms/WatchOS.platform/Developer/SDKs/WatchOS10.4.sdk -I /Users/admin/builder/spi-builder-workspace/.derivedData/Build/Products/Debug-watchos -I /Applications/Xcode-15.3.0.app/Contents/Developer/Platforms/WatchOS.platform/Developer/usr/lib -F /Users/admin/builder/spi-builder-workspace/.derivedData/Build/Products/Debug-watchos -F /Applications/Xcode-15.3.0.app/Contents/Developer/Platforms/WatchOS.platform/Developer/Library/Frameworks -F /Applications/Xcode-15.3.0.app/Contents/Developer/Platforms/WatchOS.platform/Developer/SDKs/WatchOS10.4.sdk/Developer/Library/Frameworks -no-color-diagnostics -enable-testing -g -module-cache-path /Users/admin/builder/spi-builder-workspace/.derivedData/ModuleCache.noindex -swift-version 5 -enforce-exclusivity\=checked -stats-output-dir /Users/admin/builder/spi-builder-workspace/.stats -Onone -D SWIFT_PACKAGE -D DEBUG -D ALERTKIT_SPM -serialize-debugging-options -package-name spi_builder_workspace -const-gather-protocols-file /Users/admin/builder/spi-builder-workspace/.derivedData/Build/Intermediates.noindex/AlertKit.build/Debug-watchos/AlertKit.build/Objects-normal/arm64/AlertKit_const_extract_protocols.json -strict-concurrency\=complete -empty-abi-descriptor -validate-clang-modules-once -clang-build-session-file /Users/admin/builder/spi-builder-workspace/.derivedData/ModuleCache.noindex/Session.modulevalidation -Xcc -working-directory -Xcc /Users/admin/builder/spi-builder-workspace -resource-dir /Library/Developer/Toolchains/swift-6.0-DEVELOPMENT-SNAPSHOT-2024-05-26-a.xctoolchain/usr/lib/swift -enable-anonymous-context-mangled-names -Xcc -I/Users/admin/builder/spi-builder-workspace/.derivedData/Build/Intermediates.noindex/AlertKit.build/Debug-watchos/AlertKit.build/swift-overrides.hmap -Xcc -I/Users/admin/builder/spi-builder-workspace/.derivedData/Build/Products/Debug-watchos/include -Xcc -I/Users/admin/builder/spi-builder-workspace/.derivedData/Build/Intermediates.noindex/AlertKit.build/Debug-watchos/AlertKit.build/DerivedSources-normal/arm64 -Xcc -I/Users/admin/builder/spi-builder-workspace/.derivedData/Build/Intermediates.noindex/AlertKit.build/Debug-watchos/AlertKit.build/DerivedSources/arm64 -Xcc -I/Users/admin/builder/spi-builder-workspace/.derivedData/Build/Intermediates.noindex/AlertKit.build/Debug-watchos/AlertKit.build/DerivedSources -Xcc -DSWIFT_PACKAGE -Xcc -DDEBUG\=1 -module-name AlertKit -frontend-parseable-output -disable-clang-spi -target-sdk-version 10.4 -target-sdk-name watchos10.4 -external-plugin-path /Applications/Xcode-15.3.0.app/Contents/Developer/Platforms/WatchOS.platform/Developer/SDKs/WatchOS10.4.sdk/usr/lib/swift/host/plugins\#/Applications/Xcode-15.3.0.app/Contents/Developer/Platforms/WatchOS.platform/Developer/SDKs/WatchOS10.4.sdk/usr/bin/swift-plugin-server -external-plugin-path /Applications/Xcode-15.3.0.app/Contents/Developer/Platforms/WatchOS.platform/Developer/SDKs/WatchOS10.4.sdk/usr/local/lib/swift/host/plugins\#/Applications/Xcode-15.3.0.app/Contents/Developer/Platforms/WatchOS.platform/Developer/SDKs/WatchOS10.4.sdk/usr/bin/swift-plugin-server -external-plugin-path /Applications/Xcode-15.3.0.app/Contents/Developer/Platforms/WatchOS.platform/Developer/usr/lib/swift/host/plugins\#/Applications/Xcode-15.3.0.app/Contents/Developer/Platforms/WatchOS.platform/Developer/usr/bin/swift-plugin-server -external-plugin-path /Applications/Xcode-15.3.0.app/Contents/Developer/Platforms/WatchOS.platform/Developer/usr/local/lib/swift/host/plugins\#/Applications/Xcode-15.3.0.app/Contents/Developer/Platforms/WatchOS.platform/Developer/usr/bin/swift-plugin-server -plugin-path /Library/Developer/Toolchains/swift-6.0-DEVELOPMENT-SNAPSHOT-2024-05-26-a.xctoolchain/usr/lib/swift/host/plugins -plugin-path /Library/Developer/Toolchains/swift-6.0-DEVELOPMENT-SNAPSHOT-2024-05-26-a.xctoolchain/usr/local/lib/swift/host/plugins -o /Users/admin/builder/spi-builder-workspace/.derivedData/Build/Intermediates.noindex/AlertKit.build/Debug-watchos/AlertKit.build/Objects-normal/arm64/SwiftUIExtension.o -o /Users/admin/builder/spi-builder-workspace/.derivedData/Build/Intermediates.noindex/AlertKit.build/Debug-watchos/AlertKit.build/Objects-normal/arm64/UIFontExtension.o -index-unit-output-path /AlertKit.build/Debug-watchos/AlertKit.build/Objects-normal/arm64/SwiftUIExtension.o -index-unit-output-path /AlertKit.build/Debug-watchos/AlertKit.build/Objects-normal/arm64/UIFontExtension.o -index-store-path /Users/admin/builder/spi-builder-workspace/.derivedData/Index.noindex/DataStore -index-system-modules
SwiftCompile normal arm64 /Users/admin/builder/spi-builder-workspace/Sources/AlertKit/Extensions/SwiftUIExtension.swift (in target 'AlertKit' from project 'AlertKit')
    cd /Users/admin/builder/spi-builder-workspace
    /Library/Developer/Toolchains/swift-6.0-DEVELOPMENT-SNAPSHOT-2024-05-26-a.xctoolchain/usr/bin/swift-frontend -c /Users/admin/builder/spi-builder-workspace/Sources/AlertKit/AlertHaptic.swift /Users/admin/builder/spi-builder-workspace/Sources/AlertKit/AlertIcon.swift /Users/admin/builder/spi-builder-workspace/Sources/AlertKit/AlertKitAPI.swift /Users/admin/builder/spi-builder-workspace/Sources/AlertKit/AlertViewStyle.swift -primary-file /Users/admin/builder/spi-builder-workspace/Sources/AlertKit/Extensions/SwiftUIExtension.swift -primary-file /Users/admin/builder/spi-builder-workspace/Sources/AlertKit/Extensions/UIFontExtension.swift /Users/admin/builder/spi-builder-workspace/Sources/AlertKit/Extensions/UILabelExtension.swift /Users/admin/builder/spi-builder-workspace/Sources/AlertKit/Icons/AlertIconDoneView.swift /Users/admin/builder/spi-builder-workspace/Sources/AlertKit/Icons/AlertIconErrorView.swift /Users/admin/builder/spi-builder-workspace/Sources/AlertKit/Icons/AlertIconHeartView.swift /Users/admin/builder/spi-builder-workspace/Sources/AlertKit/Icons/AlertSpinnerView.swift /Users/admin/builder/spi-builder-workspace/Sources/AlertKit/Views/AlertAppleMusic16View.swift /Users/admin/builder/spi-builder-workspace/Sources/AlertKit/Views/AlertAppleMusic17View.swift /Users/admin/builder/spi-builder-workspace/Sources/AlertKit/Views/AlertViewInternalDismissProtocol.swift /Users/admin/builder/spi-builder-workspace/Sources/AlertKit/Views/AlertViewProtocol.swift -emit-dependencies-path /Users/admin/builder/spi-builder-workspace/.derivedData/Build/Intermediates.noindex/AlertKit.build/Debug-watchos/AlertKit.build/Objects-normal/arm64/SwiftUIExtension.d -emit-const-values-path /Users/admin/builder/spi-builder-workspace/.derivedData/Build/Intermediates.noindex/AlertKit.build/Debug-watchos/AlertKit.build/Objects-normal/arm64/SwiftUIExtension.swiftconstvalues -emit-reference-dependencies-path /Users/admin/builder/spi-builder-workspace/.derivedData/Build/Intermediates.noindex/AlertKit.build/Debug-watchos/AlertKit.build/Objects-normal/arm64/SwiftUIExtension.swiftdeps -serialize-diagnostics-path /Users/admin/builder/spi-builder-workspace/.derivedData/Build/Intermediates.noindex/AlertKit.build/Debug-watchos/AlertKit.build/Objects-normal/arm64/SwiftUIExtension.dia -emit-dependencies-path /Users/admin/builder/spi-builder-workspace/.derivedData/Build/Intermediates.noindex/AlertKit.build/Debug-watchos/AlertKit.build/Objects-normal/arm64/UIFontExtension.d -emit-const-values-path /Users/admin/builder/spi-builder-workspace/.derivedData/Build/Intermediates.noindex/AlertKit.build/Debug-watchos/AlertKit.build/Objects-normal/arm64/UIFontExtension.swiftconstvalues -emit-reference-dependencies-path /Users/admin/builder/spi-builder-workspace/.derivedData/Build/Intermediates.noindex/AlertKit.build/Debug-watchos/AlertKit.build/Objects-normal/arm64/UIFontExtension.swiftdeps -serialize-diagnostics-path /Users/admin/builder/spi-builder-workspace/.derivedData/Build/Intermediates.noindex/AlertKit.build/Debug-watchos/AlertKit.build/Objects-normal/arm64/UIFontExtension.dia -target arm64-apple-watchos6.0 -Xllvm -aarch64-use-tbi -enable-objc-interop -sdk /Applications/Xcode-15.3.0.app/Contents/Developer/Platforms/WatchOS.platform/Developer/SDKs/WatchOS10.4.sdk -I /Users/admin/builder/spi-builder-workspace/.derivedData/Build/Products/Debug-watchos -I /Applications/Xcode-15.3.0.app/Contents/Developer/Platforms/WatchOS.platform/Developer/usr/lib -F /Users/admin/builder/spi-builder-workspace/.derivedData/Build/Products/Debug-watchos -F /Applications/Xcode-15.3.0.app/Contents/Developer/Platforms/WatchOS.platform/Developer/Library/Frameworks -F /Applications/Xcode-15.3.0.app/Contents/Developer/Platforms/WatchOS.platform/Developer/SDKs/WatchOS10.4.sdk/Developer/Library/Frameworks -no-color-diagnostics -enable-testing -g -module-cache-path /Users/admin/builder/spi-builder-workspace/.derivedData/ModuleCache.noindex -swift-version 5 -enforce-exclusivity\=checked -stats-output-dir /Users/admin/builder/spi-builder-workspace/.stats -Onone -D SWIFT_PACKAGE -D DEBUG -D ALERTKIT_SPM -serialize-debugging-options -package-name spi_builder_workspace -const-gather-protocols-file /Users/admin/builder/spi-builder-workspace/.derivedData/Build/Intermediates.noindex/AlertKit.build/Debug-watchos/AlertKit.build/Objects-normal/arm64/AlertKit_const_extract_protocols.json -strict-concurrency\=complete -empty-abi-descriptor -validate-clang-modules-once -clang-build-session-file /Users/admin/builder/spi-builder-workspace/.derivedData/ModuleCache.noindex/Session.modulevalidation -Xcc -working-directory -Xcc /Users/admin/builder/spi-builder-workspace -resource-dir /Library/Developer/Toolchains/swift-6.0-DEVELOPMENT-SNAPSHOT-2024-05-26-a.xctoolchain/usr/lib/swift -enable-anonymous-context-mangled-names -Xcc -I/Users/admin/builder/spi-builder-workspace/.derivedData/Build/Intermediates.noindex/AlertKit.build/Debug-watchos/AlertKit.build/swift-overrides.hmap -Xcc -I/Users/admin/builder/spi-builder-workspace/.derivedData/Build/Products/Debug-watchos/include -Xcc -I/Users/admin/builder/spi-builder-workspace/.derivedData/Build/Intermediates.noindex/AlertKit.build/Debug-watchos/AlertKit.build/DerivedSources-normal/arm64 -Xcc -I/Users/admin/builder/spi-builder-workspace/.derivedData/Build/Intermediates.noindex/AlertKit.build/Debug-watchos/AlertKit.build/DerivedSources/arm64 -Xcc -I/Users/admin/builder/spi-builder-workspace/.derivedData/Build/Intermediates.noindex/AlertKit.build/Debug-watchos/AlertKit.build/DerivedSources -Xcc -DSWIFT_PACKAGE -Xcc -DDEBUG\=1 -module-name AlertKit -frontend-parseable-output -disable-clang-spi -target-sdk-version 10.4 -target-sdk-name watchos10.4 -external-plugin-path /Applications/Xcode-15.3.0.app/Contents/Developer/Platforms/WatchOS.platform/Developer/SDKs/WatchOS10.4.sdk/usr/lib/swift/host/plugins\#/Applications/Xcode-15.3.0.app/Contents/Developer/Platforms/WatchOS.platform/Developer/SDKs/WatchOS10.4.sdk/usr/bin/swift-plugin-server -external-plugin-path /Applications/Xcode-15.3.0.app/Contents/Developer/Platforms/WatchOS.platform/Developer/SDKs/WatchOS10.4.sdk/usr/local/lib/swift/host/plugins\#/Applications/Xcode-15.3.0.app/Contents/Developer/Platforms/WatchOS.platform/Developer/SDKs/WatchOS10.4.sdk/usr/bin/swift-plugin-server -external-plugin-path /Applications/Xcode-15.3.0.app/Contents/Developer/Platforms/WatchOS.platform/Developer/usr/lib/swift/host/plugins\#/Applications/Xcode-15.3.0.app/Contents/Developer/Platforms/WatchOS.platform/Developer/usr/bin/swift-plugin-server -external-plugin-path /Applications/Xcode-15.3.0.app/Contents/Developer/Platforms/WatchOS.platform/Developer/usr/local/lib/swift/host/plugins\#/Applications/Xcode-15.3.0.app/Contents/Developer/Platforms/WatchOS.platform/Developer/usr/bin/swift-plugin-server -plugin-path /Library/Developer/Toolchains/swift-6.0-DEVELOPMENT-SNAPSHOT-2024-05-26-a.xctoolchain/usr/lib/swift/host/plugins -plugin-path /Library/Developer/Toolchains/swift-6.0-DEVELOPMENT-SNAPSHOT-2024-05-26-a.xctoolchain/usr/local/lib/swift/host/plugins -o /Users/admin/builder/spi-builder-workspace/.derivedData/Build/Intermediates.noindex/AlertKit.build/Debug-watchos/AlertKit.build/Objects-normal/arm64/SwiftUIExtension.o -o /Users/admin/builder/spi-builder-workspace/.derivedData/Build/Intermediates.noindex/AlertKit.build/Debug-watchos/AlertKit.build/Objects-normal/arm64/UIFontExtension.o -index-unit-output-path /AlertKit.build/Debug-watchos/AlertKit.build/Objects-normal/arm64/SwiftUIExtension.o -index-unit-output-path /AlertKit.build/Debug-watchos/AlertKit.build/Objects-normal/arm64/UIFontExtension.o -index-store-path /Users/admin/builder/spi-builder-workspace/.derivedData/Index.noindex/DataStore -index-system-modules
SwiftCompile normal arm64 /Users/admin/builder/spi-builder-workspace/Sources/AlertKit/Extensions/UIFontExtension.swift (in target 'AlertKit' from project 'AlertKit')
    cd /Users/admin/builder/spi-builder-workspace
    /Library/Developer/Toolchains/swift-6.0-DEVELOPMENT-SNAPSHOT-2024-05-26-a.xctoolchain/usr/bin/swift-frontend -c /Users/admin/builder/spi-builder-workspace/Sources/AlertKit/AlertHaptic.swift /Users/admin/builder/spi-builder-workspace/Sources/AlertKit/AlertIcon.swift /Users/admin/builder/spi-builder-workspace/Sources/AlertKit/AlertKitAPI.swift /Users/admin/builder/spi-builder-workspace/Sources/AlertKit/AlertViewStyle.swift -primary-file /Users/admin/builder/spi-builder-workspace/Sources/AlertKit/Extensions/SwiftUIExtension.swift -primary-file /Users/admin/builder/spi-builder-workspace/Sources/AlertKit/Extensions/UIFontExtension.swift /Users/admin/builder/spi-builder-workspace/Sources/AlertKit/Extensions/UILabelExtension.swift /Users/admin/builder/spi-builder-workspace/Sources/AlertKit/Icons/AlertIconDoneView.swift /Users/admin/builder/spi-builder-workspace/Sources/AlertKit/Icons/AlertIconErrorView.swift /Users/admin/builder/spi-builder-workspace/Sources/AlertKit/Icons/AlertIconHeartView.swift /Users/admin/builder/spi-builder-workspace/Sources/AlertKit/Icons/AlertSpinnerView.swift /Users/admin/builder/spi-builder-workspace/Sources/AlertKit/Views/AlertAppleMusic16View.swift /Users/admin/builder/spi-builder-workspace/Sources/AlertKit/Views/AlertAppleMusic17View.swift /Users/admin/builder/spi-builder-workspace/Sources/AlertKit/Views/AlertViewInternalDismissProtocol.swift /Users/admin/builder/spi-builder-workspace/Sources/AlertKit/Views/AlertViewProtocol.swift -emit-dependencies-path /Users/admin/builder/spi-builder-workspace/.derivedData/Build/Intermediates.noindex/AlertKit.build/Debug-watchos/AlertKit.build/Objects-normal/arm64/SwiftUIExtension.d -emit-const-values-path /Users/admin/builder/spi-builder-workspace/.derivedData/Build/Intermediates.noindex/AlertKit.build/Debug-watchos/AlertKit.build/Objects-normal/arm64/SwiftUIExtension.swiftconstvalues -emit-reference-dependencies-path /Users/admin/builder/spi-builder-workspace/.derivedData/Build/Intermediates.noindex/AlertKit.build/Debug-watchos/AlertKit.build/Objects-normal/arm64/SwiftUIExtension.swiftdeps -serialize-diagnostics-path /Users/admin/builder/spi-builder-workspace/.derivedData/Build/Intermediates.noindex/AlertKit.build/Debug-watchos/AlertKit.build/Objects-normal/arm64/SwiftUIExtension.dia -emit-dependencies-path /Users/admin/builder/spi-builder-workspace/.derivedData/Build/Intermediates.noindex/AlertKit.build/Debug-watchos/AlertKit.build/Objects-normal/arm64/UIFontExtension.d -emit-const-values-path /Users/admin/builder/spi-builder-workspace/.derivedData/Build/Intermediates.noindex/AlertKit.build/Debug-watchos/AlertKit.build/Objects-normal/arm64/UIFontExtension.swiftconstvalues -emit-reference-dependencies-path /Users/admin/builder/spi-builder-workspace/.derivedData/Build/Intermediates.noindex/AlertKit.build/Debug-watchos/AlertKit.build/Objects-normal/arm64/UIFontExtension.swiftdeps -serialize-diagnostics-path /Users/admin/builder/spi-builder-workspace/.derivedData/Build/Intermediates.noindex/AlertKit.build/Debug-watchos/AlertKit.build/Objects-normal/arm64/UIFontExtension.dia -target arm64-apple-watchos6.0 -Xllvm -aarch64-use-tbi -enable-objc-interop -sdk /Applications/Xcode-15.3.0.app/Contents/Developer/Platforms/WatchOS.platform/Developer/SDKs/WatchOS10.4.sdk -I /Users/admin/builder/spi-builder-workspace/.derivedData/Build/Products/Debug-watchos -I /Applications/Xcode-15.3.0.app/Contents/Developer/Platforms/WatchOS.platform/Developer/usr/lib -F /Users/admin/builder/spi-builder-workspace/.derivedData/Build/Products/Debug-watchos -F /Applications/Xcode-15.3.0.app/Contents/Developer/Platforms/WatchOS.platform/Developer/Library/Frameworks -F /Applications/Xcode-15.3.0.app/Contents/Developer/Platforms/WatchOS.platform/Developer/SDKs/WatchOS10.4.sdk/Developer/Library/Frameworks -no-color-diagnostics -enable-testing -g -module-cache-path /Users/admin/builder/spi-builder-workspace/.derivedData/ModuleCache.noindex -swift-version 5 -enforce-exclusivity\=checked -stats-output-dir /Users/admin/builder/spi-builder-workspace/.stats -Onone -D SWIFT_PACKAGE -D DEBUG -D ALERTKIT_SPM -serialize-debugging-options -package-name spi_builder_workspace -const-gather-protocols-file /Users/admin/builder/spi-builder-workspace/.derivedData/Build/Intermediates.noindex/AlertKit.build/Debug-watchos/AlertKit.build/Objects-normal/arm64/AlertKit_const_extract_protocols.json -strict-concurrency\=complete -empty-abi-descriptor -validate-clang-modules-once -clang-build-session-file /Users/admin/builder/spi-builder-workspace/.derivedData/ModuleCache.noindex/Session.modulevalidation -Xcc -working-directory -Xcc /Users/admin/builder/spi-builder-workspace -resource-dir /Library/Developer/Toolchains/swift-6.0-DEVELOPMENT-SNAPSHOT-2024-05-26-a.xctoolchain/usr/lib/swift -enable-anonymous-context-mangled-names -Xcc -I/Users/admin/builder/spi-builder-workspace/.derivedData/Build/Intermediates.noindex/AlertKit.build/Debug-watchos/AlertKit.build/swift-overrides.hmap -Xcc -I/Users/admin/builder/spi-builder-workspace/.derivedData/Build/Products/Debug-watchos/include -Xcc -I/Users/admin/builder/spi-builder-workspace/.derivedData/Build/Intermediates.noindex/AlertKit.build/Debug-watchos/AlertKit.build/DerivedSources-normal/arm64 -Xcc -I/Users/admin/builder/spi-builder-workspace/.derivedData/Build/Intermediates.noindex/AlertKit.build/Debug-watchos/AlertKit.build/DerivedSources/arm64 -Xcc -I/Users/admin/builder/spi-builder-workspace/.derivedData/Build/Intermediates.noindex/AlertKit.build/Debug-watchos/AlertKit.build/DerivedSources -Xcc -DSWIFT_PACKAGE -Xcc -DDEBUG\=1 -module-name AlertKit -frontend-parseable-output -disable-clang-spi -target-sdk-version 10.4 -target-sdk-name watchos10.4 -external-plugin-path /Applications/Xcode-15.3.0.app/Contents/Developer/Platforms/WatchOS.platform/Developer/SDKs/WatchOS10.4.sdk/usr/lib/swift/host/plugins\#/Applications/Xcode-15.3.0.app/Contents/Developer/Platforms/WatchOS.platform/Developer/SDKs/WatchOS10.4.sdk/usr/bin/swift-plugin-server -external-plugin-path /Applications/Xcode-15.3.0.app/Contents/Developer/Platforms/WatchOS.platform/Developer/SDKs/WatchOS10.4.sdk/usr/local/lib/swift/host/plugins\#/Applications/Xcode-15.3.0.app/Contents/Developer/Platforms/WatchOS.platform/Developer/SDKs/WatchOS10.4.sdk/usr/bin/swift-plugin-server -external-plugin-path /Applications/Xcode-15.3.0.app/Contents/Developer/Platforms/WatchOS.platform/Developer/usr/lib/swift/host/plugins\#/Applications/Xcode-15.3.0.app/Contents/Developer/Platforms/WatchOS.platform/Developer/usr/bin/swift-plugin-server -external-plugin-path /Applications/Xcode-15.3.0.app/Contents/Developer/Platforms/WatchOS.platform/Developer/usr/local/lib/swift/host/plugins\#/Applications/Xcode-15.3.0.app/Contents/Developer/Platforms/WatchOS.platform/Developer/usr/bin/swift-plugin-server -plugin-path /Library/Developer/Toolchains/swift-6.0-DEVELOPMENT-SNAPSHOT-2024-05-26-a.xctoolchain/usr/lib/swift/host/plugins -plugin-path /Library/Developer/Toolchains/swift-6.0-DEVELOPMENT-SNAPSHOT-2024-05-26-a.xctoolchain/usr/local/lib/swift/host/plugins -o /Users/admin/builder/spi-builder-workspace/.derivedData/Build/Intermediates.noindex/AlertKit.build/Debug-watchos/AlertKit.build/Objects-normal/arm64/SwiftUIExtension.o -o /Users/admin/builder/spi-builder-workspace/.derivedData/Build/Intermediates.noindex/AlertKit.build/Debug-watchos/AlertKit.build/Objects-normal/arm64/UIFontExtension.o -index-unit-output-path /AlertKit.build/Debug-watchos/AlertKit.build/Objects-normal/arm64/SwiftUIExtension.o -index-unit-output-path /AlertKit.build/Debug-watchos/AlertKit.build/Objects-normal/arm64/UIFontExtension.o -index-store-path /Users/admin/builder/spi-builder-workspace/.derivedData/Index.noindex/DataStore -index-system-modules
SwiftEmitModule normal armv7k Emitting\ module\ for\ AlertKit (in target 'AlertKit' from project 'AlertKit')
    cd /Users/admin/builder/spi-builder-workspace
    builtin-swiftTaskExecution -- /Library/Developer/Toolchains/swift-6.0-DEVELOPMENT-SNAPSHOT-2024-05-26-a.xctoolchain/usr/bin/swift-frontend -frontend -emit-module -experimental-skip-non-inlinable-function-bodies-without-types /Users/admin/builder/spi-builder-workspace/Sources/AlertKit/AlertHaptic.swift /Users/admin/builder/spi-builder-workspace/Sources/AlertKit/AlertIcon.swift /Users/admin/builder/spi-builder-workspace/Sources/AlertKit/AlertKitAPI.swift /Users/admin/builder/spi-builder-workspace/Sources/AlertKit/AlertViewStyle.swift /Users/admin/builder/spi-builder-workspace/Sources/AlertKit/Extensions/SwiftUIExtension.swift /Users/admin/builder/spi-builder-workspace/Sources/AlertKit/Extensions/UIFontExtension.swift /Users/admin/builder/spi-builder-workspace/Sources/AlertKit/Extensions/UILabelExtension.swift /Users/admin/builder/spi-builder-workspace/Sources/AlertKit/Icons/AlertIconDoneView.swift /Users/admin/builder/spi-builder-workspace/Sources/AlertKit/Icons/AlertIconErrorView.swift /Users/admin/builder/spi-builder-workspace/Sources/AlertKit/Icons/AlertIconHeartView.swift /Users/admin/builder/spi-builder-workspace/Sources/AlertKit/Icons/AlertSpinnerView.swift /Users/admin/builder/spi-builder-workspace/Sources/AlertKit/Views/AlertAppleMusic16View.swift /Users/admin/builder/spi-builder-workspace/Sources/AlertKit/Views/AlertAppleMusic17View.swift /Users/admin/builder/spi-builder-workspace/Sources/AlertKit/Views/AlertViewInternalDismissProtocol.swift /Users/admin/builder/spi-builder-workspace/Sources/AlertKit/Views/AlertViewProtocol.swift -target armv7k-apple-watchos6.0 -enable-objc-interop -sdk /Applications/Xcode-15.3.0.app/Contents/Developer/Platforms/WatchOS.platform/Developer/SDKs/WatchOS10.4.sdk -I /Users/admin/builder/spi-builder-workspace/.derivedData/Build/Products/Debug-watchos -I /Applications/Xcode-15.3.0.app/Contents/Developer/Platforms/WatchOS.platform/Developer/usr/lib -F /Users/admin/builder/spi-builder-workspace/.derivedData/Build/Products/Debug-watchos -F /Applications/Xcode-15.3.0.app/Contents/Developer/Platforms/WatchOS.platform/Developer/Library/Frameworks -F /Applications/Xcode-15.3.0.app/Contents/Developer/Platforms/WatchOS.platform/Developer/SDKs/WatchOS10.4.sdk/Developer/Library/Frameworks -no-color-diagnostics -enable-testing -g -module-cache-path /Users/admin/builder/spi-builder-workspace/.derivedData/ModuleCache.noindex -swift-version 5 -enforce-exclusivity\=checked -stats-output-dir /Users/admin/builder/spi-builder-workspace/.stats -Onone -D SWIFT_PACKAGE -D DEBUG -D ALERTKIT_SPM -serialize-debugging-options -package-name spi_builder_workspace -const-gather-protocols-file /Users/admin/builder/spi-builder-workspace/.derivedData/Build/Intermediates.noindex/AlertKit.build/Debug-watchos/AlertKit.build/Objects-normal/armv7k/AlertKit_const_extract_protocols.json -strict-concurrency\=complete -empty-abi-descriptor -validate-clang-modules-once -clang-build-session-file /Users/admin/builder/spi-builder-workspace/.derivedData/ModuleCache.noindex/Session.modulevalidation -Xcc -working-directory -Xcc /Users/admin/builder/spi-builder-workspace -resource-dir /Library/Developer/Toolchains/swift-6.0-DEVELOPMENT-SNAPSHOT-2024-05-26-a.xctoolchain/usr/lib/swift -enable-anonymous-context-mangled-names -Xcc -I/Users/admin/builder/spi-builder-workspace/.derivedData/Build/Intermediates.noindex/AlertKit.build/Debug-watchos/AlertKit.build/swift-overrides.hmap -Xcc -I/Users/admin/builder/spi-builder-workspace/.derivedData/Build/Products/Debug-watchos/include -Xcc -I/Users/admin/builder/spi-builder-workspace/.derivedData/Build/Intermediates.noindex/AlertKit.build/Debug-watchos/AlertKit.build/DerivedSources-normal/armv7k -Xcc -I/Users/admin/builder/spi-builder-workspace/.derivedData/Build/Intermediates.noindex/AlertKit.build/Debug-watchos/AlertKit.build/DerivedSources/armv7k -Xcc -I/Users/admin/builder/spi-builder-workspace/.derivedData/Build/Intermediates.noindex/AlertKit.build/Debug-watchos/AlertKit.build/DerivedSources -Xcc -DSWIFT_PACKAGE -Xcc -DDEBUG\=1 -module-name AlertKit -disable-clang-spi -target-sdk-version 10.4 -target-sdk-name watchos10.4 -external-plugin-path /Applications/Xcode-15.3.0.app/Contents/Developer/Platforms/WatchOS.platform/Developer/SDKs/WatchOS10.4.sdk/usr/lib/swift/host/plugins\#/Applications/Xcode-15.3.0.app/Contents/Developer/Platforms/WatchOS.platform/Developer/SDKs/WatchOS10.4.sdk/usr/bin/swift-plugin-server -external-plugin-path /Applications/Xcode-15.3.0.app/Contents/Developer/Platforms/WatchOS.platform/Developer/SDKs/WatchOS10.4.sdk/usr/local/lib/swift/host/plugins\#/Applications/Xcode-15.3.0.app/Contents/Developer/Platforms/WatchOS.platform/Developer/SDKs/WatchOS10.4.sdk/usr/bin/swift-plugin-server -external-plugin-path /Applications/Xcode-15.3.0.app/Contents/Developer/Platforms/WatchOS.platform/Developer/usr/lib/swift/host/plugins\#/Applications/Xcode-15.3.0.app/Contents/Developer/Platforms/WatchOS.platform/Developer/usr/bin/swift-plugin-server -external-plugin-path /Applications/Xcode-15.3.0.app/Contents/Developer/Platforms/WatchOS.platform/Developer/usr/local/lib/swift/host/plugins\#/Applications/Xcode-15.3.0.app/Contents/Developer/Platforms/WatchOS.platform/Developer/usr/bin/swift-plugin-server -plugin-path /Library/Developer/Toolchains/swift-6.0-DEVELOPMENT-SNAPSHOT-2024-05-26-a.xctoolchain/usr/lib/swift/host/plugins -plugin-path /Library/Developer/Toolchains/swift-6.0-DEVELOPMENT-SNAPSHOT-2024-05-26-a.xctoolchain/usr/local/lib/swift/host/plugins -emit-module-doc-path /Users/admin/builder/spi-builder-workspace/.derivedData/Build/Intermediates.noindex/AlertKit.build/Debug-watchos/AlertKit.build/Objects-normal/armv7k/AlertKit.swiftdoc -emit-module-source-info-path /Users/admin/builder/spi-builder-workspace/.derivedData/Build/Intermediates.noindex/AlertKit.build/Debug-watchos/AlertKit.build/Objects-normal/armv7k/AlertKit.swiftsourceinfo -emit-objc-header-path /Users/admin/builder/spi-builder-workspace/.derivedData/Build/Intermediates.noindex/AlertKit.build/Debug-watchos/AlertKit.build/Objects-normal/armv7k/AlertKit-Swift.h -serialize-diagnostics-path /Users/admin/builder/spi-builder-workspace/.derivedData/Build/Intermediates.noindex/AlertKit.build/Debug-watchos/AlertKit.build/Objects-normal/armv7k/AlertKit-master-emit-module.dia -emit-dependencies-path /Users/admin/builder/spi-builder-workspace/.derivedData/Build/Intermediates.noindex/AlertKit.build/Debug-watchos/AlertKit.build/Objects-normal/armv7k/AlertKit-master-emit-module.d -o /Users/admin/builder/spi-builder-workspace/.derivedData/Build/Intermediates.noindex/AlertKit.build/Debug-watchos/AlertKit.build/Objects-normal/armv7k/AlertKit.swiftmodule -emit-abi-descriptor-path /Users/admin/builder/spi-builder-workspace/.derivedData/Build/Intermediates.noindex/AlertKit.build/Debug-watchos/AlertKit.build/Objects-normal/armv7k/AlertKit.abi.json
SwiftEmitModule normal arm64_32 Emitting\ module\ for\ AlertKit (in target 'AlertKit' from project 'AlertKit')
    cd /Users/admin/builder/spi-builder-workspace
    builtin-swiftTaskExecution -- /Library/Developer/Toolchains/swift-6.0-DEVELOPMENT-SNAPSHOT-2024-05-26-a.xctoolchain/usr/bin/swift-frontend -frontend -emit-module -experimental-skip-non-inlinable-function-bodies-without-types /Users/admin/builder/spi-builder-workspace/Sources/AlertKit/AlertHaptic.swift /Users/admin/builder/spi-builder-workspace/Sources/AlertKit/AlertIcon.swift /Users/admin/builder/spi-builder-workspace/Sources/AlertKit/AlertKitAPI.swift /Users/admin/builder/spi-builder-workspace/Sources/AlertKit/AlertViewStyle.swift /Users/admin/builder/spi-builder-workspace/Sources/AlertKit/Extensions/SwiftUIExtension.swift /Users/admin/builder/spi-builder-workspace/Sources/AlertKit/Extensions/UIFontExtension.swift /Users/admin/builder/spi-builder-workspace/Sources/AlertKit/Extensions/UILabelExtension.swift /Users/admin/builder/spi-builder-workspace/Sources/AlertKit/Icons/AlertIconDoneView.swift /Users/admin/builder/spi-builder-workspace/Sources/AlertKit/Icons/AlertIconErrorView.swift /Users/admin/builder/spi-builder-workspace/Sources/AlertKit/Icons/AlertIconHeartView.swift /Users/admin/builder/spi-builder-workspace/Sources/AlertKit/Icons/AlertSpinnerView.swift /Users/admin/builder/spi-builder-workspace/Sources/AlertKit/Views/AlertAppleMusic16View.swift /Users/admin/builder/spi-builder-workspace/Sources/AlertKit/Views/AlertAppleMusic17View.swift /Users/admin/builder/spi-builder-workspace/Sources/AlertKit/Views/AlertViewInternalDismissProtocol.swift /Users/admin/builder/spi-builder-workspace/Sources/AlertKit/Views/AlertViewProtocol.swift -target arm64_32-apple-watchos6.0 -enable-objc-interop -sdk /Applications/Xcode-15.3.0.app/Contents/Developer/Platforms/WatchOS.platform/Developer/SDKs/WatchOS10.4.sdk -I /Users/admin/builder/spi-builder-workspace/.derivedData/Build/Products/Debug-watchos -I /Applications/Xcode-15.3.0.app/Contents/Developer/Platforms/WatchOS.platform/Developer/usr/lib -F /Users/admin/builder/spi-builder-workspace/.derivedData/Build/Products/Debug-watchos -F /Applications/Xcode-15.3.0.app/Contents/Developer/Platforms/WatchOS.platform/Developer/Library/Frameworks -F /Applications/Xcode-15.3.0.app/Contents/Developer/Platforms/WatchOS.platform/Developer/SDKs/WatchOS10.4.sdk/Developer/Library/Frameworks -no-color-diagnostics -enable-testing -g -module-cache-path /Users/admin/builder/spi-builder-workspace/.derivedData/ModuleCache.noindex -swift-version 5 -enforce-exclusivity\=checked -stats-output-dir /Users/admin/builder/spi-builder-workspace/.stats -Onone -D SWIFT_PACKAGE -D DEBUG -D ALERTKIT_SPM -serialize-debugging-options -package-name spi_builder_workspace -const-gather-protocols-file /Users/admin/builder/spi-builder-workspace/.derivedData/Build/Intermediates.noindex/AlertKit.build/Debug-watchos/AlertKit.build/Objects-normal/arm64_32/AlertKit_const_extract_protocols.json -strict-concurrency\=complete -empty-abi-descriptor -validate-clang-modules-once -clang-build-session-file /Users/admin/builder/spi-builder-workspace/.derivedData/ModuleCache.noindex/Session.modulevalidation -Xcc -working-directory -Xcc /Users/admin/builder/spi-builder-workspace -resource-dir /Library/Developer/Toolchains/swift-6.0-DEVELOPMENT-SNAPSHOT-2024-05-26-a.xctoolchain/usr/lib/swift -enable-anonymous-context-mangled-names -Xcc -I/Users/admin/builder/spi-builder-workspace/.derivedData/Build/Intermediates.noindex/AlertKit.build/Debug-watchos/AlertKit.build/swift-overrides.hmap -Xcc -I/Users/admin/builder/spi-builder-workspace/.derivedData/Build/Products/Debug-watchos/include -Xcc -I/Users/admin/builder/spi-builder-workspace/.derivedData/Build/Intermediates.noindex/AlertKit.build/Debug-watchos/AlertKit.build/DerivedSources-normal/arm64_32 -Xcc -I/Users/admin/builder/spi-builder-workspace/.derivedData/Build/Intermediates.noindex/AlertKit.build/Debug-watchos/AlertKit.build/DerivedSources/arm64_32 -Xcc -I/Users/admin/builder/spi-builder-workspace/.derivedData/Build/Intermediates.noindex/AlertKit.build/Debug-watchos/AlertKit.build/DerivedSources -Xcc -DSWIFT_PACKAGE -Xcc -DDEBUG\=1 -module-name AlertKit -disable-clang-spi -target-sdk-version 10.4 -target-sdk-name watchos10.4 -external-plugin-path /Applications/Xcode-15.3.0.app/Contents/Developer/Platforms/WatchOS.platform/Developer/SDKs/WatchOS10.4.sdk/usr/lib/swift/host/plugins\#/Applications/Xcode-15.3.0.app/Contents/Developer/Platforms/WatchOS.platform/Developer/SDKs/WatchOS10.4.sdk/usr/bin/swift-plugin-server -external-plugin-path /Applications/Xcode-15.3.0.app/Contents/Developer/Platforms/WatchOS.platform/Developer/SDKs/WatchOS10.4.sdk/usr/local/lib/swift/host/plugins\#/Applications/Xcode-15.3.0.app/Contents/Developer/Platforms/WatchOS.platform/Developer/SDKs/WatchOS10.4.sdk/usr/bin/swift-plugin-server -external-plugin-path /Applications/Xcode-15.3.0.app/Contents/Developer/Platforms/WatchOS.platform/Developer/usr/lib/swift/host/plugins\#/Applications/Xcode-15.3.0.app/Contents/Developer/Platforms/WatchOS.platform/Developer/usr/bin/swift-plugin-server -external-plugin-path /Applications/Xcode-15.3.0.app/Contents/Developer/Platforms/WatchOS.platform/Developer/usr/local/lib/swift/host/plugins\#/Applications/Xcode-15.3.0.app/Contents/Developer/Platforms/WatchOS.platform/Developer/usr/bin/swift-plugin-server -plugin-path /Library/Developer/Toolchains/swift-6.0-DEVELOPMENT-SNAPSHOT-2024-05-26-a.xctoolchain/usr/lib/swift/host/plugins -plugin-path /Library/Developer/Toolchains/swift-6.0-DEVELOPMENT-SNAPSHOT-2024-05-26-a.xctoolchain/usr/local/lib/swift/host/plugins -emit-module-doc-path /Users/admin/builder/spi-builder-workspace/.derivedData/Build/Intermediates.noindex/AlertKit.build/Debug-watchos/AlertKit.build/Objects-normal/arm64_32/AlertKit.swiftdoc -emit-module-source-info-path /Users/admin/builder/spi-builder-workspace/.derivedData/Build/Intermediates.noindex/AlertKit.build/Debug-watchos/AlertKit.build/Objects-normal/arm64_32/AlertKit.swiftsourceinfo -emit-objc-header-path /Users/admin/builder/spi-builder-workspace/.derivedData/Build/Intermediates.noindex/AlertKit.build/Debug-watchos/AlertKit.build/Objects-normal/arm64_32/AlertKit-Swift.h -serialize-diagnostics-path /Users/admin/builder/spi-builder-workspace/.derivedData/Build/Intermediates.noindex/AlertKit.build/Debug-watchos/AlertKit.build/Objects-normal/arm64_32/AlertKit-master-emit-module.dia -emit-dependencies-path /Users/admin/builder/spi-builder-workspace/.derivedData/Build/Intermediates.noindex/AlertKit.build/Debug-watchos/AlertKit.build/Objects-normal/arm64_32/AlertKit-master-emit-module.d -o /Users/admin/builder/spi-builder-workspace/.derivedData/Build/Intermediates.noindex/AlertKit.build/Debug-watchos/AlertKit.build/Objects-normal/arm64_32/AlertKit.swiftmodule -emit-abi-descriptor-path /Users/admin/builder/spi-builder-workspace/.derivedData/Build/Intermediates.noindex/AlertKit.build/Debug-watchos/AlertKit.build/Objects-normal/arm64_32/AlertKit.abi.json
/Users/admin/builder/spi-builder-workspace/Sources/AlertKit/AlertIcon.swift:13:44: error: cannot find type 'UIView' in scope
11 |     case custom(_ image: UIImage)
12 |
13 |     func createView(lineThick: CGFloat) -> UIView {
   |                                            `- error: cannot find type 'UIView' in scope
14 |         switch self {
15 |         case .done: return AlertIconDoneView(lineThick: lineThick)
/Applications/Xcode-15.3.0.app/Contents/Developer/Platforms/WatchOS.platform/Developer/SDKs/WatchOS10.4.sdk/System/Library/Frameworks/UIKit.framework/Headers/NSTextAttachment.h:23:1: note: interface 'UIView' forward declared here
 21 | @class NSLayoutManager;
 22 | @class UIImage;
 23 | @class UIView;
    | `- note: interface 'UIView' forward declared here
 24 | @class NSFileWrapper;
 25 | @class NSTextAttachmentViewProvider;
/Users/admin/builder/spi-builder-workspace/Sources/AlertKit/Views/AlertViewProtocol.swift:5:27: error: cannot find type 'UIView' in scope
3 | public protocol AlertViewProtocol {
4 |
5 |     func present(on view: UIView, completion: (()->Void)?)
  |                           `- error: cannot find type 'UIView' in scope
6 |     func dismiss()
7 | }
/Applications/Xcode-15.3.0.app/Contents/Developer/Platforms/WatchOS.platform/Developer/SDKs/WatchOS10.4.sdk/System/Library/Frameworks/UIKit.framework/Headers/NSTextAttachment.h:23:1: note: interface 'UIView' forward declared here
 21 | @class NSLayoutManager;
 22 | @class UIImage;
 23 | @class UIView;
    | `- note: interface 'UIView' forward declared here
 24 | @class NSFileWrapper;
 25 | @class NSTextAttachmentViewProvider;
/Users/admin/builder/spi-builder-workspace/Sources/AlertKit/Extensions/UILabelExtension.swift:3:11: error: cannot find type 'UILabel' in scope
 1 | import UIKit
 2 |
 3 | extension UILabel {
   |           `- error: cannot find type 'UILabel' in scope
 4 |
 5 |     func layoutDynamicHeight(x: CGFloat, y: CGFloat, width: CGFloat) {
/Users/admin/builder/spi-builder-workspace/Sources/AlertKit/Icons/AlertIconDoneView.swift:3:33: error: cannot find type 'UIView' in scope
 1 | import UIKit
 2 |
 3 | public class AlertIconDoneView: UIView, AlertIconAnimatable {
   |                                 `- error: cannot find type 'UIView' in scope
 4 |
 5 |     private let lineThick: CGFloat
/Applications/Xcode-15.3.0.app/Contents/Developer/Platforms/WatchOS.platform/Developer/SDKs/WatchOS10.4.sdk/System/Library/Frameworks/UIKit.framework/Headers/NSTextAttachment.h:23:1: note: interface 'UIView' forward declared here
 21 | @class NSLayoutManager;
 22 | @class UIImage;
 23 | @class UIView;
    | `- note: interface 'UIView' forward declared here
 24 | @class NSFileWrapper;
 25 | @class NSTextAttachmentViewProvider;
/Users/admin/builder/spi-builder-workspace/Sources/AlertKit/Icons/AlertIconErrorView.swift:3:34: error: cannot find type 'UIView' in scope
 1 | import UIKit
 2 |
 3 | public class AlertIconErrorView: UIView, AlertIconAnimatable {
   |                                  `- error: cannot find type 'UIView' in scope
 4 |
 5 |     private let lineThick: CGFloat
/Applications/Xcode-15.3.0.app/Contents/Developer/Platforms/WatchOS.platform/Developer/SDKs/WatchOS10.4.sdk/System/Library/Frameworks/UIKit.framework/Headers/NSTextAttachment.h:23:1: note: interface 'UIView' forward declared here
 21 | @class NSLayoutManager;
 22 | @class UIImage;
 23 | @class UIView;
    | `- note: interface 'UIView' forward declared here
 24 | @class NSFileWrapper;
 25 | @class NSTextAttachmentViewProvider;
/Users/admin/builder/spi-builder-workspace/Sources/AlertKit/Icons/AlertIconHeartView.swift:14:26: error: method does not override any method from its superclass
12 |     }
13 |
14 |     public override func draw(_ rect: CGRect) {
   |                          `- error: method does not override any method from its superclass
15 |         super.draw(rect)
16 |         HeartDraw.draw(frame: rect, resizing: .aspectFit, fillColor: self.tintColor)
/Users/admin/builder/spi-builder-workspace/Sources/AlertKit/Icons/AlertIconHeartView.swift:3:34: error: cannot find type 'UIView' in scope
 1 | import UIKit
 2 |
 3 | public class AlertIconHeartView: UIView {
   |                                  `- error: cannot find type 'UIView' in scope
 4 |
 5 |     init() {
/Applications/Xcode-15.3.0.app/Contents/Developer/Platforms/WatchOS.platform/Developer/SDKs/WatchOS10.4.sdk/System/Library/Frameworks/UIKit.framework/Headers/NSTextAttachment.h:23:1: note: interface 'UIView' forward declared here
 21 | @class NSLayoutManager;
 22 | @class UIImage;
 23 | @class UIView;
    | `- note: interface 'UIView' forward declared here
 24 | @class NSFileWrapper;
 25 | @class NSTextAttachmentViewProvider;
/Users/admin/builder/spi-builder-workspace/Sources/AlertKit/Icons/AlertSpinnerView.swift:3:25: error: cannot find type 'UIView' in scope
 1 | import UIKit
 2 |
 3 | class AlertSpinnerView: UIView {
   |                         `- error: cannot find type 'UIView' in scope
 4 |
 5 |     let activityIndicatorView: UIActivityIndicatorView
/Applications/Xcode-15.3.0.app/Contents/Developer/Platforms/WatchOS.platform/Developer/SDKs/WatchOS10.4.sdk/System/Library/Frameworks/UIKit.framework/Headers/NSTextAttachment.h:23:1: note: interface 'UIView' forward declared here
 21 | @class NSLayoutManager;
 22 | @class UIImage;
 23 | @class UIView;
    | `- note: interface 'UIView' forward declared here
 24 | @class NSFileWrapper;
 25 | @class NSTextAttachmentViewProvider;
/Users/admin/builder/spi-builder-workspace/Sources/AlertKit/Icons/AlertSpinnerView.swift:5:32: error: cannot find type 'UIActivityIndicatorView' in scope
 3 | class AlertSpinnerView: UIView {
 4 |
 5 |     let activityIndicatorView: UIActivityIndicatorView
   |                                `- error: cannot find type 'UIActivityIndicatorView' in scope
 6 |
 7 |     init(style: UIActivityIndicatorView.Style) {
/Users/admin/builder/spi-builder-workspace/Sources/AlertKit/Icons/AlertSpinnerView.swift:7:17: error: cannot find type 'UIActivityIndicatorView' in scope
 5 |     let activityIndicatorView: UIActivityIndicatorView
 6 |
 7 |     init(style: UIActivityIndicatorView.Style) {
   |                 `- error: cannot find type 'UIActivityIndicatorView' in scope
 8 |         self.activityIndicatorView = UIActivityIndicatorView(style: style)
 9 |         super.init(frame: .zero)
/Users/admin/builder/spi-builder-workspace/Sources/AlertKit/Icons/AlertSpinnerView.swift:19:19: error: method does not override any method from its superclass
17 |     }
18 |
19 |     override func layoutSubviews() {
   |                   `- error: method does not override any method from its superclass
20 |         super.layoutSubviews()
21 |         activityIndicatorView.sizeToFit()
/Users/admin/builder/spi-builder-workspace/Sources/AlertKit/Views/AlertAppleMusic16View.swift:28:38: error: cannot find type 'UIVisualEffectView' in scope
 26 |     fileprivate var completion: (()->Void)? = nil
 27 |
 28 |     private lazy var backgroundView: UIVisualEffectView = {
    |                                      `- error: cannot find type 'UIVisualEffectView' in scope
 29 |         let view: UIVisualEffectView = {
 30 |             #if !os(tvOS)
/Users/admin/builder/spi-builder-workspace/Sources/AlertKit/Views/AlertAppleMusic16View.swift:11:28: error: cannot find type 'UILabel' in scope
  9 |     open var haptic: AlertHaptic? = nil
 10 |
 11 |     public let titleLabel: UILabel?
    |                            `- error: cannot find type 'UILabel' in scope
 12 |     public let subtitleLabel: UILabel?
 13 |     public let iconView: UIView?
/Users/admin/builder/spi-builder-workspace/Sources/AlertKit/Views/AlertAppleMusic16View.swift:12:31: error: cannot find type 'UILabel' in scope
 10 |
 11 |     public let titleLabel: UILabel?
 12 |     public let subtitleLabel: UILabel?
    |                               `- error: cannot find type 'UILabel' in scope
 13 |     public let iconView: UIView?
 14 |
/Users/admin/builder/spi-builder-workspace/Sources/AlertKit/Views/AlertAppleMusic16View.swift:13:26: error: cannot find type 'UIView' in scope
 11 |     public let titleLabel: UILabel?
 12 |     public let subtitleLabel: UILabel?
 13 |     public let iconView: UIView?
    |                          `- error: cannot find type 'UIView' in scope
 14 |
 15 |     public static var defaultContentColor = UIColor { trait in
/Applications/Xcode-15.3.0.app/Contents/Developer/Platforms/WatchOS.platform/Developer/SDKs/WatchOS10.4.sdk/System/Library/Frameworks/UIKit.framework/Headers/NSTextAttachment.h:23:1: note: interface 'UIView' forward declared here
 21 | @class NSLayoutManager;
 22 | @class UIImage;
 23 | @class UIView;
    | `- note: interface 'UIView' forward declared here
 24 | @class NSFileWrapper;
 25 | @class NSTextAttachmentViewProvider;
/Users/admin/builder/spi-builder-workspace/Sources/AlertKit/Views/AlertAppleMusic16View.swift:15:45: error: no exact matches in call to initializer
 13 |     public let iconView: UIView?
 14 |
 15 |     public static var defaultContentColor = UIColor { trait in
    |                                             `- error: no exact matches in call to initializer
 16 |         switch trait.userInterfaceStyle {
 17 |         case .dark: return UIColor(red: 127 / 255, green: 127 / 255, blue: 129 / 255, alpha: 1)
UIKit.UIColor:36:12: note: closure passed to parameter of type 'CGColor' that does not accept a closure
 34 |     @available(watchOS 3.0, *)
 35 |     public init(displayP3Red: CGFloat, green: CGFloat, blue: CGFloat, alpha: CGFloat)
 36 |     public init(cgColor: CGColor)
    |            `- note: closure passed to parameter of type 'CGColor' that does not accept a closure
 37 |     @available(swift, obsoleted: 3, renamed: "init(cgColor:)")
 38 |     public init(CGColor cgColor: CGColor)
 39 |     public init(patternImage image: UIImage)
    |            `- note: closure passed to parameter of type 'UIImage' that does not accept a closure
 40 |     open class var black: UIColor { get }
 41 |     @available(swift, obsoleted: 3, renamed: "black")
    :
103 |     @available(watchOS 2.0, *)
104 |     open func encode(with coder: NSCoder)
105 |     public init?(coder: NSCoder)
    |            `- note: closure passed to parameter of type 'NSCoder' that does not accept a closure
106 |     @available(watchOS 2.0, *)
107 |     open func copy(with zone: NSZone? = nil) -> Any
UIKit.UIColor:3:30: note: closure passed to parameter of type 'String' that does not accept a closure
1 | extension UIColor {
2 |     @available(watchOS 4.0, *)
3 |     public /*not inherited*/ init?(named name: String)
  |                              `- note: closure passed to parameter of type 'String' that does not accept a closure
4 |     @available(watchOS 4.0, *)
5 |     @available(*, unavailable, renamed: "init(named:)", message: "Not available in Swift")
/Users/admin/builder/spi-builder-workspace/Sources/AlertKit/Views/AlertAppleMusic16View.swift:15:23: warning: static property 'defaultContentColor' is not concurrency-safe because it is non-isolated global shared mutable state; this is an error in the Swift 6 language mode
 13 |     public let iconView: UIView?
 14 |
 15 |     public static var defaultContentColor = UIColor { trait in
    |                       |- warning: static property 'defaultContentColor' is not concurrency-safe because it is non-isolated global shared mutable state; this is an error in the Swift 6 language mode
    |                       |- note: convert 'defaultContentColor' to a 'let' constant to make 'Sendable' shared state immutable
    |                       |- note: annotate 'defaultContentColor' with '@MainActor' if property should only be accessed from the main actor
    |                       `- note: disable concurrency-safety checks if accesses are protected by an external synchronization mechanism
 16 |         switch trait.userInterfaceStyle {
 17 |         case .dark: return UIColor(red: 127 / 255, green: 127 / 255, blue: 129 / 255, alpha: 1)
/Users/admin/builder/spi-builder-workspace/Sources/AlertKit/Views/AlertAppleMusic16View.swift:22:42: error: cannot find type 'UIView' in scope
 20 |     }
 21 |
 22 |     fileprivate weak var viewForPresent: UIView?
    |                                          `- error: cannot find type 'UIView' in scope
 23 |     fileprivate var presentDismissDuration: TimeInterval = 0.2
 24 |     fileprivate var presentDismissScale: CGFloat = 0.8
/Applications/Xcode-15.3.0.app/Contents/Developer/Platforms/WatchOS.platform/Developer/SDKs/WatchOS10.4.sdk/System/Library/Frameworks/UIKit.framework/Headers/NSTextAttachment.h:23:1: note: interface 'UIView' forward declared here
 21 | @class NSLayoutManager;
 22 | @class UIImage;
 23 | @class UIView;
    | `- note: interface 'UIView' forward declared here
 24 | @class NSFileWrapper;
 25 | @class NSTextAttachmentViewProvider;
/Users/admin/builder/spi-builder-workspace/Sources/AlertKit/Views/AlertAppleMusic16View.swift:127:32: error: cannot find type 'UIView' in scope
125 |     }
126 |
127 |     open func present(on view: UIView, completion: (()->Void)? = nil) {
    |                                `- error: cannot find type 'UIView' in scope
128 |         self.viewForPresent = view
129 |         self.completion = completion
/Applications/Xcode-15.3.0.app/Contents/Developer/Platforms/WatchOS.platform/Developer/SDKs/WatchOS10.4.sdk/System/Library/Frameworks/UIKit.framework/Headers/NSTextAttachment.h:23:1: note: interface 'UIView' forward declared here
 21 | @class NSLayoutManager;
 22 | @class UIImage;
 23 | @class UIView;
    | `- note: interface 'UIView' forward declared here
 24 | @class NSFileWrapper;
 25 | @class NSTextAttachmentViewProvider;
/Users/admin/builder/spi-builder-workspace/Sources/AlertKit/Views/AlertAppleMusic16View.swift:184:26: error: method does not override any method from its superclass
182 |     private let layout: AlertLayout
183 |
184 |     public override func layoutSubviews() {
    |                          `- error: method does not override any method from its superclass
185 |         super.layoutSubviews()
186 |
/Users/admin/builder/spi-builder-workspace/Sources/AlertKit/Views/AlertAppleMusic16View.swift:212:26: error: method does not override any method from its superclass
210 |     }
211 |
212 |     public override func sizeThatFits(_ size: CGSize) -> CGSize {
    |                          `- error: method does not override any method from its superclass
213 |         let width: CGFloat = 250
214 |         self.frame = .init(x: frame.origin.x, y: frame.origin.y, width: width, height: frame.height)
/Users/admin/builder/spi-builder-workspace/Sources/AlertKit/Views/AlertAppleMusic16View.swift:4:37: error: cannot find type 'UIView' in scope
  2 |
  3 | @available(iOS 13, *)
  4 | public class AlertAppleMusic16View: UIView, AlertViewProtocol {
    |                                     `- error: cannot find type 'UIView' in scope
  5 |
  6 |     open var dismissByTap: Bool = true
/Applications/Xcode-15.3.0.app/Contents/Developer/Platforms/WatchOS.platform/Developer/SDKs/WatchOS10.4.sdk/System/Library/Frameworks/UIKit.framework/Headers/NSTextAttachment.h:23:1: note: interface 'UIView' forward declared here
 21 | @class NSLayoutManager;
 22 | @class UIImage;
 23 | @class UIView;
    | `- note: interface 'UIView' forward declared here
 24 | @class NSFileWrapper;
 25 | @class NSTextAttachmentViewProvider;
/Users/admin/builder/spi-builder-workspace/Sources/AlertKit/Views/AlertAppleMusic17View.swift:33:38: error: cannot find type 'UIView' in scope
 31 |     fileprivate var completion: (()->Void)? = nil
 32 |
 33 |     private lazy var backgroundView: UIView = {
    |                                      `- error: cannot find type 'UIView' in scope
 34 |         #if os(visionOS)
 35 |         let swiftUIView = VisionGlassBackgroundView(cornerRadius: 12)
/Applications/Xcode-15.3.0.app/Contents/Developer/Platforms/WatchOS.platform/Developer/SDKs/WatchOS10.4.sdk/System/Library/Frameworks/UIKit.framework/Headers/NSTextAttachment.h:23:1: note: interface 'UIView' forward declared here
 21 | @class NSLayoutManager;
 22 | @class UIImage;
 23 | @class UIView;
    | `- note: interface 'UIView' forward declared here
 24 | @class NSFileWrapper;
 25 | @class NSTextAttachmentViewProvider;
/Users/admin/builder/spi-builder-workspace/Sources/AlertKit/Views/AlertAppleMusic17View.swift:12:28: error: cannot find type 'UILabel' in scope
 10 |     open var haptic: AlertHaptic? = nil
 11 |
 12 |     public let titleLabel: UILabel?
    |                            `- error: cannot find type 'UILabel' in scope
 13 |     public let subtitleLabel: UILabel?
 14 |     public let iconView: UIView?
/Users/admin/builder/spi-builder-workspace/Sources/AlertKit/Views/AlertAppleMusic17View.swift:13:31: error: cannot find type 'UILabel' in scope
 11 |
 12 |     public let titleLabel: UILabel?
 13 |     public let subtitleLabel: UILabel?
    |                               `- error: cannot find type 'UILabel' in scope
 14 |     public let iconView: UIView?
 15 |
/Users/admin/builder/spi-builder-workspace/Sources/AlertKit/Views/AlertAppleMusic17View.swift:14:26: error: cannot find type 'UIView' in scope
 12 |     public let titleLabel: UILabel?
 13 |     public let subtitleLabel: UILabel?
 14 |     public let iconView: UIView?
    |                          `- error: cannot find type 'UIView' in scope
 15 |
 16 |     public static var defaultContentColor = UIColor { trait in
/Applications/Xcode-15.3.0.app/Contents/Developer/Platforms/WatchOS.platform/Developer/SDKs/WatchOS10.4.sdk/System/Library/Frameworks/UIKit.framework/Headers/NSTextAttachment.h:23:1: note: interface 'UIView' forward declared here
 21 | @class NSLayoutManager;
 22 | @class UIImage;
 23 | @class UIView;
    | `- note: interface 'UIView' forward declared here
 24 | @class NSFileWrapper;
 25 | @class NSTextAttachmentViewProvider;
/Users/admin/builder/spi-builder-workspace/Sources/AlertKit/Views/AlertAppleMusic17View.swift:16:45: error: no exact matches in call to initializer
 14 |     public let iconView: UIView?
 15 |
 16 |     public static var defaultContentColor = UIColor { trait in
    |                                             `- error: no exact matches in call to initializer
 17 |         #if os(visionOS)
 18 |         return .label
UIKit.UIColor:36:12: note: closure passed to parameter of type 'CGColor' that does not accept a closure
 34 |     @available(watchOS 3.0, *)
 35 |     public init(displayP3Red: CGFloat, green: CGFloat, blue: CGFloat, alpha: CGFloat)
 36 |     public init(cgColor: CGColor)
    |            `- note: closure passed to parameter of type 'CGColor' that does not accept a closure
 37 |     @available(swift, obsoleted: 3, renamed: "init(cgColor:)")
 38 |     public init(CGColor cgColor: CGColor)
 39 |     public init(patternImage image: UIImage)
    |            `- note: closure passed to parameter of type 'UIImage' that does not accept a closure
 40 |     open class var black: UIColor { get }
 41 |     @available(swift, obsoleted: 3, renamed: "black")
    :
103 |     @available(watchOS 2.0, *)
104 |     open func encode(with coder: NSCoder)
105 |     public init?(coder: NSCoder)
    |            `- note: closure passed to parameter of type 'NSCoder' that does not accept a closure
106 |     @available(watchOS 2.0, *)
107 |     open func copy(with zone: NSZone? = nil) -> Any
UIKit.UIColor:3:30: note: closure passed to parameter of type 'String' that does not accept a closure
1 | extension UIColor {
2 |     @available(watchOS 4.0, *)
3 |     public /*not inherited*/ init?(named name: String)
  |                              `- note: closure passed to parameter of type 'String' that does not accept a closure
4 |     @available(watchOS 4.0, *)
5 |     @available(*, unavailable, renamed: "init(named:)", message: "Not available in Swift")
/Users/admin/builder/spi-builder-workspace/Sources/AlertKit/Views/AlertAppleMusic17View.swift:16:23: warning: static property 'defaultContentColor' is not concurrency-safe because it is non-isolated global shared mutable state; this is an error in the Swift 6 language mode
 14 |     public let iconView: UIView?
 15 |
 16 |     public static var defaultContentColor = UIColor { trait in
    |                       |- warning: static property 'defaultContentColor' is not concurrency-safe because it is non-isolated global shared mutable state; this is an error in the Swift 6 language mode
    |                       |- note: convert 'defaultContentColor' to a 'let' constant to make 'Sendable' shared state immutable
    |                       |- note: annotate 'defaultContentColor' with '@MainActor' if property should only be accessed from the main actor
    |                       `- note: disable concurrency-safety checks if accesses are protected by an external synchronization mechanism
 17 |         #if os(visionOS)
 18 |         return .label
/Users/admin/builder/spi-builder-workspace/Sources/AlertKit/Views/AlertAppleMusic17View.swift:27:42: error: cannot find type 'UIView' in scope
 25 |     }
 26 |
 27 |     fileprivate weak var viewForPresent: UIView?
    |                                          `- error: cannot find type 'UIView' in scope
 28 |     fileprivate var presentDismissDuration: TimeInterval = 0.2
 29 |     fileprivate var presentDismissScale: CGFloat = 0.8
/Applications/Xcode-15.3.0.app/Contents/Developer/Platforms/WatchOS.platform/Developer/SDKs/WatchOS10.4.sdk/System/Library/Frameworks/UIKit.framework/Headers/NSTextAttachment.h:23:1: note: interface 'UIView' forward declared here
 21 | @class NSLayoutManager;
 22 | @class UIImage;
 23 | @class UIView;
    | `- note: interface 'UIView' forward declared here
 24 | @class NSFileWrapper;
 25 | @class NSTextAttachmentViewProvider;
/Users/admin/builder/spi-builder-workspace/Sources/AlertKit/Views/AlertAppleMusic17View.swift:129:32: error: cannot find type 'UIView' in scope
127 |     }
128 |
129 |     open func present(on view: UIView, completion: (()->Void)? = nil) {
    |                                `- error: cannot find type 'UIView' in scope
130 |         self.viewForPresent = view
131 |         self.completion = completion
/Applications/Xcode-15.3.0.app/Contents/Developer/Platforms/WatchOS.platform/Developer/SDKs/WatchOS10.4.sdk/System/Library/Frameworks/UIKit.framework/Headers/NSTextAttachment.h:23:1: note: interface 'UIView' forward declared here
 21 | @class NSLayoutManager;
 22 | @class UIImage;
 23 | @class UIView;
    | `- note: interface 'UIView' forward declared here
 24 | @class NSFileWrapper;
 25 | @class NSTextAttachmentViewProvider;
/Users/admin/builder/spi-builder-workspace/Sources/AlertKit/Views/AlertAppleMusic17View.swift:190:26: error: method does not override any method from its superclass
188 |     }
189 |
190 |     public override func layoutSubviews() {
    |                          `- error: method does not override any method from its superclass
191 |         super.layoutSubviews()
192 |         guard self.transform == .identity else { return }
/Users/admin/builder/spi-builder-workspace/Sources/AlertKit/Views/AlertAppleMusic17View.swift:197:26: error: method does not override any method from its superclass
195 |     }
196 |
197 |     public override func sizeThatFits(_ size: CGSize) -> CGSize {
    |                          `- error: method does not override any method from its superclass
198 |         layout(maxWidth: nil)
199 |
/Users/admin/builder/spi-builder-workspace/Sources/AlertKit/Views/AlertAppleMusic17View.swift:5:37: error: cannot find type 'UIView' in scope
  3 |
  4 | @available(iOS 13, visionOS 1, *)
  5 | public class AlertAppleMusic17View: UIView, AlertViewProtocol, AlertViewInternalDismissProtocol {
    |                                     `- error: cannot find type 'UIView' in scope
  6 |
  7 |     open var dismissByTap: Bool = true
/Applications/Xcode-15.3.0.app/Contents/Developer/Platforms/WatchOS.platform/Developer/SDKs/WatchOS10.4.sdk/System/Library/Frameworks/UIKit.framework/Headers/NSTextAttachment.h:23:1: note: interface 'UIView' forward declared here
 21 | @class NSLayoutManager;
 22 | @class UIImage;
 23 | @class UIView;
    | `- note: interface 'UIView' forward declared here
 24 | @class NSFileWrapper;
 25 | @class NSTextAttachmentViewProvider;
SwiftCompile normal arm64_32 Compiling\ SwiftUIExtension.swift,\ UIFontExtension.swift /Users/admin/builder/spi-builder-workspace/Sources/AlertKit/Extensions/SwiftUIExtension.swift /Users/admin/builder/spi-builder-workspace/Sources/AlertKit/Extensions/UIFontExtension.swift (in target 'AlertKit' from project 'AlertKit')
    cd /Users/admin/builder/spi-builder-workspace
    builtin-swiftTaskExecution -- /Library/Developer/Toolchains/swift-6.0-DEVELOPMENT-SNAPSHOT-2024-05-26-a.xctoolchain/usr/bin/swift-frontend -frontend -c /Users/admin/builder/spi-builder-workspace/Sources/AlertKit/AlertHaptic.swift /Users/admin/builder/spi-builder-workspace/Sources/AlertKit/AlertIcon.swift /Users/admin/builder/spi-builder-workspace/Sources/AlertKit/AlertKitAPI.swift /Users/admin/builder/spi-builder-workspace/Sources/AlertKit/AlertViewStyle.swift -primary-file /Users/admin/builder/spi-builder-workspace/Sources/AlertKit/Extensions/SwiftUIExtension.swift -primary-file /Users/admin/builder/spi-builder-workspace/Sources/AlertKit/Extensions/UIFontExtension.swift /Users/admin/builder/spi-builder-workspace/Sources/AlertKit/Extensions/UILabelExtension.swift /Users/admin/builder/spi-builder-workspace/Sources/AlertKit/Icons/AlertIconDoneView.swift /Users/admin/builder/spi-builder-workspace/Sources/AlertKit/Icons/AlertIconErrorView.swift /Users/admin/builder/spi-builder-workspace/Sources/AlertKit/Icons/AlertIconHeartView.swift /Users/admin/builder/spi-builder-workspace/Sources/AlertKit/Icons/AlertSpinnerView.swift /Users/admin/builder/spi-builder-workspace/Sources/AlertKit/Views/AlertAppleMusic16View.swift /Users/admin/builder/spi-builder-workspace/Sources/AlertKit/Views/AlertAppleMusic17View.swift /Users/admin/builder/spi-builder-workspace/Sources/AlertKit/Views/AlertViewInternalDismissProtocol.swift /Users/admin/builder/spi-builder-workspace/Sources/AlertKit/Views/AlertViewProtocol.swift -emit-dependencies-path /Users/admin/builder/spi-builder-workspace/.derivedData/Build/Intermediates.noindex/AlertKit.build/Debug-watchos/AlertKit.build/Objects-normal/arm64_32/SwiftUIExtension.d -emit-const-values-path /Users/admin/builder/spi-builder-workspace/.derivedData/Build/Intermediates.noindex/AlertKit.build/Debug-watchos/AlertKit.build/Objects-normal/arm64_32/SwiftUIExtension.swiftconstvalues -emit-reference-dependencies-path /Users/admin/builder/spi-builder-workspace/.derivedData/Build/Intermediates.noindex/AlertKit.build/Debug-watchos/AlertKit.build/Objects-normal/arm64_32/SwiftUIExtension.swiftdeps -serialize-diagnostics-path /Users/admin/builder/spi-builder-workspace/.derivedData/Build/Intermediates.noindex/AlertKit.build/Debug-watchos/AlertKit.build/Objects-normal/arm64_32/SwiftUIExtension.dia -emit-dependencies-path /Users/admin/builder/spi-builder-workspace/.derivedData/Build/Intermediates.noindex/AlertKit.build/Debug-watchos/AlertKit.build/Objects-normal/arm64_32/UIFontExtension.d -emit-const-values-path /Users/admin/builder/spi-builder-workspace/.derivedData/Build/Intermediates.noindex/AlertKit.build/Debug-watchos/AlertKit.build/Objects-normal/arm64_32/UIFontExtension.swiftconstvalues -emit-reference-dependencies-path /Users/admin/builder/spi-builder-workspace/.derivedData/Build/Intermediates.noindex/AlertKit.build/Debug-watchos/AlertKit.build/Objects-normal/arm64_32/UIFontExtension.swiftdeps -serialize-diagnostics-path /Users/admin/builder/spi-builder-workspace/.derivedData/Build/Intermediates.noindex/AlertKit.build/Debug-watchos/AlertKit.build/Objects-normal/arm64_32/UIFontExtension.dia -target arm64_32-apple-watchos6.0 -enable-objc-interop -sdk /Applications/Xcode-15.3.0.app/Contents/Developer/Platforms/WatchOS.platform/Developer/SDKs/WatchOS10.4.sdk -I /Users/admin/builder/spi-builder-workspace/.derivedData/Build/Products/Debug-watchos -I /Applications/Xcode-15.3.0.app/Contents/Developer/Platforms/WatchOS.platform/Developer/usr/lib -F /Users/admin/builder/spi-builder-workspace/.derivedData/Build/Products/Debug-watchos -F /Applications/Xcode-15.3.0.app/Contents/Developer/Platforms/WatchOS.platform/Developer/Library/Frameworks -F /Applications/Xcode-15.3.0.app/Contents/Developer/Platforms/WatchOS.platform/Developer/SDKs/WatchOS10.4.sdk/Developer/Library/Frameworks -no-color-diagnostics -enable-testing -g -module-cache-path /Users/admin/builder/spi-builder-workspace/.derivedData/ModuleCache.noindex -swift-version 5 -enforce-exclusivity\=checked -stats-output-dir /Users/admin/builder/spi-builder-workspace/.stats -Onone -D SWIFT_PACKAGE -D DEBUG -D ALERTKIT_SPM -serialize-debugging-options -package-name spi_builder_workspace -const-gather-protocols-file /Users/admin/builder/spi-builder-workspace/.derivedData/Build/Intermediates.noindex/AlertKit.build/Debug-watchos/AlertKit.build/Objects-normal/arm64_32/AlertKit_const_extract_protocols.json -strict-concurrency\=complete -empty-abi-descriptor -validate-clang-modules-once -clang-build-session-file /Users/admin/builder/spi-builder-workspace/.derivedData/ModuleCache.noindex/Session.modulevalidation -Xcc -working-directory -Xcc /Users/admin/builder/spi-builder-workspace -resource-dir /Library/Developer/Toolchains/swift-6.0-DEVELOPMENT-SNAPSHOT-2024-05-26-a.xctoolchain/usr/lib/swift -enable-anonymous-context-mangled-names -Xcc -I/Users/admin/builder/spi-builder-workspace/.derivedData/Build/Intermediates.noindex/AlertKit.build/Debug-watchos/AlertKit.build/swift-overrides.hmap -Xcc -I/Users/admin/builder/spi-builder-workspace/.derivedData/Build/Products/Debug-watchos/include -Xcc -I/Users/admin/builder/spi-builder-workspace/.derivedData/Build/Intermediates.noindex/AlertKit.build/Debug-watchos/AlertKit.build/DerivedSources-normal/arm64_32 -Xcc -I/Users/admin/builder/spi-builder-workspace/.derivedData/Build/Intermediates.noindex/AlertKit.build/Debug-watchos/AlertKit.build/DerivedSources/arm64_32 -Xcc -I/Users/admin/builder/spi-builder-workspace/.derivedData/Build/Intermediates.noindex/AlertKit.build/Debug-watchos/AlertKit.build/DerivedSources -Xcc -DSWIFT_PACKAGE -Xcc -DDEBUG\=1 -module-name AlertKit -frontend-parseable-output -disable-clang-spi -target-sdk-version 10.4 -target-sdk-name watchos10.4 -external-plugin-path /Applications/Xcode-15.3.0.app/Contents/Developer/Platforms/WatchOS.platform/Developer/SDKs/WatchOS10.4.sdk/usr/lib/swift/host/plugins\#/Applications/Xcode-15.3.0.app/Contents/Developer/Platforms/WatchOS.platform/Developer/SDKs/WatchOS10.4.sdk/usr/bin/swift-plugin-server -external-plugin-path /Applications/Xcode-15.3.0.app/Contents/Developer/Platforms/WatchOS.platform/Developer/SDKs/WatchOS10.4.sdk/usr/local/lib/swift/host/plugins\#/Applications/Xcode-15.3.0.app/Contents/Developer/Platforms/WatchOS.platform/Developer/SDKs/WatchOS10.4.sdk/usr/bin/swift-plugin-server -external-plugin-path /Applications/Xcode-15.3.0.app/Contents/Developer/Platforms/WatchOS.platform/Developer/usr/lib/swift/host/plugins\#/Applications/Xcode-15.3.0.app/Contents/Developer/Platforms/WatchOS.platform/Developer/usr/bin/swift-plugin-server -external-plugin-path /Applications/Xcode-15.3.0.app/Contents/Developer/Platforms/WatchOS.platform/Developer/usr/local/lib/swift/host/plugins\#/Applications/Xcode-15.3.0.app/Contents/Developer/Platforms/WatchOS.platform/Developer/usr/bin/swift-plugin-server -plugin-path /Library/Developer/Toolchains/swift-6.0-DEVELOPMENT-SNAPSHOT-2024-05-26-a.xctoolchain/usr/lib/swift/host/plugins -plugin-path /Library/Developer/Toolchains/swift-6.0-DEVELOPMENT-SNAPSHOT-2024-05-26-a.xctoolchain/usr/local/lib/swift/host/plugins -o /Users/admin/builder/spi-builder-workspace/.derivedData/Build/Intermediates.noindex/AlertKit.build/Debug-watchos/AlertKit.build/Objects-normal/arm64_32/SwiftUIExtension.o -o /Users/admin/builder/spi-builder-workspace/.derivedData/Build/Intermediates.noindex/AlertKit.build/Debug-watchos/AlertKit.build/Objects-normal/arm64_32/UIFontExtension.o -index-unit-output-path /AlertKit.build/Debug-watchos/AlertKit.build/Objects-normal/arm64_32/SwiftUIExtension.o -index-unit-output-path /AlertKit.build/Debug-watchos/AlertKit.build/Objects-normal/arm64_32/UIFontExtension.o -index-store-path /Users/admin/builder/spi-builder-workspace/.derivedData/Index.noindex/DataStore -index-system-modules
SwiftCompile normal arm64_32 /Users/admin/builder/spi-builder-workspace/Sources/AlertKit/Extensions/SwiftUIExtension.swift (in target 'AlertKit' from project 'AlertKit')
    cd /Users/admin/builder/spi-builder-workspace
    /Library/Developer/Toolchains/swift-6.0-DEVELOPMENT-SNAPSHOT-2024-05-26-a.xctoolchain/usr/bin/swift-frontend -c /Users/admin/builder/spi-builder-workspace/Sources/AlertKit/AlertHaptic.swift /Users/admin/builder/spi-builder-workspace/Sources/AlertKit/AlertIcon.swift /Users/admin/builder/spi-builder-workspace/Sources/AlertKit/AlertKitAPI.swift /Users/admin/builder/spi-builder-workspace/Sources/AlertKit/AlertViewStyle.swift -primary-file /Users/admin/builder/spi-builder-workspace/Sources/AlertKit/Extensions/SwiftUIExtension.swift -primary-file /Users/admin/builder/spi-builder-workspace/Sources/AlertKit/Extensions/UIFontExtension.swift /Users/admin/builder/spi-builder-workspace/Sources/AlertKit/Extensions/UILabelExtension.swift /Users/admin/builder/spi-builder-workspace/Sources/AlertKit/Icons/AlertIconDoneView.swift /Users/admin/builder/spi-builder-workspace/Sources/AlertKit/Icons/AlertIconErrorView.swift /Users/admin/builder/spi-builder-workspace/Sources/AlertKit/Icons/AlertIconHeartView.swift /Users/admin/builder/spi-builder-workspace/Sources/AlertKit/Icons/AlertSpinnerView.swift /Users/admin/builder/spi-builder-workspace/Sources/AlertKit/Views/AlertAppleMusic16View.swift /Users/admin/builder/spi-builder-workspace/Sources/AlertKit/Views/AlertAppleMusic17View.swift /Users/admin/builder/spi-builder-workspace/Sources/AlertKit/Views/AlertViewInternalDismissProtocol.swift /Users/admin/builder/spi-builder-workspace/Sources/AlertKit/Views/AlertViewProtocol.swift -emit-dependencies-path /Users/admin/builder/spi-builder-workspace/.derivedData/Build/Intermediates.noindex/AlertKit.build/Debug-watchos/AlertKit.build/Objects-normal/arm64_32/SwiftUIExtension.d -emit-const-values-path /Users/admin/builder/spi-builder-workspace/.derivedData/Build/Intermediates.noindex/AlertKit.build/Debug-watchos/AlertKit.build/Objects-normal/arm64_32/SwiftUIExtension.swiftconstvalues -emit-reference-dependencies-path /Users/admin/builder/spi-builder-workspace/.derivedData/Build/Intermediates.noindex/AlertKit.build/Debug-watchos/AlertKit.build/Objects-normal/arm64_32/SwiftUIExtension.swiftdeps -serialize-diagnostics-path /Users/admin/builder/spi-builder-workspace/.derivedData/Build/Intermediates.noindex/AlertKit.build/Debug-watchos/AlertKit.build/Objects-normal/arm64_32/SwiftUIExtension.dia -emit-dependencies-path /Users/admin/builder/spi-builder-workspace/.derivedData/Build/Intermediates.noindex/AlertKit.build/Debug-watchos/AlertKit.build/Objects-normal/arm64_32/UIFontExtension.d -emit-const-values-path /Users/admin/builder/spi-builder-workspace/.derivedData/Build/Intermediates.noindex/AlertKit.build/Debug-watchos/AlertKit.build/Objects-normal/arm64_32/UIFontExtension.swiftconstvalues -emit-reference-dependencies-path /Users/admin/builder/spi-builder-workspace/.derivedData/Build/Intermediates.noindex/AlertKit.build/Debug-watchos/AlertKit.build/Objects-normal/arm64_32/UIFontExtension.swiftdeps -serialize-diagnostics-path /Users/admin/builder/spi-builder-workspace/.derivedData/Build/Intermediates.noindex/AlertKit.build/Debug-watchos/AlertKit.build/Objects-normal/arm64_32/UIFontExtension.dia -target arm64_32-apple-watchos6.0 -enable-objc-interop -sdk /Applications/Xcode-15.3.0.app/Contents/Developer/Platforms/WatchOS.platform/Developer/SDKs/WatchOS10.4.sdk -I /Users/admin/builder/spi-builder-workspace/.derivedData/Build/Products/Debug-watchos -I /Applications/Xcode-15.3.0.app/Contents/Developer/Platforms/WatchOS.platform/Developer/usr/lib -F /Users/admin/builder/spi-builder-workspace/.derivedData/Build/Products/Debug-watchos -F /Applications/Xcode-15.3.0.app/Contents/Developer/Platforms/WatchOS.platform/Developer/Library/Frameworks -F /Applications/Xcode-15.3.0.app/Contents/Developer/Platforms/WatchOS.platform/Developer/SDKs/WatchOS10.4.sdk/Developer/Library/Frameworks -no-color-diagnostics -enable-testing -g -module-cache-path /Users/admin/builder/spi-builder-workspace/.derivedData/ModuleCache.noindex -swift-version 5 -enforce-exclusivity\=checked -stats-output-dir /Users/admin/builder/spi-builder-workspace/.stats -Onone -D SWIFT_PACKAGE -D DEBUG -D ALERTKIT_SPM -serialize-debugging-options -package-name spi_builder_workspace -const-gather-protocols-file /Users/admin/builder/spi-builder-workspace/.derivedData/Build/Intermediates.noindex/AlertKit.build/Debug-watchos/AlertKit.build/Objects-normal/arm64_32/AlertKit_const_extract_protocols.json -strict-concurrency\=complete -empty-abi-descriptor -validate-clang-modules-once -clang-build-session-file /Users/admin/builder/spi-builder-workspace/.derivedData/ModuleCache.noindex/Session.modulevalidation -Xcc -working-directory -Xcc /Users/admin/builder/spi-builder-workspace -resource-dir /Library/Developer/Toolchains/swift-6.0-DEVELOPMENT-SNAPSHOT-2024-05-26-a.xctoolchain/usr/lib/swift -enable-anonymous-context-mangled-names -Xcc -I/Users/admin/builder/spi-builder-workspace/.derivedData/Build/Intermediates.noindex/AlertKit.build/Debug-watchos/AlertKit.build/swift-overrides.hmap -Xcc -I/Users/admin/builder/spi-builder-workspace/.derivedData/Build/Products/Debug-watchos/include -Xcc -I/Users/admin/builder/spi-builder-workspace/.derivedData/Build/Intermediates.noindex/AlertKit.build/Debug-watchos/AlertKit.build/DerivedSources-normal/arm64_32 -Xcc -I/Users/admin/builder/spi-builder-workspace/.derivedData/Build/Intermediates.noindex/AlertKit.build/Debug-watchos/AlertKit.build/DerivedSources/arm64_32 -Xcc -I/Users/admin/builder/spi-builder-workspace/.derivedData/Build/Intermediates.noindex/AlertKit.build/Debug-watchos/AlertKit.build/DerivedSources -Xcc -DSWIFT_PACKAGE -Xcc -DDEBUG\=1 -module-name AlertKit -frontend-parseable-output -disable-clang-spi -target-sdk-version 10.4 -target-sdk-name watchos10.4 -external-plugin-path /Applications/Xcode-15.3.0.app/Contents/Developer/Platforms/WatchOS.platform/Developer/SDKs/WatchOS10.4.sdk/usr/lib/swift/host/plugins\#/Applications/Xcode-15.3.0.app/Contents/Developer/Platforms/WatchOS.platform/Developer/SDKs/WatchOS10.4.sdk/usr/bin/swift-plugin-server -external-plugin-path /Applications/Xcode-15.3.0.app/Contents/Developer/Platforms/WatchOS.platform/Developer/SDKs/WatchOS10.4.sdk/usr/local/lib/swift/host/plugins\#/Applications/Xcode-15.3.0.app/Contents/Developer/Platforms/WatchOS.platform/Developer/SDKs/WatchOS10.4.sdk/usr/bin/swift-plugin-server -external-plugin-path /Applications/Xcode-15.3.0.app/Contents/Developer/Platforms/WatchOS.platform/Developer/usr/lib/swift/host/plugins\#/Applications/Xcode-15.3.0.app/Contents/Developer/Platforms/WatchOS.platform/Developer/usr/bin/swift-plugin-server -external-plugin-path /Applications/Xcode-15.3.0.app/Contents/Developer/Platforms/WatchOS.platform/Developer/usr/local/lib/swift/host/plugins\#/Applications/Xcode-15.3.0.app/Contents/Developer/Platforms/WatchOS.platform/Developer/usr/bin/swift-plugin-server -plugin-path /Library/Developer/Toolchains/swift-6.0-DEVELOPMENT-SNAPSHOT-2024-05-26-a.xctoolchain/usr/lib/swift/host/plugins -plugin-path /Library/Developer/Toolchains/swift-6.0-DEVELOPMENT-SNAPSHOT-2024-05-26-a.xctoolchain/usr/local/lib/swift/host/plugins -o /Users/admin/builder/spi-builder-workspace/.derivedData/Build/Intermediates.noindex/AlertKit.build/Debug-watchos/AlertKit.build/Objects-normal/arm64_32/SwiftUIExtension.o -o /Users/admin/builder/spi-builder-workspace/.derivedData/Build/Intermediates.noindex/AlertKit.build/Debug-watchos/AlertKit.build/Objects-normal/arm64_32/UIFontExtension.o -index-unit-output-path /AlertKit.build/Debug-watchos/AlertKit.build/Objects-normal/arm64_32/SwiftUIExtension.o -index-unit-output-path /AlertKit.build/Debug-watchos/AlertKit.build/Objects-normal/arm64_32/UIFontExtension.o -index-store-path /Users/admin/builder/spi-builder-workspace/.derivedData/Index.noindex/DataStore -index-system-modules
SwiftCompile normal arm64_32 /Users/admin/builder/spi-builder-workspace/Sources/AlertKit/Extensions/UIFontExtension.swift (in target 'AlertKit' from project 'AlertKit')
    cd /Users/admin/builder/spi-builder-workspace
    /Library/Developer/Toolchains/swift-6.0-DEVELOPMENT-SNAPSHOT-2024-05-26-a.xctoolchain/usr/bin/swift-frontend -c /Users/admin/builder/spi-builder-workspace/Sources/AlertKit/AlertHaptic.swift /Users/admin/builder/spi-builder-workspace/Sources/AlertKit/AlertIcon.swift /Users/admin/builder/spi-builder-workspace/Sources/AlertKit/AlertKitAPI.swift /Users/admin/builder/spi-builder-workspace/Sources/AlertKit/AlertViewStyle.swift -primary-file /Users/admin/builder/spi-builder-workspace/Sources/AlertKit/Extensions/SwiftUIExtension.swift -primary-file /Users/admin/builder/spi-builder-workspace/Sources/AlertKit/Extensions/UIFontExtension.swift /Users/admin/builder/spi-builder-workspace/Sources/AlertKit/Extensions/UILabelExtension.swift /Users/admin/builder/spi-builder-workspace/Sources/AlertKit/Icons/AlertIconDoneView.swift /Users/admin/builder/spi-builder-workspace/Sources/AlertKit/Icons/AlertIconErrorView.swift /Users/admin/builder/spi-builder-workspace/Sources/AlertKit/Icons/AlertIconHeartView.swift /Users/admin/builder/spi-builder-workspace/Sources/AlertKit/Icons/AlertSpinnerView.swift /Users/admin/builder/spi-builder-workspace/Sources/AlertKit/Views/AlertAppleMusic16View.swift /Users/admin/builder/spi-builder-workspace/Sources/AlertKit/Views/AlertAppleMusic17View.swift /Users/admin/builder/spi-builder-workspace/Sources/AlertKit/Views/AlertViewInternalDismissProtocol.swift /Users/admin/builder/spi-builder-workspace/Sources/AlertKit/Views/AlertViewProtocol.swift -emit-dependencies-path /Users/admin/builder/spi-builder-workspace/.derivedData/Build/Intermediates.noindex/AlertKit.build/Debug-watchos/AlertKit.build/Objects-normal/arm64_32/SwiftUIExtension.d -emit-const-values-path /Users/admin/builder/spi-builder-workspace/.derivedData/Build/Intermediates.noindex/AlertKit.build/Debug-watchos/AlertKit.build/Objects-normal/arm64_32/SwiftUIExtension.swiftconstvalues -emit-reference-dependencies-path /Users/admin/builder/spi-builder-workspace/.derivedData/Build/Intermediates.noindex/AlertKit.build/Debug-watchos/AlertKit.build/Objects-normal/arm64_32/SwiftUIExtension.swiftdeps -serialize-diagnostics-path /Users/admin/builder/spi-builder-workspace/.derivedData/Build/Intermediates.noindex/AlertKit.build/Debug-watchos/AlertKit.build/Objects-normal/arm64_32/SwiftUIExtension.dia -emit-dependencies-path /Users/admin/builder/spi-builder-workspace/.derivedData/Build/Intermediates.noindex/AlertKit.build/Debug-watchos/AlertKit.build/Objects-normal/arm64_32/UIFontExtension.d -emit-const-values-path /Users/admin/builder/spi-builder-workspace/.derivedData/Build/Intermediates.noindex/AlertKit.build/Debug-watchos/AlertKit.build/Objects-normal/arm64_32/UIFontExtension.swiftconstvalues -emit-reference-dependencies-path /Users/admin/builder/spi-builder-workspace/.derivedData/Build/Intermediates.noindex/AlertKit.build/Debug-watchos/AlertKit.build/Objects-normal/arm64_32/UIFontExtension.swiftdeps -serialize-diagnostics-path /Users/admin/builder/spi-builder-workspace/.derivedData/Build/Intermediates.noindex/AlertKit.build/Debug-watchos/AlertKit.build/Objects-normal/arm64_32/UIFontExtension.dia -target arm64_32-apple-watchos6.0 -enable-objc-interop -sdk /Applications/Xcode-15.3.0.app/Contents/Developer/Platforms/WatchOS.platform/Developer/SDKs/WatchOS10.4.sdk -I /Users/admin/builder/spi-builder-workspace/.derivedData/Build/Products/Debug-watchos -I /Applications/Xcode-15.3.0.app/Contents/Developer/Platforms/WatchOS.platform/Developer/usr/lib -F /Users/admin/builder/spi-builder-workspace/.derivedData/Build/Products/Debug-watchos -F /Applications/Xcode-15.3.0.app/Contents/Developer/Platforms/WatchOS.platform/Developer/Library/Frameworks -F /Applications/Xcode-15.3.0.app/Contents/Developer/Platforms/WatchOS.platform/Developer/SDKs/WatchOS10.4.sdk/Developer/Library/Frameworks -no-color-diagnostics -enable-testing -g -module-cache-path /Users/admin/builder/spi-builder-workspace/.derivedData/ModuleCache.noindex -swift-version 5 -enforce-exclusivity\=checked -stats-output-dir /Users/admin/builder/spi-builder-workspace/.stats -Onone -D SWIFT_PACKAGE -D DEBUG -D ALERTKIT_SPM -serialize-debugging-options -package-name spi_builder_workspace -const-gather-protocols-file /Users/admin/builder/spi-builder-workspace/.derivedData/Build/Intermediates.noindex/AlertKit.build/Debug-watchos/AlertKit.build/Objects-normal/arm64_32/AlertKit_const_extract_protocols.json -strict-concurrency\=complete -empty-abi-descriptor -validate-clang-modules-once -clang-build-session-file /Users/admin/builder/spi-builder-workspace/.derivedData/ModuleCache.noindex/Session.modulevalidation -Xcc -working-directory -Xcc /Users/admin/builder/spi-builder-workspace -resource-dir /Library/Developer/Toolchains/swift-6.0-DEVELOPMENT-SNAPSHOT-2024-05-26-a.xctoolchain/usr/lib/swift -enable-anonymous-context-mangled-names -Xcc -I/Users/admin/builder/spi-builder-workspace/.derivedData/Build/Intermediates.noindex/AlertKit.build/Debug-watchos/AlertKit.build/swift-overrides.hmap -Xcc -I/Users/admin/builder/spi-builder-workspace/.derivedData/Build/Products/Debug-watchos/include -Xcc -I/Users/admin/builder/spi-builder-workspace/.derivedData/Build/Intermediates.noindex/AlertKit.build/Debug-watchos/AlertKit.build/DerivedSources-normal/arm64_32 -Xcc -I/Users/admin/builder/spi-builder-workspace/.derivedData/Build/Intermediates.noindex/AlertKit.build/Debug-watchos/AlertKit.build/DerivedSources/arm64_32 -Xcc -I/Users/admin/builder/spi-builder-workspace/.derivedData/Build/Intermediates.noindex/AlertKit.build/Debug-watchos/AlertKit.build/DerivedSources -Xcc -DSWIFT_PACKAGE -Xcc -DDEBUG\=1 -module-name AlertKit -frontend-parseable-output -disable-clang-spi -target-sdk-version 10.4 -target-sdk-name watchos10.4 -external-plugin-path /Applications/Xcode-15.3.0.app/Contents/Developer/Platforms/WatchOS.platform/Developer/SDKs/WatchOS10.4.sdk/usr/lib/swift/host/plugins\#/Applications/Xcode-15.3.0.app/Contents/Developer/Platforms/WatchOS.platform/Developer/SDKs/WatchOS10.4.sdk/usr/bin/swift-plugin-server -external-plugin-path /Applications/Xcode-15.3.0.app/Contents/Developer/Platforms/WatchOS.platform/Developer/SDKs/WatchOS10.4.sdk/usr/local/lib/swift/host/plugins\#/Applications/Xcode-15.3.0.app/Contents/Developer/Platforms/WatchOS.platform/Developer/SDKs/WatchOS10.4.sdk/usr/bin/swift-plugin-server -external-plugin-path /Applications/Xcode-15.3.0.app/Contents/Developer/Platforms/WatchOS.platform/Developer/usr/lib/swift/host/plugins\#/Applications/Xcode-15.3.0.app/Contents/Developer/Platforms/WatchOS.platform/Developer/usr/bin/swift-plugin-server -external-plugin-path /Applications/Xcode-15.3.0.app/Contents/Developer/Platforms/WatchOS.platform/Developer/usr/local/lib/swift/host/plugins\#/Applications/Xcode-15.3.0.app/Contents/Developer/Platforms/WatchOS.platform/Developer/usr/bin/swift-plugin-server -plugin-path /Library/Developer/Toolchains/swift-6.0-DEVELOPMENT-SNAPSHOT-2024-05-26-a.xctoolchain/usr/lib/swift/host/plugins -plugin-path /Library/Developer/Toolchains/swift-6.0-DEVELOPMENT-SNAPSHOT-2024-05-26-a.xctoolchain/usr/local/lib/swift/host/plugins -o /Users/admin/builder/spi-builder-workspace/.derivedData/Build/Intermediates.noindex/AlertKit.build/Debug-watchos/AlertKit.build/Objects-normal/arm64_32/SwiftUIExtension.o -o /Users/admin/builder/spi-builder-workspace/.derivedData/Build/Intermediates.noindex/AlertKit.build/Debug-watchos/AlertKit.build/Objects-normal/arm64_32/UIFontExtension.o -index-unit-output-path /AlertKit.build/Debug-watchos/AlertKit.build/Objects-normal/arm64_32/SwiftUIExtension.o -index-unit-output-path /AlertKit.build/Debug-watchos/AlertKit.build/Objects-normal/arm64_32/UIFontExtension.o -index-store-path /Users/admin/builder/spi-builder-workspace/.derivedData/Index.noindex/DataStore -index-system-modules
SwiftCompile normal armv7k Compiling\ AlertViewProtocol.swift /Users/admin/builder/spi-builder-workspace/Sources/AlertKit/Views/AlertViewProtocol.swift (in target 'AlertKit' from project 'AlertKit')
    cd /Users/admin/builder/spi-builder-workspace
    builtin-swiftTaskExecution -- /Library/Developer/Toolchains/swift-6.0-DEVELOPMENT-SNAPSHOT-2024-05-26-a.xctoolchain/usr/bin/swift-frontend -frontend -c /Users/admin/builder/spi-builder-workspace/Sources/AlertKit/AlertHaptic.swift /Users/admin/builder/spi-builder-workspace/Sources/AlertKit/AlertIcon.swift /Users/admin/builder/spi-builder-workspace/Sources/AlertKit/AlertKitAPI.swift /Users/admin/builder/spi-builder-workspace/Sources/AlertKit/AlertViewStyle.swift /Users/admin/builder/spi-builder-workspace/Sources/AlertKit/Extensions/SwiftUIExtension.swift /Users/admin/builder/spi-builder-workspace/Sources/AlertKit/Extensions/UIFontExtension.swift /Users/admin/builder/spi-builder-workspace/Sources/AlertKit/Extensions/UILabelExtension.swift /Users/admin/builder/spi-builder-workspace/Sources/AlertKit/Icons/AlertIconDoneView.swift /Users/admin/builder/spi-builder-workspace/Sources/AlertKit/Icons/AlertIconErrorView.swift /Users/admin/builder/spi-builder-workspace/Sources/AlertKit/Icons/AlertIconHeartView.swift /Users/admin/builder/spi-builder-workspace/Sources/AlertKit/Icons/AlertSpinnerView.swift /Users/admin/builder/spi-builder-workspace/Sources/AlertKit/Views/AlertAppleMusic16View.swift /Users/admin/builder/spi-builder-workspace/Sources/AlertKit/Views/AlertAppleMusic17View.swift /Users/admin/builder/spi-builder-workspace/Sources/AlertKit/Views/AlertViewInternalDismissProtocol.swift -primary-file /Users/admin/builder/spi-builder-workspace/Sources/AlertKit/Views/AlertViewProtocol.swift -emit-dependencies-path /Users/admin/builder/spi-builder-workspace/.derivedData/Build/Intermediates.noindex/AlertKit.build/Debug-watchos/AlertKit.build/Objects-normal/armv7k/AlertViewProtocol.d -emit-const-values-path /Users/admin/builder/spi-builder-workspace/.derivedData/Build/Intermediates.noindex/AlertKit.build/Debug-watchos/AlertKit.build/Objects-normal/armv7k/AlertViewProtocol.swiftconstvalues -emit-reference-dependencies-path /Users/admin/builder/spi-builder-workspace/.derivedData/Build/Intermediates.noindex/AlertKit.build/Debug-watchos/AlertKit.build/Objects-normal/armv7k/AlertViewProtocol.swiftdeps -serialize-diagnostics-path /Users/admin/builder/spi-builder-workspace/.derivedData/Build/Intermediates.noindex/AlertKit.build/Debug-watchos/AlertKit.build/Objects-normal/armv7k/AlertViewProtocol.dia -target armv7k-apple-watchos6.0 -enable-objc-interop -sdk /Applications/Xcode-15.3.0.app/Contents/Developer/Platforms/WatchOS.platform/Developer/SDKs/WatchOS10.4.sdk -I /Users/admin/builder/spi-builder-workspace/.derivedData/Build/Products/Debug-watchos -I /Applications/Xcode-15.3.0.app/Contents/Developer/Platforms/WatchOS.platform/Developer/usr/lib -F /Users/admin/builder/spi-builder-workspace/.derivedData/Build/Products/Debug-watchos -F /Applications/Xcode-15.3.0.app/Contents/Developer/Platforms/WatchOS.platform/Developer/Library/Frameworks -F /Applications/Xcode-15.3.0.app/Contents/Developer/Platforms/WatchOS.platform/Developer/SDKs/WatchOS10.4.sdk/Developer/Library/Frameworks -no-color-diagnostics -enable-testing -g -module-cache-path /Users/admin/builder/spi-builder-workspace/.derivedData/ModuleCache.noindex -swift-version 5 -enforce-exclusivity\=checked -stats-output-dir /Users/admin/builder/spi-builder-workspace/.stats -Onone -D SWIFT_PACKAGE -D DEBUG -D ALERTKIT_SPM -serialize-debugging-options -package-name spi_builder_workspace -const-gather-protocols-file /Users/admin/builder/spi-builder-workspace/.derivedData/Build/Intermediates.noindex/AlertKit.build/Debug-watchos/AlertKit.build/Objects-normal/armv7k/AlertKit_const_extract_protocols.json -strict-concurrency\=complete -empty-abi-descriptor -validate-clang-modules-once -clang-build-session-file /Users/admin/builder/spi-builder-workspace/.derivedData/ModuleCache.noindex/Session.modulevalidation -Xcc -working-directory -Xcc /Users/admin/builder/spi-builder-workspace -resource-dir /Library/Developer/Toolchains/swift-6.0-DEVELOPMENT-SNAPSHOT-2024-05-26-a.xctoolchain/usr/lib/swift -enable-anonymous-context-mangled-names -Xcc -I/Users/admin/builder/spi-builder-workspace/.derivedData/Build/Intermediates.noindex/AlertKit.build/Debug-watchos/AlertKit.build/swift-overrides.hmap -Xcc -I/Users/admin/builder/spi-builder-workspace/.derivedData/Build/Products/Debug-watchos/include -Xcc -I/Users/admin/builder/spi-builder-workspace/.derivedData/Build/Intermediates.noindex/AlertKit.build/Debug-watchos/AlertKit.build/DerivedSources-normal/armv7k -Xcc -I/Users/admin/builder/spi-builder-workspace/.derivedData/Build/Intermediates.noindex/AlertKit.build/Debug-watchos/AlertKit.build/DerivedSources/armv7k -Xcc -I/Users/admin/builder/spi-builder-workspace/.derivedData/Build/Intermediates.noindex/AlertKit.build/Debug-watchos/AlertKit.build/DerivedSources -Xcc -DSWIFT_PACKAGE -Xcc -DDEBUG\=1 -module-name AlertKit -frontend-parseable-output -disable-clang-spi -target-sdk-version 10.4 -target-sdk-name watchos10.4 -external-plugin-path /Applications/Xcode-15.3.0.app/Contents/Developer/Platforms/WatchOS.platform/Developer/SDKs/WatchOS10.4.sdk/usr/lib/swift/host/plugins\#/Applications/Xcode-15.3.0.app/Contents/Developer/Platforms/WatchOS.platform/Developer/SDKs/WatchOS10.4.sdk/usr/bin/swift-plugin-server -external-plugin-path /Applications/Xcode-15.3.0.app/Contents/Developer/Platforms/WatchOS.platform/Developer/SDKs/WatchOS10.4.sdk/usr/local/lib/swift/host/plugins\#/Applications/Xcode-15.3.0.app/Contents/Developer/Platforms/WatchOS.platform/Developer/SDKs/WatchOS10.4.sdk/usr/bin/swift-plugin-server -external-plugin-path /Applications/Xcode-15.3.0.app/Contents/Developer/Platforms/WatchOS.platform/Developer/usr/lib/swift/host/plugins\#/Applications/Xcode-15.3.0.app/Contents/Developer/Platforms/WatchOS.platform/Developer/usr/bin/swift-plugin-server -external-plugin-path /Applications/Xcode-15.3.0.app/Contents/Developer/Platforms/WatchOS.platform/Developer/usr/local/lib/swift/host/plugins\#/Applications/Xcode-15.3.0.app/Contents/Developer/Platforms/WatchOS.platform/Developer/usr/bin/swift-plugin-server -plugin-path /Library/Developer/Toolchains/swift-6.0-DEVELOPMENT-SNAPSHOT-2024-05-26-a.xctoolchain/usr/lib/swift/host/plugins -plugin-path /Library/Developer/Toolchains/swift-6.0-DEVELOPMENT-SNAPSHOT-2024-05-26-a.xctoolchain/usr/local/lib/swift/host/plugins -o /Users/admin/builder/spi-builder-workspace/.derivedData/Build/Intermediates.noindex/AlertKit.build/Debug-watchos/AlertKit.build/Objects-normal/armv7k/AlertViewProtocol.o -index-unit-output-path /AlertKit.build/Debug-watchos/AlertKit.build/Objects-normal/armv7k/AlertViewProtocol.o -index-store-path /Users/admin/builder/spi-builder-workspace/.derivedData/Index.noindex/DataStore -index-system-modules
SwiftCompile normal armv7k /Users/admin/builder/spi-builder-workspace/Sources/AlertKit/Views/AlertViewProtocol.swift (in target 'AlertKit' from project 'AlertKit')
    cd /Users/admin/builder/spi-builder-workspace
    /Library/Developer/Toolchains/swift-6.0-DEVELOPMENT-SNAPSHOT-2024-05-26-a.xctoolchain/usr/bin/swift-frontend -c /Users/admin/builder/spi-builder-workspace/Sources/AlertKit/AlertHaptic.swift /Users/admin/builder/spi-builder-workspace/Sources/AlertKit/AlertIcon.swift /Users/admin/builder/spi-builder-workspace/Sources/AlertKit/AlertKitAPI.swift /Users/admin/builder/spi-builder-workspace/Sources/AlertKit/AlertViewStyle.swift /Users/admin/builder/spi-builder-workspace/Sources/AlertKit/Extensions/SwiftUIExtension.swift /Users/admin/builder/spi-builder-workspace/Sources/AlertKit/Extensions/UIFontExtension.swift /Users/admin/builder/spi-builder-workspace/Sources/AlertKit/Extensions/UILabelExtension.swift /Users/admin/builder/spi-builder-workspace/Sources/AlertKit/Icons/AlertIconDoneView.swift /Users/admin/builder/spi-builder-workspace/Sources/AlertKit/Icons/AlertIconErrorView.swift /Users/admin/builder/spi-builder-workspace/Sources/AlertKit/Icons/AlertIconHeartView.swift /Users/admin/builder/spi-builder-workspace/Sources/AlertKit/Icons/AlertSpinnerView.swift /Users/admin/builder/spi-builder-workspace/Sources/AlertKit/Views/AlertAppleMusic16View.swift /Users/admin/builder/spi-builder-workspace/Sources/AlertKit/Views/AlertAppleMusic17View.swift /Users/admin/builder/spi-builder-workspace/Sources/AlertKit/Views/AlertViewInternalDismissProtocol.swift -primary-file /Users/admin/builder/spi-builder-workspace/Sources/AlertKit/Views/AlertViewProtocol.swift -emit-dependencies-path /Users/admin/builder/spi-builder-workspace/.derivedData/Build/Intermediates.noindex/AlertKit.build/Debug-watchos/AlertKit.build/Objects-normal/armv7k/AlertViewProtocol.d -emit-const-values-path /Users/admin/builder/spi-builder-workspace/.derivedData/Build/Intermediates.noindex/AlertKit.build/Debug-watchos/AlertKit.build/Objects-normal/armv7k/AlertViewProtocol.swiftconstvalues -emit-reference-dependencies-path /Users/admin/builder/spi-builder-workspace/.derivedData/Build/Intermediates.noindex/AlertKit.build/Debug-watchos/AlertKit.build/Objects-normal/armv7k/AlertViewProtocol.swiftdeps -serialize-diagnostics-path /Users/admin/builder/spi-builder-workspace/.derivedData/Build/Intermediates.noindex/AlertKit.build/Debug-watchos/AlertKit.build/Objects-normal/armv7k/AlertViewProtocol.dia -target armv7k-apple-watchos6.0 -enable-objc-interop -sdk /Applications/Xcode-15.3.0.app/Contents/Developer/Platforms/WatchOS.platform/Developer/SDKs/WatchOS10.4.sdk -I /Users/admin/builder/spi-builder-workspace/.derivedData/Build/Products/Debug-watchos -I /Applications/Xcode-15.3.0.app/Contents/Developer/Platforms/WatchOS.platform/Developer/usr/lib -F /Users/admin/builder/spi-builder-workspace/.derivedData/Build/Products/Debug-watchos -F /Applications/Xcode-15.3.0.app/Contents/Developer/Platforms/WatchOS.platform/Developer/Library/Frameworks -F /Applications/Xcode-15.3.0.app/Contents/Developer/Platforms/WatchOS.platform/Developer/SDKs/WatchOS10.4.sdk/Developer/Library/Frameworks -no-color-diagnostics -enable-testing -g -module-cache-path /Users/admin/builder/spi-builder-workspace/.derivedData/ModuleCache.noindex -swift-version 5 -enforce-exclusivity\=checked -stats-output-dir /Users/admin/builder/spi-builder-workspace/.stats -Onone -D SWIFT_PACKAGE -D DEBUG -D ALERTKIT_SPM -serialize-debugging-options -package-name spi_builder_workspace -const-gather-protocols-file /Users/admin/builder/spi-builder-workspace/.derivedData/Build/Intermediates.noindex/AlertKit.build/Debug-watchos/AlertKit.build/Objects-normal/armv7k/AlertKit_const_extract_protocols.json -strict-concurrency\=complete -empty-abi-descriptor -validate-clang-modules-once -clang-build-session-file /Users/admin/builder/spi-builder-workspace/.derivedData/ModuleCache.noindex/Session.modulevalidation -Xcc -working-directory -Xcc /Users/admin/builder/spi-builder-workspace -resource-dir /Library/Developer/Toolchains/swift-6.0-DEVELOPMENT-SNAPSHOT-2024-05-26-a.xctoolchain/usr/lib/swift -enable-anonymous-context-mangled-names -Xcc -I/Users/admin/builder/spi-builder-workspace/.derivedData/Build/Intermediates.noindex/AlertKit.build/Debug-watchos/AlertKit.build/swift-overrides.hmap -Xcc -I/Users/admin/builder/spi-builder-workspace/.derivedData/Build/Products/Debug-watchos/include -Xcc -I/Users/admin/builder/spi-builder-workspace/.derivedData/Build/Intermediates.noindex/AlertKit.build/Debug-watchos/AlertKit.build/DerivedSources-normal/armv7k -Xcc -I/Users/admin/builder/spi-builder-workspace/.derivedData/Build/Intermediates.noindex/AlertKit.build/Debug-watchos/AlertKit.build/DerivedSources/armv7k -Xcc -I/Users/admin/builder/spi-builder-workspace/.derivedData/Build/Intermediates.noindex/AlertKit.build/Debug-watchos/AlertKit.build/DerivedSources -Xcc -DSWIFT_PACKAGE -Xcc -DDEBUG\=1 -module-name AlertKit -frontend-parseable-output -disable-clang-spi -target-sdk-version 10.4 -target-sdk-name watchos10.4 -external-plugin-path /Applications/Xcode-15.3.0.app/Contents/Developer/Platforms/WatchOS.platform/Developer/SDKs/WatchOS10.4.sdk/usr/lib/swift/host/plugins\#/Applications/Xcode-15.3.0.app/Contents/Developer/Platforms/WatchOS.platform/Developer/SDKs/WatchOS10.4.sdk/usr/bin/swift-plugin-server -external-plugin-path /Applications/Xcode-15.3.0.app/Contents/Developer/Platforms/WatchOS.platform/Developer/SDKs/WatchOS10.4.sdk/usr/local/lib/swift/host/plugins\#/Applications/Xcode-15.3.0.app/Contents/Developer/Platforms/WatchOS.platform/Developer/SDKs/WatchOS10.4.sdk/usr/bin/swift-plugin-server -external-plugin-path /Applications/Xcode-15.3.0.app/Contents/Developer/Platforms/WatchOS.platform/Developer/usr/lib/swift/host/plugins\#/Applications/Xcode-15.3.0.app/Contents/Developer/Platforms/WatchOS.platform/Developer/usr/bin/swift-plugin-server -external-plugin-path /Applications/Xcode-15.3.0.app/Contents/Developer/Platforms/WatchOS.platform/Developer/usr/local/lib/swift/host/plugins\#/Applications/Xcode-15.3.0.app/Contents/Developer/Platforms/WatchOS.platform/Developer/usr/bin/swift-plugin-server -plugin-path /Library/Developer/Toolchains/swift-6.0-DEVELOPMENT-SNAPSHOT-2024-05-26-a.xctoolchain/usr/lib/swift/host/plugins -plugin-path /Library/Developer/Toolchains/swift-6.0-DEVELOPMENT-SNAPSHOT-2024-05-26-a.xctoolchain/usr/local/lib/swift/host/plugins -o /Users/admin/builder/spi-builder-workspace/.derivedData/Build/Intermediates.noindex/AlertKit.build/Debug-watchos/AlertKit.build/Objects-normal/armv7k/AlertViewProtocol.o -index-unit-output-path /AlertKit.build/Debug-watchos/AlertKit.build/Objects-normal/armv7k/AlertViewProtocol.o -index-store-path /Users/admin/builder/spi-builder-workspace/.derivedData/Index.noindex/DataStore -index-system-modules
SwiftCompile normal arm64_32 Compiling\ AlertIconErrorView.swift,\ AlertIconHeartView.swift /Users/admin/builder/spi-builder-workspace/Sources/AlertKit/Icons/AlertIconErrorView.swift /Users/admin/builder/spi-builder-workspace/Sources/AlertKit/Icons/AlertIconHeartView.swift (in target 'AlertKit' from project 'AlertKit')
    cd /Users/admin/builder/spi-builder-workspace
    builtin-swiftTaskExecution -- /Library/Developer/Toolchains/swift-6.0-DEVELOPMENT-SNAPSHOT-2024-05-26-a.xctoolchain/usr/bin/swift-frontend -frontend -c /Users/admin/builder/spi-builder-workspace/Sources/AlertKit/AlertHaptic.swift /Users/admin/builder/spi-builder-workspace/Sources/AlertKit/AlertIcon.swift /Users/admin/builder/spi-builder-workspace/Sources/AlertKit/AlertKitAPI.swift /Users/admin/builder/spi-builder-workspace/Sources/AlertKit/AlertViewStyle.swift /Users/admin/builder/spi-builder-workspace/Sources/AlertKit/Extensions/SwiftUIExtension.swift /Users/admin/builder/spi-builder-workspace/Sources/AlertKit/Extensions/UIFontExtension.swift /Users/admin/builder/spi-builder-workspace/Sources/AlertKit/Extensions/UILabelExtension.swift /Users/admin/builder/spi-builder-workspace/Sources/AlertKit/Icons/AlertIconDoneView.swift -primary-file /Users/admin/builder/spi-builder-workspace/Sources/AlertKit/Icons/AlertIconErrorView.swift -primary-file /Users/admin/builder/spi-builder-workspace/Sources/AlertKit/Icons/AlertIconHeartView.swift /Users/admin/builder/spi-builder-workspace/Sources/AlertKit/Icons/AlertSpinnerView.swift /Users/admin/builder/spi-builder-workspace/Sources/AlertKit/Views/AlertAppleMusic16View.swift /Users/admin/builder/spi-builder-workspace/Sources/AlertKit/Views/AlertAppleMusic17View.swift /Users/admin/builder/spi-builder-workspace/Sources/AlertKit/Views/AlertViewInternalDismissProtocol.swift /Users/admin/builder/spi-builder-workspace/Sources/AlertKit/Views/AlertViewProtocol.swift -emit-dependencies-path /Users/admin/builder/spi-builder-workspace/.derivedData/Build/Intermediates.noindex/AlertKit.build/Debug-watchos/AlertKit.build/Objects-normal/arm64_32/AlertIconErrorView.d -emit-const-values-path /Users/admin/builder/spi-builder-workspace/.derivedData/Build/Intermediates.noindex/AlertKit.build/Debug-watchos/AlertKit.build/Objects-normal/arm64_32/AlertIconErrorView.swiftconstvalues -emit-reference-dependencies-path /Users/admin/builder/spi-builder-workspace/.derivedData/Build/Intermediates.noindex/AlertKit.build/Debug-watchos/AlertKit.build/Objects-normal/arm64_32/AlertIconErrorView.swiftdeps -serialize-diagnostics-path /Users/admin/builder/spi-builder-workspace/.derivedData/Build/Intermediates.noindex/AlertKit.build/Debug-watchos/AlertKit.build/Objects-normal/arm64_32/AlertIconErrorView.dia -emit-dependencies-path /Users/admin/builder/spi-builder-workspace/.derivedData/Build/Intermediates.noindex/AlertKit.build/Debug-watchos/AlertKit.build/Objects-normal/arm64_32/AlertIconHeartView.d -emit-const-values-path /Users/admin/builder/spi-builder-workspace/.derivedData/Build/Intermediates.noindex/AlertKit.build/Debug-watchos/AlertKit.build/Objects-normal/arm64_32/AlertIconHeartView.swiftconstvalues -emit-reference-dependencies-path /Users/admin/builder/spi-builder-workspace/.derivedData/Build/Intermediates.noindex/AlertKit.build/Debug-watchos/AlertKit.build/Objects-normal/arm64_32/AlertIconHeartView.swiftdeps -serialize-diagnostics-path /Users/admin/builder/spi-builder-workspace/.derivedData/Build/Intermediates.noindex/AlertKit.build/Debug-watchos/AlertKit.build/Objects-normal/arm64_32/AlertIconHeartView.dia -target arm64_32-apple-watchos6.0 -enable-objc-interop -sdk /Applications/Xcode-15.3.0.app/Contents/Developer/Platforms/WatchOS.platform/Developer/SDKs/WatchOS10.4.sdk -I /Users/admin/builder/spi-builder-workspace/.derivedData/Build/Products/Debug-watchos -I /Applications/Xcode-15.3.0.app/Contents/Developer/Platforms/WatchOS.platform/Developer/usr/lib -F /Users/admin/builder/spi-builder-workspace/.derivedData/Build/Products/Debug-watchos -F /Applications/Xcode-15.3.0.app/Contents/Developer/Platforms/WatchOS.platform/Developer/Library/Frameworks -F /Applications/Xcode-15.3.0.app/Contents/Developer/Platforms/WatchOS.platform/Developer/SDKs/WatchOS10.4.sdk/Developer/Library/Frameworks -no-color-diagnostics -enable-testing -g -module-cache-path /Users/admin/builder/spi-builder-workspace/.derivedData/ModuleCache.noindex -swift-version 5 -enforce-exclusivity\=checked -stats-output-dir /Users/admin/builder/spi-builder-workspace/.stats -Onone -D SWIFT_PACKAGE -D DEBUG -D ALERTKIT_SPM -serialize-debugging-options -package-name spi_builder_workspace -const-gather-protocols-file /Users/admin/builder/spi-builder-workspace/.derivedData/Build/Intermediates.noindex/AlertKit.build/Debug-watchos/AlertKit.build/Objects-normal/arm64_32/AlertKit_const_extract_protocols.json -strict-concurrency\=complete -empty-abi-descriptor -validate-clang-modules-once -clang-build-session-file /Users/admin/builder/spi-builder-workspace/.derivedData/ModuleCache.noindex/Session.modulevalidation -Xcc -working-directory -Xcc /Users/admin/builder/spi-builder-workspace -resource-dir /Library/Developer/Toolchains/swift-6.0-DEVELOPMENT-SNAPSHOT-2024-05-26-a.xctoolchain/usr/lib/swift -enable-anonymous-context-mangled-names -Xcc -I/Users/admin/builder/spi-builder-workspace/.derivedData/Build/Intermediates.noindex/AlertKit.build/Debug-watchos/AlertKit.build/swift-overrides.hmap -Xcc -I/Users/admin/builder/spi-builder-workspace/.derivedData/Build/Products/Debug-watchos/include -Xcc -I/Users/admin/builder/spi-builder-workspace/.derivedData/Build/Intermediates.noindex/AlertKit.build/Debug-watchos/AlertKit.build/DerivedSources-normal/arm64_32 -Xcc -I/Users/admin/builder/spi-builder-workspace/.derivedData/Build/Intermediates.noindex/AlertKit.build/Debug-watchos/AlertKit.build/DerivedSources/arm64_32 -Xcc -I/Users/admin/builder/spi-builder-workspace/.derivedData/Build/Intermediates.noindex/AlertKit.build/Debug-watchos/AlertKit.build/DerivedSources -Xcc -DSWIFT_PACKAGE -Xcc -DDEBUG\=1 -module-name AlertKit -frontend-parseable-output -disable-clang-spi -target-sdk-version 10.4 -target-sdk-name watchos10.4 -external-plugin-path /Applications/Xcode-15.3.0.app/Contents/Developer/Platforms/WatchOS.platform/Developer/SDKs/WatchOS10.4.sdk/usr/lib/swift/host/plugins\#/Applications/Xcode-15.3.0.app/Contents/Developer/Platforms/WatchOS.platform/Developer/SDKs/WatchOS10.4.sdk/usr/bin/swift-plugin-server -external-plugin-path /Applications/Xcode-15.3.0.app/Contents/Developer/Platforms/WatchOS.platform/Developer/SDKs/WatchOS10.4.sdk/usr/local/lib/swift/host/plugins\#/Applications/Xcode-15.3.0.app/Contents/Developer/Platforms/WatchOS.platform/Developer/SDKs/WatchOS10.4.sdk/usr/bin/swift-plugin-server -external-plugin-path /Applications/Xcode-15.3.0.app/Contents/Developer/Platforms/WatchOS.platform/Developer/usr/lib/swift/host/plugins\#/Applications/Xcode-15.3.0.app/Contents/Developer/Platforms/WatchOS.platform/Developer/usr/bin/swift-plugin-server -external-plugin-path /Applications/Xcode-15.3.0.app/Contents/Developer/Platforms/WatchOS.platform/Developer/usr/local/lib/swift/host/plugins\#/Applications/Xcode-15.3.0.app/Contents/Developer/Platforms/WatchOS.platform/Developer/usr/bin/swift-plugin-server -plugin-path /Library/Developer/Toolchains/swift-6.0-DEVELOPMENT-SNAPSHOT-2024-05-26-a.xctoolchain/usr/lib/swift/host/plugins -plugin-path /Library/Developer/Toolchains/swift-6.0-DEVELOPMENT-SNAPSHOT-2024-05-26-a.xctoolchain/usr/local/lib/swift/host/plugins -o /Users/admin/builder/spi-builder-workspace/.derivedData/Build/Intermediates.noindex/AlertKit.build/Debug-watchos/AlertKit.build/Objects-normal/arm64_32/AlertIconErrorView.o -o /Users/admin/builder/spi-builder-workspace/.derivedData/Build/Intermediates.noindex/AlertKit.build/Debug-watchos/AlertKit.build/Objects-normal/arm64_32/AlertIconHeartView.o -index-unit-output-path /AlertKit.build/Debug-watchos/AlertKit.build/Objects-normal/arm64_32/AlertIconErrorView.o -index-unit-output-path /AlertKit.build/Debug-watchos/AlertKit.build/Objects-normal/arm64_32/AlertIconHeartView.o -index-store-path /Users/admin/builder/spi-builder-workspace/.derivedData/Index.noindex/DataStore -index-system-modules
SwiftCompile normal arm64_32 /Users/admin/builder/spi-builder-workspace/Sources/AlertKit/Icons/AlertIconErrorView.swift (in target 'AlertKit' from project 'AlertKit')
    cd /Users/admin/builder/spi-builder-workspace
    /Library/Developer/Toolchains/swift-6.0-DEVELOPMENT-SNAPSHOT-2024-05-26-a.xctoolchain/usr/bin/swift-frontend -c /Users/admin/builder/spi-builder-workspace/Sources/AlertKit/AlertHaptic.swift /Users/admin/builder/spi-builder-workspace/Sources/AlertKit/AlertIcon.swift /Users/admin/builder/spi-builder-workspace/Sources/AlertKit/AlertKitAPI.swift /Users/admin/builder/spi-builder-workspace/Sources/AlertKit/AlertViewStyle.swift /Users/admin/builder/spi-builder-workspace/Sources/AlertKit/Extensions/SwiftUIExtension.swift /Users/admin/builder/spi-builder-workspace/Sources/AlertKit/Extensions/UIFontExtension.swift /Users/admin/builder/spi-builder-workspace/Sources/AlertKit/Extensions/UILabelExtension.swift /Users/admin/builder/spi-builder-workspace/Sources/AlertKit/Icons/AlertIconDoneView.swift -primary-file /Users/admin/builder/spi-builder-workspace/Sources/AlertKit/Icons/AlertIconErrorView.swift -primary-file /Users/admin/builder/spi-builder-workspace/Sources/AlertKit/Icons/AlertIconHeartView.swift /Users/admin/builder/spi-builder-workspace/Sources/AlertKit/Icons/AlertSpinnerView.swift /Users/admin/builder/spi-builder-workspace/Sources/AlertKit/Views/AlertAppleMusic16View.swift /Users/admin/builder/spi-builder-workspace/Sources/AlertKit/Views/AlertAppleMusic17View.swift /Users/admin/builder/spi-builder-workspace/Sources/AlertKit/Views/AlertViewInternalDismissProtocol.swift /Users/admin/builder/spi-builder-workspace/Sources/AlertKit/Views/AlertViewProtocol.swift -emit-dependencies-path /Users/admin/builder/spi-builder-workspace/.derivedData/Build/Intermediates.noindex/AlertKit.build/Debug-watchos/AlertKit.build/Objects-normal/arm64_32/AlertIconErrorView.d -emit-const-values-path /Users/admin/builder/spi-builder-workspace/.derivedData/Build/Intermediates.noindex/AlertKit.build/Debug-watchos/AlertKit.build/Objects-normal/arm64_32/AlertIconErrorView.swiftconstvalues -emit-reference-dependencies-path /Users/admin/builder/spi-builder-workspace/.derivedData/Build/Intermediates.noindex/AlertKit.build/Debug-watchos/AlertKit.build/Objects-normal/arm64_32/AlertIconErrorView.swiftdeps -serialize-diagnostics-path /Users/admin/builder/spi-builder-workspace/.derivedData/Build/Intermediates.noindex/AlertKit.build/Debug-watchos/AlertKit.build/Objects-normal/arm64_32/AlertIconErrorView.dia -emit-dependencies-path /Users/admin/builder/spi-builder-workspace/.derivedData/Build/Intermediates.noindex/AlertKit.build/Debug-watchos/AlertKit.build/Objects-normal/arm64_32/AlertIconHeartView.d -emit-const-values-path /Users/admin/builder/spi-builder-workspace/.derivedData/Build/Intermediates.noindex/AlertKit.build/Debug-watchos/AlertKit.build/Objects-normal/arm64_32/AlertIconHeartView.swiftconstvalues -emit-reference-dependencies-path /Users/admin/builder/spi-builder-workspace/.derivedData/Build/Intermediates.noindex/AlertKit.build/Debug-watchos/AlertKit.build/Objects-normal/arm64_32/AlertIconHeartView.swiftdeps -serialize-diagnostics-path /Users/admin/builder/spi-builder-workspace/.derivedData/Build/Intermediates.noindex/AlertKit.build/Debug-watchos/AlertKit.build/Objects-normal/arm64_32/AlertIconHeartView.dia -target arm64_32-apple-watchos6.0 -enable-objc-interop -sdk /Applications/Xcode-15.3.0.app/Contents/Developer/Platforms/WatchOS.platform/Developer/SDKs/WatchOS10.4.sdk -I /Users/admin/builder/spi-builder-workspace/.derivedData/Build/Products/Debug-watchos -I /Applications/Xcode-15.3.0.app/Contents/Developer/Platforms/WatchOS.platform/Developer/usr/lib -F /Users/admin/builder/spi-builder-workspace/.derivedData/Build/Products/Debug-watchos -F /Applications/Xcode-15.3.0.app/Contents/Developer/Platforms/WatchOS.platform/Developer/Library/Frameworks -F /Applications/Xcode-15.3.0.app/Contents/Developer/Platforms/WatchOS.platform/Developer/SDKs/WatchOS10.4.sdk/Developer/Library/Frameworks -no-color-diagnostics -enable-testing -g -module-cache-path /Users/admin/builder/spi-builder-workspace/.derivedData/ModuleCache.noindex -swift-version 5 -enforce-exclusivity\=checked -stats-output-dir /Users/admin/builder/spi-builder-workspace/.stats -Onone -D SWIFT_PACKAGE -D DEBUG -D ALERTKIT_SPM -serialize-debugging-options -package-name spi_builder_workspace -const-gather-protocols-file /Users/admin/builder/spi-builder-workspace/.derivedData/Build/Intermediates.noindex/AlertKit.build/Debug-watchos/AlertKit.build/Objects-normal/arm64_32/AlertKit_const_extract_protocols.json -strict-concurrency\=complete -empty-abi-descriptor -validate-clang-modules-once -clang-build-session-file /Users/admin/builder/spi-builder-workspace/.derivedData/ModuleCache.noindex/Session.modulevalidation -Xcc -working-directory -Xcc /Users/admin/builder/spi-builder-workspace -resource-dir /Library/Developer/Toolchains/swift-6.0-DEVELOPMENT-SNAPSHOT-2024-05-26-a.xctoolchain/usr/lib/swift -enable-anonymous-context-mangled-names -Xcc -I/Users/admin/builder/spi-builder-workspace/.derivedData/Build/Intermediates.noindex/AlertKit.build/Debug-watchos/AlertKit.build/swift-overrides.hmap -Xcc -I/Users/admin/builder/spi-builder-workspace/.derivedData/Build/Products/Debug-watchos/include -Xcc -I/Users/admin/builder/spi-builder-workspace/.derivedData/Build/Intermediates.noindex/AlertKit.build/Debug-watchos/AlertKit.build/DerivedSources-normal/arm64_32 -Xcc -I/Users/admin/builder/spi-builder-workspace/.derivedData/Build/Intermediates.noindex/AlertKit.build/Debug-watchos/AlertKit.build/DerivedSources/arm64_32 -Xcc -I/Users/admin/builder/spi-builder-workspace/.derivedData/Build/Intermediates.noindex/AlertKit.build/Debug-watchos/AlertKit.build/DerivedSources -Xcc -DSWIFT_PACKAGE -Xcc -DDEBUG\=1 -module-name AlertKit -frontend-parseable-output -disable-clang-spi -target-sdk-version 10.4 -target-sdk-name watchos10.4 -external-plugin-path /Applications/Xcode-15.3.0.app/Contents/Developer/Platforms/WatchOS.platform/Developer/SDKs/WatchOS10.4.sdk/usr/lib/swift/host/plugins\#/Applications/Xcode-15.3.0.app/Contents/Developer/Platforms/WatchOS.platform/Developer/SDKs/WatchOS10.4.sdk/usr/bin/swift-plugin-server -external-plugin-path /Applications/Xcode-15.3.0.app/Contents/Developer/Platforms/WatchOS.platform/Developer/SDKs/WatchOS10.4.sdk/usr/local/lib/swift/host/plugins\#/Applications/Xcode-15.3.0.app/Contents/Developer/Platforms/WatchOS.platform/Developer/SDKs/WatchOS10.4.sdk/usr/bin/swift-plugin-server -external-plugin-path /Applications/Xcode-15.3.0.app/Contents/Developer/Platforms/WatchOS.platform/Developer/usr/lib/swift/host/plugins\#/Applications/Xcode-15.3.0.app/Contents/Developer/Platforms/WatchOS.platform/Developer/usr/bin/swift-plugin-server -external-plugin-path /Applications/Xcode-15.3.0.app/Contents/Developer/Platforms/WatchOS.platform/Developer/usr/local/lib/swift/host/plugins\#/Applications/Xcode-15.3.0.app/Contents/Developer/Platforms/WatchOS.platform/Developer/usr/bin/swift-plugin-server -plugin-path /Library/Developer/Toolchains/swift-6.0-DEVELOPMENT-SNAPSHOT-2024-05-26-a.xctoolchain/usr/lib/swift/host/plugins -plugin-path /Library/Developer/Toolchains/swift-6.0-DEVELOPMENT-SNAPSHOT-2024-05-26-a.xctoolchain/usr/local/lib/swift/host/plugins -o /Users/admin/builder/spi-builder-workspace/.derivedData/Build/Intermediates.noindex/AlertKit.build/Debug-watchos/AlertKit.build/Objects-normal/arm64_32/AlertIconErrorView.o -o /Users/admin/builder/spi-builder-workspace/.derivedData/Build/Intermediates.noindex/AlertKit.build/Debug-watchos/AlertKit.build/Objects-normal/arm64_32/AlertIconHeartView.o -index-unit-output-path /AlertKit.build/Debug-watchos/AlertKit.build/Objects-normal/arm64_32/AlertIconErrorView.o -index-unit-output-path /AlertKit.build/Debug-watchos/AlertKit.build/Objects-normal/arm64_32/AlertIconHeartView.o -index-store-path /Users/admin/builder/spi-builder-workspace/.derivedData/Index.noindex/DataStore -index-system-modules
/Users/admin/builder/spi-builder-workspace/Sources/AlertKit/Icons/AlertIconErrorView.swift:3:34: error: cannot find type 'UIView' in scope
public class AlertIconErrorView: UIView, AlertIconAnimatable {
                                 ^~~~~~
/Applications/Xcode-15.3.0.app/Contents/Developer/Platforms/WatchOS.platform/Developer/SDKs/WatchOS10.4.sdk/System/Library/Frameworks/UIKit.framework/Headers/NSTextAttachment.h:23:1: note: interface 'UIView' forward declared here
@class UIView;
^
/Users/admin/builder/spi-builder-workspace/Sources/AlertKit/Icons/AlertIconErrorView.swift:9:9: error: 'super' members cannot be referenced in a root class
        super.init(frame: .zero)
        ^
/Users/admin/builder/spi-builder-workspace/Sources/AlertKit/Icons/AlertIconErrorView.swift:22:22: error: cannot find 'frame' in scope
        let length = frame.width
                     ^~~~~
/Users/admin/builder/spi-builder-workspace/Sources/AlertKit/Icons/AlertIconErrorView.swift:28:31: error: cannot find 'CAShapeLayer' in scope
        let animatableLayer = CAShapeLayer()
                              ^~~~~~~~~~~~
/Users/admin/builder/spi-builder-workspace/Sources/AlertKit/Icons/AlertIconErrorView.swift:31:39: error: cannot find 'tintColor' in scope
        animatableLayer.strokeColor = tintColor?.cgColor
                                      ^~~~~~~~~
/Users/admin/builder/spi-builder-workspace/Sources/AlertKit/Icons/AlertIconErrorView.swift:33:36: error: cannot infer contextual base in reference to member 'round'
        animatableLayer.lineCap = .round
                                  ~^~~~~
/Users/admin/builder/spi-builder-workspace/Sources/AlertKit/Icons/AlertIconErrorView.swift:34:37: error: cannot infer contextual base in reference to member 'round'
        animatableLayer.lineJoin = .round
                                   ~^~~~~
/Users/admin/builder/spi-builder-workspace/Sources/AlertKit/Icons/AlertIconErrorView.swift:36:14: error: value of type 'AlertIconErrorView' has no member 'layer'
        self.layer.addSublayer(animatableLayer)
        ~~~~ ^~~~~
/Users/admin/builder/spi-builder-workspace/Sources/AlertKit/Icons/AlertIconErrorView.swift:38:25: error: cannot find 'CABasicAnimation' in scope
        let animation = CABasicAnimation(keyPath: "strokeEnd")
                        ^~~~~~~~~~~~~~~~
/Users/admin/builder/spi-builder-workspace/Sources/AlertKit/Icons/AlertIconErrorView.swift:42:36: error: cannot find 'CAMediaTimingFunction' in scope
        animation.timingFunction = CAMediaTimingFunction(name: .easeInEaseOut)
                                   ^~~~~~~~~~~~~~~~~~~~~
/Users/admin/builder/spi-builder-workspace/Sources/AlertKit/Icons/AlertIconErrorView.swift:42:65: error: cannot infer contextual base in reference to member 'easeInEaseOut'
        animation.timingFunction = CAMediaTimingFunction(name: .easeInEaseOut)
                                                               ~^~~~~~~~~~~~~
/Users/admin/builder/spi-builder-workspace/Sources/AlertKit/Icons/AlertIconErrorView.swift:49:22: error: cannot find 'frame' in scope
        let length = frame.width
                     ^~~~~
/Users/admin/builder/spi-builder-workspace/Sources/AlertKit/Icons/AlertIconErrorView.swift:55:31: error: cannot find 'CAShapeLayer' in scope
        let animatableLayer = CAShapeLayer()
                              ^~~~~~~~~~~~
/Users/admin/builder/spi-builder-workspace/Sources/AlertKit/Icons/AlertIconErrorView.swift:58:39: error: cannot find 'tintColor' in scope
        animatableLayer.strokeColor = tintColor?.cgColor
                                      ^~~~~~~~~
/Users/admin/builder/spi-builder-workspace/Sources/AlertKit/Icons/AlertIconErrorView.swift:60:36: error: cannot infer contextual base in reference to member 'round'
        animatableLayer.lineCap = .round
                                  ~^~~~~
/Users/admin/builder/spi-builder-workspace/Sources/AlertKit/Icons/AlertIconErrorView.swift:61:37: error: cannot infer contextual base in reference to member 'round'
        animatableLayer.lineJoin = .round
                                   ~^~~~~
/Users/admin/builder/spi-builder-workspace/Sources/AlertKit/Icons/AlertIconErrorView.swift:63:14: error: value of type 'AlertIconErrorView' has no member 'layer'
        self.layer.addSublayer(animatableLayer)
        ~~~~ ^~~~~
/Users/admin/builder/spi-builder-workspace/Sources/AlertKit/Icons/AlertIconErrorView.swift:65:25: error: cannot find 'CABasicAnimation' in scope
        let animation = CABasicAnimation(keyPath: "strokeEnd")
                        ^~~~~~~~~~~~~~~~
/Users/admin/builder/spi-builder-workspace/Sources/AlertKit/Icons/AlertIconErrorView.swift:69:36: error: cannot find 'CAMediaTimingFunction' in scope
        animation.timingFunction = CAMediaTimingFunction(name: .easeInEaseOut)
                                   ^~~~~~~~~~~~~~~~~~~~~
/Users/admin/builder/spi-builder-workspace/Sources/AlertKit/Icons/AlertIconErrorView.swift:69:65: error: cannot infer contextual base in reference to member 'easeInEaseOut'
        animation.timingFunction = CAMediaTimingFunction(name: .easeInEaseOut)
                                                               ~^~~~~~~~~~~~~
SwiftCompile normal arm64_32 /Users/admin/builder/spi-builder-workspace/Sources/AlertKit/Icons/AlertIconHeartView.swift (in target 'AlertKit' from project 'AlertKit')
    cd /Users/admin/builder/spi-builder-workspace
    /Library/Developer/Toolchains/swift-6.0-DEVELOPMENT-SNAPSHOT-2024-05-26-a.xctoolchain/usr/bin/swift-frontend -c /Users/admin/builder/spi-builder-workspace/Sources/AlertKit/AlertHaptic.swift /Users/admin/builder/spi-builder-workspace/Sources/AlertKit/AlertIcon.swift /Users/admin/builder/spi-builder-workspace/Sources/AlertKit/AlertKitAPI.swift /Users/admin/builder/spi-builder-workspace/Sources/AlertKit/AlertViewStyle.swift /Users/admin/builder/spi-builder-workspace/Sources/AlertKit/Extensions/SwiftUIExtension.swift /Users/admin/builder/spi-builder-workspace/Sources/AlertKit/Extensions/UIFontExtension.swift /Users/admin/builder/spi-builder-workspace/Sources/AlertKit/Extensions/UILabelExtension.swift /Users/admin/builder/spi-builder-workspace/Sources/AlertKit/Icons/AlertIconDoneView.swift -primary-file /Users/admin/builder/spi-builder-workspace/Sources/AlertKit/Icons/AlertIconErrorView.swift -primary-file /Users/admin/builder/spi-builder-workspace/Sources/AlertKit/Icons/AlertIconHeartView.swift /Users/admin/builder/spi-builder-workspace/Sources/AlertKit/Icons/AlertSpinnerView.swift /Users/admin/builder/spi-builder-workspace/Sources/AlertKit/Views/AlertAppleMusic16View.swift /Users/admin/builder/spi-builder-workspace/Sources/AlertKit/Views/AlertAppleMusic17View.swift /Users/admin/builder/spi-builder-workspace/Sources/AlertKit/Views/AlertViewInternalDismissProtocol.swift /Users/admin/builder/spi-builder-workspace/Sources/AlertKit/Views/AlertViewProtocol.swift -emit-dependencies-path /Users/admin/builder/spi-builder-workspace/.derivedData/Build/Intermediates.noindex/AlertKit.build/Debug-watchos/AlertKit.build/Objects-normal/arm64_32/AlertIconErrorView.d -emit-const-values-path /Users/admin/builder/spi-builder-workspace/.derivedData/Build/Intermediates.noindex/AlertKit.build/Debug-watchos/AlertKit.build/Objects-normal/arm64_32/AlertIconErrorView.swiftconstvalues -emit-reference-dependencies-path /Users/admin/builder/spi-builder-workspace/.derivedData/Build/Intermediates.noindex/AlertKit.build/Debug-watchos/AlertKit.build/Objects-normal/arm64_32/AlertIconErrorView.swiftdeps -serialize-diagnostics-path /Users/admin/builder/spi-builder-workspace/.derivedData/Build/Intermediates.noindex/AlertKit.build/Debug-watchos/AlertKit.build/Objects-normal/arm64_32/AlertIconErrorView.dia -emit-dependencies-path /Users/admin/builder/spi-builder-workspace/.derivedData/Build/Intermediates.noindex/AlertKit.build/Debug-watchos/AlertKit.build/Objects-normal/arm64_32/AlertIconHeartView.d -emit-const-values-path /Users/admin/builder/spi-builder-workspace/.derivedData/Build/Intermediates.noindex/AlertKit.build/Debug-watchos/AlertKit.build/Objects-normal/arm64_32/AlertIconHeartView.swiftconstvalues -emit-reference-dependencies-path /Users/admin/builder/spi-builder-workspace/.derivedData/Build/Intermediates.noindex/AlertKit.build/Debug-watchos/AlertKit.build/Objects-normal/arm64_32/AlertIconHeartView.swiftdeps -serialize-diagnostics-path /Users/admin/builder/spi-builder-workspace/.derivedData/Build/Intermediates.noindex/AlertKit.build/Debug-watchos/AlertKit.build/Objects-normal/arm64_32/AlertIconHeartView.dia -target arm64_32-apple-watchos6.0 -enable-objc-interop -sdk /Applications/Xcode-15.3.0.app/Contents/Developer/Platforms/WatchOS.platform/Developer/SDKs/WatchOS10.4.sdk -I /Users/admin/builder/spi-builder-workspace/.derivedData/Build/Products/Debug-watchos -I /Applications/Xcode-15.3.0.app/Contents/Developer/Platforms/WatchOS.platform/Developer/usr/lib -F /Users/admin/builder/spi-builder-workspace/.derivedData/Build/Products/Debug-watchos -F /Applications/Xcode-15.3.0.app/Contents/Developer/Platforms/WatchOS.platform/Developer/Library/Frameworks -F /Applications/Xcode-15.3.0.app/Contents/Developer/Platforms/WatchOS.platform/Developer/SDKs/WatchOS10.4.sdk/Developer/Library/Frameworks -no-color-diagnostics -enable-testing -g -module-cache-path /Users/admin/builder/spi-builder-workspace/.derivedData/ModuleCache.noindex -swift-version 5 -enforce-exclusivity\=checked -stats-output-dir /Users/admin/builder/spi-builder-workspace/.stats -Onone -D SWIFT_PACKAGE -D DEBUG -D ALERTKIT_SPM -serialize-debugging-options -package-name spi_builder_workspace -const-gather-protocols-file /Users/admin/builder/spi-builder-workspace/.derivedData/Build/Intermediates.noindex/AlertKit.build/Debug-watchos/AlertKit.build/Objects-normal/arm64_32/AlertKit_const_extract_protocols.json -strict-concurrency\=complete -empty-abi-descriptor -validate-clang-modules-once -clang-build-session-file /Users/admin/builder/spi-builder-workspace/.derivedData/ModuleCache.noindex/Session.modulevalidation -Xcc -working-directory -Xcc /Users/admin/builder/spi-builder-workspace -resource-dir /Library/Developer/Toolchains/swift-6.0-DEVELOPMENT-SNAPSHOT-2024-05-26-a.xctoolchain/usr/lib/swift -enable-anonymous-context-mangled-names -Xcc -I/Users/admin/builder/spi-builder-workspace/.derivedData/Build/Intermediates.noindex/AlertKit.build/Debug-watchos/AlertKit.build/swift-overrides.hmap -Xcc -I/Users/admin/builder/spi-builder-workspace/.derivedData/Build/Products/Debug-watchos/include -Xcc -I/Users/admin/builder/spi-builder-workspace/.derivedData/Build/Intermediates.noindex/AlertKit.build/Debug-watchos/AlertKit.build/DerivedSources-normal/arm64_32 -Xcc -I/Users/admin/builder/spi-builder-workspace/.derivedData/Build/Intermediates.noindex/AlertKit.build/Debug-watchos/AlertKit.build/DerivedSources/arm64_32 -Xcc -I/Users/admin/builder/spi-builder-workspace/.derivedData/Build/Intermediates.noindex/AlertKit.build/Debug-watchos/AlertKit.build/DerivedSources -Xcc -DSWIFT_PACKAGE -Xcc -DDEBUG\=1 -module-name AlertKit -frontend-parseable-output -disable-clang-spi -target-sdk-version 10.4 -target-sdk-name watchos10.4 -external-plugin-path /Applications/Xcode-15.3.0.app/Contents/Developer/Platforms/WatchOS.platform/Developer/SDKs/WatchOS10.4.sdk/usr/lib/swift/host/plugins\#/Applications/Xcode-15.3.0.app/Contents/Developer/Platforms/WatchOS.platform/Developer/SDKs/WatchOS10.4.sdk/usr/bin/swift-plugin-server -external-plugin-path /Applications/Xcode-15.3.0.app/Contents/Developer/Platforms/WatchOS.platform/Developer/SDKs/WatchOS10.4.sdk/usr/local/lib/swift/host/plugins\#/Applications/Xcode-15.3.0.app/Contents/Developer/Platforms/WatchOS.platform/Developer/SDKs/WatchOS10.4.sdk/usr/bin/swift-plugin-server -external-plugin-path /Applications/Xcode-15.3.0.app/Contents/Developer/Platforms/WatchOS.platform/Developer/usr/lib/swift/host/plugins\#/Applications/Xcode-15.3.0.app/Contents/Developer/Platforms/WatchOS.platform/Developer/usr/bin/swift-plugin-server -external-plugin-path /Applications/Xcode-15.3.0.app/Contents/Developer/Platforms/WatchOS.platform/Developer/usr/local/lib/swift/host/plugins\#/Applications/Xcode-15.3.0.app/Contents/Developer/Platforms/WatchOS.platform/Developer/usr/bin/swift-plugin-server -plugin-path /Library/Developer/Toolchains/swift-6.0-DEVELOPMENT-SNAPSHOT-2024-05-26-a.xctoolchain/usr/lib/swift/host/plugins -plugin-path /Library/Developer/Toolchains/swift-6.0-DEVELOPMENT-SNAPSHOT-2024-05-26-a.xctoolchain/usr/local/lib/swift/host/plugins -o /Users/admin/builder/spi-builder-workspace/.derivedData/Build/Intermediates.noindex/AlertKit.build/Debug-watchos/AlertKit.build/Objects-normal/arm64_32/AlertIconErrorView.o -o /Users/admin/builder/spi-builder-workspace/.derivedData/Build/Intermediates.noindex/AlertKit.build/Debug-watchos/AlertKit.build/Objects-normal/arm64_32/AlertIconHeartView.o -index-unit-output-path /AlertKit.build/Debug-watchos/AlertKit.build/Objects-normal/arm64_32/AlertIconErrorView.o -index-unit-output-path /AlertKit.build/Debug-watchos/AlertKit.build/Objects-normal/arm64_32/AlertIconHeartView.o -index-store-path /Users/admin/builder/spi-builder-workspace/.derivedData/Index.noindex/DataStore -index-system-modules
/Users/admin/builder/spi-builder-workspace/Sources/AlertKit/Icons/AlertIconHeartView.swift:14:26: error: method does not override any method from its superclass
    public override func draw(_ rect: CGRect) {
           ~~~~~~~~      ^
/Users/admin/builder/spi-builder-workspace/Sources/AlertKit/Icons/AlertIconHeartView.swift:3:34: error: cannot find type 'UIView' in scope
public class AlertIconHeartView: UIView {
                                 ^~~~~~
/Applications/Xcode-15.3.0.app/Contents/Developer/Platforms/WatchOS.platform/Developer/SDKs/WatchOS10.4.sdk/System/Library/Frameworks/UIKit.framework/Headers/NSTextAttachment.h:23:1: note: interface 'UIView' forward declared here
@class UIView;
^
/Users/admin/builder/spi-builder-workspace/Sources/AlertKit/Icons/AlertIconHeartView.swift:6:9: error: 'super' members cannot be referenced in a root class
        super.init(frame: .zero)
        ^
/Users/admin/builder/spi-builder-workspace/Sources/AlertKit/Icons/AlertIconHeartView.swift:7:14: error: value of type 'AlertIconHeartView' has no member 'backgroundColor'
        self.backgroundColor = .clear
        ~~~~ ^~~~~~~~~~~~~~~
/Users/admin/builder/spi-builder-workspace/Sources/AlertKit/Icons/AlertIconHeartView.swift:7:33: error: cannot infer contextual base in reference to member 'clear'
        self.backgroundColor = .clear
                               ~^~~~~
/Users/admin/builder/spi-builder-workspace/Sources/AlertKit/Icons/AlertIconHeartView.swift:15:9: error: 'super' members cannot be referenced in a root class
        super.draw(rect)
        ^
/Users/admin/builder/spi-builder-workspace/Sources/AlertKit/Icons/AlertIconHeartView.swift:16:75: error: value of type 'AlertIconHeartView' has no member 'tintColor'
        HeartDraw.draw(frame: rect, resizing: .aspectFit, fillColor: self.tintColor)
                                                                     ~~~~ ^~~~~~~~~
SwiftCompile normal armv7k Compiling\ AlertHaptic.swift,\ AlertIcon.swift /Users/admin/builder/spi-builder-workspace/Sources/AlertKit/AlertHaptic.swift /Users/admin/builder/spi-builder-workspace/Sources/AlertKit/AlertIcon.swift (in target 'AlertKit' from project 'AlertKit')
    cd /Users/admin/builder/spi-builder-workspace
    builtin-swiftTaskExecution -- /Library/Developer/Toolchains/swift-6.0-DEVELOPMENT-SNAPSHOT-2024-05-26-a.xctoolchain/usr/bin/swift-frontend -frontend -c -primary-file /Users/admin/builder/spi-builder-workspace/Sources/AlertKit/AlertHaptic.swift -primary-file /Users/admin/builder/spi-builder-workspace/Sources/AlertKit/AlertIcon.swift /Users/admin/builder/spi-builder-workspace/Sources/AlertKit/AlertKitAPI.swift /Users/admin/builder/spi-builder-workspace/Sources/AlertKit/AlertViewStyle.swift /Users/admin/builder/spi-builder-workspace/Sources/AlertKit/Extensions/SwiftUIExtension.swift /Users/admin/builder/spi-builder-workspace/Sources/AlertKit/Extensions/UIFontExtension.swift /Users/admin/builder/spi-builder-workspace/Sources/AlertKit/Extensions/UILabelExtension.swift /Users/admin/builder/spi-builder-workspace/Sources/AlertKit/Icons/AlertIconDoneView.swift /Users/admin/builder/spi-builder-workspace/Sources/AlertKit/Icons/AlertIconErrorView.swift /Users/admin/builder/spi-builder-workspace/Sources/AlertKit/Icons/AlertIconHeartView.swift /Users/admin/builder/spi-builder-workspace/Sources/AlertKit/Icons/AlertSpinnerView.swift /Users/admin/builder/spi-builder-workspace/Sources/AlertKit/Views/AlertAppleMusic16View.swift /Users/admin/builder/spi-builder-workspace/Sources/AlertKit/Views/AlertAppleMusic17View.swift /Users/admin/builder/spi-builder-workspace/Sources/AlertKit/Views/AlertViewInternalDismissProtocol.swift /Users/admin/builder/spi-builder-workspace/Sources/AlertKit/Views/AlertViewProtocol.swift -emit-dependencies-path /Users/admin/builder/spi-builder-workspace/.derivedData/Build/Intermediates.noindex/AlertKit.build/Debug-watchos/AlertKit.build/Objects-normal/armv7k/AlertHaptic.d -emit-const-values-path /Users/admin/builder/spi-builder-workspace/.derivedData/Build/Intermediates.noindex/AlertKit.build/Debug-watchos/AlertKit.build/Objects-normal/armv7k/AlertHaptic.swiftconstvalues -emit-reference-dependencies-path /Users/admin/builder/spi-builder-workspace/.derivedData/Build/Intermediates.noindex/AlertKit.build/Debug-watchos/AlertKit.build/Objects-normal/armv7k/AlertHaptic.swiftdeps -serialize-diagnostics-path /Users/admin/builder/spi-builder-workspace/.derivedData/Build/Intermediates.noindex/AlertKit.build/Debug-watchos/AlertKit.build/Objects-normal/armv7k/AlertHaptic.dia -emit-dependencies-path /Users/admin/builder/spi-builder-workspace/.derivedData/Build/Intermediates.noindex/AlertKit.build/Debug-watchos/AlertKit.build/Objects-normal/armv7k/AlertIcon.d -emit-const-values-path /Users/admin/builder/spi-builder-workspace/.derivedData/Build/Intermediates.noindex/AlertKit.build/Debug-watchos/AlertKit.build/Objects-normal/armv7k/AlertIcon.swiftconstvalues -emit-reference-dependencies-path /Users/admin/builder/spi-builder-workspace/.derivedData/Build/Intermediates.noindex/AlertKit.build/Debug-watchos/AlertKit.build/Objects-normal/armv7k/AlertIcon.swiftdeps -serialize-diagnostics-path /Users/admin/builder/spi-builder-workspace/.derivedData/Build/Intermediates.noindex/AlertKit.build/Debug-watchos/AlertKit.build/Objects-normal/armv7k/AlertIcon.dia -target armv7k-apple-watchos6.0 -enable-objc-interop -sdk /Applications/Xcode-15.3.0.app/Contents/Developer/Platforms/WatchOS.platform/Developer/SDKs/WatchOS10.4.sdk -I /Users/admin/builder/spi-builder-workspace/.derivedData/Build/Products/Debug-watchos -I /Applications/Xcode-15.3.0.app/Contents/Developer/Platforms/WatchOS.platform/Developer/usr/lib -F /Users/admin/builder/spi-builder-workspace/.derivedData/Build/Products/Debug-watchos -F /Applications/Xcode-15.3.0.app/Contents/Developer/Platforms/WatchOS.platform/Developer/Library/Frameworks -F /Applications/Xcode-15.3.0.app/Contents/Developer/Platforms/WatchOS.platform/Developer/SDKs/WatchOS10.4.sdk/Developer/Library/Frameworks -no-color-diagnostics -enable-testing -g -module-cache-path /Users/admin/builder/spi-builder-workspace/.derivedData/ModuleCache.noindex -swift-version 5 -enforce-exclusivity\=checked -stats-output-dir /Users/admin/builder/spi-builder-workspace/.stats -Onone -D SWIFT_PACKAGE -D DEBUG -D ALERTKIT_SPM -serialize-debugging-options -package-name spi_builder_workspace -const-gather-protocols-file /Users/admin/builder/spi-builder-workspace/.derivedData/Build/Intermediates.noindex/AlertKit.build/Debug-watchos/AlertKit.build/Objects-normal/armv7k/AlertKit_const_extract_protocols.json -strict-concurrency\=complete -empty-abi-descriptor -validate-clang-modules-once -clang-build-session-file /Users/admin/builder/spi-builder-workspace/.derivedData/ModuleCache.noindex/Session.modulevalidation -Xcc -working-directory -Xcc /Users/admin/builder/spi-builder-workspace -resource-dir /Library/Developer/Toolchains/swift-6.0-DEVELOPMENT-SNAPSHOT-2024-05-26-a.xctoolchain/usr/lib/swift -enable-anonymous-context-mangled-names -Xcc -I/Users/admin/builder/spi-builder-workspace/.derivedData/Build/Intermediates.noindex/AlertKit.build/Debug-watchos/AlertKit.build/swift-overrides.hmap -Xcc -I/Users/admin/builder/spi-builder-workspace/.derivedData/Build/Products/Debug-watchos/include -Xcc -I/Users/admin/builder/spi-builder-workspace/.derivedData/Build/Intermediates.noindex/AlertKit.build/Debug-watchos/AlertKit.build/DerivedSources-normal/armv7k -Xcc -I/Users/admin/builder/spi-builder-workspace/.derivedData/Build/Intermediates.noindex/AlertKit.build/Debug-watchos/AlertKit.build/DerivedSources/armv7k -Xcc -I/Users/admin/builder/spi-builder-workspace/.derivedData/Build/Intermediates.noindex/AlertKit.build/Debug-watchos/AlertKit.build/DerivedSources -Xcc -DSWIFT_PACKAGE -Xcc -DDEBUG\=1 -module-name AlertKit -frontend-parseable-output -disable-clang-spi -target-sdk-version 10.4 -target-sdk-name watchos10.4 -external-plugin-path /Applications/Xcode-15.3.0.app/Contents/Developer/Platforms/WatchOS.platform/Developer/SDKs/WatchOS10.4.sdk/usr/lib/swift/host/plugins\#/Applications/Xcode-15.3.0.app/Contents/Developer/Platforms/WatchOS.platform/Developer/SDKs/WatchOS10.4.sdk/usr/bin/swift-plugin-server -external-plugin-path /Applications/Xcode-15.3.0.app/Contents/Developer/Platforms/WatchOS.platform/Developer/SDKs/WatchOS10.4.sdk/usr/local/lib/swift/host/plugins\#/Applications/Xcode-15.3.0.app/Contents/Developer/Platforms/WatchOS.platform/Developer/SDKs/WatchOS10.4.sdk/usr/bin/swift-plugin-server -external-plugin-path /Applications/Xcode-15.3.0.app/Contents/Developer/Platforms/WatchOS.platform/Developer/usr/lib/swift/host/plugins\#/Applications/Xcode-15.3.0.app/Contents/Developer/Platforms/WatchOS.platform/Developer/usr/bin/swift-plugin-server -external-plugin-path /Applications/Xcode-15.3.0.app/Contents/Developer/Platforms/WatchOS.platform/Developer/usr/local/lib/swift/host/plugins\#/Applications/Xcode-15.3.0.app/Contents/Developer/Platforms/WatchOS.platform/Developer/usr/bin/swift-plugin-server -plugin-path /Library/Developer/Toolchains/swift-6.0-DEVELOPMENT-SNAPSHOT-2024-05-26-a.xctoolchain/usr/lib/swift/host/plugins -plugin-path /Library/Developer/Toolchains/swift-6.0-DEVELOPMENT-SNAPSHOT-2024-05-26-a.xctoolchain/usr/local/lib/swift/host/plugins -o /Users/admin/builder/spi-builder-workspace/.derivedData/Build/Intermediates.noindex/AlertKit.build/Debug-watchos/AlertKit.build/Objects-normal/armv7k/AlertHaptic.o -o /Users/admin/builder/spi-builder-workspace/.derivedData/Build/Intermediates.noindex/AlertKit.build/Debug-watchos/AlertKit.build/Objects-normal/armv7k/AlertIcon.o -index-unit-output-path /AlertKit.build/Debug-watchos/AlertKit.build/Objects-normal/armv7k/AlertHaptic.o -index-unit-output-path /AlertKit.build/Debug-watchos/AlertKit.build/Objects-normal/armv7k/AlertIcon.o -index-store-path /Users/admin/builder/spi-builder-workspace/.derivedData/Index.noindex/DataStore -index-system-modules
SwiftCompile normal armv7k /Users/admin/builder/spi-builder-workspace/Sources/AlertKit/AlertHaptic.swift (in target 'AlertKit' from project 'AlertKit')
    cd /Users/admin/builder/spi-builder-workspace
    /Library/Developer/Toolchains/swift-6.0-DEVELOPMENT-SNAPSHOT-2024-05-26-a.xctoolchain/usr/bin/swift-frontend -c -primary-file /Users/admin/builder/spi-builder-workspace/Sources/AlertKit/AlertHaptic.swift -primary-file /Users/admin/builder/spi-builder-workspace/Sources/AlertKit/AlertIcon.swift /Users/admin/builder/spi-builder-workspace/Sources/AlertKit/AlertKitAPI.swift /Users/admin/builder/spi-builder-workspace/Sources/AlertKit/AlertViewStyle.swift /Users/admin/builder/spi-builder-workspace/Sources/AlertKit/Extensions/SwiftUIExtension.swift /Users/admin/builder/spi-builder-workspace/Sources/AlertKit/Extensions/UIFontExtension.swift /Users/admin/builder/spi-builder-workspace/Sources/AlertKit/Extensions/UILabelExtension.swift /Users/admin/builder/spi-builder-workspace/Sources/AlertKit/Icons/AlertIconDoneView.swift /Users/admin/builder/spi-builder-workspace/Sources/AlertKit/Icons/AlertIconErrorView.swift /Users/admin/builder/spi-builder-workspace/Sources/AlertKit/Icons/AlertIconHeartView.swift /Users/admin/builder/spi-builder-workspace/Sources/AlertKit/Icons/AlertSpinnerView.swift /Users/admin/builder/spi-builder-workspace/Sources/AlertKit/Views/AlertAppleMusic16View.swift /Users/admin/builder/spi-builder-workspace/Sources/AlertKit/Views/AlertAppleMusic17View.swift /Users/admin/builder/spi-builder-workspace/Sources/AlertKit/Views/AlertViewInternalDismissProtocol.swift /Users/admin/builder/spi-builder-workspace/Sources/AlertKit/Views/AlertViewProtocol.swift -emit-dependencies-path /Users/admin/builder/spi-builder-workspace/.derivedData/Build/Intermediates.noindex/AlertKit.build/Debug-watchos/AlertKit.build/Objects-normal/armv7k/AlertHaptic.d -emit-const-values-path /Users/admin/builder/spi-builder-workspace/.derivedData/Build/Intermediates.noindex/AlertKit.build/Debug-watchos/AlertKit.build/Objects-normal/armv7k/AlertHaptic.swiftconstvalues -emit-reference-dependencies-path /Users/admin/builder/spi-builder-workspace/.derivedData/Build/Intermediates.noindex/AlertKit.build/Debug-watchos/AlertKit.build/Objects-normal/armv7k/AlertHaptic.swiftdeps -serialize-diagnostics-path /Users/admin/builder/spi-builder-workspace/.derivedData/Build/Intermediates.noindex/AlertKit.build/Debug-watchos/AlertKit.build/Objects-normal/armv7k/AlertHaptic.dia -emit-dependencies-path /Users/admin/builder/spi-builder-workspace/.derivedData/Build/Intermediates.noindex/AlertKit.build/Debug-watchos/AlertKit.build/Objects-normal/armv7k/AlertIcon.d -emit-const-values-path /Users/admin/builder/spi-builder-workspace/.derivedData/Build/Intermediates.noindex/AlertKit.build/Debug-watchos/AlertKit.build/Objects-normal/armv7k/AlertIcon.swiftconstvalues -emit-reference-dependencies-path /Users/admin/builder/spi-builder-workspace/.derivedData/Build/Intermediates.noindex/AlertKit.build/Debug-watchos/AlertKit.build/Objects-normal/armv7k/AlertIcon.swiftdeps -serialize-diagnostics-path /Users/admin/builder/spi-builder-workspace/.derivedData/Build/Intermediates.noindex/AlertKit.build/Debug-watchos/AlertKit.build/Objects-normal/armv7k/AlertIcon.dia -target armv7k-apple-watchos6.0 -enable-objc-interop -sdk /Applications/Xcode-15.3.0.app/Contents/Developer/Platforms/WatchOS.platform/Developer/SDKs/WatchOS10.4.sdk -I /Users/admin/builder/spi-builder-workspace/.derivedData/Build/Products/Debug-watchos -I /Applications/Xcode-15.3.0.app/Contents/Developer/Platforms/WatchOS.platform/Developer/usr/lib -F /Users/admin/builder/spi-builder-workspace/.derivedData/Build/Products/Debug-watchos -F /Applications/Xcode-15.3.0.app/Contents/Developer/Platforms/WatchOS.platform/Developer/Library/Frameworks -F /Applications/Xcode-15.3.0.app/Contents/Developer/Platforms/WatchOS.platform/Developer/SDKs/WatchOS10.4.sdk/Developer/Library/Frameworks -no-color-diagnostics -enable-testing -g -module-cache-path /Users/admin/builder/spi-builder-workspace/.derivedData/ModuleCache.noindex -swift-version 5 -enforce-exclusivity\=checked -stats-output-dir /Users/admin/builder/spi-builder-workspace/.stats -Onone -D SWIFT_PACKAGE -D DEBUG -D ALERTKIT_SPM -serialize-debugging-options -package-name spi_builder_workspace -const-gather-protocols-file /Users/admin/builder/spi-builder-workspace/.derivedData/Build/Intermediates.noindex/AlertKit.build/Debug-watchos/AlertKit.build/Objects-normal/armv7k/AlertKit_const_extract_protocols.json -strict-concurrency\=complete -empty-abi-descriptor -validate-clang-modules-once -clang-build-session-file /Users/admin/builder/spi-builder-workspace/.derivedData/ModuleCache.noindex/Session.modulevalidation -Xcc -working-directory -Xcc /Users/admin/builder/spi-builder-workspace -resource-dir /Library/Developer/Toolchains/swift-6.0-DEVELOPMENT-SNAPSHOT-2024-05-26-a.xctoolchain/usr/lib/swift -enable-anonymous-context-mangled-names -Xcc -I/Users/admin/builder/spi-builder-workspace/.derivedData/Build/Intermediates.noindex/AlertKit.build/Debug-watchos/AlertKit.build/swift-overrides.hmap -Xcc -I/Users/admin/builder/spi-builder-workspace/.derivedData/Build/Products/Debug-watchos/include -Xcc -I/Users/admin/builder/spi-builder-workspace/.derivedData/Build/Intermediates.noindex/AlertKit.build/Debug-watchos/AlertKit.build/DerivedSources-normal/armv7k -Xcc -I/Users/admin/builder/spi-builder-workspace/.derivedData/Build/Intermediates.noindex/AlertKit.build/Debug-watchos/AlertKit.build/DerivedSources/armv7k -Xcc -I/Users/admin/builder/spi-builder-workspace/.derivedData/Build/Intermediates.noindex/AlertKit.build/Debug-watchos/AlertKit.build/DerivedSources -Xcc -DSWIFT_PACKAGE -Xcc -DDEBUG\=1 -module-name AlertKit -frontend-parseable-output -disable-clang-spi -target-sdk-version 10.4 -target-sdk-name watchos10.4 -external-plugin-path /Applications/Xcode-15.3.0.app/Contents/Developer/Platforms/WatchOS.platform/Developer/SDKs/WatchOS10.4.sdk/usr/lib/swift/host/plugins\#/Applications/Xcode-15.3.0.app/Contents/Developer/Platforms/WatchOS.platform/Developer/SDKs/WatchOS10.4.sdk/usr/bin/swift-plugin-server -external-plugin-path /Applications/Xcode-15.3.0.app/Contents/Developer/Platforms/WatchOS.platform/Developer/SDKs/WatchOS10.4.sdk/usr/local/lib/swift/host/plugins\#/Applications/Xcode-15.3.0.app/Contents/Developer/Platforms/WatchOS.platform/Developer/SDKs/WatchOS10.4.sdk/usr/bin/swift-plugin-server -external-plugin-path /Applications/Xcode-15.3.0.app/Contents/Developer/Platforms/WatchOS.platform/Developer/usr/lib/swift/host/plugins\#/Applications/Xcode-15.3.0.app/Contents/Developer/Platforms/WatchOS.platform/Developer/usr/bin/swift-plugin-server -external-plugin-path /Applications/Xcode-15.3.0.app/Contents/Developer/Platforms/WatchOS.platform/Developer/usr/local/lib/swift/host/plugins\#/Applications/Xcode-15.3.0.app/Contents/Developer/Platforms/WatchOS.platform/Developer/usr/bin/swift-plugin-server -plugin-path /Library/Developer/Toolchains/swift-6.0-DEVELOPMENT-SNAPSHOT-2024-05-26-a.xctoolchain/usr/lib/swift/host/plugins -plugin-path /Library/Developer/Toolchains/swift-6.0-DEVELOPMENT-SNAPSHOT-2024-05-26-a.xctoolchain/usr/local/lib/swift/host/plugins -o /Users/admin/builder/spi-builder-workspace/.derivedData/Build/Intermediates.noindex/AlertKit.build/Debug-watchos/AlertKit.build/Objects-normal/armv7k/AlertHaptic.o -o /Users/admin/builder/spi-builder-workspace/.derivedData/Build/Intermediates.noindex/AlertKit.build/Debug-watchos/AlertKit.build/Objects-normal/armv7k/AlertIcon.o -index-unit-output-path /AlertKit.build/Debug-watchos/AlertKit.build/Objects-normal/armv7k/AlertHaptic.o -index-unit-output-path /AlertKit.build/Debug-watchos/AlertKit.build/Objects-normal/armv7k/AlertIcon.o -index-store-path /Users/admin/builder/spi-builder-workspace/.derivedData/Index.noindex/DataStore -index-system-modules
SwiftCompile normal armv7k /Users/admin/builder/spi-builder-workspace/Sources/AlertKit/AlertIcon.swift (in target 'AlertKit' from project 'AlertKit')
    cd /Users/admin/builder/spi-builder-workspace
    /Library/Developer/Toolchains/swift-6.0-DEVELOPMENT-SNAPSHOT-2024-05-26-a.xctoolchain/usr/bin/swift-frontend -c -primary-file /Users/admin/builder/spi-builder-workspace/Sources/AlertKit/AlertHaptic.swift -primary-file /Users/admin/builder/spi-builder-workspace/Sources/AlertKit/AlertIcon.swift /Users/admin/builder/spi-builder-workspace/Sources/AlertKit/AlertKitAPI.swift /Users/admin/builder/spi-builder-workspace/Sources/AlertKit/AlertViewStyle.swift /Users/admin/builder/spi-builder-workspace/Sources/AlertKit/Extensions/SwiftUIExtension.swift /Users/admin/builder/spi-builder-workspace/Sources/AlertKit/Extensions/UIFontExtension.swift /Users/admin/builder/spi-builder-workspace/Sources/AlertKit/Extensions/UILabelExtension.swift /Users/admin/builder/spi-builder-workspace/Sources/AlertKit/Icons/AlertIconDoneView.swift /Users/admin/builder/spi-builder-workspace/Sources/AlertKit/Icons/AlertIconErrorView.swift /Users/admin/builder/spi-builder-workspace/Sources/AlertKit/Icons/AlertIconHeartView.swift /Users/admin/builder/spi-builder-workspace/Sources/AlertKit/Icons/AlertSpinnerView.swift /Users/admin/builder/spi-builder-workspace/Sources/AlertKit/Views/AlertAppleMusic16View.swift /Users/admin/builder/spi-builder-workspace/Sources/AlertKit/Views/AlertAppleMusic17View.swift /Users/admin/builder/spi-builder-workspace/Sources/AlertKit/Views/AlertViewInternalDismissProtocol.swift /Users/admin/builder/spi-builder-workspace/Sources/AlertKit/Views/AlertViewProtocol.swift -emit-dependencies-path /Users/admin/builder/spi-builder-workspace/.derivedData/Build/Intermediates.noindex/AlertKit.build/Debug-watchos/AlertKit.build/Objects-normal/armv7k/AlertHaptic.d -emit-const-values-path /Users/admin/builder/spi-builder-workspace/.derivedData/Build/Intermediates.noindex/AlertKit.build/Debug-watchos/AlertKit.build/Objects-normal/armv7k/AlertHaptic.swiftconstvalues -emit-reference-dependencies-path /Users/admin/builder/spi-builder-workspace/.derivedData/Build/Intermediates.noindex/AlertKit.build/Debug-watchos/AlertKit.build/Objects-normal/armv7k/AlertHaptic.swiftdeps -serialize-diagnostics-path /Users/admin/builder/spi-builder-workspace/.derivedData/Build/Intermediates.noindex/AlertKit.build/Debug-watchos/AlertKit.build/Objects-normal/armv7k/AlertHaptic.dia -emit-dependencies-path /Users/admin/builder/spi-builder-workspace/.derivedData/Build/Intermediates.noindex/AlertKit.build/Debug-watchos/AlertKit.build/Objects-normal/armv7k/AlertIcon.d -emit-const-values-path /Users/admin/builder/spi-builder-workspace/.derivedData/Build/Intermediates.noindex/AlertKit.build/Debug-watchos/AlertKit.build/Objects-normal/armv7k/AlertIcon.swiftconstvalues -emit-reference-dependencies-path /Users/admin/builder/spi-builder-workspace/.derivedData/Build/Intermediates.noindex/AlertKit.build/Debug-watchos/AlertKit.build/Objects-normal/armv7k/AlertIcon.swiftdeps -serialize-diagnostics-path /Users/admin/builder/spi-builder-workspace/.derivedData/Build/Intermediates.noindex/AlertKit.build/Debug-watchos/AlertKit.build/Objects-normal/armv7k/AlertIcon.dia -target armv7k-apple-watchos6.0 -enable-objc-interop -sdk /Applications/Xcode-15.3.0.app/Contents/Developer/Platforms/WatchOS.platform/Developer/SDKs/WatchOS10.4.sdk -I /Users/admin/builder/spi-builder-workspace/.derivedData/Build/Products/Debug-watchos -I /Applications/Xcode-15.3.0.app/Contents/Developer/Platforms/WatchOS.platform/Developer/usr/lib -F /Users/admin/builder/spi-builder-workspace/.derivedData/Build/Products/Debug-watchos -F /Applications/Xcode-15.3.0.app/Contents/Developer/Platforms/WatchOS.platform/Developer/Library/Frameworks -F /Applications/Xcode-15.3.0.app/Contents/Developer/Platforms/WatchOS.platform/Developer/SDKs/WatchOS10.4.sdk/Developer/Library/Frameworks -no-color-diagnostics -enable-testing -g -module-cache-path /Users/admin/builder/spi-builder-workspace/.derivedData/ModuleCache.noindex -swift-version 5 -enforce-exclusivity\=checked -stats-output-dir /Users/admin/builder/spi-builder-workspace/.stats -Onone -D SWIFT_PACKAGE -D DEBUG -D ALERTKIT_SPM -serialize-debugging-options -package-name spi_builder_workspace -const-gather-protocols-file /Users/admin/builder/spi-builder-workspace/.derivedData/Build/Intermediates.noindex/AlertKit.build/Debug-watchos/AlertKit.build/Objects-normal/armv7k/AlertKit_const_extract_protocols.json -strict-concurrency\=complete -empty-abi-descriptor -validate-clang-modules-once -clang-build-session-file /Users/admin/builder/spi-builder-workspace/.derivedData/ModuleCache.noindex/Session.modulevalidation -Xcc -working-directory -Xcc /Users/admin/builder/spi-builder-workspace -resource-dir /Library/Developer/Toolchains/swift-6.0-DEVELOPMENT-SNAPSHOT-2024-05-26-a.xctoolchain/usr/lib/swift -enable-anonymous-context-mangled-names -Xcc -I/Users/admin/builder/spi-builder-workspace/.derivedData/Build/Intermediates.noindex/AlertKit.build/Debug-watchos/AlertKit.build/swift-overrides.hmap -Xcc -I/Users/admin/builder/spi-builder-workspace/.derivedData/Build/Products/Debug-watchos/include -Xcc -I/Users/admin/builder/spi-builder-workspace/.derivedData/Build/Intermediates.noindex/AlertKit.build/Debug-watchos/AlertKit.build/DerivedSources-normal/armv7k -Xcc -I/Users/admin/builder/spi-builder-workspace/.derivedData/Build/Intermediates.noindex/AlertKit.build/Debug-watchos/AlertKit.build/DerivedSources/armv7k -Xcc -I/Users/admin/builder/spi-builder-workspace/.derivedData/Build/Intermediates.noindex/AlertKit.build/Debug-watchos/AlertKit.build/DerivedSources -Xcc -DSWIFT_PACKAGE -Xcc -DDEBUG\=1 -module-name AlertKit -frontend-parseable-output -disable-clang-spi -target-sdk-version 10.4 -target-sdk-name watchos10.4 -external-plugin-path /Applications/Xcode-15.3.0.app/Contents/Developer/Platforms/WatchOS.platform/Developer/SDKs/WatchOS10.4.sdk/usr/lib/swift/host/plugins\#/Applications/Xcode-15.3.0.app/Contents/Developer/Platforms/WatchOS.platform/Developer/SDKs/WatchOS10.4.sdk/usr/bin/swift-plugin-server -external-plugin-path /Applications/Xcode-15.3.0.app/Contents/Developer/Platforms/WatchOS.platform/Developer/SDKs/WatchOS10.4.sdk/usr/local/lib/swift/host/plugins\#/Applications/Xcode-15.3.0.app/Contents/Developer/Platforms/WatchOS.platform/Developer/SDKs/WatchOS10.4.sdk/usr/bin/swift-plugin-server -external-plugin-path /Applications/Xcode-15.3.0.app/Contents/Developer/Platforms/WatchOS.platform/Developer/usr/lib/swift/host/plugins\#/Applications/Xcode-15.3.0.app/Contents/Developer/Platforms/WatchOS.platform/Developer/usr/bin/swift-plugin-server -external-plugin-path /Applications/Xcode-15.3.0.app/Contents/Developer/Platforms/WatchOS.platform/Developer/usr/local/lib/swift/host/plugins\#/Applications/Xcode-15.3.0.app/Contents/Developer/Platforms/WatchOS.platform/Developer/usr/bin/swift-plugin-server -plugin-path /Library/Developer/Toolchains/swift-6.0-DEVELOPMENT-SNAPSHOT-2024-05-26-a.xctoolchain/usr/lib/swift/host/plugins -plugin-path /Library/Developer/Toolchains/swift-6.0-DEVELOPMENT-SNAPSHOT-2024-05-26-a.xctoolchain/usr/local/lib/swift/host/plugins -o /Users/admin/builder/spi-builder-workspace/.derivedData/Build/Intermediates.noindex/AlertKit.build/Debug-watchos/AlertKit.build/Objects-normal/armv7k/AlertHaptic.o -o /Users/admin/builder/spi-builder-workspace/.derivedData/Build/Intermediates.noindex/AlertKit.build/Debug-watchos/AlertKit.build/Objects-normal/armv7k/AlertIcon.o -index-unit-output-path /AlertKit.build/Debug-watchos/AlertKit.build/Objects-normal/armv7k/AlertHaptic.o -index-unit-output-path /AlertKit.build/Debug-watchos/AlertKit.build/Objects-normal/armv7k/AlertIcon.o -index-store-path /Users/admin/builder/spi-builder-workspace/.derivedData/Index.noindex/DataStore -index-system-modules
SwiftCompile normal armv7k Compiling\ AlertAppleMusic16View.swift /Users/admin/builder/spi-builder-workspace/Sources/AlertKit/Views/AlertAppleMusic16View.swift (in target 'AlertKit' from project 'AlertKit')
    cd /Users/admin/builder/spi-builder-workspace
    builtin-swiftTaskExecution -- /Library/Developer/Toolchains/swift-6.0-DEVELOPMENT-SNAPSHOT-2024-05-26-a.xctoolchain/usr/bin/swift-frontend -frontend -c /Users/admin/builder/spi-builder-workspace/Sources/AlertKit/AlertHaptic.swift /Users/admin/builder/spi-builder-workspace/Sources/AlertKit/AlertIcon.swift /Users/admin/builder/spi-builder-workspace/Sources/AlertKit/AlertKitAPI.swift /Users/admin/builder/spi-builder-workspace/Sources/AlertKit/AlertViewStyle.swift /Users/admin/builder/spi-builder-workspace/Sources/AlertKit/Extensions/SwiftUIExtension.swift /Users/admin/builder/spi-builder-workspace/Sources/AlertKit/Extensions/UIFontExtension.swift /Users/admin/builder/spi-builder-workspace/Sources/AlertKit/Extensions/UILabelExtension.swift /Users/admin/builder/spi-builder-workspace/Sources/AlertKit/Icons/AlertIconDoneView.swift /Users/admin/builder/spi-builder-workspace/Sources/AlertKit/Icons/AlertIconErrorView.swift /Users/admin/builder/spi-builder-workspace/Sources/AlertKit/Icons/AlertIconHeartView.swift /Users/admin/builder/spi-builder-workspace/Sources/AlertKit/Icons/AlertSpinnerView.swift -primary-file /Users/admin/builder/spi-builder-workspace/Sources/AlertKit/Views/AlertAppleMusic16View.swift /Users/admin/builder/spi-builder-workspace/Sources/AlertKit/Views/AlertAppleMusic17View.swift /Users/admin/builder/spi-builder-workspace/Sources/AlertKit/Views/AlertViewInternalDismissProtocol.swift /Users/admin/builder/spi-builder-workspace/Sources/AlertKit/Views/AlertViewProtocol.swift -emit-dependencies-path /Users/admin/builder/spi-builder-workspace/.derivedData/Build/Intermediates.noindex/AlertKit.build/Debug-watchos/AlertKit.build/Objects-normal/armv7k/AlertAppleMusic16View.d -emit-const-values-path /Users/admin/builder/spi-builder-workspace/.derivedData/Build/Intermediates.noindex/AlertKit.build/Debug-watchos/AlertKit.build/Objects-normal/armv7k/AlertAppleMusic16View.swiftconstvalues -emit-reference-dependencies-path /Users/admin/builder/spi-builder-workspace/.derivedData/Build/Intermediates.noindex/AlertKit.build/Debug-watchos/AlertKit.build/Objects-normal/armv7k/AlertAppleMusic16View.swiftdeps -serialize-diagnostics-path /Users/admin/builder/spi-builder-workspace/.derivedData/Build/Intermediates.noindex/AlertKit.build/Debug-watchos/AlertKit.build/Objects-normal/armv7k/AlertAppleMusic16View.dia -target armv7k-apple-watchos6.0 -enable-objc-interop -sdk /Applications/Xcode-15.3.0.app/Contents/Developer/Platforms/WatchOS.platform/Developer/SDKs/WatchOS10.4.sdk -I /Users/admin/builder/spi-builder-workspace/.derivedData/Build/Products/Debug-watchos -I /Applications/Xcode-15.3.0.app/Contents/Developer/Platforms/WatchOS.platform/Developer/usr/lib -F /Users/admin/builder/spi-builder-workspace/.derivedData/Build/Products/Debug-watchos -F /Applications/Xcode-15.3.0.app/Contents/Developer/Platforms/WatchOS.platform/Developer/Library/Frameworks -F /Applications/Xcode-15.3.0.app/Contents/Developer/Platforms/WatchOS.platform/Developer/SDKs/WatchOS10.4.sdk/Developer/Library/Frameworks -no-color-diagnostics -enable-testing -g -module-cache-path /Users/admin/builder/spi-builder-workspace/.derivedData/ModuleCache.noindex -swift-version 5 -enforce-exclusivity\=checked -stats-output-dir /Users/admin/builder/spi-builder-workspace/.stats -Onone -D SWIFT_PACKAGE -D DEBUG -D ALERTKIT_SPM -serialize-debugging-options -package-name spi_builder_workspace -const-gather-protocols-file /Users/admin/builder/spi-builder-workspace/.derivedData/Build/Intermediates.noindex/AlertKit.build/Debug-watchos/AlertKit.build/Objects-normal/armv7k/AlertKit_const_extract_protocols.json -strict-concurrency\=complete -empty-abi-descriptor -validate-clang-modules-once -clang-build-session-file /Users/admin/builder/spi-builder-workspace/.derivedData/ModuleCache.noindex/Session.modulevalidation -Xcc -working-directory -Xcc /Users/admin/builder/spi-builder-workspace -resource-dir /Library/Developer/Toolchains/swift-6.0-DEVELOPMENT-SNAPSHOT-2024-05-26-a.xctoolchain/usr/lib/swift -enable-anonymous-context-mangled-names -Xcc -I/Users/admin/builder/spi-builder-workspace/.derivedData/Build/Intermediates.noindex/AlertKit.build/Debug-watchos/AlertKit.build/swift-overrides.hmap -Xcc -I/Users/admin/builder/spi-builder-workspace/.derivedData/Build/Products/Debug-watchos/include -Xcc -I/Users/admin/builder/spi-builder-workspace/.derivedData/Build/Intermediates.noindex/AlertKit.build/Debug-watchos/AlertKit.build/DerivedSources-normal/armv7k -Xcc -I/Users/admin/builder/spi-builder-workspace/.derivedData/Build/Intermediates.noindex/AlertKit.build/Debug-watchos/AlertKit.build/DerivedSources/armv7k -Xcc -I/Users/admin/builder/spi-builder-workspace/.derivedData/Build/Intermediates.noindex/AlertKit.build/Debug-watchos/AlertKit.build/DerivedSources -Xcc -DSWIFT_PACKAGE -Xcc -DDEBUG\=1 -module-name AlertKit -frontend-parseable-output -disable-clang-spi -target-sdk-version 10.4 -target-sdk-name watchos10.4 -external-plugin-path /Applications/Xcode-15.3.0.app/Contents/Developer/Platforms/WatchOS.platform/Developer/SDKs/WatchOS10.4.sdk/usr/lib/swift/host/plugins\#/Applications/Xcode-15.3.0.app/Contents/Developer/Platforms/WatchOS.platform/Developer/SDKs/WatchOS10.4.sdk/usr/bin/swift-plugin-server -external-plugin-path /Applications/Xcode-15.3.0.app/Contents/Developer/Platforms/WatchOS.platform/Developer/SDKs/WatchOS10.4.sdk/usr/local/lib/swift/host/plugins\#/Applications/Xcode-15.3.0.app/Contents/Developer/Platforms/WatchOS.platform/Developer/SDKs/WatchOS10.4.sdk/usr/bin/swift-plugin-server -external-plugin-path /Applications/Xcode-15.3.0.app/Contents/Developer/Platforms/WatchOS.platform/Developer/usr/lib/swift/host/plugins\#/Applications/Xcode-15.3.0.app/Contents/Developer/Platforms/WatchOS.platform/Developer/usr/bin/swift-plugin-server -external-plugin-path /Applications/Xcode-15.3.0.app/Contents/Developer/Platforms/WatchOS.platform/Developer/usr/local/lib/swift/host/plugins\#/Applications/Xcode-15.3.0.app/Contents/Developer/Platforms/WatchOS.platform/Developer/usr/bin/swift-plugin-server -plugin-path /Library/Developer/Toolchains/swift-6.0-DEVELOPMENT-SNAPSHOT-2024-05-26-a.xctoolchain/usr/lib/swift/host/plugins -plugin-path /Library/Developer/Toolchains/swift-6.0-DEVELOPMENT-SNAPSHOT-2024-05-26-a.xctoolchain/usr/local/lib/swift/host/plugins -o /Users/admin/builder/spi-builder-workspace/.derivedData/Build/Intermediates.noindex/AlertKit.build/Debug-watchos/AlertKit.build/Objects-normal/armv7k/AlertAppleMusic16View.o -index-unit-output-path /AlertKit.build/Debug-watchos/AlertKit.build/Objects-normal/armv7k/AlertAppleMusic16View.o -index-store-path /Users/admin/builder/spi-builder-workspace/.derivedData/Index.noindex/DataStore -index-system-modules
SwiftCompile normal armv7k /Users/admin/builder/spi-builder-workspace/Sources/AlertKit/Views/AlertAppleMusic16View.swift (in target 'AlertKit' from project 'AlertKit')
    cd /Users/admin/builder/spi-builder-workspace
    /Library/Developer/Toolchains/swift-6.0-DEVELOPMENT-SNAPSHOT-2024-05-26-a.xctoolchain/usr/bin/swift-frontend -c /Users/admin/builder/spi-builder-workspace/Sources/AlertKit/AlertHaptic.swift /Users/admin/builder/spi-builder-workspace/Sources/AlertKit/AlertIcon.swift /Users/admin/builder/spi-builder-workspace/Sources/AlertKit/AlertKitAPI.swift /Users/admin/builder/spi-builder-workspace/Sources/AlertKit/AlertViewStyle.swift /Users/admin/builder/spi-builder-workspace/Sources/AlertKit/Extensions/SwiftUIExtension.swift /Users/admin/builder/spi-builder-workspace/Sources/AlertKit/Extensions/UIFontExtension.swift /Users/admin/builder/spi-builder-workspace/Sources/AlertKit/Extensions/UILabelExtension.swift /Users/admin/builder/spi-builder-workspace/Sources/AlertKit/Icons/AlertIconDoneView.swift /Users/admin/builder/spi-builder-workspace/Sources/AlertKit/Icons/AlertIconErrorView.swift /Users/admin/builder/spi-builder-workspace/Sources/AlertKit/Icons/AlertIconHeartView.swift /Users/admin/builder/spi-builder-workspace/Sources/AlertKit/Icons/AlertSpinnerView.swift -primary-file /Users/admin/builder/spi-builder-workspace/Sources/AlertKit/Views/AlertAppleMusic16View.swift /Users/admin/builder/spi-builder-workspace/Sources/AlertKit/Views/AlertAppleMusic17View.swift /Users/admin/builder/spi-builder-workspace/Sources/AlertKit/Views/AlertViewInternalDismissProtocol.swift /Users/admin/builder/spi-builder-workspace/Sources/AlertKit/Views/AlertViewProtocol.swift -emit-dependencies-path /Users/admin/builder/spi-builder-workspace/.derivedData/Build/Intermediates.noindex/AlertKit.build/Debug-watchos/AlertKit.build/Objects-normal/armv7k/AlertAppleMusic16View.d -emit-const-values-path /Users/admin/builder/spi-builder-workspace/.derivedData/Build/Intermediates.noindex/AlertKit.build/Debug-watchos/AlertKit.build/Objects-normal/armv7k/AlertAppleMusic16View.swiftconstvalues -emit-reference-dependencies-path /Users/admin/builder/spi-builder-workspace/.derivedData/Build/Intermediates.noindex/AlertKit.build/Debug-watchos/AlertKit.build/Objects-normal/armv7k/AlertAppleMusic16View.swiftdeps -serialize-diagnostics-path /Users/admin/builder/spi-builder-workspace/.derivedData/Build/Intermediates.noindex/AlertKit.build/Debug-watchos/AlertKit.build/Objects-normal/armv7k/AlertAppleMusic16View.dia -target armv7k-apple-watchos6.0 -enable-objc-interop -sdk /Applications/Xcode-15.3.0.app/Contents/Developer/Platforms/WatchOS.platform/Developer/SDKs/WatchOS10.4.sdk -I /Users/admin/builder/spi-builder-workspace/.derivedData/Build/Products/Debug-watchos -I /Applications/Xcode-15.3.0.app/Contents/Developer/Platforms/WatchOS.platform/Developer/usr/lib -F /Users/admin/builder/spi-builder-workspace/.derivedData/Build/Products/Debug-watchos -F /Applications/Xcode-15.3.0.app/Contents/Developer/Platforms/WatchOS.platform/Developer/Library/Frameworks -F /Applications/Xcode-15.3.0.app/Contents/Developer/Platforms/WatchOS.platform/Developer/SDKs/WatchOS10.4.sdk/Developer/Library/Frameworks -no-color-diagnostics -enable-testing -g -module-cache-path /Users/admin/builder/spi-builder-workspace/.derivedData/ModuleCache.noindex -swift-version 5 -enforce-exclusivity\=checked -stats-output-dir /Users/admin/builder/spi-builder-workspace/.stats -Onone -D SWIFT_PACKAGE -D DEBUG -D ALERTKIT_SPM -serialize-debugging-options -package-name spi_builder_workspace -const-gather-protocols-file /Users/admin/builder/spi-builder-workspace/.derivedData/Build/Intermediates.noindex/AlertKit.build/Debug-watchos/AlertKit.build/Objects-normal/armv7k/AlertKit_const_extract_protocols.json -strict-concurrency\=complete -empty-abi-descriptor -validate-clang-modules-once -clang-build-session-file /Users/admin/builder/spi-builder-workspace/.derivedData/ModuleCache.noindex/Session.modulevalidation -Xcc -working-directory -Xcc /Users/admin/builder/spi-builder-workspace -resource-dir /Library/Developer/Toolchains/swift-6.0-DEVELOPMENT-SNAPSHOT-2024-05-26-a.xctoolchain/usr/lib/swift -enable-anonymous-context-mangled-names -Xcc -I/Users/admin/builder/spi-builder-workspace/.derivedData/Build/Intermediates.noindex/AlertKit.build/Debug-watchos/AlertKit.build/swift-overrides.hmap -Xcc -I/Users/admin/builder/spi-builder-workspace/.derivedData/Build/Products/Debug-watchos/include -Xcc -I/Users/admin/builder/spi-builder-workspace/.derivedData/Build/Intermediates.noindex/AlertKit.build/Debug-watchos/AlertKit.build/DerivedSources-normal/armv7k -Xcc -I/Users/admin/builder/spi-builder-workspace/.derivedData/Build/Intermediates.noindex/AlertKit.build/Debug-watchos/AlertKit.build/DerivedSources/armv7k -Xcc -I/Users/admin/builder/spi-builder-workspace/.derivedData/Build/Intermediates.noindex/AlertKit.build/Debug-watchos/AlertKit.build/DerivedSources -Xcc -DSWIFT_PACKAGE -Xcc -DDEBUG\=1 -module-name AlertKit -frontend-parseable-output -disable-clang-spi -target-sdk-version 10.4 -target-sdk-name watchos10.4 -external-plugin-path /Applications/Xcode-15.3.0.app/Contents/Developer/Platforms/WatchOS.platform/Developer/SDKs/WatchOS10.4.sdk/usr/lib/swift/host/plugins\#/Applications/Xcode-15.3.0.app/Contents/Developer/Platforms/WatchOS.platform/Developer/SDKs/WatchOS10.4.sdk/usr/bin/swift-plugin-server -external-plugin-path /Applications/Xcode-15.3.0.app/Contents/Developer/Platforms/WatchOS.platform/Developer/SDKs/WatchOS10.4.sdk/usr/local/lib/swift/host/plugins\#/Applications/Xcode-15.3.0.app/Contents/Developer/Platforms/WatchOS.platform/Developer/SDKs/WatchOS10.4.sdk/usr/bin/swift-plugin-server -external-plugin-path /Applications/Xcode-15.3.0.app/Contents/Developer/Platforms/WatchOS.platform/Developer/usr/lib/swift/host/plugins\#/Applications/Xcode-15.3.0.app/Contents/Developer/Platforms/WatchOS.platform/Developer/usr/bin/swift-plugin-server -external-plugin-path /Applications/Xcode-15.3.0.app/Contents/Developer/Platforms/WatchOS.platform/Developer/usr/local/lib/swift/host/plugins\#/Applications/Xcode-15.3.0.app/Contents/Developer/Platforms/WatchOS.platform/Developer/usr/bin/swift-plugin-server -plugin-path /Library/Developer/Toolchains/swift-6.0-DEVELOPMENT-SNAPSHOT-2024-05-26-a.xctoolchain/usr/lib/swift/host/plugins -plugin-path /Library/Developer/Toolchains/swift-6.0-DEVELOPMENT-SNAPSHOT-2024-05-26-a.xctoolchain/usr/local/lib/swift/host/plugins -o /Users/admin/builder/spi-builder-workspace/.derivedData/Build/Intermediates.noindex/AlertKit.build/Debug-watchos/AlertKit.build/Objects-normal/armv7k/AlertAppleMusic16View.o -index-unit-output-path /AlertKit.build/Debug-watchos/AlertKit.build/Objects-normal/armv7k/AlertAppleMusic16View.o -index-store-path /Users/admin/builder/spi-builder-workspace/.derivedData/Index.noindex/DataStore -index-system-modules
SwiftCompile normal arm64_32 Compiling\ AlertKitAPI.swift,\ AlertViewStyle.swift /Users/admin/builder/spi-builder-workspace/Sources/AlertKit/AlertKitAPI.swift /Users/admin/builder/spi-builder-workspace/Sources/AlertKit/AlertViewStyle.swift (in target 'AlertKit' from project 'AlertKit')
    cd /Users/admin/builder/spi-builder-workspace
    builtin-swiftTaskExecution -- /Library/Developer/Toolchains/swift-6.0-DEVELOPMENT-SNAPSHOT-2024-05-26-a.xctoolchain/usr/bin/swift-frontend -frontend -c /Users/admin/builder/spi-builder-workspace/Sources/AlertKit/AlertHaptic.swift /Users/admin/builder/spi-builder-workspace/Sources/AlertKit/AlertIcon.swift -primary-file /Users/admin/builder/spi-builder-workspace/Sources/AlertKit/AlertKitAPI.swift -primary-file /Users/admin/builder/spi-builder-workspace/Sources/AlertKit/AlertViewStyle.swift /Users/admin/builder/spi-builder-workspace/Sources/AlertKit/Extensions/SwiftUIExtension.swift /Users/admin/builder/spi-builder-workspace/Sources/AlertKit/Extensions/UIFontExtension.swift /Users/admin/builder/spi-builder-workspace/Sources/AlertKit/Extensions/UILabelExtension.swift /Users/admin/builder/spi-builder-workspace/Sources/AlertKit/Icons/AlertIconDoneView.swift /Users/admin/builder/spi-builder-workspace/Sources/AlertKit/Icons/AlertIconErrorView.swift /Users/admin/builder/spi-builder-workspace/Sources/AlertKit/Icons/AlertIconHeartView.swift /Users/admin/builder/spi-builder-workspace/Sources/AlertKit/Icons/AlertSpinnerView.swift /Users/admin/builder/spi-builder-workspace/Sources/AlertKit/Views/AlertAppleMusic16View.swift /Users/admin/builder/spi-builder-workspace/Sources/AlertKit/Views/AlertAppleMusic17View.swift /Users/admin/builder/spi-builder-workspace/Sources/AlertKit/Views/AlertViewInternalDismissProtocol.swift /Users/admin/builder/spi-builder-workspace/Sources/AlertKit/Views/AlertViewProtocol.swift -emit-dependencies-path /Users/admin/builder/spi-builder-workspace/.derivedData/Build/Intermediates.noindex/AlertKit.build/Debug-watchos/AlertKit.build/Objects-normal/arm64_32/AlertKitAPI.d -emit-const-values-path /Users/admin/builder/spi-builder-workspace/.derivedData/Build/Intermediates.noindex/AlertKit.build/Debug-watchos/AlertKit.build/Objects-normal/arm64_32/AlertKitAPI.swiftconstvalues -emit-reference-dependencies-path /Users/admin/builder/spi-builder-workspace/.derivedData/Build/Intermediates.noindex/AlertKit.build/Debug-watchos/AlertKit.build/Objects-normal/arm64_32/AlertKitAPI.swiftdeps -serialize-diagnostics-path /Users/admin/builder/spi-builder-workspace/.derivedData/Build/Intermediates.noindex/AlertKit.build/Debug-watchos/AlertKit.build/Objects-normal/arm64_32/AlertKitAPI.dia -emit-dependencies-path /Users/admin/builder/spi-builder-workspace/.derivedData/Build/Intermediates.noindex/AlertKit.build/Debug-watchos/AlertKit.build/Objects-normal/arm64_32/AlertViewStyle.d -emit-const-values-path /Users/admin/builder/spi-builder-workspace/.derivedData/Build/Intermediates.noindex/AlertKit.build/Debug-watchos/AlertKit.build/Objects-normal/arm64_32/AlertViewStyle.swiftconstvalues -emit-reference-dependencies-path /Users/admin/builder/spi-builder-workspace/.derivedData/Build/Intermediates.noindex/AlertKit.build/Debug-watchos/AlertKit.build/Objects-normal/arm64_32/AlertViewStyle.swiftdeps -serialize-diagnostics-path /Users/admin/builder/spi-builder-workspace/.derivedData/Build/Intermediates.noindex/AlertKit.build/Debug-watchos/AlertKit.build/Objects-normal/arm64_32/AlertViewStyle.dia -target arm64_32-apple-watchos6.0 -enable-objc-interop -sdk /Applications/Xcode-15.3.0.app/Contents/Developer/Platforms/WatchOS.platform/Developer/SDKs/WatchOS10.4.sdk -I /Users/admin/builder/spi-builder-workspace/.derivedData/Build/Products/Debug-watchos -I /Applications/Xcode-15.3.0.app/Contents/Developer/Platforms/WatchOS.platform/Developer/usr/lib -F /Users/admin/builder/spi-builder-workspace/.derivedData/Build/Products/Debug-watchos -F /Applications/Xcode-15.3.0.app/Contents/Developer/Platforms/WatchOS.platform/Developer/Library/Frameworks -F /Applications/Xcode-15.3.0.app/Contents/Developer/Platforms/WatchOS.platform/Developer/SDKs/WatchOS10.4.sdk/Developer/Library/Frameworks -no-color-diagnostics -enable-testing -g -module-cache-path /Users/admin/builder/spi-builder-workspace/.derivedData/ModuleCache.noindex -swift-version 5 -enforce-exclusivity\=checked -stats-output-dir /Users/admin/builder/spi-builder-workspace/.stats -Onone -D SWIFT_PACKAGE -D DEBUG -D ALERTKIT_SPM -serialize-debugging-options -package-name spi_builder_workspace -const-gather-protocols-file /Users/admin/builder/spi-builder-workspace/.derivedData/Build/Intermediates.noindex/AlertKit.build/Debug-watchos/AlertKit.build/Objects-normal/arm64_32/AlertKit_const_extract_protocols.json -strict-concurrency\=complete -empty-abi-descriptor -validate-clang-modules-once -clang-build-session-file /Users/admin/builder/spi-builder-workspace/.derivedData/ModuleCache.noindex/Session.modulevalidation -Xcc -working-directory -Xcc /Users/admin/builder/spi-builder-workspace -resource-dir /Library/Developer/Toolchains/swift-6.0-DEVELOPMENT-SNAPSHOT-2024-05-26-a.xctoolchain/usr/lib/swift -enable-anonymous-context-mangled-names -Xcc -I/Users/admin/builder/spi-builder-workspace/.derivedData/Build/Intermediates.noindex/AlertKit.build/Debug-watchos/AlertKit.build/swift-overrides.hmap -Xcc -I/Users/admin/builder/spi-builder-workspace/.derivedData/Build/Products/Debug-watchos/include -Xcc -I/Users/admin/builder/spi-builder-workspace/.derivedData/Build/Intermediates.noindex/AlertKit.build/Debug-watchos/AlertKit.build/DerivedSources-normal/arm64_32 -Xcc -I/Users/admin/builder/spi-builder-workspace/.derivedData/Build/Intermediates.noindex/AlertKit.build/Debug-watchos/AlertKit.build/DerivedSources/arm64_32 -Xcc -I/Users/admin/builder/spi-builder-workspace/.derivedData/Build/Intermediates.noindex/AlertKit.build/Debug-watchos/AlertKit.build/DerivedSources -Xcc -DSWIFT_PACKAGE -Xcc -DDEBUG\=1 -module-name AlertKit -frontend-parseable-output -disable-clang-spi -target-sdk-version 10.4 -target-sdk-name watchos10.4 -external-plugin-path /Applications/Xcode-15.3.0.app/Contents/Developer/Platforms/WatchOS.platform/Developer/SDKs/WatchOS10.4.sdk/usr/lib/swift/host/plugins\#/Applications/Xcode-15.3.0.app/Contents/Developer/Platforms/WatchOS.platform/Developer/SDKs/WatchOS10.4.sdk/usr/bin/swift-plugin-server -external-plugin-path /Applications/Xcode-15.3.0.app/Contents/Developer/Platforms/WatchOS.platform/Developer/SDKs/WatchOS10.4.sdk/usr/local/lib/swift/host/plugins\#/Applications/Xcode-15.3.0.app/Contents/Developer/Platforms/WatchOS.platform/Developer/SDKs/WatchOS10.4.sdk/usr/bin/swift-plugin-server -external-plugin-path /Applications/Xcode-15.3.0.app/Contents/Developer/Platforms/WatchOS.platform/Developer/usr/lib/swift/host/plugins\#/Applications/Xcode-15.3.0.app/Contents/Developer/Platforms/WatchOS.platform/Developer/usr/bin/swift-plugin-server -external-plugin-path /Applications/Xcode-15.3.0.app/Contents/Developer/Platforms/WatchOS.platform/Developer/usr/local/lib/swift/host/plugins\#/Applications/Xcode-15.3.0.app/Contents/Developer/Platforms/WatchOS.platform/Developer/usr/bin/swift-plugin-server -plugin-path /Library/Developer/Toolchains/swift-6.0-DEVELOPMENT-SNAPSHOT-2024-05-26-a.xctoolchain/usr/lib/swift/host/plugins -plugin-path /Library/Developer/Toolchains/swift-6.0-DEVELOPMENT-SNAPSHOT-2024-05-26-a.xctoolchain/usr/local/lib/swift/host/plugins -o /Users/admin/builder/spi-builder-workspace/.derivedData/Build/Intermediates.noindex/AlertKit.build/Debug-watchos/AlertKit.build/Objects-normal/arm64_32/AlertKitAPI.o -o /Users/admin/builder/spi-builder-workspace/.derivedData/Build/Intermediates.noindex/AlertKit.build/Debug-watchos/AlertKit.build/Objects-normal/arm64_32/AlertViewStyle.o -index-unit-output-path /AlertKit.build/Debug-watchos/AlertKit.build/Objects-normal/arm64_32/AlertKitAPI.o -index-unit-output-path /AlertKit.build/Debug-watchos/AlertKit.build/Objects-normal/arm64_32/AlertViewStyle.o -index-store-path /Users/admin/builder/spi-builder-workspace/.derivedData/Index.noindex/DataStore -index-system-modules
note: Using global toolchain override 'Swift 6.0 Development Snapshot 2024-05-26 (a)'. (in target 'AlertKit' from project 'AlertKit')
** BUILD FAILED **
The following build commands failed:
	SwiftEmitModule normal arm64_32 Emitting\ module\ for\ AlertKit (in target 'AlertKit' from project 'AlertKit')
	SwiftCompile normal arm64_32 Compiling\ AlertIconErrorView.swift,\ AlertIconHeartView.swift /Users/admin/builder/spi-builder-workspace/Sources/AlertKit/Icons/AlertIconErrorView.swift /Users/admin/builder/spi-builder-workspace/Sources/AlertKit/Icons/AlertIconHeartView.swift (in target 'AlertKit' from project 'AlertKit')
	SwiftCompile normal arm64_32 /Users/admin/builder/spi-builder-workspace/Sources/AlertKit/Icons/AlertIconErrorView.swift (in target 'AlertKit' from project 'AlertKit')
	SwiftCompile normal arm64_32 /Users/admin/builder/spi-builder-workspace/Sources/AlertKit/Icons/AlertIconHeartView.swift (in target 'AlertKit' from project 'AlertKit')
(4 failures)
BUILD FAILURE 6.0 watchOS
This is a staging environment. For live and up-to-date package information, visit swiftpackageindex.com.