This is a staging environment. For live and up-to-date package information, visit swiftpackageindex.com.

The Swift Package Index logo.Swift Package Index

Track the adoption of Swift 6 strict concurrency checks for data race safety. How many packages are Ready for Swift 6?

Build Information

Failed to build Validate with Swift 5.8 for macOS (Xcode) using Xcode 14.3.

Build Command

env DEVELOPER_DIR=/Applications/Xcode-14.3.1.app xcrun xcodebuild -IDEClonedSourcePackagesDirPathOverride=$PWD/checkout/.dependencies -derivedDataPath $PWD/checkout/.derivedData build -scheme Validate -destination platform=macos,arch=arm64

Build Log

========================================
RunAll
========================================
Builder version: 4.25.3
Interrupt handler set up.
========================================
Checkout
========================================
Clone URL: https://github.com/reddavis/Validate.git
Reference: main
Initialized empty Git repository in /Users/admin/builds/vMd7uqzK/1/finestructure/swiftpackageindex-builder/spi-builder-workspace/.git/
From https://github.com/reddavis/Validate
 * branch            main       -> FETCH_HEAD
 * [new branch]      main       -> origin/main
HEAD is now at d048535 Add couple cleaner initializers if not being used as a property wrapper
Cloned https://github.com/reddavis/Validate.git
Revision (git rev-parse @):
d04853538f2261d02c2b7cc30255d4608111cc95
SUCCESS checkout https://github.com/reddavis/Validate.git at main
========================================
Build
========================================
Selected platform:         macosXcodebuild
Swift version:             5.8
Building package at path:  $PWD/checkout
Command line invocation:
    /Applications/Xcode-14.3.1.app/Contents/Developer/usr/bin/xcodebuild -IDEClonedSourcePackagesDirPathOverride=/Users/admin/builds/vMd7uqzK/1/finestructure/swiftpackageindex-builder/spi-builder-workspace/.dependencies -resolvePackageDependencies
User defaults from command line:
    IDEClonedSourcePackagesDirPathOverride = /Users/admin/builds/vMd7uqzK/1/finestructure/swiftpackageindex-builder/spi-builder-workspace/.dependencies
    IDEPackageSupportUseBuiltinSCM = YES
resolved source packages:
2023-11-08 19:48:49.262 xcodebuild[60530:42089357] DVTCoreDeviceEnabledState: DVTCoreDeviceEnabledState_Disabled set via user default (DVTEnableCoreDevice=disabled)
{
  "project" : {
    "configurations" : [
      "Debug",
      "Release"
    ],
    "name" : "Validate",
    "schemes" : [
      "ExampleApp",
      "Validate"
    ],
    "targets" : [
      "Validate",
      "ValidateTests",
      "ExampleApp"
    ]
  }
}
2023-11-08 19:48:49.865 xcodebuild[60532:42089427] DVTCoreDeviceEnabledState: DVTCoreDeviceEnabledState_Disabled set via user default (DVTEnableCoreDevice=disabled)
{
  "workspace" : {
    "name" : "spi-builder-workspace",
    "schemes" : [
      "Validate"
    ]
  }
}
2023-11-08 19:48:50.477 xcodebuild[60536:42089485] DVTCoreDeviceEnabledState: DVTCoreDeviceEnabledState_Disabled set via user default (DVTEnableCoreDevice=disabled)
Running build ...
env DEVELOPER_DIR=/Applications/Xcode-14.3.1.app xcrun xcodebuild -IDEClonedSourcePackagesDirPathOverride=$PWD/checkout/.dependencies -derivedDataPath $PWD/checkout/.derivedData build -scheme Validate -destination platform=macos,arch=arm64
Command line invocation:
    /Applications/Xcode-14.3.1.app/Contents/Developer/usr/bin/xcodebuild -IDEClonedSourcePackagesDirPathOverride=/Users/admin/builds/vMd7uqzK/1/finestructure/swiftpackageindex-builder/spi-builder-workspace/.dependencies -derivedDataPath /Users/admin/builds/vMd7uqzK/1/finestructure/swiftpackageindex-builder/spi-builder-workspace/.derivedData build -scheme Validate -destination platform=macos,arch=arm64
User defaults from command line:
    IDEClonedSourcePackagesDirPathOverride = /Users/admin/builds/vMd7uqzK/1/finestructure/swiftpackageindex-builder/spi-builder-workspace/.dependencies
    IDEDerivedDataPathOverride = /Users/admin/builds/vMd7uqzK/1/finestructure/swiftpackageindex-builder/spi-builder-workspace/.derivedData
    IDEPackageSupportUseBuiltinSCM = YES
Resolve Package Graph
Resolved source packages:
  Validate: /Users/admin/builds/vMd7uqzK/1/finestructure/swiftpackageindex-builder/spi-builder-workspace
Prepare packages
Computing target dependency graph and provisioning inputs
Create build description
Build description signature: 3219c61bf14ed909dba343fa537f8910
Build description path: /Users/admin/builds/vMd7uqzK/1/finestructure/swiftpackageindex-builder/spi-builder-workspace/.derivedData/Build/Intermediates.noindex/XCBuildData/3219c61bf14ed909dba343fa537f8910.xcbuilddata
note: Building targets in dependency order
CreateBuildDirectory /Users/admin/builds/vMd7uqzK/1/finestructure/swiftpackageindex-builder/spi-builder-workspace/.derivedData/Build/Intermediates.noindex
    cd /Users/admin/builds/vMd7uqzK/1/finestructure/swiftpackageindex-builder/spi-builder-workspace/.swiftpm/xcode
    builtin-create-build-directory /Users/admin/builds/vMd7uqzK/1/finestructure/swiftpackageindex-builder/spi-builder-workspace/.derivedData/Build/Intermediates.noindex
CreateBuildDirectory /Users/admin/builds/vMd7uqzK/1/finestructure/swiftpackageindex-builder/spi-builder-workspace/.derivedData/Build/Products
    cd /Users/admin/builds/vMd7uqzK/1/finestructure/swiftpackageindex-builder/spi-builder-workspace/.swiftpm/xcode
    builtin-create-build-directory /Users/admin/builds/vMd7uqzK/1/finestructure/swiftpackageindex-builder/spi-builder-workspace/.derivedData/Build/Products
ClangStatCache /Applications/Xcode-14.3.1.app/Contents/Developer/Toolchains/XcodeDefault.xctoolchain/usr/bin/clang-stat-cache /Applications/Xcode-14.3.1.app/Contents/Developer/Platforms/MacOSX.platform/Developer/SDKs/MacOSX13.3.sdk /Users/admin/builds/vMd7uqzK/1/finestructure/swiftpackageindex-builder/spi-builder-workspace/.derivedData/SDKStatCaches.noindex/macosx13.3-22E245-.sdkstatcache
    cd /Users/admin/builds/vMd7uqzK/1/finestructure/swiftpackageindex-builder/spi-builder-workspace/.swiftpm/xcode
    /Applications/Xcode-14.3.1.app/Contents/Developer/Toolchains/XcodeDefault.xctoolchain/usr/bin/clang-stat-cache /Applications/Xcode-14.3.1.app/Contents/Developer/Platforms/MacOSX.platform/Developer/SDKs/MacOSX13.3.sdk -o /Users/admin/builds/vMd7uqzK/1/finestructure/swiftpackageindex-builder/spi-builder-workspace/.derivedData/SDKStatCaches.noindex/macosx13.3-22E245-.sdkstatcache
CreateBuildDirectory /Users/admin/builds/vMd7uqzK/1/finestructure/swiftpackageindex-builder/spi-builder-workspace/.derivedData/Build/Products/Debug
    cd /Users/admin/builds/vMd7uqzK/1/finestructure/swiftpackageindex-builder/spi-builder-workspace/.swiftpm/xcode
    builtin-create-build-directory /Users/admin/builds/vMd7uqzK/1/finestructure/swiftpackageindex-builder/spi-builder-workspace/.derivedData/Build/Products/Debug
CreateBuildDirectory /Users/admin/builds/vMd7uqzK/1/finestructure/swiftpackageindex-builder/spi-builder-workspace/.derivedData/Build/Intermediates.noindex/EagerLinkingTBDs/Debug
    cd /Users/admin/builds/vMd7uqzK/1/finestructure/swiftpackageindex-builder/spi-builder-workspace/.swiftpm/xcode
    builtin-create-build-directory /Users/admin/builds/vMd7uqzK/1/finestructure/swiftpackageindex-builder/spi-builder-workspace/.derivedData/Build/Intermediates.noindex/EagerLinkingTBDs/Debug
CreateBuildDirectory /Users/admin/builds/vMd7uqzK/1/finestructure/swiftpackageindex-builder/spi-builder-workspace/.derivedData/Build/Products/Debug/PackageFrameworks
    cd /Users/admin/builds/vMd7uqzK/1/finestructure/swiftpackageindex-builder/spi-builder-workspace/.swiftpm/xcode
    builtin-create-build-directory /Users/admin/builds/vMd7uqzK/1/finestructure/swiftpackageindex-builder/spi-builder-workspace/.derivedData/Build/Products/Debug/PackageFrameworks
MkDir /Users/admin/builds/vMd7uqzK/1/finestructure/swiftpackageindex-builder/spi-builder-workspace/.derivedData/Build/Products/Debug/ValidateTests.xctest (in target 'ValidateTests' from project 'Validate')
    cd /Users/admin/builds/vMd7uqzK/1/finestructure/swiftpackageindex-builder/spi-builder-workspace
    /bin/mkdir -p /Users/admin/builds/vMd7uqzK/1/finestructure/swiftpackageindex-builder/spi-builder-workspace/.derivedData/Build/Products/Debug/ValidateTests.xctest
MkDir /Users/admin/builds/vMd7uqzK/1/finestructure/swiftpackageindex-builder/spi-builder-workspace/.derivedData/Build/Products/Debug/ValidateTests.xctest/Contents (in target 'ValidateTests' from project 'Validate')
    cd /Users/admin/builds/vMd7uqzK/1/finestructure/swiftpackageindex-builder/spi-builder-workspace
    /bin/mkdir -p /Users/admin/builds/vMd7uqzK/1/finestructure/swiftpackageindex-builder/spi-builder-workspace/.derivedData/Build/Products/Debug/ValidateTests.xctest/Contents
MkDir /Users/admin/builds/vMd7uqzK/1/finestructure/swiftpackageindex-builder/spi-builder-workspace/.derivedData/Build/Products/Debug/ValidateTests.xctest/Contents/MacOS (in target 'ValidateTests' from project 'Validate')
    cd /Users/admin/builds/vMd7uqzK/1/finestructure/swiftpackageindex-builder/spi-builder-workspace
    /bin/mkdir -p /Users/admin/builds/vMd7uqzK/1/finestructure/swiftpackageindex-builder/spi-builder-workspace/.derivedData/Build/Products/Debug/ValidateTests.xctest/Contents/MacOS
WriteAuxiliaryFile /Users/admin/builds/vMd7uqzK/1/finestructure/swiftpackageindex-builder/spi-builder-workspace/.derivedData/Build/Intermediates.noindex/Validate.build/Debug/Validate.build/Validate.modulemap (in target 'Validate' from project 'Validate')
    cd /Users/admin/builds/vMd7uqzK/1/finestructure/swiftpackageindex-builder/spi-builder-workspace
    write-file /Users/admin/builds/vMd7uqzK/1/finestructure/swiftpackageindex-builder/spi-builder-workspace/.derivedData/Build/Intermediates.noindex/Validate.build/Debug/Validate.build/Validate.modulemap
Copy /Users/admin/builds/vMd7uqzK/1/finestructure/swiftpackageindex-builder/spi-builder-workspace/.derivedData/Build/Intermediates.noindex/GeneratedModuleMaps/Validate.modulemap /Users/admin/builds/vMd7uqzK/1/finestructure/swiftpackageindex-builder/spi-builder-workspace/.derivedData/Build/Intermediates.noindex/Validate.build/Debug/Validate.build/Validate.modulemap (in target 'Validate' from project 'Validate')
    cd /Users/admin/builds/vMd7uqzK/1/finestructure/swiftpackageindex-builder/spi-builder-workspace
    builtin-copy -exclude .DS_Store -exclude CVS -exclude .svn -exclude .git -exclude .hg -resolve-src-symlinks /Users/admin/builds/vMd7uqzK/1/finestructure/swiftpackageindex-builder/spi-builder-workspace/.derivedData/Build/Intermediates.noindex/Validate.build/Debug/Validate.build/Validate.modulemap /Users/admin/builds/vMd7uqzK/1/finestructure/swiftpackageindex-builder/spi-builder-workspace/.derivedData/Build/Intermediates.noindex/GeneratedModuleMaps
WriteAuxiliaryFile /Users/admin/builds/vMd7uqzK/1/finestructure/swiftpackageindex-builder/spi-builder-workspace/.derivedData/Build/Intermediates.noindex/Validate.build/Debug/Validate.build/Objects-normal/arm64/Validate.SwiftFileList (in target 'Validate' from project 'Validate')
    cd /Users/admin/builds/vMd7uqzK/1/finestructure/swiftpackageindex-builder/spi-builder-workspace
    write-file /Users/admin/builds/vMd7uqzK/1/finestructure/swiftpackageindex-builder/spi-builder-workspace/.derivedData/Build/Intermediates.noindex/Validate.build/Debug/Validate.build/Objects-normal/arm64/Validate.SwiftFileList
WriteAuxiliaryFile /Users/admin/builds/vMd7uqzK/1/finestructure/swiftpackageindex-builder/spi-builder-workspace/.derivedData/Build/Intermediates.noindex/Validate.build/Debug/Validate.build/Objects-normal/arm64/Validate.LinkFileList (in target 'Validate' from project 'Validate')
    cd /Users/admin/builds/vMd7uqzK/1/finestructure/swiftpackageindex-builder/spi-builder-workspace
    write-file /Users/admin/builds/vMd7uqzK/1/finestructure/swiftpackageindex-builder/spi-builder-workspace/.derivedData/Build/Intermediates.noindex/Validate.build/Debug/Validate.build/Objects-normal/arm64/Validate.LinkFileList
WriteAuxiliaryFile /Users/admin/builds/vMd7uqzK/1/finestructure/swiftpackageindex-builder/spi-builder-workspace/.derivedData/Build/Intermediates.noindex/Validate.build/Debug/Validate.build/Objects-normal/arm64/Validate-OutputFileMap.json (in target 'Validate' from project 'Validate')
    cd /Users/admin/builds/vMd7uqzK/1/finestructure/swiftpackageindex-builder/spi-builder-workspace
    write-file /Users/admin/builds/vMd7uqzK/1/finestructure/swiftpackageindex-builder/spi-builder-workspace/.derivedData/Build/Intermediates.noindex/Validate.build/Debug/Validate.build/Objects-normal/arm64/Validate-OutputFileMap.json
SwiftDriver Validate normal arm64 com.apple.xcode.tools.swift.compiler (in target 'Validate' from project 'Validate')
    cd /Users/admin/builds/vMd7uqzK/1/finestructure/swiftpackageindex-builder/spi-builder-workspace
    builtin-SwiftDriver -- /Applications/Xcode-14.3.1.app/Contents/Developer/Toolchains/XcodeDefault.xctoolchain/usr/bin/swiftc -module-name Validate -Onone -enforce-exclusivity\=checked @/Users/admin/builds/vMd7uqzK/1/finestructure/swiftpackageindex-builder/spi-builder-workspace/.derivedData/Build/Intermediates.noindex/Validate.build/Debug/Validate.build/Objects-normal/arm64/Validate.SwiftFileList -DSWIFT_PACKAGE -DDEBUG -DXcode -sdk /Applications/Xcode-14.3.1.app/Contents/Developer/Platforms/MacOSX.platform/Developer/SDKs/MacOSX13.3.sdk -target arm64-apple-macos10.13 -g -module-cache-path /Users/admin/builds/vMd7uqzK/1/finestructure/swiftpackageindex-builder/spi-builder-workspace/.derivedData/ModuleCache.noindex -Xfrontend -serialize-debugging-options -enable-testing -index-store-path /Users/admin/builds/vMd7uqzK/1/finestructure/swiftpackageindex-builder/spi-builder-workspace/.derivedData/Index.noindex/DataStore -swift-version 5 -I /Users/admin/builds/vMd7uqzK/1/finestructure/swiftpackageindex-builder/spi-builder-workspace/.derivedData/Build/Products/Debug -I /Applications/Xcode-14.3.1.app/Contents/Developer/Platforms/MacOSX.platform/Developer/usr/lib -F /Users/admin/builds/vMd7uqzK/1/finestructure/swiftpackageindex-builder/spi-builder-workspace/.derivedData/Build/Products/Debug -F /Applications/Xcode-14.3.1.app/Contents/Developer/Platforms/MacOSX.platform/Developer/Library/Frameworks -c -j4 -enable-batch-mode -incremental -Xcc -ivfsstatcache -Xcc /Users/admin/builds/vMd7uqzK/1/finestructure/swiftpackageindex-builder/spi-builder-workspace/.derivedData/SDKStatCaches.noindex/macosx13.3-22E245-.sdkstatcache -output-file-map /Users/admin/builds/vMd7uqzK/1/finestructure/swiftpackageindex-builder/spi-builder-workspace/.derivedData/Build/Intermediates.noindex/Validate.build/Debug/Validate.build/Objects-normal/arm64/Validate-OutputFileMap.json -use-frontend-parseable-output -save-temps -no-color-diagnostics -serialize-diagnostics -emit-dependencies -emit-module -emit-module-path /Users/admin/builds/vMd7uqzK/1/finestructure/swiftpackageindex-builder/spi-builder-workspace/.derivedData/Build/Intermediates.noindex/Validate.build/Debug/Validate.build/Objects-normal/arm64/Validate.swiftmodule -Xcc -I/Users/admin/builds/vMd7uqzK/1/finestructure/swiftpackageindex-builder/spi-builder-workspace/.derivedData/Build/Intermediates.noindex/Validate.build/Debug/Validate.build/swift-overrides.hmap -Xcc -I/Users/admin/builds/vMd7uqzK/1/finestructure/swiftpackageindex-builder/spi-builder-workspace/.derivedData/Build/Products/Debug/include -Xcc -I/Users/admin/builds/vMd7uqzK/1/finestructure/swiftpackageindex-builder/spi-builder-workspace/.derivedData/Build/Intermediates.noindex/Validate.build/Debug/Validate.build/DerivedSources-normal/arm64 -Xcc -I/Users/admin/builds/vMd7uqzK/1/finestructure/swiftpackageindex-builder/spi-builder-workspace/.derivedData/Build/Intermediates.noindex/Validate.build/Debug/Validate.build/DerivedSources/arm64 -Xcc -I/Users/admin/builds/vMd7uqzK/1/finestructure/swiftpackageindex-builder/spi-builder-workspace/.derivedData/Build/Intermediates.noindex/Validate.build/Debug/Validate.build/DerivedSources -Xcc -DSWIFT_PACKAGE -Xcc -DDEBUG\=1 -emit-objc-header -emit-objc-header-path /Users/admin/builds/vMd7uqzK/1/finestructure/swiftpackageindex-builder/spi-builder-workspace/.derivedData/Build/Intermediates.noindex/Validate.build/Debug/Validate.build/Objects-normal/arm64/Validate-Swift.h -working-directory /Users/admin/builds/vMd7uqzK/1/finestructure/swiftpackageindex-builder/spi-builder-workspace -experimental-emit-module-separately -disable-cmo
SwiftEmitModule normal arm64 Emitting\ module\ for\ Validate (in target 'Validate' from project 'Validate')
    cd /Users/admin/builds/vMd7uqzK/1/finestructure/swiftpackageindex-builder/spi-builder-workspace
    builtin-swiftTaskExecution -- /Applications/Xcode-14.3.1.app/Contents/Developer/Toolchains/XcodeDefault.xctoolchain/usr/bin/swift-frontend -frontend -emit-module -experimental-skip-non-inlinable-function-bodies-without-types /Users/admin/builds/vMd7uqzK/1/finestructure/swiftpackageindex-builder/spi-builder-workspace/Validate/Source/Extensions/NSRegularExpression+Extension.swift /Users/admin/builds/vMd7uqzK/1/finestructure/swiftpackageindex-builder/spi-builder-workspace/Validate/Source/Extensions/Sequence+Extension.swift /Users/admin/builds/vMd7uqzK/1/finestructure/swiftpackageindex-builder/spi-builder-workspace/Validate/Source/Validate.swift /Users/admin/builds/vMd7uqzK/1/finestructure/swiftpackageindex-builder/spi-builder-workspace/Validate/Source/Validation.swift /Users/admin/builds/vMd7uqzK/1/finestructure/swiftpackageindex-builder/spi-builder-workspace/Validate/Source/ValidationError.swift /Users/admin/builds/vMd7uqzK/1/finestructure/swiftpackageindex-builder/spi-builder-workspace/Validate/Source/Validations/Count.swift /Users/admin/builds/vMd7uqzK/1/finestructure/swiftpackageindex-builder/spi-builder-workspace/Validate/Source/Validations/Format.swift /Users/admin/builds/vMd7uqzK/1/finestructure/swiftpackageindex-builder/spi-builder-workspace/Validate/Source/Validations/Presence.swift /Users/admin/builds/vMd7uqzK/1/finestructure/swiftpackageindex-builder/spi-builder-workspace/Validate/Source/Validator.swift -target arm64-apple-macos10.13 -Xllvm -aarch64-use-tbi -enable-objc-interop -sdk /Applications/Xcode-14.3.1.app/Contents/Developer/Platforms/MacOSX.platform/Developer/SDKs/MacOSX13.3.sdk -I /Users/admin/builds/vMd7uqzK/1/finestructure/swiftpackageindex-builder/spi-builder-workspace/.derivedData/Build/Products/Debug -I /Applications/Xcode-14.3.1.app/Contents/Developer/Platforms/MacOSX.platform/Developer/usr/lib -F /Users/admin/builds/vMd7uqzK/1/finestructure/swiftpackageindex-builder/spi-builder-workspace/.derivedData/Build/Products/Debug -F /Applications/Xcode-14.3.1.app/Contents/Developer/Platforms/MacOSX.platform/Developer/Library/Frameworks -no-color-diagnostics -enable-testing -g -module-cache-path /Users/admin/builds/vMd7uqzK/1/finestructure/swiftpackageindex-builder/spi-builder-workspace/.derivedData/ModuleCache.noindex -swift-version 5 -enforce-exclusivity\=checked -Onone -D SWIFT_PACKAGE -D DEBUG -D Xcode -serialize-debugging-options -empty-abi-descriptor -Xcc -working-directory -Xcc /Users/admin/builds/vMd7uqzK/1/finestructure/swiftpackageindex-builder/spi-builder-workspace -resource-dir /Applications/Xcode-14.3.1.app/Contents/Developer/Toolchains/XcodeDefault.xctoolchain/usr/lib/swift -enable-anonymous-context-mangled-names -Xcc -ivfsstatcache -Xcc /Users/admin/builds/vMd7uqzK/1/finestructure/swiftpackageindex-builder/spi-builder-workspace/.derivedData/SDKStatCaches.noindex/macosx13.3-22E245-.sdkstatcache -Xcc -I/Users/admin/builds/vMd7uqzK/1/finestructure/swiftpackageindex-builder/spi-builder-workspace/.derivedData/Build/Intermediates.noindex/Validate.build/Debug/Validate.build/swift-overrides.hmap -Xcc -I/Users/admin/builds/vMd7uqzK/1/finestructure/swiftpackageindex-builder/spi-builder-workspace/.derivedData/Build/Products/Debug/include -Xcc -I/Users/admin/builds/vMd7uqzK/1/finestructure/swiftpackageindex-builder/spi-builder-workspace/.derivedData/Build/Intermediates.noindex/Validate.build/Debug/Validate.build/DerivedSources-normal/arm64 -Xcc -I/Users/admin/builds/vMd7uqzK/1/finestructure/swiftpackageindex-builder/spi-builder-workspace/.derivedData/Build/Intermediates.noindex/Validate.build/Debug/Validate.build/DerivedSources/arm64 -Xcc -I/Users/admin/builds/vMd7uqzK/1/finestructure/swiftpackageindex-builder/spi-builder-workspace/.derivedData/Build/Intermediates.noindex/Validate.build/Debug/Validate.build/DerivedSources -Xcc -DSWIFT_PACKAGE -Xcc -DDEBUG\=1 -module-name Validate -disable-clang-spi -target-sdk-version 13.3 -target-sdk-name macosx13.3 -emit-module-doc-path /Users/admin/builds/vMd7uqzK/1/finestructure/swiftpackageindex-builder/spi-builder-workspace/.derivedData/Build/Intermediates.noindex/Validate.build/Debug/Validate.build/Objects-normal/arm64/Validate.swiftdoc -emit-module-source-info-path /Users/admin/builds/vMd7uqzK/1/finestructure/swiftpackageindex-builder/spi-builder-workspace/.derivedData/Build/Intermediates.noindex/Validate.build/Debug/Validate.build/Objects-normal/arm64/Validate.swiftsourceinfo -emit-objc-header-path /Users/admin/builds/vMd7uqzK/1/finestructure/swiftpackageindex-builder/spi-builder-workspace/.derivedData/Build/Intermediates.noindex/Validate.build/Debug/Validate.build/Objects-normal/arm64/Validate-Swift.h -serialize-diagnostics-path /Users/admin/builds/vMd7uqzK/1/finestructure/swiftpackageindex-builder/spi-builder-workspace/.derivedData/Build/Intermediates.noindex/Validate.build/Debug/Validate.build/Objects-normal/arm64/Validate-master-emit-module.dia -emit-dependencies-path /Users/admin/builds/vMd7uqzK/1/finestructure/swiftpackageindex-builder/spi-builder-workspace/.derivedData/Build/Intermediates.noindex/Validate.build/Debug/Validate.build/Objects-normal/arm64/Validate-master-emit-module.d -o /Users/admin/builds/vMd7uqzK/1/finestructure/swiftpackageindex-builder/spi-builder-workspace/.derivedData/Build/Intermediates.noindex/Validate.build/Debug/Validate.build/Objects-normal/arm64/Validate.swiftmodule -emit-abi-descriptor-path /Users/admin/builds/vMd7uqzK/1/finestructure/swiftpackageindex-builder/spi-builder-workspace/.derivedData/Build/Intermediates.noindex/Validate.build/Debug/Validate.build/Objects-normal/arm64/Validate.abi.json
/Users/admin/builds/vMd7uqzK/1/finestructure/swiftpackageindex-builder/spi-builder-workspace/Validate/Source/Validate.swift:35:25: error: 'Binding' is only available in macOS 10.15 or newer
    public var binding: Binding<Value> {
                        ^
/Users/admin/builds/vMd7uqzK/1/finestructure/swiftpackageindex-builder/spi-builder-workspace/Validate/Source/Validate.swift:35:16: note: add @available attribute to enclosing property
    public var binding: Binding<Value> {
               ^
/Users/admin/builds/vMd7uqzK/1/finestructure/swiftpackageindex-builder/spi-builder-workspace/Validate/Source/Validate.swift:19:15: note: add @available attribute to enclosing generic struct
public struct Validate<Value>: DynamicProperty {
              ^
/Users/admin/builds/vMd7uqzK/1/finestructure/swiftpackageindex-builder/spi-builder-workspace/Validate/Source/Validate.swift:51:6: error: 'ObservedObject' is only available in macOS 10.15 or newer
    @ObservedObject private var validator: Validator<Value>
     ^
/Users/admin/builds/vMd7uqzK/1/finestructure/swiftpackageindex-builder/spi-builder-workspace/Validate/Source/Validate.swift:19:15: note: add @available attribute to enclosing generic struct
public struct Validate<Value>: DynamicProperty {
              ^
/Users/admin/builds/vMd7uqzK/1/finestructure/swiftpackageindex-builder/spi-builder-workspace/Validate/Source/Validator.swift:4:31: error: 'ObservableObject' is only available in macOS 10.15 or newer
final class Validator<Value>: ObservableObject {
                              ^
/Users/admin/builds/vMd7uqzK/1/finestructure/swiftpackageindex-builder/spi-builder-workspace/Validate/Source/Validator.swift:4:13: note: add @available attribute to enclosing generic class
final class Validator<Value>: ObservableObject {
            ^
SwiftCompile normal arm64 Compiling\ Count.swift,\ Format.swift /Users/admin/builds/vMd7uqzK/1/finestructure/swiftpackageindex-builder/spi-builder-workspace/Validate/Source/Validations/Count.swift /Users/admin/builds/vMd7uqzK/1/finestructure/swiftpackageindex-builder/spi-builder-workspace/Validate/Source/Validations/Format.swift (in target 'Validate' from project 'Validate')
    cd /Users/admin/builds/vMd7uqzK/1/finestructure/swiftpackageindex-builder/spi-builder-workspace
    builtin-swiftTaskExecution -- /Applications/Xcode-14.3.1.app/Contents/Developer/Toolchains/XcodeDefault.xctoolchain/usr/bin/swift-frontend -frontend -c /Users/admin/builds/vMd7uqzK/1/finestructure/swiftpackageindex-builder/spi-builder-workspace/Validate/Source/Extensions/NSRegularExpression+Extension.swift /Users/admin/builds/vMd7uqzK/1/finestructure/swiftpackageindex-builder/spi-builder-workspace/Validate/Source/Extensions/Sequence+Extension.swift /Users/admin/builds/vMd7uqzK/1/finestructure/swiftpackageindex-builder/spi-builder-workspace/Validate/Source/Validate.swift /Users/admin/builds/vMd7uqzK/1/finestructure/swiftpackageindex-builder/spi-builder-workspace/Validate/Source/Validation.swift /Users/admin/builds/vMd7uqzK/1/finestructure/swiftpackageindex-builder/spi-builder-workspace/Validate/Source/ValidationError.swift -primary-file /Users/admin/builds/vMd7uqzK/1/finestructure/swiftpackageindex-builder/spi-builder-workspace/Validate/Source/Validations/Count.swift -primary-file /Users/admin/builds/vMd7uqzK/1/finestructure/swiftpackageindex-builder/spi-builder-workspace/Validate/Source/Validations/Format.swift /Users/admin/builds/vMd7uqzK/1/finestructure/swiftpackageindex-builder/spi-builder-workspace/Validate/Source/Validations/Presence.swift /Users/admin/builds/vMd7uqzK/1/finestructure/swiftpackageindex-builder/spi-builder-workspace/Validate/Source/Validator.swift -emit-dependencies-path /Users/admin/builds/vMd7uqzK/1/finestructure/swiftpackageindex-builder/spi-builder-workspace/.derivedData/Build/Intermediates.noindex/Validate.build/Debug/Validate.build/Objects-normal/arm64/Count.d -emit-reference-dependencies-path /Users/admin/builds/vMd7uqzK/1/finestructure/swiftpackageindex-builder/spi-builder-workspace/.derivedData/Build/Intermediates.noindex/Validate.build/Debug/Validate.build/Objects-normal/arm64/Count.swiftdeps -serialize-diagnostics-path /Users/admin/builds/vMd7uqzK/1/finestructure/swiftpackageindex-builder/spi-builder-workspace/.derivedData/Build/Intermediates.noindex/Validate.build/Debug/Validate.build/Objects-normal/arm64/Count.dia -emit-dependencies-path /Users/admin/builds/vMd7uqzK/1/finestructure/swiftpackageindex-builder/spi-builder-workspace/.derivedData/Build/Intermediates.noindex/Validate.build/Debug/Validate.build/Objects-normal/arm64/Format.d -emit-reference-dependencies-path /Users/admin/builds/vMd7uqzK/1/finestructure/swiftpackageindex-builder/spi-builder-workspace/.derivedData/Build/Intermediates.noindex/Validate.build/Debug/Validate.build/Objects-normal/arm64/Format.swiftdeps -serialize-diagnostics-path /Users/admin/builds/vMd7uqzK/1/finestructure/swiftpackageindex-builder/spi-builder-workspace/.derivedData/Build/Intermediates.noindex/Validate.build/Debug/Validate.build/Objects-normal/arm64/Format.dia -target arm64-apple-macos10.13 -Xllvm -aarch64-use-tbi -enable-objc-interop -sdk /Applications/Xcode-14.3.1.app/Contents/Developer/Platforms/MacOSX.platform/Developer/SDKs/MacOSX13.3.sdk -I /Users/admin/builds/vMd7uqzK/1/finestructure/swiftpackageindex-builder/spi-builder-workspace/.derivedData/Build/Products/Debug -I /Applications/Xcode-14.3.1.app/Contents/Developer/Platforms/MacOSX.platform/Developer/usr/lib -F /Users/admin/builds/vMd7uqzK/1/finestructure/swiftpackageindex-builder/spi-builder-workspace/.derivedData/Build/Products/Debug -F /Applications/Xcode-14.3.1.app/Contents/Developer/Platforms/MacOSX.platform/Developer/Library/Frameworks -no-color-diagnostics -enable-testing -g -module-cache-path /Users/admin/builds/vMd7uqzK/1/finestructure/swiftpackageindex-builder/spi-builder-workspace/.derivedData/ModuleCache.noindex -swift-version 5 -enforce-exclusivity\=checked -Onone -D SWIFT_PACKAGE -D DEBUG -D Xcode -serialize-debugging-options -empty-abi-descriptor -Xcc -working-directory -Xcc /Users/admin/builds/vMd7uqzK/1/finestructure/swiftpackageindex-builder/spi-builder-workspace -resource-dir /Applications/Xcode-14.3.1.app/Contents/Developer/Toolchains/XcodeDefault.xctoolchain/usr/lib/swift -enable-anonymous-context-mangled-names -Xcc -ivfsstatcache -Xcc /Users/admin/builds/vMd7uqzK/1/finestructure/swiftpackageindex-builder/spi-builder-workspace/.derivedData/SDKStatCaches.noindex/macosx13.3-22E245-.sdkstatcache -Xcc -I/Users/admin/builds/vMd7uqzK/1/finestructure/swiftpackageindex-builder/spi-builder-workspace/.derivedData/Build/Intermediates.noindex/Validate.build/Debug/Validate.build/swift-overrides.hmap -Xcc -I/Users/admin/builds/vMd7uqzK/1/finestructure/swiftpackageindex-builder/spi-builder-workspace/.derivedData/Build/Products/Debug/include -Xcc -I/Users/admin/builds/vMd7uqzK/1/finestructure/swiftpackageindex-builder/spi-builder-workspace/.derivedData/Build/Intermediates.noindex/Validate.build/Debug/Validate.build/DerivedSources-normal/arm64 -Xcc -I/Users/admin/builds/vMd7uqzK/1/finestructure/swiftpackageindex-builder/spi-builder-workspace/.derivedData/Build/Intermediates.noindex/Validate.build/Debug/Validate.build/DerivedSources/arm64 -Xcc -I/Users/admin/builds/vMd7uqzK/1/finestructure/swiftpackageindex-builder/spi-builder-workspace/.derivedData/Build/Intermediates.noindex/Validate.build/Debug/Validate.build/DerivedSources -Xcc -DSWIFT_PACKAGE -Xcc -DDEBUG\=1 -module-name Validate -frontend-parseable-output -disable-clang-spi -target-sdk-version 13.3 -target-sdk-name macosx13.3 -o /Users/admin/builds/vMd7uqzK/1/finestructure/swiftpackageindex-builder/spi-builder-workspace/.derivedData/Build/Intermediates.noindex/Validate.build/Debug/Validate.build/Objects-normal/arm64/Count.o -o /Users/admin/builds/vMd7uqzK/1/finestructure/swiftpackageindex-builder/spi-builder-workspace/.derivedData/Build/Intermediates.noindex/Validate.build/Debug/Validate.build/Objects-normal/arm64/Format.o -index-unit-output-path /Validate.build/Debug/Validate.build/Objects-normal/arm64/Count.o -index-unit-output-path /Validate.build/Debug/Validate.build/Objects-normal/arm64/Format.o -index-store-path /Users/admin/builds/vMd7uqzK/1/finestructure/swiftpackageindex-builder/spi-builder-workspace/.derivedData/Index.noindex/DataStore -index-system-modules
SwiftCompile normal arm64 /Users/admin/builds/vMd7uqzK/1/finestructure/swiftpackageindex-builder/spi-builder-workspace/Validate/Source/Validations/Count.swift (in target 'Validate' from project 'Validate')
    cd /Users/admin/builds/vMd7uqzK/1/finestructure/swiftpackageindex-builder/spi-builder-workspace
    /Applications/Xcode-14.3.1.app/Contents/Developer/Toolchains/XcodeDefault.xctoolchain/usr/bin/swift-frontend -c /Users/admin/builds/vMd7uqzK/1/finestructure/swiftpackageindex-builder/spi-builder-workspace/Validate/Source/Extensions/NSRegularExpression+Extension.swift /Users/admin/builds/vMd7uqzK/1/finestructure/swiftpackageindex-builder/spi-builder-workspace/Validate/Source/Extensions/Sequence+Extension.swift /Users/admin/builds/vMd7uqzK/1/finestructure/swiftpackageindex-builder/spi-builder-workspace/Validate/Source/Validate.swift /Users/admin/builds/vMd7uqzK/1/finestructure/swiftpackageindex-builder/spi-builder-workspace/Validate/Source/Validation.swift /Users/admin/builds/vMd7uqzK/1/finestructure/swiftpackageindex-builder/spi-builder-workspace/Validate/Source/ValidationError.swift -primary-file /Users/admin/builds/vMd7uqzK/1/finestructure/swiftpackageindex-builder/spi-builder-workspace/Validate/Source/Validations/Count.swift -primary-file /Users/admin/builds/vMd7uqzK/1/finestructure/swiftpackageindex-builder/spi-builder-workspace/Validate/Source/Validations/Format.swift /Users/admin/builds/vMd7uqzK/1/finestructure/swiftpackageindex-builder/spi-builder-workspace/Validate/Source/Validations/Presence.swift /Users/admin/builds/vMd7uqzK/1/finestructure/swiftpackageindex-builder/spi-builder-workspace/Validate/Source/Validator.swift -emit-dependencies-path /Users/admin/builds/vMd7uqzK/1/finestructure/swiftpackageindex-builder/spi-builder-workspace/.derivedData/Build/Intermediates.noindex/Validate.build/Debug/Validate.build/Objects-normal/arm64/Count.d -emit-reference-dependencies-path /Users/admin/builds/vMd7uqzK/1/finestructure/swiftpackageindex-builder/spi-builder-workspace/.derivedData/Build/Intermediates.noindex/Validate.build/Debug/Validate.build/Objects-normal/arm64/Count.swiftdeps -serialize-diagnostics-path /Users/admin/builds/vMd7uqzK/1/finestructure/swiftpackageindex-builder/spi-builder-workspace/.derivedData/Build/Intermediates.noindex/Validate.build/Debug/Validate.build/Objects-normal/arm64/Count.dia -emit-dependencies-path /Users/admin/builds/vMd7uqzK/1/finestructure/swiftpackageindex-builder/spi-builder-workspace/.derivedData/Build/Intermediates.noindex/Validate.build/Debug/Validate.build/Objects-normal/arm64/Format.d -emit-reference-dependencies-path /Users/admin/builds/vMd7uqzK/1/finestructure/swiftpackageindex-builder/spi-builder-workspace/.derivedData/Build/Intermediates.noindex/Validate.build/Debug/Validate.build/Objects-normal/arm64/Format.swiftdeps -serialize-diagnostics-path /Users/admin/builds/vMd7uqzK/1/finestructure/swiftpackageindex-builder/spi-builder-workspace/.derivedData/Build/Intermediates.noindex/Validate.build/Debug/Validate.build/Objects-normal/arm64/Format.dia -target arm64-apple-macos10.13 -Xllvm -aarch64-use-tbi -enable-objc-interop -sdk /Applications/Xcode-14.3.1.app/Contents/Developer/Platforms/MacOSX.platform/Developer/SDKs/MacOSX13.3.sdk -I /Users/admin/builds/vMd7uqzK/1/finestructure/swiftpackageindex-builder/spi-builder-workspace/.derivedData/Build/Products/Debug -I /Applications/Xcode-14.3.1.app/Contents/Developer/Platforms/MacOSX.platform/Developer/usr/lib -F /Users/admin/builds/vMd7uqzK/1/finestructure/swiftpackageindex-builder/spi-builder-workspace/.derivedData/Build/Products/Debug -F /Applications/Xcode-14.3.1.app/Contents/Developer/Platforms/MacOSX.platform/Developer/Library/Frameworks -no-color-diagnostics -enable-testing -g -module-cache-path /Users/admin/builds/vMd7uqzK/1/finestructure/swiftpackageindex-builder/spi-builder-workspace/.derivedData/ModuleCache.noindex -swift-version 5 -enforce-exclusivity\=checked -Onone -D SWIFT_PACKAGE -D DEBUG -D Xcode -serialize-debugging-options -empty-abi-descriptor -Xcc -working-directory -Xcc /Users/admin/builds/vMd7uqzK/1/finestructure/swiftpackageindex-builder/spi-builder-workspace -resource-dir /Applications/Xcode-14.3.1.app/Contents/Developer/Toolchains/XcodeDefault.xctoolchain/usr/lib/swift -enable-anonymous-context-mangled-names -Xcc -ivfsstatcache -Xcc /Users/admin/builds/vMd7uqzK/1/finestructure/swiftpackageindex-builder/spi-builder-workspace/.derivedData/SDKStatCaches.noindex/macosx13.3-22E245-.sdkstatcache -Xcc -I/Users/admin/builds/vMd7uqzK/1/finestructure/swiftpackageindex-builder/spi-builder-workspace/.derivedData/Build/Intermediates.noindex/Validate.build/Debug/Validate.build/swift-overrides.hmap -Xcc -I/Users/admin/builds/vMd7uqzK/1/finestructure/swiftpackageindex-builder/spi-builder-workspace/.derivedData/Build/Products/Debug/include -Xcc -I/Users/admin/builds/vMd7uqzK/1/finestructure/swiftpackageindex-builder/spi-builder-workspace/.derivedData/Build/Intermediates.noindex/Validate.build/Debug/Validate.build/DerivedSources-normal/arm64 -Xcc -I/Users/admin/builds/vMd7uqzK/1/finestructure/swiftpackageindex-builder/spi-builder-workspace/.derivedData/Build/Intermediates.noindex/Validate.build/Debug/Validate.build/DerivedSources/arm64 -Xcc -I/Users/admin/builds/vMd7uqzK/1/finestructure/swiftpackageindex-builder/spi-builder-workspace/.derivedData/Build/Intermediates.noindex/Validate.build/Debug/Validate.build/DerivedSources -Xcc -DSWIFT_PACKAGE -Xcc -DDEBUG\=1 -module-name Validate -frontend-parseable-output -disable-clang-spi -target-sdk-version 13.3 -target-sdk-name macosx13.3 -o /Users/admin/builds/vMd7uqzK/1/finestructure/swiftpackageindex-builder/spi-builder-workspace/.derivedData/Build/Intermediates.noindex/Validate.build/Debug/Validate.build/Objects-normal/arm64/Count.o -o /Users/admin/builds/vMd7uqzK/1/finestructure/swiftpackageindex-builder/spi-builder-workspace/.derivedData/Build/Intermediates.noindex/Validate.build/Debug/Validate.build/Objects-normal/arm64/Format.o -index-unit-output-path /Validate.build/Debug/Validate.build/Objects-normal/arm64/Count.o -index-unit-output-path /Validate.build/Debug/Validate.build/Objects-normal/arm64/Format.o -index-store-path /Users/admin/builds/vMd7uqzK/1/finestructure/swiftpackageindex-builder/spi-builder-workspace/.derivedData/Index.noindex/DataStore -index-system-modules
SwiftCompile normal arm64 /Users/admin/builds/vMd7uqzK/1/finestructure/swiftpackageindex-builder/spi-builder-workspace/Validate/Source/Validations/Format.swift (in target 'Validate' from project 'Validate')
    cd /Users/admin/builds/vMd7uqzK/1/finestructure/swiftpackageindex-builder/spi-builder-workspace
    /Applications/Xcode-14.3.1.app/Contents/Developer/Toolchains/XcodeDefault.xctoolchain/usr/bin/swift-frontend -c /Users/admin/builds/vMd7uqzK/1/finestructure/swiftpackageindex-builder/spi-builder-workspace/Validate/Source/Extensions/NSRegularExpression+Extension.swift /Users/admin/builds/vMd7uqzK/1/finestructure/swiftpackageindex-builder/spi-builder-workspace/Validate/Source/Extensions/Sequence+Extension.swift /Users/admin/builds/vMd7uqzK/1/finestructure/swiftpackageindex-builder/spi-builder-workspace/Validate/Source/Validate.swift /Users/admin/builds/vMd7uqzK/1/finestructure/swiftpackageindex-builder/spi-builder-workspace/Validate/Source/Validation.swift /Users/admin/builds/vMd7uqzK/1/finestructure/swiftpackageindex-builder/spi-builder-workspace/Validate/Source/ValidationError.swift -primary-file /Users/admin/builds/vMd7uqzK/1/finestructure/swiftpackageindex-builder/spi-builder-workspace/Validate/Source/Validations/Count.swift -primary-file /Users/admin/builds/vMd7uqzK/1/finestructure/swiftpackageindex-builder/spi-builder-workspace/Validate/Source/Validations/Format.swift /Users/admin/builds/vMd7uqzK/1/finestructure/swiftpackageindex-builder/spi-builder-workspace/Validate/Source/Validations/Presence.swift /Users/admin/builds/vMd7uqzK/1/finestructure/swiftpackageindex-builder/spi-builder-workspace/Validate/Source/Validator.swift -emit-dependencies-path /Users/admin/builds/vMd7uqzK/1/finestructure/swiftpackageindex-builder/spi-builder-workspace/.derivedData/Build/Intermediates.noindex/Validate.build/Debug/Validate.build/Objects-normal/arm64/Count.d -emit-reference-dependencies-path /Users/admin/builds/vMd7uqzK/1/finestructure/swiftpackageindex-builder/spi-builder-workspace/.derivedData/Build/Intermediates.noindex/Validate.build/Debug/Validate.build/Objects-normal/arm64/Count.swiftdeps -serialize-diagnostics-path /Users/admin/builds/vMd7uqzK/1/finestructure/swiftpackageindex-builder/spi-builder-workspace/.derivedData/Build/Intermediates.noindex/Validate.build/Debug/Validate.build/Objects-normal/arm64/Count.dia -emit-dependencies-path /Users/admin/builds/vMd7uqzK/1/finestructure/swiftpackageindex-builder/spi-builder-workspace/.derivedData/Build/Intermediates.noindex/Validate.build/Debug/Validate.build/Objects-normal/arm64/Format.d -emit-reference-dependencies-path /Users/admin/builds/vMd7uqzK/1/finestructure/swiftpackageindex-builder/spi-builder-workspace/.derivedData/Build/Intermediates.noindex/Validate.build/Debug/Validate.build/Objects-normal/arm64/Format.swiftdeps -serialize-diagnostics-path /Users/admin/builds/vMd7uqzK/1/finestructure/swiftpackageindex-builder/spi-builder-workspace/.derivedData/Build/Intermediates.noindex/Validate.build/Debug/Validate.build/Objects-normal/arm64/Format.dia -target arm64-apple-macos10.13 -Xllvm -aarch64-use-tbi -enable-objc-interop -sdk /Applications/Xcode-14.3.1.app/Contents/Developer/Platforms/MacOSX.platform/Developer/SDKs/MacOSX13.3.sdk -I /Users/admin/builds/vMd7uqzK/1/finestructure/swiftpackageindex-builder/spi-builder-workspace/.derivedData/Build/Products/Debug -I /Applications/Xcode-14.3.1.app/Contents/Developer/Platforms/MacOSX.platform/Developer/usr/lib -F /Users/admin/builds/vMd7uqzK/1/finestructure/swiftpackageindex-builder/spi-builder-workspace/.derivedData/Build/Products/Debug -F /Applications/Xcode-14.3.1.app/Contents/Developer/Platforms/MacOSX.platform/Developer/Library/Frameworks -no-color-diagnostics -enable-testing -g -module-cache-path /Users/admin/builds/vMd7uqzK/1/finestructure/swiftpackageindex-builder/spi-builder-workspace/.derivedData/ModuleCache.noindex -swift-version 5 -enforce-exclusivity\=checked -Onone -D SWIFT_PACKAGE -D DEBUG -D Xcode -serialize-debugging-options -empty-abi-descriptor -Xcc -working-directory -Xcc /Users/admin/builds/vMd7uqzK/1/finestructure/swiftpackageindex-builder/spi-builder-workspace -resource-dir /Applications/Xcode-14.3.1.app/Contents/Developer/Toolchains/XcodeDefault.xctoolchain/usr/lib/swift -enable-anonymous-context-mangled-names -Xcc -ivfsstatcache -Xcc /Users/admin/builds/vMd7uqzK/1/finestructure/swiftpackageindex-builder/spi-builder-workspace/.derivedData/SDKStatCaches.noindex/macosx13.3-22E245-.sdkstatcache -Xcc -I/Users/admin/builds/vMd7uqzK/1/finestructure/swiftpackageindex-builder/spi-builder-workspace/.derivedData/Build/Intermediates.noindex/Validate.build/Debug/Validate.build/swift-overrides.hmap -Xcc -I/Users/admin/builds/vMd7uqzK/1/finestructure/swiftpackageindex-builder/spi-builder-workspace/.derivedData/Build/Products/Debug/include -Xcc -I/Users/admin/builds/vMd7uqzK/1/finestructure/swiftpackageindex-builder/spi-builder-workspace/.derivedData/Build/Intermediates.noindex/Validate.build/Debug/Validate.build/DerivedSources-normal/arm64 -Xcc -I/Users/admin/builds/vMd7uqzK/1/finestructure/swiftpackageindex-builder/spi-builder-workspace/.derivedData/Build/Intermediates.noindex/Validate.build/Debug/Validate.build/DerivedSources/arm64 -Xcc -I/Users/admin/builds/vMd7uqzK/1/finestructure/swiftpackageindex-builder/spi-builder-workspace/.derivedData/Build/Intermediates.noindex/Validate.build/Debug/Validate.build/DerivedSources -Xcc -DSWIFT_PACKAGE -Xcc -DDEBUG\=1 -module-name Validate -frontend-parseable-output -disable-clang-spi -target-sdk-version 13.3 -target-sdk-name macosx13.3 -o /Users/admin/builds/vMd7uqzK/1/finestructure/swiftpackageindex-builder/spi-builder-workspace/.derivedData/Build/Intermediates.noindex/Validate.build/Debug/Validate.build/Objects-normal/arm64/Count.o -o /Users/admin/builds/vMd7uqzK/1/finestructure/swiftpackageindex-builder/spi-builder-workspace/.derivedData/Build/Intermediates.noindex/Validate.build/Debug/Validate.build/Objects-normal/arm64/Format.o -index-unit-output-path /Validate.build/Debug/Validate.build/Objects-normal/arm64/Count.o -index-unit-output-path /Validate.build/Debug/Validate.build/Objects-normal/arm64/Format.o -index-store-path /Users/admin/builds/vMd7uqzK/1/finestructure/swiftpackageindex-builder/spi-builder-workspace/.derivedData/Index.noindex/DataStore -index-system-modules
SwiftCompile normal arm64 Compiling\ Presence.swift,\ Validator.swift /Users/admin/builds/vMd7uqzK/1/finestructure/swiftpackageindex-builder/spi-builder-workspace/Validate/Source/Validations/Presence.swift /Users/admin/builds/vMd7uqzK/1/finestructure/swiftpackageindex-builder/spi-builder-workspace/Validate/Source/Validator.swift (in target 'Validate' from project 'Validate')
    cd /Users/admin/builds/vMd7uqzK/1/finestructure/swiftpackageindex-builder/spi-builder-workspace
    builtin-swiftTaskExecution -- /Applications/Xcode-14.3.1.app/Contents/Developer/Toolchains/XcodeDefault.xctoolchain/usr/bin/swift-frontend -frontend -c /Users/admin/builds/vMd7uqzK/1/finestructure/swiftpackageindex-builder/spi-builder-workspace/Validate/Source/Extensions/NSRegularExpression+Extension.swift /Users/admin/builds/vMd7uqzK/1/finestructure/swiftpackageindex-builder/spi-builder-workspace/Validate/Source/Extensions/Sequence+Extension.swift /Users/admin/builds/vMd7uqzK/1/finestructure/swiftpackageindex-builder/spi-builder-workspace/Validate/Source/Validate.swift /Users/admin/builds/vMd7uqzK/1/finestructure/swiftpackageindex-builder/spi-builder-workspace/Validate/Source/Validation.swift /Users/admin/builds/vMd7uqzK/1/finestructure/swiftpackageindex-builder/spi-builder-workspace/Validate/Source/ValidationError.swift /Users/admin/builds/vMd7uqzK/1/finestructure/swiftpackageindex-builder/spi-builder-workspace/Validate/Source/Validations/Count.swift /Users/admin/builds/vMd7uqzK/1/finestructure/swiftpackageindex-builder/spi-builder-workspace/Validate/Source/Validations/Format.swift -primary-file /Users/admin/builds/vMd7uqzK/1/finestructure/swiftpackageindex-builder/spi-builder-workspace/Validate/Source/Validations/Presence.swift -primary-file /Users/admin/builds/vMd7uqzK/1/finestructure/swiftpackageindex-builder/spi-builder-workspace/Validate/Source/Validator.swift -emit-dependencies-path /Users/admin/builds/vMd7uqzK/1/finestructure/swiftpackageindex-builder/spi-builder-workspace/.derivedData/Build/Intermediates.noindex/Validate.build/Debug/Validate.build/Objects-normal/arm64/Presence.d -emit-reference-dependencies-path /Users/admin/builds/vMd7uqzK/1/finestructure/swiftpackageindex-builder/spi-builder-workspace/.derivedData/Build/Intermediates.noindex/Validate.build/Debug/Validate.build/Objects-normal/arm64/Presence.swiftdeps -serialize-diagnostics-path /Users/admin/builds/vMd7uqzK/1/finestructure/swiftpackageindex-builder/spi-builder-workspace/.derivedData/Build/Intermediates.noindex/Validate.build/Debug/Validate.build/Objects-normal/arm64/Presence.dia -emit-dependencies-path /Users/admin/builds/vMd7uqzK/1/finestructure/swiftpackageindex-builder/spi-builder-workspace/.derivedData/Build/Intermediates.noindex/Validate.build/Debug/Validate.build/Objects-normal/arm64/Validator.d -emit-reference-dependencies-path /Users/admin/builds/vMd7uqzK/1/finestructure/swiftpackageindex-builder/spi-builder-workspace/.derivedData/Build/Intermediates.noindex/Validate.build/Debug/Validate.build/Objects-normal/arm64/Validator.swiftdeps -serialize-diagnostics-path /Users/admin/builds/vMd7uqzK/1/finestructure/swiftpackageindex-builder/spi-builder-workspace/.derivedData/Build/Intermediates.noindex/Validate.build/Debug/Validate.build/Objects-normal/arm64/Validator.dia -target arm64-apple-macos10.13 -Xllvm -aarch64-use-tbi -enable-objc-interop -sdk /Applications/Xcode-14.3.1.app/Contents/Developer/Platforms/MacOSX.platform/Developer/SDKs/MacOSX13.3.sdk -I /Users/admin/builds/vMd7uqzK/1/finestructure/swiftpackageindex-builder/spi-builder-workspace/.derivedData/Build/Products/Debug -I /Applications/Xcode-14.3.1.app/Contents/Developer/Platforms/MacOSX.platform/Developer/usr/lib -F /Users/admin/builds/vMd7uqzK/1/finestructure/swiftpackageindex-builder/spi-builder-workspace/.derivedData/Build/Products/Debug -F /Applications/Xcode-14.3.1.app/Contents/Developer/Platforms/MacOSX.platform/Developer/Library/Frameworks -no-color-diagnostics -enable-testing -g -module-cache-path /Users/admin/builds/vMd7uqzK/1/finestructure/swiftpackageindex-builder/spi-builder-workspace/.derivedData/ModuleCache.noindex -swift-version 5 -enforce-exclusivity\=checked -Onone -D SWIFT_PACKAGE -D DEBUG -D Xcode -serialize-debugging-options -empty-abi-descriptor -Xcc -working-directory -Xcc /Users/admin/builds/vMd7uqzK/1/finestructure/swiftpackageindex-builder/spi-builder-workspace -resource-dir /Applications/Xcode-14.3.1.app/Contents/Developer/Toolchains/XcodeDefault.xctoolchain/usr/lib/swift -enable-anonymous-context-mangled-names -Xcc -ivfsstatcache -Xcc /Users/admin/builds/vMd7uqzK/1/finestructure/swiftpackageindex-builder/spi-builder-workspace/.derivedData/SDKStatCaches.noindex/macosx13.3-22E245-.sdkstatcache -Xcc -I/Users/admin/builds/vMd7uqzK/1/finestructure/swiftpackageindex-builder/spi-builder-workspace/.derivedData/Build/Intermediates.noindex/Validate.build/Debug/Validate.build/swift-overrides.hmap -Xcc -I/Users/admin/builds/vMd7uqzK/1/finestructure/swiftpackageindex-builder/spi-builder-workspace/.derivedData/Build/Products/Debug/include -Xcc -I/Users/admin/builds/vMd7uqzK/1/finestructure/swiftpackageindex-builder/spi-builder-workspace/.derivedData/Build/Intermediates.noindex/Validate.build/Debug/Validate.build/DerivedSources-normal/arm64 -Xcc -I/Users/admin/builds/vMd7uqzK/1/finestructure/swiftpackageindex-builder/spi-builder-workspace/.derivedData/Build/Intermediates.noindex/Validate.build/Debug/Validate.build/DerivedSources/arm64 -Xcc -I/Users/admin/builds/vMd7uqzK/1/finestructure/swiftpackageindex-builder/spi-builder-workspace/.derivedData/Build/Intermediates.noindex/Validate.build/Debug/Validate.build/DerivedSources -Xcc -DSWIFT_PACKAGE -Xcc -DDEBUG\=1 -module-name Validate -frontend-parseable-output -disable-clang-spi -target-sdk-version 13.3 -target-sdk-name macosx13.3 -o /Users/admin/builds/vMd7uqzK/1/finestructure/swiftpackageindex-builder/spi-builder-workspace/.derivedData/Build/Intermediates.noindex/Validate.build/Debug/Validate.build/Objects-normal/arm64/Presence.o -o /Users/admin/builds/vMd7uqzK/1/finestructure/swiftpackageindex-builder/spi-builder-workspace/.derivedData/Build/Intermediates.noindex/Validate.build/Debug/Validate.build/Objects-normal/arm64/Validator.o -index-unit-output-path /Validate.build/Debug/Validate.build/Objects-normal/arm64/Presence.o -index-unit-output-path /Validate.build/Debug/Validate.build/Objects-normal/arm64/Validator.o -index-store-path /Users/admin/builds/vMd7uqzK/1/finestructure/swiftpackageindex-builder/spi-builder-workspace/.derivedData/Index.noindex/DataStore -index-system-modules
SwiftCompile normal arm64 /Users/admin/builds/vMd7uqzK/1/finestructure/swiftpackageindex-builder/spi-builder-workspace/Validate/Source/Validations/Presence.swift (in target 'Validate' from project 'Validate')
    cd /Users/admin/builds/vMd7uqzK/1/finestructure/swiftpackageindex-builder/spi-builder-workspace
    /Applications/Xcode-14.3.1.app/Contents/Developer/Toolchains/XcodeDefault.xctoolchain/usr/bin/swift-frontend -c /Users/admin/builds/vMd7uqzK/1/finestructure/swiftpackageindex-builder/spi-builder-workspace/Validate/Source/Extensions/NSRegularExpression+Extension.swift /Users/admin/builds/vMd7uqzK/1/finestructure/swiftpackageindex-builder/spi-builder-workspace/Validate/Source/Extensions/Sequence+Extension.swift /Users/admin/builds/vMd7uqzK/1/finestructure/swiftpackageindex-builder/spi-builder-workspace/Validate/Source/Validate.swift /Users/admin/builds/vMd7uqzK/1/finestructure/swiftpackageindex-builder/spi-builder-workspace/Validate/Source/Validation.swift /Users/admin/builds/vMd7uqzK/1/finestructure/swiftpackageindex-builder/spi-builder-workspace/Validate/Source/ValidationError.swift /Users/admin/builds/vMd7uqzK/1/finestructure/swiftpackageindex-builder/spi-builder-workspace/Validate/Source/Validations/Count.swift /Users/admin/builds/vMd7uqzK/1/finestructure/swiftpackageindex-builder/spi-builder-workspace/Validate/Source/Validations/Format.swift -primary-file /Users/admin/builds/vMd7uqzK/1/finestructure/swiftpackageindex-builder/spi-builder-workspace/Validate/Source/Validations/Presence.swift -primary-file /Users/admin/builds/vMd7uqzK/1/finestructure/swiftpackageindex-builder/spi-builder-workspace/Validate/Source/Validator.swift -emit-dependencies-path /Users/admin/builds/vMd7uqzK/1/finestructure/swiftpackageindex-builder/spi-builder-workspace/.derivedData/Build/Intermediates.noindex/Validate.build/Debug/Validate.build/Objects-normal/arm64/Presence.d -emit-reference-dependencies-path /Users/admin/builds/vMd7uqzK/1/finestructure/swiftpackageindex-builder/spi-builder-workspace/.derivedData/Build/Intermediates.noindex/Validate.build/Debug/Validate.build/Objects-normal/arm64/Presence.swiftdeps -serialize-diagnostics-path /Users/admin/builds/vMd7uqzK/1/finestructure/swiftpackageindex-builder/spi-builder-workspace/.derivedData/Build/Intermediates.noindex/Validate.build/Debug/Validate.build/Objects-normal/arm64/Presence.dia -emit-dependencies-path /Users/admin/builds/vMd7uqzK/1/finestructure/swiftpackageindex-builder/spi-builder-workspace/.derivedData/Build/Intermediates.noindex/Validate.build/Debug/Validate.build/Objects-normal/arm64/Validator.d -emit-reference-dependencies-path /Users/admin/builds/vMd7uqzK/1/finestructure/swiftpackageindex-builder/spi-builder-workspace/.derivedData/Build/Intermediates.noindex/Validate.build/Debug/Validate.build/Objects-normal/arm64/Validator.swiftdeps -serialize-diagnostics-path /Users/admin/builds/vMd7uqzK/1/finestructure/swiftpackageindex-builder/spi-builder-workspace/.derivedData/Build/Intermediates.noindex/Validate.build/Debug/Validate.build/Objects-normal/arm64/Validator.dia -target arm64-apple-macos10.13 -Xllvm -aarch64-use-tbi -enable-objc-interop -sdk /Applications/Xcode-14.3.1.app/Contents/Developer/Platforms/MacOSX.platform/Developer/SDKs/MacOSX13.3.sdk -I /Users/admin/builds/vMd7uqzK/1/finestructure/swiftpackageindex-builder/spi-builder-workspace/.derivedData/Build/Products/Debug -I /Applications/Xcode-14.3.1.app/Contents/Developer/Platforms/MacOSX.platform/Developer/usr/lib -F /Users/admin/builds/vMd7uqzK/1/finestructure/swiftpackageindex-builder/spi-builder-workspace/.derivedData/Build/Products/Debug -F /Applications/Xcode-14.3.1.app/Contents/Developer/Platforms/MacOSX.platform/Developer/Library/Frameworks -no-color-diagnostics -enable-testing -g -module-cache-path /Users/admin/builds/vMd7uqzK/1/finestructure/swiftpackageindex-builder/spi-builder-workspace/.derivedData/ModuleCache.noindex -swift-version 5 -enforce-exclusivity\=checked -Onone -D SWIFT_PACKAGE -D DEBUG -D Xcode -serialize-debugging-options -empty-abi-descriptor -Xcc -working-directory -Xcc /Users/admin/builds/vMd7uqzK/1/finestructure/swiftpackageindex-builder/spi-builder-workspace -resource-dir /Applications/Xcode-14.3.1.app/Contents/Developer/Toolchains/XcodeDefault.xctoolchain/usr/lib/swift -enable-anonymous-context-mangled-names -Xcc -ivfsstatcache -Xcc /Users/admin/builds/vMd7uqzK/1/finestructure/swiftpackageindex-builder/spi-builder-workspace/.derivedData/SDKStatCaches.noindex/macosx13.3-22E245-.sdkstatcache -Xcc -I/Users/admin/builds/vMd7uqzK/1/finestructure/swiftpackageindex-builder/spi-builder-workspace/.derivedData/Build/Intermediates.noindex/Validate.build/Debug/Validate.build/swift-overrides.hmap -Xcc -I/Users/admin/builds/vMd7uqzK/1/finestructure/swiftpackageindex-builder/spi-builder-workspace/.derivedData/Build/Products/Debug/include -Xcc -I/Users/admin/builds/vMd7uqzK/1/finestructure/swiftpackageindex-builder/spi-builder-workspace/.derivedData/Build/Intermediates.noindex/Validate.build/Debug/Validate.build/DerivedSources-normal/arm64 -Xcc -I/Users/admin/builds/vMd7uqzK/1/finestructure/swiftpackageindex-builder/spi-builder-workspace/.derivedData/Build/Intermediates.noindex/Validate.build/Debug/Validate.build/DerivedSources/arm64 -Xcc -I/Users/admin/builds/vMd7uqzK/1/finestructure/swiftpackageindex-builder/spi-builder-workspace/.derivedData/Build/Intermediates.noindex/Validate.build/Debug/Validate.build/DerivedSources -Xcc -DSWIFT_PACKAGE -Xcc -DDEBUG\=1 -module-name Validate -frontend-parseable-output -disable-clang-spi -target-sdk-version 13.3 -target-sdk-name macosx13.3 -o /Users/admin/builds/vMd7uqzK/1/finestructure/swiftpackageindex-builder/spi-builder-workspace/.derivedData/Build/Intermediates.noindex/Validate.build/Debug/Validate.build/Objects-normal/arm64/Presence.o -o /Users/admin/builds/vMd7uqzK/1/finestructure/swiftpackageindex-builder/spi-builder-workspace/.derivedData/Build/Intermediates.noindex/Validate.build/Debug/Validate.build/Objects-normal/arm64/Validator.o -index-unit-output-path /Validate.build/Debug/Validate.build/Objects-normal/arm64/Presence.o -index-unit-output-path /Validate.build/Debug/Validate.build/Objects-normal/arm64/Validator.o -index-store-path /Users/admin/builds/vMd7uqzK/1/finestructure/swiftpackageindex-builder/spi-builder-workspace/.derivedData/Index.noindex/DataStore -index-system-modules
SwiftCompile normal arm64 /Users/admin/builds/vMd7uqzK/1/finestructure/swiftpackageindex-builder/spi-builder-workspace/Validate/Source/Validator.swift (in target 'Validate' from project 'Validate')
    cd /Users/admin/builds/vMd7uqzK/1/finestructure/swiftpackageindex-builder/spi-builder-workspace
    /Applications/Xcode-14.3.1.app/Contents/Developer/Toolchains/XcodeDefault.xctoolchain/usr/bin/swift-frontend -c /Users/admin/builds/vMd7uqzK/1/finestructure/swiftpackageindex-builder/spi-builder-workspace/Validate/Source/Extensions/NSRegularExpression+Extension.swift /Users/admin/builds/vMd7uqzK/1/finestructure/swiftpackageindex-builder/spi-builder-workspace/Validate/Source/Extensions/Sequence+Extension.swift /Users/admin/builds/vMd7uqzK/1/finestructure/swiftpackageindex-builder/spi-builder-workspace/Validate/Source/Validate.swift /Users/admin/builds/vMd7uqzK/1/finestructure/swiftpackageindex-builder/spi-builder-workspace/Validate/Source/Validation.swift /Users/admin/builds/vMd7uqzK/1/finestructure/swiftpackageindex-builder/spi-builder-workspace/Validate/Source/ValidationError.swift /Users/admin/builds/vMd7uqzK/1/finestructure/swiftpackageindex-builder/spi-builder-workspace/Validate/Source/Validations/Count.swift /Users/admin/builds/vMd7uqzK/1/finestructure/swiftpackageindex-builder/spi-builder-workspace/Validate/Source/Validations/Format.swift -primary-file /Users/admin/builds/vMd7uqzK/1/finestructure/swiftpackageindex-builder/spi-builder-workspace/Validate/Source/Validations/Presence.swift -primary-file /Users/admin/builds/vMd7uqzK/1/finestructure/swiftpackageindex-builder/spi-builder-workspace/Validate/Source/Validator.swift -emit-dependencies-path /Users/admin/builds/vMd7uqzK/1/finestructure/swiftpackageindex-builder/spi-builder-workspace/.derivedData/Build/Intermediates.noindex/Validate.build/Debug/Validate.build/Objects-normal/arm64/Presence.d -emit-reference-dependencies-path /Users/admin/builds/vMd7uqzK/1/finestructure/swiftpackageindex-builder/spi-builder-workspace/.derivedData/Build/Intermediates.noindex/Validate.build/Debug/Validate.build/Objects-normal/arm64/Presence.swiftdeps -serialize-diagnostics-path /Users/admin/builds/vMd7uqzK/1/finestructure/swiftpackageindex-builder/spi-builder-workspace/.derivedData/Build/Intermediates.noindex/Validate.build/Debug/Validate.build/Objects-normal/arm64/Presence.dia -emit-dependencies-path /Users/admin/builds/vMd7uqzK/1/finestructure/swiftpackageindex-builder/spi-builder-workspace/.derivedData/Build/Intermediates.noindex/Validate.build/Debug/Validate.build/Objects-normal/arm64/Validator.d -emit-reference-dependencies-path /Users/admin/builds/vMd7uqzK/1/finestructure/swiftpackageindex-builder/spi-builder-workspace/.derivedData/Build/Intermediates.noindex/Validate.build/Debug/Validate.build/Objects-normal/arm64/Validator.swiftdeps -serialize-diagnostics-path /Users/admin/builds/vMd7uqzK/1/finestructure/swiftpackageindex-builder/spi-builder-workspace/.derivedData/Build/Intermediates.noindex/Validate.build/Debug/Validate.build/Objects-normal/arm64/Validator.dia -target arm64-apple-macos10.13 -Xllvm -aarch64-use-tbi -enable-objc-interop -sdk /Applications/Xcode-14.3.1.app/Contents/Developer/Platforms/MacOSX.platform/Developer/SDKs/MacOSX13.3.sdk -I /Users/admin/builds/vMd7uqzK/1/finestructure/swiftpackageindex-builder/spi-builder-workspace/.derivedData/Build/Products/Debug -I /Applications/Xcode-14.3.1.app/Contents/Developer/Platforms/MacOSX.platform/Developer/usr/lib -F /Users/admin/builds/vMd7uqzK/1/finestructure/swiftpackageindex-builder/spi-builder-workspace/.derivedData/Build/Products/Debug -F /Applications/Xcode-14.3.1.app/Contents/Developer/Platforms/MacOSX.platform/Developer/Library/Frameworks -no-color-diagnostics -enable-testing -g -module-cache-path /Users/admin/builds/vMd7uqzK/1/finestructure/swiftpackageindex-builder/spi-builder-workspace/.derivedData/ModuleCache.noindex -swift-version 5 -enforce-exclusivity\=checked -Onone -D SWIFT_PACKAGE -D DEBUG -D Xcode -serialize-debugging-options -empty-abi-descriptor -Xcc -working-directory -Xcc /Users/admin/builds/vMd7uqzK/1/finestructure/swiftpackageindex-builder/spi-builder-workspace -resource-dir /Applications/Xcode-14.3.1.app/Contents/Developer/Toolchains/XcodeDefault.xctoolchain/usr/lib/swift -enable-anonymous-context-mangled-names -Xcc -ivfsstatcache -Xcc /Users/admin/builds/vMd7uqzK/1/finestructure/swiftpackageindex-builder/spi-builder-workspace/.derivedData/SDKStatCaches.noindex/macosx13.3-22E245-.sdkstatcache -Xcc -I/Users/admin/builds/vMd7uqzK/1/finestructure/swiftpackageindex-builder/spi-builder-workspace/.derivedData/Build/Intermediates.noindex/Validate.build/Debug/Validate.build/swift-overrides.hmap -Xcc -I/Users/admin/builds/vMd7uqzK/1/finestructure/swiftpackageindex-builder/spi-builder-workspace/.derivedData/Build/Products/Debug/include -Xcc -I/Users/admin/builds/vMd7uqzK/1/finestructure/swiftpackageindex-builder/spi-builder-workspace/.derivedData/Build/Intermediates.noindex/Validate.build/Debug/Validate.build/DerivedSources-normal/arm64 -Xcc -I/Users/admin/builds/vMd7uqzK/1/finestructure/swiftpackageindex-builder/spi-builder-workspace/.derivedData/Build/Intermediates.noindex/Validate.build/Debug/Validate.build/DerivedSources/arm64 -Xcc -I/Users/admin/builds/vMd7uqzK/1/finestructure/swiftpackageindex-builder/spi-builder-workspace/.derivedData/Build/Intermediates.noindex/Validate.build/Debug/Validate.build/DerivedSources -Xcc -DSWIFT_PACKAGE -Xcc -DDEBUG\=1 -module-name Validate -frontend-parseable-output -disable-clang-spi -target-sdk-version 13.3 -target-sdk-name macosx13.3 -o /Users/admin/builds/vMd7uqzK/1/finestructure/swiftpackageindex-builder/spi-builder-workspace/.derivedData/Build/Intermediates.noindex/Validate.build/Debug/Validate.build/Objects-normal/arm64/Presence.o -o /Users/admin/builds/vMd7uqzK/1/finestructure/swiftpackageindex-builder/spi-builder-workspace/.derivedData/Build/Intermediates.noindex/Validate.build/Debug/Validate.build/Objects-normal/arm64/Validator.o -index-unit-output-path /Validate.build/Debug/Validate.build/Objects-normal/arm64/Presence.o -index-unit-output-path /Validate.build/Debug/Validate.build/Objects-normal/arm64/Validator.o -index-store-path /Users/admin/builds/vMd7uqzK/1/finestructure/swiftpackageindex-builder/spi-builder-workspace/.derivedData/Index.noindex/DataStore -index-system-modules
SwiftCompile normal arm64 Compiling\ NSRegularExpression+Extension.swift,\ Sequence+Extension.swift,\ Validate.swift /Users/admin/builds/vMd7uqzK/1/finestructure/swiftpackageindex-builder/spi-builder-workspace/Validate/Source/Extensions/NSRegularExpression+Extension.swift /Users/admin/builds/vMd7uqzK/1/finestructure/swiftpackageindex-builder/spi-builder-workspace/Validate/Source/Extensions/Sequence+Extension.swift /Users/admin/builds/vMd7uqzK/1/finestructure/swiftpackageindex-builder/spi-builder-workspace/Validate/Source/Validate.swift (in target 'Validate' from project 'Validate')
    cd /Users/admin/builds/vMd7uqzK/1/finestructure/swiftpackageindex-builder/spi-builder-workspace
    builtin-swiftTaskExecution -- /Applications/Xcode-14.3.1.app/Contents/Developer/Toolchains/XcodeDefault.xctoolchain/usr/bin/swift-frontend -frontend -c -primary-file /Users/admin/builds/vMd7uqzK/1/finestructure/swiftpackageindex-builder/spi-builder-workspace/Validate/Source/Extensions/NSRegularExpression+Extension.swift -primary-file /Users/admin/builds/vMd7uqzK/1/finestructure/swiftpackageindex-builder/spi-builder-workspace/Validate/Source/Extensions/Sequence+Extension.swift -primary-file /Users/admin/builds/vMd7uqzK/1/finestructure/swiftpackageindex-builder/spi-builder-workspace/Validate/Source/Validate.swift /Users/admin/builds/vMd7uqzK/1/finestructure/swiftpackageindex-builder/spi-builder-workspace/Validate/Source/Validation.swift /Users/admin/builds/vMd7uqzK/1/finestructure/swiftpackageindex-builder/spi-builder-workspace/Validate/Source/ValidationError.swift /Users/admin/builds/vMd7uqzK/1/finestructure/swiftpackageindex-builder/spi-builder-workspace/Validate/Source/Validations/Count.swift /Users/admin/builds/vMd7uqzK/1/finestructure/swiftpackageindex-builder/spi-builder-workspace/Validate/Source/Validations/Format.swift /Users/admin/builds/vMd7uqzK/1/finestructure/swiftpackageindex-builder/spi-builder-workspace/Validate/Source/Validations/Presence.swift /Users/admin/builds/vMd7uqzK/1/finestructure/swiftpackageindex-builder/spi-builder-workspace/Validate/Source/Validator.swift -supplementary-output-file-map /Users/admin/builds/vMd7uqzK/1/finestructure/swiftpackageindex-builder/spi-builder-workspace/.derivedData/Build/Intermediates.noindex/Validate.build/Debug/Validate.build/Objects-normal/arm64/supplementaryOutputs-1 -target arm64-apple-macos10.13 -Xllvm -aarch64-use-tbi -enable-objc-interop -sdk /Applications/Xcode-14.3.1.app/Contents/Developer/Platforms/MacOSX.platform/Developer/SDKs/MacOSX13.3.sdk -I /Users/admin/builds/vMd7uqzK/1/finestructure/swiftpackageindex-builder/spi-builder-workspace/.derivedData/Build/Products/Debug -I /Applications/Xcode-14.3.1.app/Contents/Developer/Platforms/MacOSX.platform/Developer/usr/lib -F /Users/admin/builds/vMd7uqzK/1/finestructure/swiftpackageindex-builder/spi-builder-workspace/.derivedData/Build/Products/Debug -F /Applications/Xcode-14.3.1.app/Contents/Developer/Platforms/MacOSX.platform/Developer/Library/Frameworks -no-color-diagnostics -enable-testing -g -module-cache-path /Users/admin/builds/vMd7uqzK/1/finestructure/swiftpackageindex-builder/spi-builder-workspace/.derivedData/ModuleCache.noindex -swift-version 5 -enforce-exclusivity\=checked -Onone -D SWIFT_PACKAGE -D DEBUG -D Xcode -serialize-debugging-options -empty-abi-descriptor -Xcc -working-directory -Xcc /Users/admin/builds/vMd7uqzK/1/finestructure/swiftpackageindex-builder/spi-builder-workspace -resource-dir /Applications/Xcode-14.3.1.app/Contents/Developer/Toolchains/XcodeDefault.xctoolchain/usr/lib/swift -enable-anonymous-context-mangled-names -Xcc -ivfsstatcache -Xcc /Users/admin/builds/vMd7uqzK/1/finestructure/swiftpackageindex-builder/spi-builder-workspace/.derivedData/SDKStatCaches.noindex/macosx13.3-22E245-.sdkstatcache -Xcc -I/Users/admin/builds/vMd7uqzK/1/finestructure/swiftpackageindex-builder/spi-builder-workspace/.derivedData/Build/Intermediates.noindex/Validate.build/Debug/Validate.build/swift-overrides.hmap -Xcc -I/Users/admin/builds/vMd7uqzK/1/finestructure/swiftpackageindex-builder/spi-builder-workspace/.derivedData/Build/Products/Debug/include -Xcc -I/Users/admin/builds/vMd7uqzK/1/finestructure/swiftpackageindex-builder/spi-builder-workspace/.derivedData/Build/Intermediates.noindex/Validate.build/Debug/Validate.build/DerivedSources-normal/arm64 -Xcc -I/Users/admin/builds/vMd7uqzK/1/finestructure/swiftpackageindex-builder/spi-builder-workspace/.derivedData/Build/Intermediates.noindex/Validate.build/Debug/Validate.build/DerivedSources/arm64 -Xcc -I/Users/admin/builds/vMd7uqzK/1/finestructure/swiftpackageindex-builder/spi-builder-workspace/.derivedData/Build/Intermediates.noindex/Validate.build/Debug/Validate.build/DerivedSources -Xcc -DSWIFT_PACKAGE -Xcc -DDEBUG\=1 -module-name Validate -frontend-parseable-output -disable-clang-spi -target-sdk-version 13.3 -target-sdk-name macosx13.3 -o /Users/admin/builds/vMd7uqzK/1/finestructure/swiftpackageindex-builder/spi-builder-workspace/.derivedData/Build/Intermediates.noindex/Validate.build/Debug/Validate.build/Objects-normal/arm64/NSRegularExpression+Extension.o -o /Users/admin/builds/vMd7uqzK/1/finestructure/swiftpackageindex-builder/spi-builder-workspace/.derivedData/Build/Intermediates.noindex/Validate.build/Debug/Validate.build/Objects-normal/arm64/Sequence+Extension.o -o /Users/admin/builds/vMd7uqzK/1/finestructure/swiftpackageindex-builder/spi-builder-workspace/.derivedData/Build/Intermediates.noindex/Validate.build/Debug/Validate.build/Objects-normal/arm64/Validate.o -index-unit-output-path /Validate.build/Debug/Validate.build/Objects-normal/arm64/NSRegularExpression+Extension.o -index-unit-output-path /Validate.build/Debug/Validate.build/Objects-normal/arm64/Sequence+Extension.o -index-unit-output-path /Validate.build/Debug/Validate.build/Objects-normal/arm64/Validate.o -index-store-path /Users/admin/builds/vMd7uqzK/1/finestructure/swiftpackageindex-builder/spi-builder-workspace/.derivedData/Index.noindex/DataStore -index-system-modules
SwiftCompile normal arm64 /Users/admin/builds/vMd7uqzK/1/finestructure/swiftpackageindex-builder/spi-builder-workspace/Validate/Source/Extensions/NSRegularExpression+Extension.swift (in target 'Validate' from project 'Validate')
    cd /Users/admin/builds/vMd7uqzK/1/finestructure/swiftpackageindex-builder/spi-builder-workspace
    /Applications/Xcode-14.3.1.app/Contents/Developer/Toolchains/XcodeDefault.xctoolchain/usr/bin/swift-frontend -c -primary-file /Users/admin/builds/vMd7uqzK/1/finestructure/swiftpackageindex-builder/spi-builder-workspace/Validate/Source/Extensions/NSRegularExpression+Extension.swift -primary-file /Users/admin/builds/vMd7uqzK/1/finestructure/swiftpackageindex-builder/spi-builder-workspace/Validate/Source/Extensions/Sequence+Extension.swift -primary-file /Users/admin/builds/vMd7uqzK/1/finestructure/swiftpackageindex-builder/spi-builder-workspace/Validate/Source/Validate.swift /Users/admin/builds/vMd7uqzK/1/finestructure/swiftpackageindex-builder/spi-builder-workspace/Validate/Source/Validation.swift /Users/admin/builds/vMd7uqzK/1/finestructure/swiftpackageindex-builder/spi-builder-workspace/Validate/Source/ValidationError.swift /Users/admin/builds/vMd7uqzK/1/finestructure/swiftpackageindex-builder/spi-builder-workspace/Validate/Source/Validations/Count.swift /Users/admin/builds/vMd7uqzK/1/finestructure/swiftpackageindex-builder/spi-builder-workspace/Validate/Source/Validations/Format.swift /Users/admin/builds/vMd7uqzK/1/finestructure/swiftpackageindex-builder/spi-builder-workspace/Validate/Source/Validations/Presence.swift /Users/admin/builds/vMd7uqzK/1/finestructure/swiftpackageindex-builder/spi-builder-workspace/Validate/Source/Validator.swift -supplementary-output-file-map /Users/admin/builds/vMd7uqzK/1/finestructure/swiftpackageindex-builder/spi-builder-workspace/.derivedData/Build/Intermediates.noindex/Validate.build/Debug/Validate.build/Objects-normal/arm64/supplementaryOutputs-1 -target arm64-apple-macos10.13 -Xllvm -aarch64-use-tbi -enable-objc-interop -sdk /Applications/Xcode-14.3.1.app/Contents/Developer/Platforms/MacOSX.platform/Developer/SDKs/MacOSX13.3.sdk -I /Users/admin/builds/vMd7uqzK/1/finestructure/swiftpackageindex-builder/spi-builder-workspace/.derivedData/Build/Products/Debug -I /Applications/Xcode-14.3.1.app/Contents/Developer/Platforms/MacOSX.platform/Developer/usr/lib -F /Users/admin/builds/vMd7uqzK/1/finestructure/swiftpackageindex-builder/spi-builder-workspace/.derivedData/Build/Products/Debug -F /Applications/Xcode-14.3.1.app/Contents/Developer/Platforms/MacOSX.platform/Developer/Library/Frameworks -no-color-diagnostics -enable-testing -g -module-cache-path /Users/admin/builds/vMd7uqzK/1/finestructure/swiftpackageindex-builder/spi-builder-workspace/.derivedData/ModuleCache.noindex -swift-version 5 -enforce-exclusivity\=checked -Onone -D SWIFT_PACKAGE -D DEBUG -D Xcode -serialize-debugging-options -empty-abi-descriptor -Xcc -working-directory -Xcc /Users/admin/builds/vMd7uqzK/1/finestructure/swiftpackageindex-builder/spi-builder-workspace -resource-dir /Applications/Xcode-14.3.1.app/Contents/Developer/Toolchains/XcodeDefault.xctoolchain/usr/lib/swift -enable-anonymous-context-mangled-names -Xcc -ivfsstatcache -Xcc /Users/admin/builds/vMd7uqzK/1/finestructure/swiftpackageindex-builder/spi-builder-workspace/.derivedData/SDKStatCaches.noindex/macosx13.3-22E245-.sdkstatcache -Xcc -I/Users/admin/builds/vMd7uqzK/1/finestructure/swiftpackageindex-builder/spi-builder-workspace/.derivedData/Build/Intermediates.noindex/Validate.build/Debug/Validate.build/swift-overrides.hmap -Xcc -I/Users/admin/builds/vMd7uqzK/1/finestructure/swiftpackageindex-builder/spi-builder-workspace/.derivedData/Build/Products/Debug/include -Xcc -I/Users/admin/builds/vMd7uqzK/1/finestructure/swiftpackageindex-builder/spi-builder-workspace/.derivedData/Build/Intermediates.noindex/Validate.build/Debug/Validate.build/DerivedSources-normal/arm64 -Xcc -I/Users/admin/builds/vMd7uqzK/1/finestructure/swiftpackageindex-builder/spi-builder-workspace/.derivedData/Build/Intermediates.noindex/Validate.build/Debug/Validate.build/DerivedSources/arm64 -Xcc -I/Users/admin/builds/vMd7uqzK/1/finestructure/swiftpackageindex-builder/spi-builder-workspace/.derivedData/Build/Intermediates.noindex/Validate.build/Debug/Validate.build/DerivedSources -Xcc -DSWIFT_PACKAGE -Xcc -DDEBUG\=1 -module-name Validate -frontend-parseable-output -disable-clang-spi -target-sdk-version 13.3 -target-sdk-name macosx13.3 -o /Users/admin/builds/vMd7uqzK/1/finestructure/swiftpackageindex-builder/spi-builder-workspace/.derivedData/Build/Intermediates.noindex/Validate.build/Debug/Validate.build/Objects-normal/arm64/NSRegularExpression+Extension.o -o /Users/admin/builds/vMd7uqzK/1/finestructure/swiftpackageindex-builder/spi-builder-workspace/.derivedData/Build/Intermediates.noindex/Validate.build/Debug/Validate.build/Objects-normal/arm64/Sequence+Extension.o -o /Users/admin/builds/vMd7uqzK/1/finestructure/swiftpackageindex-builder/spi-builder-workspace/.derivedData/Build/Intermediates.noindex/Validate.build/Debug/Validate.build/Objects-normal/arm64/Validate.o -index-unit-output-path /Validate.build/Debug/Validate.build/Objects-normal/arm64/NSRegularExpression+Extension.o -index-unit-output-path /Validate.build/Debug/Validate.build/Objects-normal/arm64/Sequence+Extension.o -index-unit-output-path /Validate.build/Debug/Validate.build/Objects-normal/arm64/Validate.o -index-store-path /Users/admin/builds/vMd7uqzK/1/finestructure/swiftpackageindex-builder/spi-builder-workspace/.derivedData/Index.noindex/DataStore -index-system-modules
SwiftCompile normal arm64 /Users/admin/builds/vMd7uqzK/1/finestructure/swiftpackageindex-builder/spi-builder-workspace/Validate/Source/Extensions/Sequence+Extension.swift (in target 'Validate' from project 'Validate')
    cd /Users/admin/builds/vMd7uqzK/1/finestructure/swiftpackageindex-builder/spi-builder-workspace
    /Applications/Xcode-14.3.1.app/Contents/Developer/Toolchains/XcodeDefault.xctoolchain/usr/bin/swift-frontend -c -primary-file /Users/admin/builds/vMd7uqzK/1/finestructure/swiftpackageindex-builder/spi-builder-workspace/Validate/Source/Extensions/NSRegularExpression+Extension.swift -primary-file /Users/admin/builds/vMd7uqzK/1/finestructure/swiftpackageindex-builder/spi-builder-workspace/Validate/Source/Extensions/Sequence+Extension.swift -primary-file /Users/admin/builds/vMd7uqzK/1/finestructure/swiftpackageindex-builder/spi-builder-workspace/Validate/Source/Validate.swift /Users/admin/builds/vMd7uqzK/1/finestructure/swiftpackageindex-builder/spi-builder-workspace/Validate/Source/Validation.swift /Users/admin/builds/vMd7uqzK/1/finestructure/swiftpackageindex-builder/spi-builder-workspace/Validate/Source/ValidationError.swift /Users/admin/builds/vMd7uqzK/1/finestructure/swiftpackageindex-builder/spi-builder-workspace/Validate/Source/Validations/Count.swift /Users/admin/builds/vMd7uqzK/1/finestructure/swiftpackageindex-builder/spi-builder-workspace/Validate/Source/Validations/Format.swift /Users/admin/builds/vMd7uqzK/1/finestructure/swiftpackageindex-builder/spi-builder-workspace/Validate/Source/Validations/Presence.swift /Users/admin/builds/vMd7uqzK/1/finestructure/swiftpackageindex-builder/spi-builder-workspace/Validate/Source/Validator.swift -supplementary-output-file-map /Users/admin/builds/vMd7uqzK/1/finestructure/swiftpackageindex-builder/spi-builder-workspace/.derivedData/Build/Intermediates.noindex/Validate.build/Debug/Validate.build/Objects-normal/arm64/supplementaryOutputs-1 -target arm64-apple-macos10.13 -Xllvm -aarch64-use-tbi -enable-objc-interop -sdk /Applications/Xcode-14.3.1.app/Contents/Developer/Platforms/MacOSX.platform/Developer/SDKs/MacOSX13.3.sdk -I /Users/admin/builds/vMd7uqzK/1/finestructure/swiftpackageindex-builder/spi-builder-workspace/.derivedData/Build/Products/Debug -I /Applications/Xcode-14.3.1.app/Contents/Developer/Platforms/MacOSX.platform/Developer/usr/lib -F /Users/admin/builds/vMd7uqzK/1/finestructure/swiftpackageindex-builder/spi-builder-workspace/.derivedData/Build/Products/Debug -F /Applications/Xcode-14.3.1.app/Contents/Developer/Platforms/MacOSX.platform/Developer/Library/Frameworks -no-color-diagnostics -enable-testing -g -module-cache-path /Users/admin/builds/vMd7uqzK/1/finestructure/swiftpackageindex-builder/spi-builder-workspace/.derivedData/ModuleCache.noindex -swift-version 5 -enforce-exclusivity\=checked -Onone -D SWIFT_PACKAGE -D DEBUG -D Xcode -serialize-debugging-options -empty-abi-descriptor -Xcc -working-directory -Xcc /Users/admin/builds/vMd7uqzK/1/finestructure/swiftpackageindex-builder/spi-builder-workspace -resource-dir /Applications/Xcode-14.3.1.app/Contents/Developer/Toolchains/XcodeDefault.xctoolchain/usr/lib/swift -enable-anonymous-context-mangled-names -Xcc -ivfsstatcache -Xcc /Users/admin/builds/vMd7uqzK/1/finestructure/swiftpackageindex-builder/spi-builder-workspace/.derivedData/SDKStatCaches.noindex/macosx13.3-22E245-.sdkstatcache -Xcc -I/Users/admin/builds/vMd7uqzK/1/finestructure/swiftpackageindex-builder/spi-builder-workspace/.derivedData/Build/Intermediates.noindex/Validate.build/Debug/Validate.build/swift-overrides.hmap -Xcc -I/Users/admin/builds/vMd7uqzK/1/finestructure/swiftpackageindex-builder/spi-builder-workspace/.derivedData/Build/Products/Debug/include -Xcc -I/Users/admin/builds/vMd7uqzK/1/finestructure/swiftpackageindex-builder/spi-builder-workspace/.derivedData/Build/Intermediates.noindex/Validate.build/Debug/Validate.build/DerivedSources-normal/arm64 -Xcc -I/Users/admin/builds/vMd7uqzK/1/finestructure/swiftpackageindex-builder/spi-builder-workspace/.derivedData/Build/Intermediates.noindex/Validate.build/Debug/Validate.build/DerivedSources/arm64 -Xcc -I/Users/admin/builds/vMd7uqzK/1/finestructure/swiftpackageindex-builder/spi-builder-workspace/.derivedData/Build/Intermediates.noindex/Validate.build/Debug/Validate.build/DerivedSources -Xcc -DSWIFT_PACKAGE -Xcc -DDEBUG\=1 -module-name Validate -frontend-parseable-output -disable-clang-spi -target-sdk-version 13.3 -target-sdk-name macosx13.3 -o /Users/admin/builds/vMd7uqzK/1/finestructure/swiftpackageindex-builder/spi-builder-workspace/.derivedData/Build/Intermediates.noindex/Validate.build/Debug/Validate.build/Objects-normal/arm64/NSRegularExpression+Extension.o -o /Users/admin/builds/vMd7uqzK/1/finestructure/swiftpackageindex-builder/spi-builder-workspace/.derivedData/Build/Intermediates.noindex/Validate.build/Debug/Validate.build/Objects-normal/arm64/Sequence+Extension.o -o /Users/admin/builds/vMd7uqzK/1/finestructure/swiftpackageindex-builder/spi-builder-workspace/.derivedData/Build/Intermediates.noindex/Validate.build/Debug/Validate.build/Objects-normal/arm64/Validate.o -index-unit-output-path /Validate.build/Debug/Validate.build/Objects-normal/arm64/NSRegularExpression+Extension.o -index-unit-output-path /Validate.build/Debug/Validate.build/Objects-normal/arm64/Sequence+Extension.o -index-unit-output-path /Validate.build/Debug/Validate.build/Objects-normal/arm64/Validate.o -index-store-path /Users/admin/builds/vMd7uqzK/1/finestructure/swiftpackageindex-builder/spi-builder-workspace/.derivedData/Index.noindex/DataStore -index-system-modules
SwiftCompile normal arm64 /Users/admin/builds/vMd7uqzK/1/finestructure/swiftpackageindex-builder/spi-builder-workspace/Validate/Source/Validate.swift (in target 'Validate' from project 'Validate')
    cd /Users/admin/builds/vMd7uqzK/1/finestructure/swiftpackageindex-builder/spi-builder-workspace
    /Applications/Xcode-14.3.1.app/Contents/Developer/Toolchains/XcodeDefault.xctoolchain/usr/bin/swift-frontend -c -primary-file /Users/admin/builds/vMd7uqzK/1/finestructure/swiftpackageindex-builder/spi-builder-workspace/Validate/Source/Extensions/NSRegularExpression+Extension.swift -primary-file /Users/admin/builds/vMd7uqzK/1/finestructure/swiftpackageindex-builder/spi-builder-workspace/Validate/Source/Extensions/Sequence+Extension.swift -primary-file /Users/admin/builds/vMd7uqzK/1/finestructure/swiftpackageindex-builder/spi-builder-workspace/Validate/Source/Validate.swift /Users/admin/builds/vMd7uqzK/1/finestructure/swiftpackageindex-builder/spi-builder-workspace/Validate/Source/Validation.swift /Users/admin/builds/vMd7uqzK/1/finestructure/swiftpackageindex-builder/spi-builder-workspace/Validate/Source/ValidationError.swift /Users/admin/builds/vMd7uqzK/1/finestructure/swiftpackageindex-builder/spi-builder-workspace/Validate/Source/Validations/Count.swift /Users/admin/builds/vMd7uqzK/1/finestructure/swiftpackageindex-builder/spi-builder-workspace/Validate/Source/Validations/Format.swift /Users/admin/builds/vMd7uqzK/1/finestructure/swiftpackageindex-builder/spi-builder-workspace/Validate/Source/Validations/Presence.swift /Users/admin/builds/vMd7uqzK/1/finestructure/swiftpackageindex-builder/spi-builder-workspace/Validate/Source/Validator.swift -supplementary-output-file-map /Users/admin/builds/vMd7uqzK/1/finestructure/swiftpackageindex-builder/spi-builder-workspace/.derivedData/Build/Intermediates.noindex/Validate.build/Debug/Validate.build/Objects-normal/arm64/supplementaryOutputs-1 -target arm64-apple-macos10.13 -Xllvm -aarch64-use-tbi -enable-objc-interop -sdk /Applications/Xcode-14.3.1.app/Contents/Developer/Platforms/MacOSX.platform/Developer/SDKs/MacOSX13.3.sdk -I /Users/admin/builds/vMd7uqzK/1/finestructure/swiftpackageindex-builder/spi-builder-workspace/.derivedData/Build/Products/Debug -I /Applications/Xcode-14.3.1.app/Contents/Developer/Platforms/MacOSX.platform/Developer/usr/lib -F /Users/admin/builds/vMd7uqzK/1/finestructure/swiftpackageindex-builder/spi-builder-workspace/.derivedData/Build/Products/Debug -F /Applications/Xcode-14.3.1.app/Contents/Developer/Platforms/MacOSX.platform/Developer/Library/Frameworks -no-color-diagnostics -enable-testing -g -module-cache-path /Users/admin/builds/vMd7uqzK/1/finestructure/swiftpackageindex-builder/spi-builder-workspace/.derivedData/ModuleCache.noindex -swift-version 5 -enforce-exclusivity\=checked -Onone -D SWIFT_PACKAGE -D DEBUG -D Xcode -serialize-debugging-options -empty-abi-descriptor -Xcc -working-directory -Xcc /Users/admin/builds/vMd7uqzK/1/finestructure/swiftpackageindex-builder/spi-builder-workspace -resource-dir /Applications/Xcode-14.3.1.app/Contents/Developer/Toolchains/XcodeDefault.xctoolchain/usr/lib/swift -enable-anonymous-context-mangled-names -Xcc -ivfsstatcache -Xcc /Users/admin/builds/vMd7uqzK/1/finestructure/swiftpackageindex-builder/spi-builder-workspace/.derivedData/SDKStatCaches.noindex/macosx13.3-22E245-.sdkstatcache -Xcc -I/Users/admin/builds/vMd7uqzK/1/finestructure/swiftpackageindex-builder/spi-builder-workspace/.derivedData/Build/Intermediates.noindex/Validate.build/Debug/Validate.build/swift-overrides.hmap -Xcc -I/Users/admin/builds/vMd7uqzK/1/finestructure/swiftpackageindex-builder/spi-builder-workspace/.derivedData/Build/Products/Debug/include -Xcc -I/Users/admin/builds/vMd7uqzK/1/finestructure/swiftpackageindex-builder/spi-builder-workspace/.derivedData/Build/Intermediates.noindex/Validate.build/Debug/Validate.build/DerivedSources-normal/arm64 -Xcc -I/Users/admin/builds/vMd7uqzK/1/finestructure/swiftpackageindex-builder/spi-builder-workspace/.derivedData/Build/Intermediates.noindex/Validate.build/Debug/Validate.build/DerivedSources/arm64 -Xcc -I/Users/admin/builds/vMd7uqzK/1/finestructure/swiftpackageindex-builder/spi-builder-workspace/.derivedData/Build/Intermediates.noindex/Validate.build/Debug/Validate.build/DerivedSources -Xcc -DSWIFT_PACKAGE -Xcc -DDEBUG\=1 -module-name Validate -frontend-parseable-output -disable-clang-spi -target-sdk-version 13.3 -target-sdk-name macosx13.3 -o /Users/admin/builds/vMd7uqzK/1/finestructure/swiftpackageindex-builder/spi-builder-workspace/.derivedData/Build/Intermediates.noindex/Validate.build/Debug/Validate.build/Objects-normal/arm64/NSRegularExpression+Extension.o -o /Users/admin/builds/vMd7uqzK/1/finestructure/swiftpackageindex-builder/spi-builder-workspace/.derivedData/Build/Intermediates.noindex/Validate.build/Debug/Validate.build/Objects-normal/arm64/Sequence+Extension.o -o /Users/admin/builds/vMd7uqzK/1/finestructure/swiftpackageindex-builder/spi-builder-workspace/.derivedData/Build/Intermediates.noindex/Validate.build/Debug/Validate.build/Objects-normal/arm64/Validate.o -index-unit-output-path /Validate.build/Debug/Validate.build/Objects-normal/arm64/NSRegularExpression+Extension.o -index-unit-output-path /Validate.build/Debug/Validate.build/Objects-normal/arm64/Sequence+Extension.o -index-unit-output-path /Validate.build/Debug/Validate.build/Objects-normal/arm64/Validate.o -index-store-path /Users/admin/builds/vMd7uqzK/1/finestructure/swiftpackageindex-builder/spi-builder-workspace/.derivedData/Index.noindex/DataStore -index-system-modules
SwiftCompile normal arm64 Compiling\ Validation.swift,\ ValidationError.swift /Users/admin/builds/vMd7uqzK/1/finestructure/swiftpackageindex-builder/spi-builder-workspace/Validate/Source/Validation.swift /Users/admin/builds/vMd7uqzK/1/finestructure/swiftpackageindex-builder/spi-builder-workspace/Validate/Source/ValidationError.swift (in target 'Validate' from project 'Validate')
    cd /Users/admin/builds/vMd7uqzK/1/finestructure/swiftpackageindex-builder/spi-builder-workspace
    builtin-swiftTaskExecution -- /Applications/Xcode-14.3.1.app/Contents/Developer/Toolchains/XcodeDefault.xctoolchain/usr/bin/swift-frontend -frontend -c /Users/admin/builds/vMd7uqzK/1/finestructure/swiftpackageindex-builder/spi-builder-workspace/Validate/Source/Extensions/NSRegularExpression+Extension.swift /Users/admin/builds/vMd7uqzK/1/finestructure/swiftpackageindex-builder/spi-builder-workspace/Validate/Source/Extensions/Sequence+Extension.swift /Users/admin/builds/vMd7uqzK/1/finestructure/swiftpackageindex-builder/spi-builder-workspace/Validate/Source/Validate.swift -primary-file /Users/admin/builds/vMd7uqzK/1/finestructure/swiftpackageindex-builder/spi-builder-workspace/Validate/Source/Validation.swift -primary-file /Users/admin/builds/vMd7uqzK/1/finestructure/swiftpackageindex-builder/spi-builder-workspace/Validate/Source/ValidationError.swift /Users/admin/builds/vMd7uqzK/1/finestructure/swiftpackageindex-builder/spi-builder-workspace/Validate/Source/Validations/Count.swift /Users/admin/builds/vMd7uqzK/1/finestructure/swiftpackageindex-builder/spi-builder-workspace/Validate/Source/Validations/Format.swift /Users/admin/builds/vMd7uqzK/1/finestructure/swiftpackageindex-builder/spi-builder-workspace/Validate/Source/Validations/Presence.swift /Users/admin/builds/vMd7uqzK/1/finestructure/swiftpackageindex-builder/spi-builder-workspace/Validate/Source/Validator.swift -emit-dependencies-path /Users/admin/builds/vMd7uqzK/1/finestructure/swiftpackageindex-builder/spi-builder-workspace/.derivedData/Build/Intermediates.noindex/Validate.build/Debug/Validate.build/Objects-normal/arm64/Validation.d -emit-reference-dependencies-path /Users/admin/builds/vMd7uqzK/1/finestructure/swiftpackageindex-builder/spi-builder-workspace/.derivedData/Build/Intermediates.noindex/Validate.build/Debug/Validate.build/Objects-normal/arm64/Validation.swiftdeps -serialize-diagnostics-path /Users/admin/builds/vMd7uqzK/1/finestructure/swiftpackageindex-builder/spi-builder-workspace/.derivedData/Build/Intermediates.noindex/Validate.build/Debug/Validate.build/Objects-normal/arm64/Validation.dia -emit-dependencies-path /Users/admin/builds/vMd7uqzK/1/finestructure/swiftpackageindex-builder/spi-builder-workspace/.derivedData/Build/Intermediates.noindex/Validate.build/Debug/Validate.build/Objects-normal/arm64/ValidationError.d -emit-reference-dependencies-path /Users/admin/builds/vMd7uqzK/1/finestructure/swiftpackageindex-builder/spi-builder-workspace/.derivedData/Build/Intermediates.noindex/Validate.build/Debug/Validate.build/Objects-normal/arm64/ValidationError.swiftdeps -serialize-diagnostics-path /Users/admin/builds/vMd7uqzK/1/finestructure/swiftpackageindex-builder/spi-builder-workspace/.derivedData/Build/Intermediates.noindex/Validate.build/Debug/Validate.build/Objects-normal/arm64/ValidationError.dia -target arm64-apple-macos10.13 -Xllvm -aarch64-use-tbi -enable-objc-interop -sdk /Applications/Xcode-14.3.1.app/Contents/Developer/Platforms/MacOSX.platform/Developer/SDKs/MacOSX13.3.sdk -I /Users/admin/builds/vMd7uqzK/1/finestructure/swiftpackageindex-builder/spi-builder-workspace/.derivedData/Build/Products/Debug -I /Applications/Xcode-14.3.1.app/Contents/Developer/Platforms/MacOSX.platform/Developer/usr/lib -F /Users/admin/builds/vMd7uqzK/1/finestructure/swiftpackageindex-builder/spi-builder-workspace/.derivedData/Build/Products/Debug -F /Applications/Xcode-14.3.1.app/Contents/Developer/Platforms/MacOSX.platform/Developer/Library/Frameworks -no-color-diagnostics -enable-testing -g -module-cache-path /Users/admin/builds/vMd7uqzK/1/finestructure/swiftpackageindex-builder/spi-builder-workspace/.derivedData/ModuleCache.noindex -swift-version 5 -enforce-exclusivity\=checked -Onone -D SWIFT_PACKAGE -D DEBUG -D Xcode -serialize-debugging-options -empty-abi-descriptor -Xcc -working-directory -Xcc /Users/admin/builds/vMd7uqzK/1/finestructure/swiftpackageindex-builder/spi-builder-workspace -resource-dir /Applications/Xcode-14.3.1.app/Contents/Developer/Toolchains/XcodeDefault.xctoolchain/usr/lib/swift -enable-anonymous-context-mangled-names -Xcc -ivfsstatcache -Xcc /Users/admin/builds/vMd7uqzK/1/finestructure/swiftpackageindex-builder/spi-builder-workspace/.derivedData/SDKStatCaches.noindex/macosx13.3-22E245-.sdkstatcache -Xcc -I/Users/admin/builds/vMd7uqzK/1/finestructure/swiftpackageindex-builder/spi-builder-workspace/.derivedData/Build/Intermediates.noindex/Validate.build/Debug/Validate.build/swift-overrides.hmap -Xcc -I/Users/admin/builds/vMd7uqzK/1/finestructure/swiftpackageindex-builder/spi-builder-workspace/.derivedData/Build/Products/Debug/include -Xcc -I/Users/admin/builds/vMd7uqzK/1/finestructure/swiftpackageindex-builder/spi-builder-workspace/.derivedData/Build/Intermediates.noindex/Validate.build/Debug/Validate.build/DerivedSources-normal/arm64 -Xcc -I/Users/admin/builds/vMd7uqzK/1/finestructure/swiftpackageindex-builder/spi-builder-workspace/.derivedData/Build/Intermediates.noindex/Validate.build/Debug/Validate.build/DerivedSources/arm64 -Xcc -I/Users/admin/builds/vMd7uqzK/1/finestructure/swiftpackageindex-builder/spi-builder-workspace/.derivedData/Build/Intermediates.noindex/Validate.build/Debug/Validate.build/DerivedSources -Xcc -DSWIFT_PACKAGE -Xcc -DDEBUG\=1 -module-name Validate -frontend-parseable-output -disable-clang-spi -target-sdk-version 13.3 -target-sdk-name macosx13.3 -o /Users/admin/builds/vMd7uqzK/1/finestructure/swiftpackageindex-builder/spi-builder-workspace/.derivedData/Build/Intermediates.noindex/Validate.build/Debug/Validate.build/Objects-normal/arm64/Validation.o -o /Users/admin/builds/vMd7uqzK/1/finestructure/swiftpackageindex-builder/spi-builder-workspace/.derivedData/Build/Intermediates.noindex/Validate.build/Debug/Validate.build/Objects-normal/arm64/ValidationError.o -index-unit-output-path /Validate.build/Debug/Validate.build/Objects-normal/arm64/Validation.o -index-unit-output-path /Validate.build/Debug/Validate.build/Objects-normal/arm64/ValidationError.o -index-store-path /Users/admin/builds/vMd7uqzK/1/finestructure/swiftpackageindex-builder/spi-builder-workspace/.derivedData/Index.noindex/DataStore -index-system-modules
Command SwiftCompile failed with a nonzero exit code
Resolve Package Graph
2023-11-08 19:48:51.145 xcodebuild[60538:42089535] DVTCoreDeviceEnabledState: DVTCoreDeviceEnabledState_Disabled set via user default (DVTEnableCoreDevice=disabled)
--- xcodebuild: WARNING: Using the first of multiple matching destinations:
{ platform:macOS, arch:arm64, id:0000FE00-F826A02F5534A97C }
{ platform:macOS, arch:arm64, variant:Mac Catalyst, id:0000FE00-F826A02F5534A97C }
{ platform:macOS, arch:arm64, variant:DriverKit, id:0000FE00-F826A02F5534A97C }
{ platform:macOS, arch:arm64, variant:Designed for [iPad,iPhone], id:0000FE00-F826A02F5534A97C }
** BUILD FAILED **
The following build commands failed:
	SwiftEmitModule normal arm64 Emitting\ module\ for\ Validate (in target 'Validate' from project 'Validate')
	SwiftCompile normal arm64 Compiling\ Validation.swift,\ ValidationError.swift /Users/admin/builds/vMd7uqzK/1/finestructure/swiftpackageindex-builder/spi-builder-workspace/Validate/Source/Validation.swift /Users/admin/builds/vMd7uqzK/1/finestructure/swiftpackageindex-builder/spi-builder-workspace/Validate/Source/ValidationError.swift (in target 'Validate' from project 'Validate')
(2 failures)
Command line invocation:
    /Applications/Xcode-14.3.1.app/Contents/Developer/usr/bin/xcodebuild -IDEClonedSourcePackagesDirPathOverride=/Users/admin/builds/vMd7uqzK/1/finestructure/swiftpackageindex-builder/spi-builder-workspace/.dependencies -derivedDataPath /Users/admin/builds/vMd7uqzK/1/finestructure/swiftpackageindex-builder/spi-builder-workspace/.derivedData build -scheme Validate -destination platform=macos,arch=arm64
User defaults from command line:
    IDEClonedSourcePackagesDirPathOverride = /Users/admin/builds/vMd7uqzK/1/finestructure/swiftpackageindex-builder/spi-builder-workspace/.dependencies
    IDEDerivedDataPathOverride = /Users/admin/builds/vMd7uqzK/1/finestructure/swiftpackageindex-builder/spi-builder-workspace/.derivedData
    IDEPackageSupportUseBuiltinSCM = YES
Resolve Package Graph
Resolved source packages:
  Validate: /Users/admin/builds/vMd7uqzK/1/finestructure/swiftpackageindex-builder/spi-builder-workspace
Prepare packages
Computing target dependency graph and provisioning inputs
Create build description
note: Building targets in dependency order
ClangStatCache /Applications/Xcode-14.3.1.app/Contents/Developer/Toolchains/XcodeDefault.xctoolchain/usr/bin/clang-stat-cache /Applications/Xcode-14.3.1.app/Contents/Developer/Platforms/MacOSX.platform/Developer/SDKs/MacOSX13.3.sdk /Users/admin/builds/vMd7uqzK/1/finestructure/swiftpackageindex-builder/spi-builder-workspace/.derivedData/SDKStatCaches.noindex/macosx13.3-22E245-.sdkstatcache
    cd /Users/admin/builds/vMd7uqzK/1/finestructure/swiftpackageindex-builder/spi-builder-workspace/.swiftpm/xcode
    /Applications/Xcode-14.3.1.app/Contents/Developer/Toolchains/XcodeDefault.xctoolchain/usr/bin/clang-stat-cache /Applications/Xcode-14.3.1.app/Contents/Developer/Platforms/MacOSX.platform/Developer/SDKs/MacOSX13.3.sdk -o /Users/admin/builds/vMd7uqzK/1/finestructure/swiftpackageindex-builder/spi-builder-workspace/.derivedData/SDKStatCaches.noindex/macosx13.3-22E245-.sdkstatcache
SwiftDriver Validate normal arm64 com.apple.xcode.tools.swift.compiler (in target 'Validate' from project 'Validate')
    cd /Users/admin/builds/vMd7uqzK/1/finestructure/swiftpackageindex-builder/spi-builder-workspace
    builtin-SwiftDriver -- /Applications/Xcode-14.3.1.app/Contents/Developer/Toolchains/XcodeDefault.xctoolchain/usr/bin/swiftc -module-name Validate -Onone -enforce-exclusivity\=checked @/Users/admin/builds/vMd7uqzK/1/finestructure/swiftpackageindex-builder/spi-builder-workspace/.derivedData/Build/Intermediates.noindex/Validate.build/Debug/Validate.build/Objects-normal/arm64/Validate.SwiftFileList -DSWIFT_PACKAGE -DDEBUG -DXcode -sdk /Applications/Xcode-14.3.1.app/Contents/Developer/Platforms/MacOSX.platform/Developer/SDKs/MacOSX13.3.sdk -target arm64-apple-macos10.13 -g -module-cache-path /Users/admin/builds/vMd7uqzK/1/finestructure/swiftpackageindex-builder/spi-builder-workspace/.derivedData/ModuleCache.noindex -Xfrontend -serialize-debugging-options -enable-testing -index-store-path /Users/admin/builds/vMd7uqzK/1/finestructure/swiftpackageindex-builder/spi-builder-workspace/.derivedData/Index.noindex/DataStore -swift-version 5 -I /Users/admin/builds/vMd7uqzK/1/finestructure/swiftpackageindex-builder/spi-builder-workspace/.derivedData/Build/Products/Debug -I /Applications/Xcode-14.3.1.app/Contents/Developer/Platforms/MacOSX.platform/Developer/usr/lib -F /Users/admin/builds/vMd7uqzK/1/finestructure/swiftpackageindex-builder/spi-builder-workspace/.derivedData/Build/Products/Debug -F /Applications/Xcode-14.3.1.app/Contents/Developer/Platforms/MacOSX.platform/Developer/Library/Frameworks -c -j4 -enable-batch-mode -incremental -Xcc -ivfsstatcache -Xcc /Users/admin/builds/vMd7uqzK/1/finestructure/swiftpackageindex-builder/spi-builder-workspace/.derivedData/SDKStatCaches.noindex/macosx13.3-22E245-.sdkstatcache -output-file-map /Users/admin/builds/vMd7uqzK/1/finestructure/swiftpackageindex-builder/spi-builder-workspace/.derivedData/Build/Intermediates.noindex/Validate.build/Debug/Validate.build/Objects-normal/arm64/Validate-OutputFileMap.json -use-frontend-parseable-output -save-temps -no-color-diagnostics -serialize-diagnostics -emit-dependencies -emit-module -emit-module-path /Users/admin/builds/vMd7uqzK/1/finestructure/swiftpackageindex-builder/spi-builder-workspace/.derivedData/Build/Intermediates.noindex/Validate.build/Debug/Validate.build/Objects-normal/arm64/Validate.swiftmodule -Xcc -I/Users/admin/builds/vMd7uqzK/1/finestructure/swiftpackageindex-builder/spi-builder-workspace/.derivedData/Build/Intermediates.noindex/Validate.build/Debug/Validate.build/swift-overrides.hmap -Xcc -I/Users/admin/builds/vMd7uqzK/1/finestructure/swiftpackageindex-builder/spi-builder-workspace/.derivedData/Build/Products/Debug/include -Xcc -I/Users/admin/builds/vMd7uqzK/1/finestructure/swiftpackageindex-builder/spi-builder-workspace/.derivedData/Build/Intermediates.noindex/Validate.build/Debug/Validate.build/DerivedSources-normal/arm64 -Xcc -I/Users/admin/builds/vMd7uqzK/1/finestructure/swiftpackageindex-builder/spi-builder-workspace/.derivedData/Build/Intermediates.noindex/Validate.build/Debug/Validate.build/DerivedSources/arm64 -Xcc -I/Users/admin/builds/vMd7uqzK/1/finestructure/swiftpackageindex-builder/spi-builder-workspace/.derivedData/Build/Intermediates.noindex/Validate.build/Debug/Validate.build/DerivedSources -Xcc -DSWIFT_PACKAGE -Xcc -DDEBUG\=1 -emit-objc-header -emit-objc-header-path /Users/admin/builds/vMd7uqzK/1/finestructure/swiftpackageindex-builder/spi-builder-workspace/.derivedData/Build/Intermediates.noindex/Validate.build/Debug/Validate.build/Objects-normal/arm64/Validate-Swift.h -working-directory /Users/admin/builds/vMd7uqzK/1/finestructure/swiftpackageindex-builder/spi-builder-workspace -experimental-emit-module-separately -disable-cmo
SwiftCompile normal arm64 Compiling\ Count.swift,\ Format.swift /Users/admin/builds/vMd7uqzK/1/finestructure/swiftpackageindex-builder/spi-builder-workspace/Validate/Source/Validations/Count.swift /Users/admin/builds/vMd7uqzK/1/finestructure/swiftpackageindex-builder/spi-builder-workspace/Validate/Source/Validations/Format.swift (in target 'Validate' from project 'Validate')
    cd /Users/admin/builds/vMd7uqzK/1/finestructure/swiftpackageindex-builder/spi-builder-workspace
    builtin-swiftTaskExecution -- /Applications/Xcode-14.3.1.app/Contents/Developer/Toolchains/XcodeDefault.xctoolchain/usr/bin/swift-frontend -frontend -c /Users/admin/builds/vMd7uqzK/1/finestructure/swiftpackageindex-builder/spi-builder-workspace/Validate/Source/Extensions/NSRegularExpression+Extension.swift /Users/admin/builds/vMd7uqzK/1/finestructure/swiftpackageindex-builder/spi-builder-workspace/Validate/Source/Extensions/Sequence+Extension.swift /Users/admin/builds/vMd7uqzK/1/finestructure/swiftpackageindex-builder/spi-builder-workspace/Validate/Source/Validate.swift /Users/admin/builds/vMd7uqzK/1/finestructure/swiftpackageindex-builder/spi-builder-workspace/Validate/Source/Validation.swift /Users/admin/builds/vMd7uqzK/1/finestructure/swiftpackageindex-builder/spi-builder-workspace/Validate/Source/ValidationError.swift -primary-file /Users/admin/builds/vMd7uqzK/1/finestructure/swiftpackageindex-builder/spi-builder-workspace/Validate/Source/Validations/Count.swift -primary-file /Users/admin/builds/vMd7uqzK/1/finestructure/swiftpackageindex-builder/spi-builder-workspace/Validate/Source/Validations/Format.swift /Users/admin/builds/vMd7uqzK/1/finestructure/swiftpackageindex-builder/spi-builder-workspace/Validate/Source/Validations/Presence.swift /Users/admin/builds/vMd7uqzK/1/finestructure/swiftpackageindex-builder/spi-builder-workspace/Validate/Source/Validator.swift -emit-dependencies-path /Users/admin/builds/vMd7uqzK/1/finestructure/swiftpackageindex-builder/spi-builder-workspace/.derivedData/Build/Intermediates.noindex/Validate.build/Debug/Validate.build/Objects-normal/arm64/Count.d -emit-reference-dependencies-path /Users/admin/builds/vMd7uqzK/1/finestructure/swiftpackageindex-builder/spi-builder-workspace/.derivedData/Build/Intermediates.noindex/Validate.build/Debug/Validate.build/Objects-normal/arm64/Count.swiftdeps -serialize-diagnostics-path /Users/admin/builds/vMd7uqzK/1/finestructure/swiftpackageindex-builder/spi-builder-workspace/.derivedData/Build/Intermediates.noindex/Validate.build/Debug/Validate.build/Objects-normal/arm64/Count.dia -emit-dependencies-path /Users/admin/builds/vMd7uqzK/1/finestructure/swiftpackageindex-builder/spi-builder-workspace/.derivedData/Build/Intermediates.noindex/Validate.build/Debug/Validate.build/Objects-normal/arm64/Format.d -emit-reference-dependencies-path /Users/admin/builds/vMd7uqzK/1/finestructure/swiftpackageindex-builder/spi-builder-workspace/.derivedData/Build/Intermediates.noindex/Validate.build/Debug/Validate.build/Objects-normal/arm64/Format.swiftdeps -serialize-diagnostics-path /Users/admin/builds/vMd7uqzK/1/finestructure/swiftpackageindex-builder/spi-builder-workspace/.derivedData/Build/Intermediates.noindex/Validate.build/Debug/Validate.build/Objects-normal/arm64/Format.dia -target arm64-apple-macos10.13 -Xllvm -aarch64-use-tbi -enable-objc-interop -sdk /Applications/Xcode-14.3.1.app/Contents/Developer/Platforms/MacOSX.platform/Developer/SDKs/MacOSX13.3.sdk -I /Users/admin/builds/vMd7uqzK/1/finestructure/swiftpackageindex-builder/spi-builder-workspace/.derivedData/Build/Products/Debug -I /Applications/Xcode-14.3.1.app/Contents/Developer/Platforms/MacOSX.platform/Developer/usr/lib -F /Users/admin/builds/vMd7uqzK/1/finestructure/swiftpackageindex-builder/spi-builder-workspace/.derivedData/Build/Products/Debug -F /Applications/Xcode-14.3.1.app/Contents/Developer/Platforms/MacOSX.platform/Developer/Library/Frameworks -no-color-diagnostics -enable-testing -g -module-cache-path /Users/admin/builds/vMd7uqzK/1/finestructure/swiftpackageindex-builder/spi-builder-workspace/.derivedData/ModuleCache.noindex -swift-version 5 -enforce-exclusivity\=checked -Onone -D SWIFT_PACKAGE -D DEBUG -D Xcode -serialize-debugging-options -empty-abi-descriptor -Xcc -working-directory -Xcc /Users/admin/builds/vMd7uqzK/1/finestructure/swiftpackageindex-builder/spi-builder-workspace -resource-dir /Applications/Xcode-14.3.1.app/Contents/Developer/Toolchains/XcodeDefault.xctoolchain/usr/lib/swift -enable-anonymous-context-mangled-names -Xcc -ivfsstatcache -Xcc /Users/admin/builds/vMd7uqzK/1/finestructure/swiftpackageindex-builder/spi-builder-workspace/.derivedData/SDKStatCaches.noindex/macosx13.3-22E245-.sdkstatcache -Xcc -I/Users/admin/builds/vMd7uqzK/1/finestructure/swiftpackageindex-builder/spi-builder-workspace/.derivedData/Build/Intermediates.noindex/Validate.build/Debug/Validate.build/swift-overrides.hmap -Xcc -I/Users/admin/builds/vMd7uqzK/1/finestructure/swiftpackageindex-builder/spi-builder-workspace/.derivedData/Build/Products/Debug/include -Xcc -I/Users/admin/builds/vMd7uqzK/1/finestructure/swiftpackageindex-builder/spi-builder-workspace/.derivedData/Build/Intermediates.noindex/Validate.build/Debug/Validate.build/DerivedSources-normal/arm64 -Xcc -I/Users/admin/builds/vMd7uqzK/1/finestructure/swiftpackageindex-builder/spi-builder-workspace/.derivedData/Build/Intermediates.noindex/Validate.build/Debug/Validate.build/DerivedSources/arm64 -Xcc -I/Users/admin/builds/vMd7uqzK/1/finestructure/swiftpackageindex-builder/spi-builder-workspace/.derivedData/Build/Intermediates.noindex/Validate.build/Debug/Validate.build/DerivedSources -Xcc -DSWIFT_PACKAGE -Xcc -DDEBUG\=1 -module-name Validate -frontend-parseable-output -disable-clang-spi -target-sdk-version 13.3 -target-sdk-name macosx13.3 -o /Users/admin/builds/vMd7uqzK/1/finestructure/swiftpackageindex-builder/spi-builder-workspace/.derivedData/Build/Intermediates.noindex/Validate.build/Debug/Validate.build/Objects-normal/arm64/Count.o -o /Users/admin/builds/vMd7uqzK/1/finestructure/swiftpackageindex-builder/spi-builder-workspace/.derivedData/Build/Intermediates.noindex/Validate.build/Debug/Validate.build/Objects-normal/arm64/Format.o -index-unit-output-path /Validate.build/Debug/Validate.build/Objects-normal/arm64/Count.o -index-unit-output-path /Validate.build/Debug/Validate.build/Objects-normal/arm64/Format.o -index-store-path /Users/admin/builds/vMd7uqzK/1/finestructure/swiftpackageindex-builder/spi-builder-workspace/.derivedData/Index.noindex/DataStore -index-system-modules
SwiftCompile normal arm64 /Users/admin/builds/vMd7uqzK/1/finestructure/swiftpackageindex-builder/spi-builder-workspace/Validate/Source/Validations/Count.swift (in target 'Validate' from project 'Validate')
    cd /Users/admin/builds/vMd7uqzK/1/finestructure/swiftpackageindex-builder/spi-builder-workspace
    /Applications/Xcode-14.3.1.app/Contents/Developer/Toolchains/XcodeDefault.xctoolchain/usr/bin/swift-frontend -c /Users/admin/builds/vMd7uqzK/1/finestructure/swiftpackageindex-builder/spi-builder-workspace/Validate/Source/Extensions/NSRegularExpression+Extension.swift /Users/admin/builds/vMd7uqzK/1/finestructure/swiftpackageindex-builder/spi-builder-workspace/Validate/Source/Extensions/Sequence+Extension.swift /Users/admin/builds/vMd7uqzK/1/finestructure/swiftpackageindex-builder/spi-builder-workspace/Validate/Source/Validate.swift /Users/admin/builds/vMd7uqzK/1/finestructure/swiftpackageindex-builder/spi-builder-workspace/Validate/Source/Validation.swift /Users/admin/builds/vMd7uqzK/1/finestructure/swiftpackageindex-builder/spi-builder-workspace/Validate/Source/ValidationError.swift -primary-file /Users/admin/builds/vMd7uqzK/1/finestructure/swiftpackageindex-builder/spi-builder-workspace/Validate/Source/Validations/Count.swift -primary-file /Users/admin/builds/vMd7uqzK/1/finestructure/swiftpackageindex-builder/spi-builder-workspace/Validate/Source/Validations/Format.swift /Users/admin/builds/vMd7uqzK/1/finestructure/swiftpackageindex-builder/spi-builder-workspace/Validate/Source/Validations/Presence.swift /Users/admin/builds/vMd7uqzK/1/finestructure/swiftpackageindex-builder/spi-builder-workspace/Validate/Source/Validator.swift -emit-dependencies-path /Users/admin/builds/vMd7uqzK/1/finestructure/swiftpackageindex-builder/spi-builder-workspace/.derivedData/Build/Intermediates.noindex/Validate.build/Debug/Validate.build/Objects-normal/arm64/Count.d -emit-reference-dependencies-path /Users/admin/builds/vMd7uqzK/1/finestructure/swiftpackageindex-builder/spi-builder-workspace/.derivedData/Build/Intermediates.noindex/Validate.build/Debug/Validate.build/Objects-normal/arm64/Count.swiftdeps -serialize-diagnostics-path /Users/admin/builds/vMd7uqzK/1/finestructure/swiftpackageindex-builder/spi-builder-workspace/.derivedData/Build/Intermediates.noindex/Validate.build/Debug/Validate.build/Objects-normal/arm64/Count.dia -emit-dependencies-path /Users/admin/builds/vMd7uqzK/1/finestructure/swiftpackageindex-builder/spi-builder-workspace/.derivedData/Build/Intermediates.noindex/Validate.build/Debug/Validate.build/Objects-normal/arm64/Format.d -emit-reference-dependencies-path /Users/admin/builds/vMd7uqzK/1/finestructure/swiftpackageindex-builder/spi-builder-workspace/.derivedData/Build/Intermediates.noindex/Validate.build/Debug/Validate.build/Objects-normal/arm64/Format.swiftdeps -serialize-diagnostics-path /Users/admin/builds/vMd7uqzK/1/finestructure/swiftpackageindex-builder/spi-builder-workspace/.derivedData/Build/Intermediates.noindex/Validate.build/Debug/Validate.build/Objects-normal/arm64/Format.dia -target arm64-apple-macos10.13 -Xllvm -aarch64-use-tbi -enable-objc-interop -sdk /Applications/Xcode-14.3.1.app/Contents/Developer/Platforms/MacOSX.platform/Developer/SDKs/MacOSX13.3.sdk -I /Users/admin/builds/vMd7uqzK/1/finestructure/swiftpackageindex-builder/spi-builder-workspace/.derivedData/Build/Products/Debug -I /Applications/Xcode-14.3.1.app/Contents/Developer/Platforms/MacOSX.platform/Developer/usr/lib -F /Users/admin/builds/vMd7uqzK/1/finestructure/swiftpackageindex-builder/spi-builder-workspace/.derivedData/Build/Products/Debug -F /Applications/Xcode-14.3.1.app/Contents/Developer/Platforms/MacOSX.platform/Developer/Library/Frameworks -no-color-diagnostics -enable-testing -g -module-cache-path /Users/admin/builds/vMd7uqzK/1/finestructure/swiftpackageindex-builder/spi-builder-workspace/.derivedData/ModuleCache.noindex -swift-version 5 -enforce-exclusivity\=checked -Onone -D SWIFT_PACKAGE -D DEBUG -D Xcode -serialize-debugging-options -empty-abi-descriptor -Xcc -working-directory -Xcc /Users/admin/builds/vMd7uqzK/1/finestructure/swiftpackageindex-builder/spi-builder-workspace -resource-dir /Applications/Xcode-14.3.1.app/Contents/Developer/Toolchains/XcodeDefault.xctoolchain/usr/lib/swift -enable-anonymous-context-mangled-names -Xcc -ivfsstatcache -Xcc /Users/admin/builds/vMd7uqzK/1/finestructure/swiftpackageindex-builder/spi-builder-workspace/.derivedData/SDKStatCaches.noindex/macosx13.3-22E245-.sdkstatcache -Xcc -I/Users/admin/builds/vMd7uqzK/1/finestructure/swiftpackageindex-builder/spi-builder-workspace/.derivedData/Build/Intermediates.noindex/Validate.build/Debug/Validate.build/swift-overrides.hmap -Xcc -I/Users/admin/builds/vMd7uqzK/1/finestructure/swiftpackageindex-builder/spi-builder-workspace/.derivedData/Build/Products/Debug/include -Xcc -I/Users/admin/builds/vMd7uqzK/1/finestructure/swiftpackageindex-builder/spi-builder-workspace/.derivedData/Build/Intermediates.noindex/Validate.build/Debug/Validate.build/DerivedSources-normal/arm64 -Xcc -I/Users/admin/builds/vMd7uqzK/1/finestructure/swiftpackageindex-builder/spi-builder-workspace/.derivedData/Build/Intermediates.noindex/Validate.build/Debug/Validate.build/DerivedSources/arm64 -Xcc -I/Users/admin/builds/vMd7uqzK/1/finestructure/swiftpackageindex-builder/spi-builder-workspace/.derivedData/Build/Intermediates.noindex/Validate.build/Debug/Validate.build/DerivedSources -Xcc -DSWIFT_PACKAGE -Xcc -DDEBUG\=1 -module-name Validate -frontend-parseable-output -disable-clang-spi -target-sdk-version 13.3 -target-sdk-name macosx13.3 -o /Users/admin/builds/vMd7uqzK/1/finestructure/swiftpackageindex-builder/spi-builder-workspace/.derivedData/Build/Intermediates.noindex/Validate.build/Debug/Validate.build/Objects-normal/arm64/Count.o -o /Users/admin/builds/vMd7uqzK/1/finestructure/swiftpackageindex-builder/spi-builder-workspace/.derivedData/Build/Intermediates.noindex/Validate.build/Debug/Validate.build/Objects-normal/arm64/Format.o -index-unit-output-path /Validate.build/Debug/Validate.build/Objects-normal/arm64/Count.o -index-unit-output-path /Validate.build/Debug/Validate.build/Objects-normal/arm64/Format.o -index-store-path /Users/admin/builds/vMd7uqzK/1/finestructure/swiftpackageindex-builder/spi-builder-workspace/.derivedData/Index.noindex/DataStore -index-system-modules
SwiftCompile normal arm64 /Users/admin/builds/vMd7uqzK/1/finestructure/swiftpackageindex-builder/spi-builder-workspace/Validate/Source/Validations/Format.swift (in target 'Validate' from project 'Validate')
    cd /Users/admin/builds/vMd7uqzK/1/finestructure/swiftpackageindex-builder/spi-builder-workspace
    /Applications/Xcode-14.3.1.app/Contents/Developer/Toolchains/XcodeDefault.xctoolchain/usr/bin/swift-frontend -c /Users/admin/builds/vMd7uqzK/1/finestructure/swiftpackageindex-builder/spi-builder-workspace/Validate/Source/Extensions/NSRegularExpression+Extension.swift /Users/admin/builds/vMd7uqzK/1/finestructure/swiftpackageindex-builder/spi-builder-workspace/Validate/Source/Extensions/Sequence+Extension.swift /Users/admin/builds/vMd7uqzK/1/finestructure/swiftpackageindex-builder/spi-builder-workspace/Validate/Source/Validate.swift /Users/admin/builds/vMd7uqzK/1/finestructure/swiftpackageindex-builder/spi-builder-workspace/Validate/Source/Validation.swift /Users/admin/builds/vMd7uqzK/1/finestructure/swiftpackageindex-builder/spi-builder-workspace/Validate/Source/ValidationError.swift -primary-file /Users/admin/builds/vMd7uqzK/1/finestructure/swiftpackageindex-builder/spi-builder-workspace/Validate/Source/Validations/Count.swift -primary-file /Users/admin/builds/vMd7uqzK/1/finestructure/swiftpackageindex-builder/spi-builder-workspace/Validate/Source/Validations/Format.swift /Users/admin/builds/vMd7uqzK/1/finestructure/swiftpackageindex-builder/spi-builder-workspace/Validate/Source/Validations/Presence.swift /Users/admin/builds/vMd7uqzK/1/finestructure/swiftpackageindex-builder/spi-builder-workspace/Validate/Source/Validator.swift -emit-dependencies-path /Users/admin/builds/vMd7uqzK/1/finestructure/swiftpackageindex-builder/spi-builder-workspace/.derivedData/Build/Intermediates.noindex/Validate.build/Debug/Validate.build/Objects-normal/arm64/Count.d -emit-reference-dependencies-path /Users/admin/builds/vMd7uqzK/1/finestructure/swiftpackageindex-builder/spi-builder-workspace/.derivedData/Build/Intermediates.noindex/Validate.build/Debug/Validate.build/Objects-normal/arm64/Count.swiftdeps -serialize-diagnostics-path /Users/admin/builds/vMd7uqzK/1/finestructure/swiftpackageindex-builder/spi-builder-workspace/.derivedData/Build/Intermediates.noindex/Validate.build/Debug/Validate.build/Objects-normal/arm64/Count.dia -emit-dependencies-path /Users/admin/builds/vMd7uqzK/1/finestructure/swiftpackageindex-builder/spi-builder-workspace/.derivedData/Build/Intermediates.noindex/Validate.build/Debug/Validate.build/Objects-normal/arm64/Format.d -emit-reference-dependencies-path /Users/admin/builds/vMd7uqzK/1/finestructure/swiftpackageindex-builder/spi-builder-workspace/.derivedData/Build/Intermediates.noindex/Validate.build/Debug/Validate.build/Objects-normal/arm64/Format.swiftdeps -serialize-diagnostics-path /Users/admin/builds/vMd7uqzK/1/finestructure/swiftpackageindex-builder/spi-builder-workspace/.derivedData/Build/Intermediates.noindex/Validate.build/Debug/Validate.build/Objects-normal/arm64/Format.dia -target arm64-apple-macos10.13 -Xllvm -aarch64-use-tbi -enable-objc-interop -sdk /Applications/Xcode-14.3.1.app/Contents/Developer/Platforms/MacOSX.platform/Developer/SDKs/MacOSX13.3.sdk -I /Users/admin/builds/vMd7uqzK/1/finestructure/swiftpackageindex-builder/spi-builder-workspace/.derivedData/Build/Products/Debug -I /Applications/Xcode-14.3.1.app/Contents/Developer/Platforms/MacOSX.platform/Developer/usr/lib -F /Users/admin/builds/vMd7uqzK/1/finestructure/swiftpackageindex-builder/spi-builder-workspace/.derivedData/Build/Products/Debug -F /Applications/Xcode-14.3.1.app/Contents/Developer/Platforms/MacOSX.platform/Developer/Library/Frameworks -no-color-diagnostics -enable-testing -g -module-cache-path /Users/admin/builds/vMd7uqzK/1/finestructure/swiftpackageindex-builder/spi-builder-workspace/.derivedData/ModuleCache.noindex -swift-version 5 -enforce-exclusivity\=checked -Onone -D SWIFT_PACKAGE -D DEBUG -D Xcode -serialize-debugging-options -empty-abi-descriptor -Xcc -working-directory -Xcc /Users/admin/builds/vMd7uqzK/1/finestructure/swiftpackageindex-builder/spi-builder-workspace -resource-dir /Applications/Xcode-14.3.1.app/Contents/Developer/Toolchains/XcodeDefault.xctoolchain/usr/lib/swift -enable-anonymous-context-mangled-names -Xcc -ivfsstatcache -Xcc /Users/admin/builds/vMd7uqzK/1/finestructure/swiftpackageindex-builder/spi-builder-workspace/.derivedData/SDKStatCaches.noindex/macosx13.3-22E245-.sdkstatcache -Xcc -I/Users/admin/builds/vMd7uqzK/1/finestructure/swiftpackageindex-builder/spi-builder-workspace/.derivedData/Build/Intermediates.noindex/Validate.build/Debug/Validate.build/swift-overrides.hmap -Xcc -I/Users/admin/builds/vMd7uqzK/1/finestructure/swiftpackageindex-builder/spi-builder-workspace/.derivedData/Build/Products/Debug/include -Xcc -I/Users/admin/builds/vMd7uqzK/1/finestructure/swiftpackageindex-builder/spi-builder-workspace/.derivedData/Build/Intermediates.noindex/Validate.build/Debug/Validate.build/DerivedSources-normal/arm64 -Xcc -I/Users/admin/builds/vMd7uqzK/1/finestructure/swiftpackageindex-builder/spi-builder-workspace/.derivedData/Build/Intermediates.noindex/Validate.build/Debug/Validate.build/DerivedSources/arm64 -Xcc -I/Users/admin/builds/vMd7uqzK/1/finestructure/swiftpackageindex-builder/spi-builder-workspace/.derivedData/Build/Intermediates.noindex/Validate.build/Debug/Validate.build/DerivedSources -Xcc -DSWIFT_PACKAGE -Xcc -DDEBUG\=1 -module-name Validate -frontend-parseable-output -disable-clang-spi -target-sdk-version 13.3 -target-sdk-name macosx13.3 -o /Users/admin/builds/vMd7uqzK/1/finestructure/swiftpackageindex-builder/spi-builder-workspace/.derivedData/Build/Intermediates.noindex/Validate.build/Debug/Validate.build/Objects-normal/arm64/Count.o -o /Users/admin/builds/vMd7uqzK/1/finestructure/swiftpackageindex-builder/spi-builder-workspace/.derivedData/Build/Intermediates.noindex/Validate.build/Debug/Validate.build/Objects-normal/arm64/Format.o -index-unit-output-path /Validate.build/Debug/Validate.build/Objects-normal/arm64/Count.o -index-unit-output-path /Validate.build/Debug/Validate.build/Objects-normal/arm64/Format.o -index-store-path /Users/admin/builds/vMd7uqzK/1/finestructure/swiftpackageindex-builder/spi-builder-workspace/.derivedData/Index.noindex/DataStore -index-system-modules
SwiftEmitModule normal arm64 Emitting\ module\ for\ Validate (in target 'Validate' from project 'Validate')
    cd /Users/admin/builds/vMd7uqzK/1/finestructure/swiftpackageindex-builder/spi-builder-workspace
    builtin-swiftTaskExecution -- /Applications/Xcode-14.3.1.app/Contents/Developer/Toolchains/XcodeDefault.xctoolchain/usr/bin/swift-frontend -frontend -emit-module -experimental-skip-non-inlinable-function-bodies-without-types /Users/admin/builds/vMd7uqzK/1/finestructure/swiftpackageindex-builder/spi-builder-workspace/Validate/Source/Extensions/NSRegularExpression+Extension.swift /Users/admin/builds/vMd7uqzK/1/finestructure/swiftpackageindex-builder/spi-builder-workspace/Validate/Source/Extensions/Sequence+Extension.swift /Users/admin/builds/vMd7uqzK/1/finestructure/swiftpackageindex-builder/spi-builder-workspace/Validate/Source/Validate.swift /Users/admin/builds/vMd7uqzK/1/finestructure/swiftpackageindex-builder/spi-builder-workspace/Validate/Source/Validation.swift /Users/admin/builds/vMd7uqzK/1/finestructure/swiftpackageindex-builder/spi-builder-workspace/Validate/Source/ValidationError.swift /Users/admin/builds/vMd7uqzK/1/finestructure/swiftpackageindex-builder/spi-builder-workspace/Validate/Source/Validations/Count.swift /Users/admin/builds/vMd7uqzK/1/finestructure/swiftpackageindex-builder/spi-builder-workspace/Validate/Source/Validations/Format.swift /Users/admin/builds/vMd7uqzK/1/finestructure/swiftpackageindex-builder/spi-builder-workspace/Validate/Source/Validations/Presence.swift /Users/admin/builds/vMd7uqzK/1/finestructure/swiftpackageindex-builder/spi-builder-workspace/Validate/Source/Validator.swift -target arm64-apple-macos10.13 -Xllvm -aarch64-use-tbi -enable-objc-interop -sdk /Applications/Xcode-14.3.1.app/Contents/Developer/Platforms/MacOSX.platform/Developer/SDKs/MacOSX13.3.sdk -I /Users/admin/builds/vMd7uqzK/1/finestructure/swiftpackageindex-builder/spi-builder-workspace/.derivedData/Build/Products/Debug -I /Applications/Xcode-14.3.1.app/Contents/Developer/Platforms/MacOSX.platform/Developer/usr/lib -F /Users/admin/builds/vMd7uqzK/1/finestructure/swiftpackageindex-builder/spi-builder-workspace/.derivedData/Build/Products/Debug -F /Applications/Xcode-14.3.1.app/Contents/Developer/Platforms/MacOSX.platform/Developer/Library/Frameworks -no-color-diagnostics -enable-testing -g -module-cache-path /Users/admin/builds/vMd7uqzK/1/finestructure/swiftpackageindex-builder/spi-builder-workspace/.derivedData/ModuleCache.noindex -swift-version 5 -enforce-exclusivity\=checked -Onone -D SWIFT_PACKAGE -D DEBUG -D Xcode -serialize-debugging-options -empty-abi-descriptor -Xcc -working-directory -Xcc /Users/admin/builds/vMd7uqzK/1/finestructure/swiftpackageindex-builder/spi-builder-workspace -resource-dir /Applications/Xcode-14.3.1.app/Contents/Developer/Toolchains/XcodeDefault.xctoolchain/usr/lib/swift -enable-anonymous-context-mangled-names -Xcc -ivfsstatcache -Xcc /Users/admin/builds/vMd7uqzK/1/finestructure/swiftpackageindex-builder/spi-builder-workspace/.derivedData/SDKStatCaches.noindex/macosx13.3-22E245-.sdkstatcache -Xcc -I/Users/admin/builds/vMd7uqzK/1/finestructure/swiftpackageindex-builder/spi-builder-workspace/.derivedData/Build/Intermediates.noindex/Validate.build/Debug/Validate.build/swift-overrides.hmap -Xcc -I/Users/admin/builds/vMd7uqzK/1/finestructure/swiftpackageindex-builder/spi-builder-workspace/.derivedData/Build/Products/Debug/include -Xcc -I/Users/admin/builds/vMd7uqzK/1/finestructure/swiftpackageindex-builder/spi-builder-workspace/.derivedData/Build/Intermediates.noindex/Validate.build/Debug/Validate.build/DerivedSources-normal/arm64 -Xcc -I/Users/admin/builds/vMd7uqzK/1/finestructure/swiftpackageindex-builder/spi-builder-workspace/.derivedData/Build/Intermediates.noindex/Validate.build/Debug/Validate.build/DerivedSources/arm64 -Xcc -I/Users/admin/builds/vMd7uqzK/1/finestructure/swiftpackageindex-builder/spi-builder-workspace/.derivedData/Build/Intermediates.noindex/Validate.build/Debug/Validate.build/DerivedSources -Xcc -DSWIFT_PACKAGE -Xcc -DDEBUG\=1 -module-name Validate -disable-clang-spi -target-sdk-version 13.3 -target-sdk-name macosx13.3 -emit-module-doc-path /Users/admin/builds/vMd7uqzK/1/finestructure/swiftpackageindex-builder/spi-builder-workspace/.derivedData/Build/Intermediates.noindex/Validate.build/Debug/Validate.build/Objects-normal/arm64/Validate.swiftdoc -emit-module-source-info-path /Users/admin/builds/vMd7uqzK/1/finestructure/swiftpackageindex-builder/spi-builder-workspace/.derivedData/Build/Intermediates.noindex/Validate.build/Debug/Validate.build/Objects-normal/arm64/Validate.swiftsourceinfo -emit-objc-header-path /Users/admin/builds/vMd7uqzK/1/finestructure/swiftpackageindex-builder/spi-builder-workspace/.derivedData/Build/Intermediates.noindex/Validate.build/Debug/Validate.build/Objects-normal/arm64/Validate-Swift.h -serialize-diagnostics-path /Users/admin/builds/vMd7uqzK/1/finestructure/swiftpackageindex-builder/spi-builder-workspace/.derivedData/Build/Intermediates.noindex/Validate.build/Debug/Validate.build/Objects-normal/arm64/Validate-master-emit-module.dia -emit-dependencies-path /Users/admin/builds/vMd7uqzK/1/finestructure/swiftpackageindex-builder/spi-builder-workspace/.derivedData/Build/Intermediates.noindex/Validate.build/Debug/Validate.build/Objects-normal/arm64/Validate-master-emit-module.d -o /Users/admin/builds/vMd7uqzK/1/finestructure/swiftpackageindex-builder/spi-builder-workspace/.derivedData/Build/Intermediates.noindex/Validate.build/Debug/Validate.build/Objects-normal/arm64/Validate.swiftmodule -emit-abi-descriptor-path /Users/admin/builds/vMd7uqzK/1/finestructure/swiftpackageindex-builder/spi-builder-workspace/.derivedData/Build/Intermediates.noindex/Validate.build/Debug/Validate.build/Objects-normal/arm64/Validate.abi.json
/Users/admin/builds/vMd7uqzK/1/finestructure/swiftpackageindex-builder/spi-builder-workspace/Validate/Source/Validate.swift:35:25: error: 'Binding' is only available in macOS 10.15 or newer
    public var binding: Binding<Value> {
                        ^
/Users/admin/builds/vMd7uqzK/1/finestructure/swiftpackageindex-builder/spi-builder-workspace/Validate/Source/Validate.swift:35:16: note: add @available attribute to enclosing property
    public var binding: Binding<Value> {
               ^
/Users/admin/builds/vMd7uqzK/1/finestructure/swiftpackageindex-builder/spi-builder-workspace/Validate/Source/Validate.swift:19:15: note: add @available attribute to enclosing generic struct
public struct Validate<Value>: DynamicProperty {
              ^
/Users/admin/builds/vMd7uqzK/1/finestructure/swiftpackageindex-builder/spi-builder-workspace/Validate/Source/Validate.swift:51:6: error: 'ObservedObject' is only available in macOS 10.15 or newer
    @ObservedObject private var validator: Validator<Value>
     ^
/Users/admin/builds/vMd7uqzK/1/finestructure/swiftpackageindex-builder/spi-builder-workspace/Validate/Source/Validate.swift:19:15: note: add @available attribute to enclosing generic struct
public struct Validate<Value>: DynamicProperty {
              ^
/Users/admin/builds/vMd7uqzK/1/finestructure/swiftpackageindex-builder/spi-builder-workspace/Validate/Source/Validator.swift:4:31: error: 'ObservableObject' is only available in macOS 10.15 or newer
final class Validator<Value>: ObservableObject {
                              ^
/Users/admin/builds/vMd7uqzK/1/finestructure/swiftpackageindex-builder/spi-builder-workspace/Validate/Source/Validator.swift:4:13: note: add @available attribute to enclosing generic class
final class Validator<Value>: ObservableObject {
            ^
SwiftCompile normal arm64 Compiling\ Presence.swift,\ Validator.swift /Users/admin/builds/vMd7uqzK/1/finestructure/swiftpackageindex-builder/spi-builder-workspace/Validate/Source/Validations/Presence.swift /Users/admin/builds/vMd7uqzK/1/finestructure/swiftpackageindex-builder/spi-builder-workspace/Validate/Source/Validator.swift (in target 'Validate' from project 'Validate')
    cd /Users/admin/builds/vMd7uqzK/1/finestructure/swiftpackageindex-builder/spi-builder-workspace
    builtin-swiftTaskExecution -- /Applications/Xcode-14.3.1.app/Contents/Developer/Toolchains/XcodeDefault.xctoolchain/usr/bin/swift-frontend -frontend -c /Users/admin/builds/vMd7uqzK/1/finestructure/swiftpackageindex-builder/spi-builder-workspace/Validate/Source/Extensions/NSRegularExpression+Extension.swift /Users/admin/builds/vMd7uqzK/1/finestructure/swiftpackageindex-builder/spi-builder-workspace/Validate/Source/Extensions/Sequence+Extension.swift /Users/admin/builds/vMd7uqzK/1/finestructure/swiftpackageindex-builder/spi-builder-workspace/Validate/Source/Validate.swift /Users/admin/builds/vMd7uqzK/1/finestructure/swiftpackageindex-builder/spi-builder-workspace/Validate/Source/Validation.swift /Users/admin/builds/vMd7uqzK/1/finestructure/swiftpackageindex-builder/spi-builder-workspace/Validate/Source/ValidationError.swift /Users/admin/builds/vMd7uqzK/1/finestructure/swiftpackageindex-builder/spi-builder-workspace/Validate/Source/Validations/Count.swift /Users/admin/builds/vMd7uqzK/1/finestructure/swiftpackageindex-builder/spi-builder-workspace/Validate/Source/Validations/Format.swift -primary-file /Users/admin/builds/vMd7uqzK/1/finestructure/swiftpackageindex-builder/spi-builder-workspace/Validate/Source/Validations/Presence.swift -primary-file /Users/admin/builds/vMd7uqzK/1/finestructure/swiftpackageindex-builder/spi-builder-workspace/Validate/Source/Validator.swift -emit-dependencies-path /Users/admin/builds/vMd7uqzK/1/finestructure/swiftpackageindex-builder/spi-builder-workspace/.derivedData/Build/Intermediates.noindex/Validate.build/Debug/Validate.build/Objects-normal/arm64/Presence.d -emit-reference-dependencies-path /Users/admin/builds/vMd7uqzK/1/finestructure/swiftpackageindex-builder/spi-builder-workspace/.derivedData/Build/Intermediates.noindex/Validate.build/Debug/Validate.build/Objects-normal/arm64/Presence.swiftdeps -serialize-diagnostics-path /Users/admin/builds/vMd7uqzK/1/finestructure/swiftpackageindex-builder/spi-builder-workspace/.derivedData/Build/Intermediates.noindex/Validate.build/Debug/Validate.build/Objects-normal/arm64/Presence.dia -emit-dependencies-path /Users/admin/builds/vMd7uqzK/1/finestructure/swiftpackageindex-builder/spi-builder-workspace/.derivedData/Build/Intermediates.noindex/Validate.build/Debug/Validate.build/Objects-normal/arm64/Validator.d -emit-reference-dependencies-path /Users/admin/builds/vMd7uqzK/1/finestructure/swiftpackageindex-builder/spi-builder-workspace/.derivedData/Build/Intermediates.noindex/Validate.build/Debug/Validate.build/Objects-normal/arm64/Validator.swiftdeps -serialize-diagnostics-path /Users/admin/builds/vMd7uqzK/1/finestructure/swiftpackageindex-builder/spi-builder-workspace/.derivedData/Build/Intermediates.noindex/Validate.build/Debug/Validate.build/Objects-normal/arm64/Validator.dia -target arm64-apple-macos10.13 -Xllvm -aarch64-use-tbi -enable-objc-interop -sdk /Applications/Xcode-14.3.1.app/Contents/Developer/Platforms/MacOSX.platform/Developer/SDKs/MacOSX13.3.sdk -I /Users/admin/builds/vMd7uqzK/1/finestructure/swiftpackageindex-builder/spi-builder-workspace/.derivedData/Build/Products/Debug -I /Applications/Xcode-14.3.1.app/Contents/Developer/Platforms/MacOSX.platform/Developer/usr/lib -F /Users/admin/builds/vMd7uqzK/1/finestructure/swiftpackageindex-builder/spi-builder-workspace/.derivedData/Build/Products/Debug -F /Applications/Xcode-14.3.1.app/Contents/Developer/Platforms/MacOSX.platform/Developer/Library/Frameworks -no-color-diagnostics -enable-testing -g -module-cache-path /Users/admin/builds/vMd7uqzK/1/finestructure/swiftpackageindex-builder/spi-builder-workspace/.derivedData/ModuleCache.noindex -swift-version 5 -enforce-exclusivity\=checked -Onone -D SWIFT_PACKAGE -D DEBUG -D Xcode -serialize-debugging-options -empty-abi-descriptor -Xcc -working-directory -Xcc /Users/admin/builds/vMd7uqzK/1/finestructure/swiftpackageindex-builder/spi-builder-workspace -resource-dir /Applications/Xcode-14.3.1.app/Contents/Developer/Toolchains/XcodeDefault.xctoolchain/usr/lib/swift -enable-anonymous-context-mangled-names -Xcc -ivfsstatcache -Xcc /Users/admin/builds/vMd7uqzK/1/finestructure/swiftpackageindex-builder/spi-builder-workspace/.derivedData/SDKStatCaches.noindex/macosx13.3-22E245-.sdkstatcache -Xcc -I/Users/admin/builds/vMd7uqzK/1/finestructure/swiftpackageindex-builder/spi-builder-workspace/.derivedData/Build/Intermediates.noindex/Validate.build/Debug/Validate.build/swift-overrides.hmap -Xcc -I/Users/admin/builds/vMd7uqzK/1/finestructure/swiftpackageindex-builder/spi-builder-workspace/.derivedData/Build/Products/Debug/include -Xcc -I/Users/admin/builds/vMd7uqzK/1/finestructure/swiftpackageindex-builder/spi-builder-workspace/.derivedData/Build/Intermediates.noindex/Validate.build/Debug/Validate.build/DerivedSources-normal/arm64 -Xcc -I/Users/admin/builds/vMd7uqzK/1/finestructure/swiftpackageindex-builder/spi-builder-workspace/.derivedData/Build/Intermediates.noindex/Validate.build/Debug/Validate.build/DerivedSources/arm64 -Xcc -I/Users/admin/builds/vMd7uqzK/1/finestructure/swiftpackageindex-builder/spi-builder-workspace/.derivedData/Build/Intermediates.noindex/Validate.build/Debug/Validate.build/DerivedSources -Xcc -DSWIFT_PACKAGE -Xcc -DDEBUG\=1 -module-name Validate -frontend-parseable-output -disable-clang-spi -target-sdk-version 13.3 -target-sdk-name macosx13.3 -o /Users/admin/builds/vMd7uqzK/1/finestructure/swiftpackageindex-builder/spi-builder-workspace/.derivedData/Build/Intermediates.noindex/Validate.build/Debug/Validate.build/Objects-normal/arm64/Presence.o -o /Users/admin/builds/vMd7uqzK/1/finestructure/swiftpackageindex-builder/spi-builder-workspace/.derivedData/Build/Intermediates.noindex/Validate.build/Debug/Validate.build/Objects-normal/arm64/Validator.o -index-unit-output-path /Validate.build/Debug/Validate.build/Objects-normal/arm64/Presence.o -index-unit-output-path /Validate.build/Debug/Validate.build/Objects-normal/arm64/Validator.o -index-store-path /Users/admin/builds/vMd7uqzK/1/finestructure/swiftpackageindex-builder/spi-builder-workspace/.derivedData/Index.noindex/DataStore -index-system-modules
SwiftCompile normal arm64 /Users/admin/builds/vMd7uqzK/1/finestructure/swiftpackageindex-builder/spi-builder-workspace/Validate/Source/Validations/Presence.swift (in target 'Validate' from project 'Validate')
    cd /Users/admin/builds/vMd7uqzK/1/finestructure/swiftpackageindex-builder/spi-builder-workspace
    /Applications/Xcode-14.3.1.app/Contents/Developer/Toolchains/XcodeDefault.xctoolchain/usr/bin/swift-frontend -c /Users/admin/builds/vMd7uqzK/1/finestructure/swiftpackageindex-builder/spi-builder-workspace/Validate/Source/Extensions/NSRegularExpression+Extension.swift /Users/admin/builds/vMd7uqzK/1/finestructure/swiftpackageindex-builder/spi-builder-workspace/Validate/Source/Extensions/Sequence+Extension.swift /Users/admin/builds/vMd7uqzK/1/finestructure/swiftpackageindex-builder/spi-builder-workspace/Validate/Source/Validate.swift /Users/admin/builds/vMd7uqzK/1/finestructure/swiftpackageindex-builder/spi-builder-workspace/Validate/Source/Validation.swift /Users/admin/builds/vMd7uqzK/1/finestructure/swiftpackageindex-builder/spi-builder-workspace/Validate/Source/ValidationError.swift /Users/admin/builds/vMd7uqzK/1/finestructure/swiftpackageindex-builder/spi-builder-workspace/Validate/Source/Validations/Count.swift /Users/admin/builds/vMd7uqzK/1/finestructure/swiftpackageindex-builder/spi-builder-workspace/Validate/Source/Validations/Format.swift -primary-file /Users/admin/builds/vMd7uqzK/1/finestructure/swiftpackageindex-builder/spi-builder-workspace/Validate/Source/Validations/Presence.swift -primary-file /Users/admin/builds/vMd7uqzK/1/finestructure/swiftpackageindex-builder/spi-builder-workspace/Validate/Source/Validator.swift -emit-dependencies-path /Users/admin/builds/vMd7uqzK/1/finestructure/swiftpackageindex-builder/spi-builder-workspace/.derivedData/Build/Intermediates.noindex/Validate.build/Debug/Validate.build/Objects-normal/arm64/Presence.d -emit-reference-dependencies-path /Users/admin/builds/vMd7uqzK/1/finestructure/swiftpackageindex-builder/spi-builder-workspace/.derivedData/Build/Intermediates.noindex/Validate.build/Debug/Validate.build/Objects-normal/arm64/Presence.swiftdeps -serialize-diagnostics-path /Users/admin/builds/vMd7uqzK/1/finestructure/swiftpackageindex-builder/spi-builder-workspace/.derivedData/Build/Intermediates.noindex/Validate.build/Debug/Validate.build/Objects-normal/arm64/Presence.dia -emit-dependencies-path /Users/admin/builds/vMd7uqzK/1/finestructure/swiftpackageindex-builder/spi-builder-workspace/.derivedData/Build/Intermediates.noindex/Validate.build/Debug/Validate.build/Objects-normal/arm64/Validator.d -emit-reference-dependencies-path /Users/admin/builds/vMd7uqzK/1/finestructure/swiftpackageindex-builder/spi-builder-workspace/.derivedData/Build/Intermediates.noindex/Validate.build/Debug/Validate.build/Objects-normal/arm64/Validator.swiftdeps -serialize-diagnostics-path /Users/admin/builds/vMd7uqzK/1/finestructure/swiftpackageindex-builder/spi-builder-workspace/.derivedData/Build/Intermediates.noindex/Validate.build/Debug/Validate.build/Objects-normal/arm64/Validator.dia -target arm64-apple-macos10.13 -Xllvm -aarch64-use-tbi -enable-objc-interop -sdk /Applications/Xcode-14.3.1.app/Contents/Developer/Platforms/MacOSX.platform/Developer/SDKs/MacOSX13.3.sdk -I /Users/admin/builds/vMd7uqzK/1/finestructure/swiftpackageindex-builder/spi-builder-workspace/.derivedData/Build/Products/Debug -I /Applications/Xcode-14.3.1.app/Contents/Developer/Platforms/MacOSX.platform/Developer/usr/lib -F /Users/admin/builds/vMd7uqzK/1/finestructure/swiftpackageindex-builder/spi-builder-workspace/.derivedData/Build/Products/Debug -F /Applications/Xcode-14.3.1.app/Contents/Developer/Platforms/MacOSX.platform/Developer/Library/Frameworks -no-color-diagnostics -enable-testing -g -module-cache-path /Users/admin/builds/vMd7uqzK/1/finestructure/swiftpackageindex-builder/spi-builder-workspace/.derivedData/ModuleCache.noindex -swift-version 5 -enforce-exclusivity\=checked -Onone -D SWIFT_PACKAGE -D DEBUG -D Xcode -serialize-debugging-options -empty-abi-descriptor -Xcc -working-directory -Xcc /Users/admin/builds/vMd7uqzK/1/finestructure/swiftpackageindex-builder/spi-builder-workspace -resource-dir /Applications/Xcode-14.3.1.app/Contents/Developer/Toolchains/XcodeDefault.xctoolchain/usr/lib/swift -enable-anonymous-context-mangled-names -Xcc -ivfsstatcache -Xcc /Users/admin/builds/vMd7uqzK/1/finestructure/swiftpackageindex-builder/spi-builder-workspace/.derivedData/SDKStatCaches.noindex/macosx13.3-22E245-.sdkstatcache -Xcc -I/Users/admin/builds/vMd7uqzK/1/finestructure/swiftpackageindex-builder/spi-builder-workspace/.derivedData/Build/Intermediates.noindex/Validate.build/Debug/Validate.build/swift-overrides.hmap -Xcc -I/Users/admin/builds/vMd7uqzK/1/finestructure/swiftpackageindex-builder/spi-builder-workspace/.derivedData/Build/Products/Debug/include -Xcc -I/Users/admin/builds/vMd7uqzK/1/finestructure/swiftpackageindex-builder/spi-builder-workspace/.derivedData/Build/Intermediates.noindex/Validate.build/Debug/Validate.build/DerivedSources-normal/arm64 -Xcc -I/Users/admin/builds/vMd7uqzK/1/finestructure/swiftpackageindex-builder/spi-builder-workspace/.derivedData/Build/Intermediates.noindex/Validate.build/Debug/Validate.build/DerivedSources/arm64 -Xcc -I/Users/admin/builds/vMd7uqzK/1/finestructure/swiftpackageindex-builder/spi-builder-workspace/.derivedData/Build/Intermediates.noindex/Validate.build/Debug/Validate.build/DerivedSources -Xcc -DSWIFT_PACKAGE -Xcc -DDEBUG\=1 -module-name Validate -frontend-parseable-output -disable-clang-spi -target-sdk-version 13.3 -target-sdk-name macosx13.3 -o /Users/admin/builds/vMd7uqzK/1/finestructure/swiftpackageindex-builder/spi-builder-workspace/.derivedData/Build/Intermediates.noindex/Validate.build/Debug/Validate.build/Objects-normal/arm64/Presence.o -o /Users/admin/builds/vMd7uqzK/1/finestructure/swiftpackageindex-builder/spi-builder-workspace/.derivedData/Build/Intermediates.noindex/Validate.build/Debug/Validate.build/Objects-normal/arm64/Validator.o -index-unit-output-path /Validate.build/Debug/Validate.build/Objects-normal/arm64/Presence.o -index-unit-output-path /Validate.build/Debug/Validate.build/Objects-normal/arm64/Validator.o -index-store-path /Users/admin/builds/vMd7uqzK/1/finestructure/swiftpackageindex-builder/spi-builder-workspace/.derivedData/Index.noindex/DataStore -index-system-modules
SwiftCompile normal arm64 /Users/admin/builds/vMd7uqzK/1/finestructure/swiftpackageindex-builder/spi-builder-workspace/Validate/Source/Validator.swift (in target 'Validate' from project 'Validate')
    cd /Users/admin/builds/vMd7uqzK/1/finestructure/swiftpackageindex-builder/spi-builder-workspace
    /Applications/Xcode-14.3.1.app/Contents/Developer/Toolchains/XcodeDefault.xctoolchain/usr/bin/swift-frontend -c /Users/admin/builds/vMd7uqzK/1/finestructure/swiftpackageindex-builder/spi-builder-workspace/Validate/Source/Extensions/NSRegularExpression+Extension.swift /Users/admin/builds/vMd7uqzK/1/finestructure/swiftpackageindex-builder/spi-builder-workspace/Validate/Source/Extensions/Sequence+Extension.swift /Users/admin/builds/vMd7uqzK/1/finestructure/swiftpackageindex-builder/spi-builder-workspace/Validate/Source/Validate.swift /Users/admin/builds/vMd7uqzK/1/finestructure/swiftpackageindex-builder/spi-builder-workspace/Validate/Source/Validation.swift /Users/admin/builds/vMd7uqzK/1/finestructure/swiftpackageindex-builder/spi-builder-workspace/Validate/Source/ValidationError.swift /Users/admin/builds/vMd7uqzK/1/finestructure/swiftpackageindex-builder/spi-builder-workspace/Validate/Source/Validations/Count.swift /Users/admin/builds/vMd7uqzK/1/finestructure/swiftpackageindex-builder/spi-builder-workspace/Validate/Source/Validations/Format.swift -primary-file /Users/admin/builds/vMd7uqzK/1/finestructure/swiftpackageindex-builder/spi-builder-workspace/Validate/Source/Validations/Presence.swift -primary-file /Users/admin/builds/vMd7uqzK/1/finestructure/swiftpackageindex-builder/spi-builder-workspace/Validate/Source/Validator.swift -emit-dependencies-path /Users/admin/builds/vMd7uqzK/1/finestructure/swiftpackageindex-builder/spi-builder-workspace/.derivedData/Build/Intermediates.noindex/Validate.build/Debug/Validate.build/Objects-normal/arm64/Presence.d -emit-reference-dependencies-path /Users/admin/builds/vMd7uqzK/1/finestructure/swiftpackageindex-builder/spi-builder-workspace/.derivedData/Build/Intermediates.noindex/Validate.build/Debug/Validate.build/Objects-normal/arm64/Presence.swiftdeps -serialize-diagnostics-path /Users/admin/builds/vMd7uqzK/1/finestructure/swiftpackageindex-builder/spi-builder-workspace/.derivedData/Build/Intermediates.noindex/Validate.build/Debug/Validate.build/Objects-normal/arm64/Presence.dia -emit-dependencies-path /Users/admin/builds/vMd7uqzK/1/finestructure/swiftpackageindex-builder/spi-builder-workspace/.derivedData/Build/Intermediates.noindex/Validate.build/Debug/Validate.build/Objects-normal/arm64/Validator.d -emit-reference-dependencies-path /Users/admin/builds/vMd7uqzK/1/finestructure/swiftpackageindex-builder/spi-builder-workspace/.derivedData/Build/Intermediates.noindex/Validate.build/Debug/Validate.build/Objects-normal/arm64/Validator.swiftdeps -serialize-diagnostics-path /Users/admin/builds/vMd7uqzK/1/finestructure/swiftpackageindex-builder/spi-builder-workspace/.derivedData/Build/Intermediates.noindex/Validate.build/Debug/Validate.build/Objects-normal/arm64/Validator.dia -target arm64-apple-macos10.13 -Xllvm -aarch64-use-tbi -enable-objc-interop -sdk /Applications/Xcode-14.3.1.app/Contents/Developer/Platforms/MacOSX.platform/Developer/SDKs/MacOSX13.3.sdk -I /Users/admin/builds/vMd7uqzK/1/finestructure/swiftpackageindex-builder/spi-builder-workspace/.derivedData/Build/Products/Debug -I /Applications/Xcode-14.3.1.app/Contents/Developer/Platforms/MacOSX.platform/Developer/usr/lib -F /Users/admin/builds/vMd7uqzK/1/finestructure/swiftpackageindex-builder/spi-builder-workspace/.derivedData/Build/Products/Debug -F /Applications/Xcode-14.3.1.app/Contents/Developer/Platforms/MacOSX.platform/Developer/Library/Frameworks -no-color-diagnostics -enable-testing -g -module-cache-path /Users/admin/builds/vMd7uqzK/1/finestructure/swiftpackageindex-builder/spi-builder-workspace/.derivedData/ModuleCache.noindex -swift-version 5 -enforce-exclusivity\=checked -Onone -D SWIFT_PACKAGE -D DEBUG -D Xcode -serialize-debugging-options -empty-abi-descriptor -Xcc -working-directory -Xcc /Users/admin/builds/vMd7uqzK/1/finestructure/swiftpackageindex-builder/spi-builder-workspace -resource-dir /Applications/Xcode-14.3.1.app/Contents/Developer/Toolchains/XcodeDefault.xctoolchain/usr/lib/swift -enable-anonymous-context-mangled-names -Xcc -ivfsstatcache -Xcc /Users/admin/builds/vMd7uqzK/1/finestructure/swiftpackageindex-builder/spi-builder-workspace/.derivedData/SDKStatCaches.noindex/macosx13.3-22E245-.sdkstatcache -Xcc -I/Users/admin/builds/vMd7uqzK/1/finestructure/swiftpackageindex-builder/spi-builder-workspace/.derivedData/Build/Intermediates.noindex/Validate.build/Debug/Validate.build/swift-overrides.hmap -Xcc -I/Users/admin/builds/vMd7uqzK/1/finestructure/swiftpackageindex-builder/spi-builder-workspace/.derivedData/Build/Products/Debug/include -Xcc -I/Users/admin/builds/vMd7uqzK/1/finestructure/swiftpackageindex-builder/spi-builder-workspace/.derivedData/Build/Intermediates.noindex/Validate.build/Debug/Validate.build/DerivedSources-normal/arm64 -Xcc -I/Users/admin/builds/vMd7uqzK/1/finestructure/swiftpackageindex-builder/spi-builder-workspace/.derivedData/Build/Intermediates.noindex/Validate.build/Debug/Validate.build/DerivedSources/arm64 -Xcc -I/Users/admin/builds/vMd7uqzK/1/finestructure/swiftpackageindex-builder/spi-builder-workspace/.derivedData/Build/Intermediates.noindex/Validate.build/Debug/Validate.build/DerivedSources -Xcc -DSWIFT_PACKAGE -Xcc -DDEBUG\=1 -module-name Validate -frontend-parseable-output -disable-clang-spi -target-sdk-version 13.3 -target-sdk-name macosx13.3 -o /Users/admin/builds/vMd7uqzK/1/finestructure/swiftpackageindex-builder/spi-builder-workspace/.derivedData/Build/Intermediates.noindex/Validate.build/Debug/Validate.build/Objects-normal/arm64/Presence.o -o /Users/admin/builds/vMd7uqzK/1/finestructure/swiftpackageindex-builder/spi-builder-workspace/.derivedData/Build/Intermediates.noindex/Validate.build/Debug/Validate.build/Objects-normal/arm64/Validator.o -index-unit-output-path /Validate.build/Debug/Validate.build/Objects-normal/arm64/Presence.o -index-unit-output-path /Validate.build/Debug/Validate.build/Objects-normal/arm64/Validator.o -index-store-path /Users/admin/builds/vMd7uqzK/1/finestructure/swiftpackageindex-builder/spi-builder-workspace/.derivedData/Index.noindex/DataStore -index-system-modules
SwiftCompile normal arm64 Compiling\ NSRegularExpression+Extension.swift,\ Sequence+Extension.swift,\ Validate.swift /Users/admin/builds/vMd7uqzK/1/finestructure/swiftpackageindex-builder/spi-builder-workspace/Validate/Source/Extensions/NSRegularExpression+Extension.swift /Users/admin/builds/vMd7uqzK/1/finestructure/swiftpackageindex-builder/spi-builder-workspace/Validate/Source/Extensions/Sequence+Extension.swift /Users/admin/builds/vMd7uqzK/1/finestructure/swiftpackageindex-builder/spi-builder-workspace/Validate/Source/Validate.swift (in target 'Validate' from project 'Validate')
    cd /Users/admin/builds/vMd7uqzK/1/finestructure/swiftpackageindex-builder/spi-builder-workspace
    builtin-swiftTaskExecution -- /Applications/Xcode-14.3.1.app/Contents/Developer/Toolchains/XcodeDefault.xctoolchain/usr/bin/swift-frontend -frontend -c -primary-file /Users/admin/builds/vMd7uqzK/1/finestructure/swiftpackageindex-builder/spi-builder-workspace/Validate/Source/Extensions/NSRegularExpression+Extension.swift -primary-file /Users/admin/builds/vMd7uqzK/1/finestructure/swiftpackageindex-builder/spi-builder-workspace/Validate/Source/Extensions/Sequence+Extension.swift -primary-file /Users/admin/builds/vMd7uqzK/1/finestructure/swiftpackageindex-builder/spi-builder-workspace/Validate/Source/Validate.swift /Users/admin/builds/vMd7uqzK/1/finestructure/swiftpackageindex-builder/spi-builder-workspace/Validate/Source/Validation.swift /Users/admin/builds/vMd7uqzK/1/finestructure/swiftpackageindex-builder/spi-builder-workspace/Validate/Source/ValidationError.swift /Users/admin/builds/vMd7uqzK/1/finestructure/swiftpackageindex-builder/spi-builder-workspace/Validate/Source/Validations/Count.swift /Users/admin/builds/vMd7uqzK/1/finestructure/swiftpackageindex-builder/spi-builder-workspace/Validate/Source/Validations/Format.swift /Users/admin/builds/vMd7uqzK/1/finestructure/swiftpackageindex-builder/spi-builder-workspace/Validate/Source/Validations/Presence.swift /Users/admin/builds/vMd7uqzK/1/finestructure/swiftpackageindex-builder/spi-builder-workspace/Validate/Source/Validator.swift -supplementary-output-file-map /Users/admin/builds/vMd7uqzK/1/finestructure/swiftpackageindex-builder/spi-builder-workspace/.derivedData/Build/Intermediates.noindex/Validate.build/Debug/Validate.build/Objects-normal/arm64/supplementaryOutputs-1 -target arm64-apple-macos10.13 -Xllvm -aarch64-use-tbi -enable-objc-interop -sdk /Applications/Xcode-14.3.1.app/Contents/Developer/Platforms/MacOSX.platform/Developer/SDKs/MacOSX13.3.sdk -I /Users/admin/builds/vMd7uqzK/1/finestructure/swiftpackageindex-builder/spi-builder-workspace/.derivedData/Build/Products/Debug -I /Applications/Xcode-14.3.1.app/Contents/Developer/Platforms/MacOSX.platform/Developer/usr/lib -F /Users/admin/builds/vMd7uqzK/1/finestructure/swiftpackageindex-builder/spi-builder-workspace/.derivedData/Build/Products/Debug -F /Applications/Xcode-14.3.1.app/Contents/Developer/Platforms/MacOSX.platform/Developer/Library/Frameworks -no-color-diagnostics -enable-testing -g -module-cache-path /Users/admin/builds/vMd7uqzK/1/finestructure/swiftpackageindex-builder/spi-builder-workspace/.derivedData/ModuleCache.noindex -swift-version 5 -enforce-exclusivity\=checked -Onone -D SWIFT_PACKAGE -D DEBUG -D Xcode -serialize-debugging-options -empty-abi-descriptor -Xcc -working-directory -Xcc /Users/admin/builds/vMd7uqzK/1/finestructure/swiftpackageindex-builder/spi-builder-workspace -resource-dir /Applications/Xcode-14.3.1.app/Contents/Developer/Toolchains/XcodeDefault.xctoolchain/usr/lib/swift -enable-anonymous-context-mangled-names -Xcc -ivfsstatcache -Xcc /Users/admin/builds/vMd7uqzK/1/finestructure/swiftpackageindex-builder/spi-builder-workspace/.derivedData/SDKStatCaches.noindex/macosx13.3-22E245-.sdkstatcache -Xcc -I/Users/admin/builds/vMd7uqzK/1/finestructure/swiftpackageindex-builder/spi-builder-workspace/.derivedData/Build/Intermediates.noindex/Validate.build/Debug/Validate.build/swift-overrides.hmap -Xcc -I/Users/admin/builds/vMd7uqzK/1/finestructure/swiftpackageindex-builder/spi-builder-workspace/.derivedData/Build/Products/Debug/include -Xcc -I/Users/admin/builds/vMd7uqzK/1/finestructure/swiftpackageindex-builder/spi-builder-workspace/.derivedData/Build/Intermediates.noindex/Validate.build/Debug/Validate.build/DerivedSources-normal/arm64 -Xcc -I/Users/admin/builds/vMd7uqzK/1/finestructure/swiftpackageindex-builder/spi-builder-workspace/.derivedData/Build/Intermediates.noindex/Validate.build/Debug/Validate.build/DerivedSources/arm64 -Xcc -I/Users/admin/builds/vMd7uqzK/1/finestructure/swiftpackageindex-builder/spi-builder-workspace/.derivedData/Build/Intermediates.noindex/Validate.build/Debug/Validate.build/DerivedSources -Xcc -DSWIFT_PACKAGE -Xcc -DDEBUG\=1 -module-name Validate -frontend-parseable-output -disable-clang-spi -target-sdk-version 13.3 -target-sdk-name macosx13.3 -o /Users/admin/builds/vMd7uqzK/1/finestructure/swiftpackageindex-builder/spi-builder-workspace/.derivedData/Build/Intermediates.noindex/Validate.build/Debug/Validate.build/Objects-normal/arm64/NSRegularExpression+Extension.o -o /Users/admin/builds/vMd7uqzK/1/finestructure/swiftpackageindex-builder/spi-builder-workspace/.derivedData/Build/Intermediates.noindex/Validate.build/Debug/Validate.build/Objects-normal/arm64/Sequence+Extension.o -o /Users/admin/builds/vMd7uqzK/1/finestructure/swiftpackageindex-builder/spi-builder-workspace/.derivedData/Build/Intermediates.noindex/Validate.build/Debug/Validate.build/Objects-normal/arm64/Validate.o -index-unit-output-path /Validate.build/Debug/Validate.build/Objects-normal/arm64/NSRegularExpression+Extension.o -index-unit-output-path /Validate.build/Debug/Validate.build/Objects-normal/arm64/Sequence+Extension.o -index-unit-output-path /Validate.build/Debug/Validate.build/Objects-normal/arm64/Validate.o -index-store-path /Users/admin/builds/vMd7uqzK/1/finestructure/swiftpackageindex-builder/spi-builder-workspace/.derivedData/Index.noindex/DataStore -index-system-modules
SwiftCompile normal arm64 /Users/admin/builds/vMd7uqzK/1/finestructure/swiftpackageindex-builder/spi-builder-workspace/Validate/Source/Extensions/NSRegularExpression+Extension.swift (in target 'Validate' from project 'Validate')
    cd /Users/admin/builds/vMd7uqzK/1/finestructure/swiftpackageindex-builder/spi-builder-workspace
    /Applications/Xcode-14.3.1.app/Contents/Developer/Toolchains/XcodeDefault.xctoolchain/usr/bin/swift-frontend -c -primary-file /Users/admin/builds/vMd7uqzK/1/finestructure/swiftpackageindex-builder/spi-builder-workspace/Validate/Source/Extensions/NSRegularExpression+Extension.swift -primary-file /Users/admin/builds/vMd7uqzK/1/finestructure/swiftpackageindex-builder/spi-builder-workspace/Validate/Source/Extensions/Sequence+Extension.swift -primary-file /Users/admin/builds/vMd7uqzK/1/finestructure/swiftpackageindex-builder/spi-builder-workspace/Validate/Source/Validate.swift /Users/admin/builds/vMd7uqzK/1/finestructure/swiftpackageindex-builder/spi-builder-workspace/Validate/Source/Validation.swift /Users/admin/builds/vMd7uqzK/1/finestructure/swiftpackageindex-builder/spi-builder-workspace/Validate/Source/ValidationError.swift /Users/admin/builds/vMd7uqzK/1/finestructure/swiftpackageindex-builder/spi-builder-workspace/Validate/Source/Validations/Count.swift /Users/admin/builds/vMd7uqzK/1/finestructure/swiftpackageindex-builder/spi-builder-workspace/Validate/Source/Validations/Format.swift /Users/admin/builds/vMd7uqzK/1/finestructure/swiftpackageindex-builder/spi-builder-workspace/Validate/Source/Validations/Presence.swift /Users/admin/builds/vMd7uqzK/1/finestructure/swiftpackageindex-builder/spi-builder-workspace/Validate/Source/Validator.swift -supplementary-output-file-map /Users/admin/builds/vMd7uqzK/1/finestructure/swiftpackageindex-builder/spi-builder-workspace/.derivedData/Build/Intermediates.noindex/Validate.build/Debug/Validate.build/Objects-normal/arm64/supplementaryOutputs-1 -target arm64-apple-macos10.13 -Xllvm -aarch64-use-tbi -enable-objc-interop -sdk /Applications/Xcode-14.3.1.app/Contents/Developer/Platforms/MacOSX.platform/Developer/SDKs/MacOSX13.3.sdk -I /Users/admin/builds/vMd7uqzK/1/finestructure/swiftpackageindex-builder/spi-builder-workspace/.derivedData/Build/Products/Debug -I /Applications/Xcode-14.3.1.app/Contents/Developer/Platforms/MacOSX.platform/Developer/usr/lib -F /Users/admin/builds/vMd7uqzK/1/finestructure/swiftpackageindex-builder/spi-builder-workspace/.derivedData/Build/Products/Debug -F /Applications/Xcode-14.3.1.app/Contents/Developer/Platforms/MacOSX.platform/Developer/Library/Frameworks -no-color-diagnostics -enable-testing -g -module-cache-path /Users/admin/builds/vMd7uqzK/1/finestructure/swiftpackageindex-builder/spi-builder-workspace/.derivedData/ModuleCache.noindex -swift-version 5 -enforce-exclusivity\=checked -Onone -D SWIFT_PACKAGE -D DEBUG -D Xcode -serialize-debugging-options -empty-abi-descriptor -Xcc -working-directory -Xcc /Users/admin/builds/vMd7uqzK/1/finestructure/swiftpackageindex-builder/spi-builder-workspace -resource-dir /Applications/Xcode-14.3.1.app/Contents/Developer/Toolchains/XcodeDefault.xctoolchain/usr/lib/swift -enable-anonymous-context-mangled-names -Xcc -ivfsstatcache -Xcc /Users/admin/builds/vMd7uqzK/1/finestructure/swiftpackageindex-builder/spi-builder-workspace/.derivedData/SDKStatCaches.noindex/macosx13.3-22E245-.sdkstatcache -Xcc -I/Users/admin/builds/vMd7uqzK/1/finestructure/swiftpackageindex-builder/spi-builder-workspace/.derivedData/Build/Intermediates.noindex/Validate.build/Debug/Validate.build/swift-overrides.hmap -Xcc -I/Users/admin/builds/vMd7uqzK/1/finestructure/swiftpackageindex-builder/spi-builder-workspace/.derivedData/Build/Products/Debug/include -Xcc -I/Users/admin/builds/vMd7uqzK/1/finestructure/swiftpackageindex-builder/spi-builder-workspace/.derivedData/Build/Intermediates.noindex/Validate.build/Debug/Validate.build/DerivedSources-normal/arm64 -Xcc -I/Users/admin/builds/vMd7uqzK/1/finestructure/swiftpackageindex-builder/spi-builder-workspace/.derivedData/Build/Intermediates.noindex/Validate.build/Debug/Validate.build/DerivedSources/arm64 -Xcc -I/Users/admin/builds/vMd7uqzK/1/finestructure/swiftpackageindex-builder/spi-builder-workspace/.derivedData/Build/Intermediates.noindex/Validate.build/Debug/Validate.build/DerivedSources -Xcc -DSWIFT_PACKAGE -Xcc -DDEBUG\=1 -module-name Validate -frontend-parseable-output -disable-clang-spi -target-sdk-version 13.3 -target-sdk-name macosx13.3 -o /Users/admin/builds/vMd7uqzK/1/finestructure/swiftpackageindex-builder/spi-builder-workspace/.derivedData/Build/Intermediates.noindex/Validate.build/Debug/Validate.build/Objects-normal/arm64/NSRegularExpression+Extension.o -o /Users/admin/builds/vMd7uqzK/1/finestructure/swiftpackageindex-builder/spi-builder-workspace/.derivedData/Build/Intermediates.noindex/Validate.build/Debug/Validate.build/Objects-normal/arm64/Sequence+Extension.o -o /Users/admin/builds/vMd7uqzK/1/finestructure/swiftpackageindex-builder/spi-builder-workspace/.derivedData/Build/Intermediates.noindex/Validate.build/Debug/Validate.build/Objects-normal/arm64/Validate.o -index-unit-output-path /Validate.build/Debug/Validate.build/Objects-normal/arm64/NSRegularExpression+Extension.o -index-unit-output-path /Validate.build/Debug/Validate.build/Objects-normal/arm64/Sequence+Extension.o -index-unit-output-path /Validate.build/Debug/Validate.build/Objects-normal/arm64/Validate.o -index-store-path /Users/admin/builds/vMd7uqzK/1/finestructure/swiftpackageindex-builder/spi-builder-workspace/.derivedData/Index.noindex/DataStore -index-system-modules
SwiftCompile normal arm64 /Users/admin/builds/vMd7uqzK/1/finestructure/swiftpackageindex-builder/spi-builder-workspace/Validate/Source/Extensions/Sequence+Extension.swift (in target 'Validate' from project 'Validate')
    cd /Users/admin/builds/vMd7uqzK/1/finestructure/swiftpackageindex-builder/spi-builder-workspace
    /Applications/Xcode-14.3.1.app/Contents/Developer/Toolchains/XcodeDefault.xctoolchain/usr/bin/swift-frontend -c -primary-file /Users/admin/builds/vMd7uqzK/1/finestructure/swiftpackageindex-builder/spi-builder-workspace/Validate/Source/Extensions/NSRegularExpression+Extension.swift -primary-file /Users/admin/builds/vMd7uqzK/1/finestructure/swiftpackageindex-builder/spi-builder-workspace/Validate/Source/Extensions/Sequence+Extension.swift -primary-file /Users/admin/builds/vMd7uqzK/1/finestructure/swiftpackageindex-builder/spi-builder-workspace/Validate/Source/Validate.swift /Users/admin/builds/vMd7uqzK/1/finestructure/swiftpackageindex-builder/spi-builder-workspace/Validate/Source/Validation.swift /Users/admin/builds/vMd7uqzK/1/finestructure/swiftpackageindex-builder/spi-builder-workspace/Validate/Source/ValidationError.swift /Users/admin/builds/vMd7uqzK/1/finestructure/swiftpackageindex-builder/spi-builder-workspace/Validate/Source/Validations/Count.swift /Users/admin/builds/vMd7uqzK/1/finestructure/swiftpackageindex-builder/spi-builder-workspace/Validate/Source/Validations/Format.swift /Users/admin/builds/vMd7uqzK/1/finestructure/swiftpackageindex-builder/spi-builder-workspace/Validate/Source/Validations/Presence.swift /Users/admin/builds/vMd7uqzK/1/finestructure/swiftpackageindex-builder/spi-builder-workspace/Validate/Source/Validator.swift -supplementary-output-file-map /Users/admin/builds/vMd7uqzK/1/finestructure/swiftpackageindex-builder/spi-builder-workspace/.derivedData/Build/Intermediates.noindex/Validate.build/Debug/Validate.build/Objects-normal/arm64/supplementaryOutputs-1 -target arm64-apple-macos10.13 -Xllvm -aarch64-use-tbi -enable-objc-interop -sdk /Applications/Xcode-14.3.1.app/Contents/Developer/Platforms/MacOSX.platform/Developer/SDKs/MacOSX13.3.sdk -I /Users/admin/builds/vMd7uqzK/1/finestructure/swiftpackageindex-builder/spi-builder-workspace/.derivedData/Build/Products/Debug -I /Applications/Xcode-14.3.1.app/Contents/Developer/Platforms/MacOSX.platform/Developer/usr/lib -F /Users/admin/builds/vMd7uqzK/1/finestructure/swiftpackageindex-builder/spi-builder-workspace/.derivedData/Build/Products/Debug -F /Applications/Xcode-14.3.1.app/Contents/Developer/Platforms/MacOSX.platform/Developer/Library/Frameworks -no-color-diagnostics -enable-testing -g -module-cache-path /Users/admin/builds/vMd7uqzK/1/finestructure/swiftpackageindex-builder/spi-builder-workspace/.derivedData/ModuleCache.noindex -swift-version 5 -enforce-exclusivity\=checked -Onone -D SWIFT_PACKAGE -D DEBUG -D Xcode -serialize-debugging-options -empty-abi-descriptor -Xcc -working-directory -Xcc /Users/admin/builds/vMd7uqzK/1/finestructure/swiftpackageindex-builder/spi-builder-workspace -resource-dir /Applications/Xcode-14.3.1.app/Contents/Developer/Toolchains/XcodeDefault.xctoolchain/usr/lib/swift -enable-anonymous-context-mangled-names -Xcc -ivfsstatcache -Xcc /Users/admin/builds/vMd7uqzK/1/finestructure/swiftpackageindex-builder/spi-builder-workspace/.derivedData/SDKStatCaches.noindex/macosx13.3-22E245-.sdkstatcache -Xcc -I/Users/admin/builds/vMd7uqzK/1/finestructure/swiftpackageindex-builder/spi-builder-workspace/.derivedData/Build/Intermediates.noindex/Validate.build/Debug/Validate.build/swift-overrides.hmap -Xcc -I/Users/admin/builds/vMd7uqzK/1/finestructure/swiftpackageindex-builder/spi-builder-workspace/.derivedData/Build/Products/Debug/include -Xcc -I/Users/admin/builds/vMd7uqzK/1/finestructure/swiftpackageindex-builder/spi-builder-workspace/.derivedData/Build/Intermediates.noindex/Validate.build/Debug/Validate.build/DerivedSources-normal/arm64 -Xcc -I/Users/admin/builds/vMd7uqzK/1/finestructure/swiftpackageindex-builder/spi-builder-workspace/.derivedData/Build/Intermediates.noindex/Validate.build/Debug/Validate.build/DerivedSources/arm64 -Xcc -I/Users/admin/builds/vMd7uqzK/1/finestructure/swiftpackageindex-builder/spi-builder-workspace/.derivedData/Build/Intermediates.noindex/Validate.build/Debug/Validate.build/DerivedSources -Xcc -DSWIFT_PACKAGE -Xcc -DDEBUG\=1 -module-name Validate -frontend-parseable-output -disable-clang-spi -target-sdk-version 13.3 -target-sdk-name macosx13.3 -o /Users/admin/builds/vMd7uqzK/1/finestructure/swiftpackageindex-builder/spi-builder-workspace/.derivedData/Build/Intermediates.noindex/Validate.build/Debug/Validate.build/Objects-normal/arm64/NSRegularExpression+Extension.o -o /Users/admin/builds/vMd7uqzK/1/finestructure/swiftpackageindex-builder/spi-builder-workspace/.derivedData/Build/Intermediates.noindex/Validate.build/Debug/Validate.build/Objects-normal/arm64/Sequence+Extension.o -o /Users/admin/builds/vMd7uqzK/1/finestructure/swiftpackageindex-builder/spi-builder-workspace/.derivedData/Build/Intermediates.noindex/Validate.build/Debug/Validate.build/Objects-normal/arm64/Validate.o -index-unit-output-path /Validate.build/Debug/Validate.build/Objects-normal/arm64/NSRegularExpression+Extension.o -index-unit-output-path /Validate.build/Debug/Validate.build/Objects-normal/arm64/Sequence+Extension.o -index-unit-output-path /Validate.build/Debug/Validate.build/Objects-normal/arm64/Validate.o -index-store-path /Users/admin/builds/vMd7uqzK/1/finestructure/swiftpackageindex-builder/spi-builder-workspace/.derivedData/Index.noindex/DataStore -index-system-modules
SwiftCompile normal arm64 /Users/admin/builds/vMd7uqzK/1/finestructure/swiftpackageindex-builder/spi-builder-workspace/Validate/Source/Validate.swift (in target 'Validate' from project 'Validate')
    cd /Users/admin/builds/vMd7uqzK/1/finestructure/swiftpackageindex-builder/spi-builder-workspace
    /Applications/Xcode-14.3.1.app/Contents/Developer/Toolchains/XcodeDefault.xctoolchain/usr/bin/swift-frontend -c -primary-file /Users/admin/builds/vMd7uqzK/1/finestructure/swiftpackageindex-builder/spi-builder-workspace/Validate/Source/Extensions/NSRegularExpression+Extension.swift -primary-file /Users/admin/builds/vMd7uqzK/1/finestructure/swiftpackageindex-builder/spi-builder-workspace/Validate/Source/Extensions/Sequence+Extension.swift -primary-file /Users/admin/builds/vMd7uqzK/1/finestructure/swiftpackageindex-builder/spi-builder-workspace/Validate/Source/Validate.swift /Users/admin/builds/vMd7uqzK/1/finestructure/swiftpackageindex-builder/spi-builder-workspace/Validate/Source/Validation.swift /Users/admin/builds/vMd7uqzK/1/finestructure/swiftpackageindex-builder/spi-builder-workspace/Validate/Source/ValidationError.swift /Users/admin/builds/vMd7uqzK/1/finestructure/swiftpackageindex-builder/spi-builder-workspace/Validate/Source/Validations/Count.swift /Users/admin/builds/vMd7uqzK/1/finestructure/swiftpackageindex-builder/spi-builder-workspace/Validate/Source/Validations/Format.swift /Users/admin/builds/vMd7uqzK/1/finestructure/swiftpackageindex-builder/spi-builder-workspace/Validate/Source/Validations/Presence.swift /Users/admin/builds/vMd7uqzK/1/finestructure/swiftpackageindex-builder/spi-builder-workspace/Validate/Source/Validator.swift -supplementary-output-file-map /Users/admin/builds/vMd7uqzK/1/finestructure/swiftpackageindex-builder/spi-builder-workspace/.derivedData/Build/Intermediates.noindex/Validate.build/Debug/Validate.build/Objects-normal/arm64/supplementaryOutputs-1 -target arm64-apple-macos10.13 -Xllvm -aarch64-use-tbi -enable-objc-interop -sdk /Applications/Xcode-14.3.1.app/Contents/Developer/Platforms/MacOSX.platform/Developer/SDKs/MacOSX13.3.sdk -I /Users/admin/builds/vMd7uqzK/1/finestructure/swiftpackageindex-builder/spi-builder-workspace/.derivedData/Build/Products/Debug -I /Applications/Xcode-14.3.1.app/Contents/Developer/Platforms/MacOSX.platform/Developer/usr/lib -F /Users/admin/builds/vMd7uqzK/1/finestructure/swiftpackageindex-builder/spi-builder-workspace/.derivedData/Build/Products/Debug -F /Applications/Xcode-14.3.1.app/Contents/Developer/Platforms/MacOSX.platform/Developer/Library/Frameworks -no-color-diagnostics -enable-testing -g -module-cache-path /Users/admin/builds/vMd7uqzK/1/finestructure/swiftpackageindex-builder/spi-builder-workspace/.derivedData/ModuleCache.noindex -swift-version 5 -enforce-exclusivity\=checked -Onone -D SWIFT_PACKAGE -D DEBUG -D Xcode -serialize-debugging-options -empty-abi-descriptor -Xcc -working-directory -Xcc /Users/admin/builds/vMd7uqzK/1/finestructure/swiftpackageindex-builder/spi-builder-workspace -resource-dir /Applications/Xcode-14.3.1.app/Contents/Developer/Toolchains/XcodeDefault.xctoolchain/usr/lib/swift -enable-anonymous-context-mangled-names -Xcc -ivfsstatcache -Xcc /Users/admin/builds/vMd7uqzK/1/finestructure/swiftpackageindex-builder/spi-builder-workspace/.derivedData/SDKStatCaches.noindex/macosx13.3-22E245-.sdkstatcache -Xcc -I/Users/admin/builds/vMd7uqzK/1/finestructure/swiftpackageindex-builder/spi-builder-workspace/.derivedData/Build/Intermediates.noindex/Validate.build/Debug/Validate.build/swift-overrides.hmap -Xcc -I/Users/admin/builds/vMd7uqzK/1/finestructure/swiftpackageindex-builder/spi-builder-workspace/.derivedData/Build/Products/Debug/include -Xcc -I/Users/admin/builds/vMd7uqzK/1/finestructure/swiftpackageindex-builder/spi-builder-workspace/.derivedData/Build/Intermediates.noindex/Validate.build/Debug/Validate.build/DerivedSources-normal/arm64 -Xcc -I/Users/admin/builds/vMd7uqzK/1/finestructure/swiftpackageindex-builder/spi-builder-workspace/.derivedData/Build/Intermediates.noindex/Validate.build/Debug/Validate.build/DerivedSources/arm64 -Xcc -I/Users/admin/builds/vMd7uqzK/1/finestructure/swiftpackageindex-builder/spi-builder-workspace/.derivedData/Build/Intermediates.noindex/Validate.build/Debug/Validate.build/DerivedSources -Xcc -DSWIFT_PACKAGE -Xcc -DDEBUG\=1 -module-name Validate -frontend-parseable-output -disable-clang-spi -target-sdk-version 13.3 -target-sdk-name macosx13.3 -o /Users/admin/builds/vMd7uqzK/1/finestructure/swiftpackageindex-builder/spi-builder-workspace/.derivedData/Build/Intermediates.noindex/Validate.build/Debug/Validate.build/Objects-normal/arm64/NSRegularExpression+Extension.o -o /Users/admin/builds/vMd7uqzK/1/finestructure/swiftpackageindex-builder/spi-builder-workspace/.derivedData/Build/Intermediates.noindex/Validate.build/Debug/Validate.build/Objects-normal/arm64/Sequence+Extension.o -o /Users/admin/builds/vMd7uqzK/1/finestructure/swiftpackageindex-builder/spi-builder-workspace/.derivedData/Build/Intermediates.noindex/Validate.build/Debug/Validate.build/Objects-normal/arm64/Validate.o -index-unit-output-path /Validate.build/Debug/Validate.build/Objects-normal/arm64/NSRegularExpression+Extension.o -index-unit-output-path /Validate.build/Debug/Validate.build/Objects-normal/arm64/Sequence+Extension.o -index-unit-output-path /Validate.build/Debug/Validate.build/Objects-normal/arm64/Validate.o -index-store-path /Users/admin/builds/vMd7uqzK/1/finestructure/swiftpackageindex-builder/spi-builder-workspace/.derivedData/Index.noindex/DataStore -index-system-modules
SwiftCompile normal arm64 Compiling\ Validation.swift,\ ValidationError.swift /Users/admin/builds/vMd7uqzK/1/finestructure/swiftpackageindex-builder/spi-builder-workspace/Validate/Source/Validation.swift /Users/admin/builds/vMd7uqzK/1/finestructure/swiftpackageindex-builder/spi-builder-workspace/Validate/Source/ValidationError.swift (in target 'Validate' from project 'Validate')
    cd /Users/admin/builds/vMd7uqzK/1/finestructure/swiftpackageindex-builder/spi-builder-workspace
    builtin-swiftTaskExecution -- /Applications/Xcode-14.3.1.app/Contents/Developer/Toolchains/XcodeDefault.xctoolchain/usr/bin/swift-frontend -frontend -c /Users/admin/builds/vMd7uqzK/1/finestructure/swiftpackageindex-builder/spi-builder-workspace/Validate/Source/Extensions/NSRegularExpression+Extension.swift /Users/admin/builds/vMd7uqzK/1/finestructure/swiftpackageindex-builder/spi-builder-workspace/Validate/Source/Extensions/Sequence+Extension.swift /Users/admin/builds/vMd7uqzK/1/finestructure/swiftpackageindex-builder/spi-builder-workspace/Validate/Source/Validate.swift -primary-file /Users/admin/builds/vMd7uqzK/1/finestructure/swiftpackageindex-builder/spi-builder-workspace/Validate/Source/Validation.swift -primary-file /Users/admin/builds/vMd7uqzK/1/finestructure/swiftpackageindex-builder/spi-builder-workspace/Validate/Source/ValidationError.swift /Users/admin/builds/vMd7uqzK/1/finestructure/swiftpackageindex-builder/spi-builder-workspace/Validate/Source/Validations/Count.swift /Users/admin/builds/vMd7uqzK/1/finestructure/swiftpackageindex-builder/spi-builder-workspace/Validate/Source/Validations/Format.swift /Users/admin/builds/vMd7uqzK/1/finestructure/swiftpackageindex-builder/spi-builder-workspace/Validate/Source/Validations/Presence.swift /Users/admin/builds/vMd7uqzK/1/finestructure/swiftpackageindex-builder/spi-builder-workspace/Validate/Source/Validator.swift -emit-dependencies-path /Users/admin/builds/vMd7uqzK/1/finestructure/swiftpackageindex-builder/spi-builder-workspace/.derivedData/Build/Intermediates.noindex/Validate.build/Debug/Validate.build/Objects-normal/arm64/Validation.d -emit-reference-dependencies-path /Users/admin/builds/vMd7uqzK/1/finestructure/swiftpackageindex-builder/spi-builder-workspace/.derivedData/Build/Intermediates.noindex/Validate.build/Debug/Validate.build/Objects-normal/arm64/Validation.swiftdeps -serialize-diagnostics-path /Users/admin/builds/vMd7uqzK/1/finestructure/swiftpackageindex-builder/spi-builder-workspace/.derivedData/Build/Intermediates.noindex/Validate.build/Debug/Validate.build/Objects-normal/arm64/Validation.dia -emit-dependencies-path /Users/admin/builds/vMd7uqzK/1/finestructure/swiftpackageindex-builder/spi-builder-workspace/.derivedData/Build/Intermediates.noindex/Validate.build/Debug/Validate.build/Objects-normal/arm64/ValidationError.d -emit-reference-dependencies-path /Users/admin/builds/vMd7uqzK/1/finestructure/swiftpackageindex-builder/spi-builder-workspace/.derivedData/Build/Intermediates.noindex/Validate.build/Debug/Validate.build/Objects-normal/arm64/ValidationError.swiftdeps -serialize-diagnostics-path /Users/admin/builds/vMd7uqzK/1/finestructure/swiftpackageindex-builder/spi-builder-workspace/.derivedData/Build/Intermediates.noindex/Validate.build/Debug/Validate.build/Objects-normal/arm64/ValidationError.dia -target arm64-apple-macos10.13 -Xllvm -aarch64-use-tbi -enable-objc-interop -sdk /Applications/Xcode-14.3.1.app/Contents/Developer/Platforms/MacOSX.platform/Developer/SDKs/MacOSX13.3.sdk -I /Users/admin/builds/vMd7uqzK/1/finestructure/swiftpackageindex-builder/spi-builder-workspace/.derivedData/Build/Products/Debug -I /Applications/Xcode-14.3.1.app/Contents/Developer/Platforms/MacOSX.platform/Developer/usr/lib -F /Users/admin/builds/vMd7uqzK/1/finestructure/swiftpackageindex-builder/spi-builder-workspace/.derivedData/Build/Products/Debug -F /Applications/Xcode-14.3.1.app/Contents/Developer/Platforms/MacOSX.platform/Developer/Library/Frameworks -no-color-diagnostics -enable-testing -g -module-cache-path /Users/admin/builds/vMd7uqzK/1/finestructure/swiftpackageindex-builder/spi-builder-workspace/.derivedData/ModuleCache.noindex -swift-version 5 -enforce-exclusivity\=checked -Onone -D SWIFT_PACKAGE -D DEBUG -D Xcode -serialize-debugging-options -empty-abi-descriptor -Xcc -working-directory -Xcc /Users/admin/builds/vMd7uqzK/1/finestructure/swiftpackageindex-builder/spi-builder-workspace -resource-dir /Applications/Xcode-14.3.1.app/Contents/Developer/Toolchains/XcodeDefault.xctoolchain/usr/lib/swift -enable-anonymous-context-mangled-names -Xcc -ivfsstatcache -Xcc /Users/admin/builds/vMd7uqzK/1/finestructure/swiftpackageindex-builder/spi-builder-workspace/.derivedData/SDKStatCaches.noindex/macosx13.3-22E245-.sdkstatcache -Xcc -I/Users/admin/builds/vMd7uqzK/1/finestructure/swiftpackageindex-builder/spi-builder-workspace/.derivedData/Build/Intermediates.noindex/Validate.build/Debug/Validate.build/swift-overrides.hmap -Xcc -I/Users/admin/builds/vMd7uqzK/1/finestructure/swiftpackageindex-builder/spi-builder-workspace/.derivedData/Build/Products/Debug/include -Xcc -I/Users/admin/builds/vMd7uqzK/1/finestructure/swiftpackageindex-builder/spi-builder-workspace/.derivedData/Build/Intermediates.noindex/Validate.build/Debug/Validate.build/DerivedSources-normal/arm64 -Xcc -I/Users/admin/builds/vMd7uqzK/1/finestructure/swiftpackageindex-builder/spi-builder-workspace/.derivedData/Build/Intermediates.noindex/Validate.build/Debug/Validate.build/DerivedSources/arm64 -Xcc -I/Users/admin/builds/vMd7uqzK/1/finestructure/swiftpackageindex-builder/spi-builder-workspace/.derivedData/Build/Intermediates.noindex/Validate.build/Debug/Validate.build/DerivedSources -Xcc -DSWIFT_PACKAGE -Xcc -DDEBUG\=1 -module-name Validate -frontend-parseable-output -disable-clang-spi -target-sdk-version 13.3 -target-sdk-name macosx13.3 -o /Users/admin/builds/vMd7uqzK/1/finestructure/swiftpackageindex-builder/spi-builder-workspace/.derivedData/Build/Intermediates.noindex/Validate.build/Debug/Validate.build/Objects-normal/arm64/Validation.o -o /Users/admin/builds/vMd7uqzK/1/finestructure/swiftpackageindex-builder/spi-builder-workspace/.derivedData/Build/Intermediates.noindex/Validate.build/Debug/Validate.build/Objects-normal/arm64/ValidationError.o -index-unit-output-path /Validate.build/Debug/Validate.build/Objects-normal/arm64/Validation.o -index-unit-output-path /Validate.build/Debug/Validate.build/Objects-normal/arm64/ValidationError.o -index-store-path /Users/admin/builds/vMd7uqzK/1/finestructure/swiftpackageindex-builder/spi-builder-workspace/.derivedData/Index.noindex/DataStore -index-system-modules
Command SwiftCompile failed with a nonzero exit code
2023-11-08 19:49:01.170 xcodebuild[60583:42089847] DVTCoreDeviceEnabledState: DVTCoreDeviceEnabledState_Disabled set via user default (DVTEnableCoreDevice=disabled)
--- xcodebuild: WARNING: Using the first of multiple matching destinations:
{ platform:macOS, arch:arm64, id:0000FE00-F826A02F5534A97C }
{ platform:macOS, arch:arm64, variant:Mac Catalyst, id:0000FE00-F826A02F5534A97C }
{ platform:macOS, arch:arm64, variant:DriverKit, id:0000FE00-F826A02F5534A97C }
{ platform:macOS, arch:arm64, variant:Designed for [iPad,iPhone], id:0000FE00-F826A02F5534A97C }
** BUILD FAILED **
The following build commands failed:
	SwiftEmitModule normal arm64 Emitting\ module\ for\ Validate (in target 'Validate' from project 'Validate')
	SwiftCompile normal arm64 Compiling\ Validation.swift,\ ValidationError.swift /Users/admin/builds/vMd7uqzK/1/finestructure/swiftpackageindex-builder/spi-builder-workspace/Validate/Source/Validation.swift /Users/admin/builds/vMd7uqzK/1/finestructure/swiftpackageindex-builder/spi-builder-workspace/Validate/Source/ValidationError.swift (in target 'Validate' from project 'Validate')
(2 failures)
BUILD FAILURE 5.8 macosXcodebuild
This is a staging environment. For live and up-to-date package information, visit swiftpackageindex.com.