This is a staging environment. For live and up-to-date package information, visit swiftpackageindex.com.

The Swift Package Index logo.Swift Package Index

Track the adoption of Swift 6 strict concurrency checks for data race safety. How many packages are Ready for Swift 6?

Build Information

Failed to build SwiftCollections with Swift 6.0 for tvOS using Xcode 16.0.

Build Command

env DEVELOPER_DIR=/Applications/Xcode-15.3.0.app xcrun --toolchain org.swift.600202405261a xcodebuild -IDEClonedSourcePackagesDirPathOverride=$workDir/.dependencies -skipMacroValidation -skipPackagePluginValidation -derivedDataPath $workDir/.derivedData build -scheme SwiftCollections -destination generic/platform=tvos OTHER_SWIFT_FLAGS=-stats-output-dir .stats -strict-concurrency=complete

Build Log

SwiftEmitModule normal arm64 Emitting\ module\ for\ SwiftCollectionsTests (in target 'SwiftCollectionsTests' from project 'SwiftCollections')
    cd /Users/admin/builder/spi-builder-workspace
    builtin-swiftTaskExecution -- /Library/Developer/Toolchains/swift-6.0-DEVELOPMENT-SNAPSHOT-2024-05-26-a.xctoolchain/usr/bin/swift-frontend -frontend -emit-module -experimental-skip-non-inlinable-function-bodies-without-types /Users/admin/builder/spi-builder-workspace/Tests/SwiftCollectionsTests/BidirectionalListTests.swift /Users/admin/builder/spi-builder-workspace/Tests/SwiftCollectionsTests/CircularListTests.swift /Users/admin/builder/spi-builder-workspace/Tests/SwiftCollectionsTests/ListTest.swift /Users/admin/builder/spi-builder-workspace/Tests/SwiftCollectionsTests/RBDictionaryTest.swift /Users/admin/builder/spi-builder-workspace/Tests/SwiftCollectionsTests/RBSetTest.swift /Users/admin/builder/spi-builder-workspace/Tests/SwiftCollectionsTests/XCTestManifests.swift -target arm64-apple-tvos13.0 -Xllvm -aarch64-use-tbi -enable-objc-interop -sdk /Applications/Xcode-15.3.0.app/Contents/Developer/Platforms/AppleTVOS.platform/Developer/SDKs/AppleTVOS17.4.sdk -I /Users/admin/builder/spi-builder-workspace/.derivedData/Build/Products/Debug-appletvos -I /Applications/Xcode-15.3.0.app/Contents/Developer/Platforms/AppleTVOS.platform/Developer/usr/lib -F /Users/admin/builder/spi-builder-workspace/.derivedData/Build/Products/Debug-appletvos/PackageFrameworks -F /Users/admin/builder/spi-builder-workspace/.derivedData/Build/Products/Debug-appletvos -F /Applications/Xcode-15.3.0.app/Contents/Developer/Platforms/AppleTVOS.platform/Developer/Library/Frameworks -F /Applications/Xcode-15.3.0.app/Contents/Developer/Platforms/AppleTVOS.platform/Developer/SDKs/AppleTVOS17.4.sdk/Developer/Library/Frameworks -no-color-diagnostics -enable-testing -g -module-cache-path /Users/admin/builder/spi-builder-workspace/.derivedData/ModuleCache.noindex -swift-version 5 -enforce-exclusivity\=checked -stats-output-dir /Users/admin/builder/spi-builder-workspace/.stats -Onone -D SWIFT_PACKAGE -D DEBUG -serialize-debugging-options -const-gather-protocols-file /Users/admin/builder/spi-builder-workspace/.derivedData/Build/Intermediates.noindex/SwiftCollections.build/Debug-appletvos/SwiftCollectionsTests.build/Objects-normal/arm64/SwiftCollectionsTests_const_extract_protocols.json -strict-concurrency\=complete -empty-abi-descriptor -validate-clang-modules-once -clang-build-session-file /Users/admin/builder/spi-builder-workspace/.derivedData/ModuleCache.noindex/Session.modulevalidation -Xcc -working-directory -Xcc /Users/admin/builder/spi-builder-workspace -resource-dir /Library/Developer/Toolchains/swift-6.0-DEVELOPMENT-SNAPSHOT-2024-05-26-a.xctoolchain/usr/lib/swift -enable-anonymous-context-mangled-names -Xcc -I/Users/admin/builder/spi-builder-workspace/.derivedData/Build/Products/Debug-appletvos/include -Xcc -I/Users/admin/builder/spi-builder-workspace/.derivedData/Build/Intermediates.noindex/SwiftCollections.build/Debug-appletvos/SwiftCollectionsTests.build/DerivedSources-normal/arm64 -Xcc -I/Users/admin/builder/spi-builder-workspace/.derivedData/Build/Intermediates.noindex/SwiftCollections.build/Debug-appletvos/SwiftCollectionsTests.build/DerivedSources/arm64 -Xcc -I/Users/admin/builder/spi-builder-workspace/.derivedData/Build/Intermediates.noindex/SwiftCollections.build/Debug-appletvos/SwiftCollectionsTests.build/DerivedSources -Xcc -DSWIFT_PACKAGE -Xcc -DDEBUG\=1 -module-name SwiftCollectionsTests -disable-clang-spi -target-sdk-version 17.4 -target-sdk-name appletvos17.4 -external-plugin-path /Applications/Xcode-15.3.0.app/Contents/Developer/Platforms/AppleTVOS.platform/Developer/SDKs/AppleTVOS17.4.sdk/usr/lib/swift/host/plugins\#/Applications/Xcode-15.3.0.app/Contents/Developer/Platforms/AppleTVOS.platform/Developer/SDKs/AppleTVOS17.4.sdk/usr/bin/swift-plugin-server -external-plugin-path /Applications/Xcode-15.3.0.app/Contents/Developer/Platforms/AppleTVOS.platform/Developer/SDKs/AppleTVOS17.4.sdk/usr/local/lib/swift/host/plugins\#/Applications/Xcode-15.3.0.app/Contents/Developer/Platforms/AppleTVOS.platform/Developer/SDKs/AppleTVOS17.4.sdk/usr/bin/swift-plugin-server -external-plugin-path /Applications/Xcode-15.3.0.app/Contents/Developer/Platforms/AppleTVOS.platform/Developer/usr/lib/swift/host/plugins\#/Applications/Xcode-15.3.0.app/Contents/Developer/Platforms/AppleTVOS.platform/Developer/usr/bin/swift-plugin-server -external-plugin-path /Applications/Xcode-15.3.0.app/Contents/Developer/Platforms/AppleTVOS.platform/Developer/usr/local/lib/swift/host/plugins\#/Applications/Xcode-15.3.0.app/Contents/Developer/Platforms/AppleTVOS.platform/Developer/usr/bin/swift-plugin-server -plugin-path /Library/Developer/Toolchains/swift-6.0-DEVELOPMENT-SNAPSHOT-2024-05-26-a.xctoolchain/usr/lib/swift/host/plugins -plugin-path /Library/Developer/Toolchains/swift-6.0-DEVELOPMENT-SNAPSHOT-2024-05-26-a.xctoolchain/usr/local/lib/swift/host/plugins -emit-module-doc-path /Users/admin/builder/spi-builder-workspace/.derivedData/Build/Intermediates.noindex/SwiftCollections.build/Debug-appletvos/SwiftCollectionsTests.build/Objects-normal/arm64/SwiftCollectionsTests.swiftdoc -emit-module-source-info-path /Users/admin/builder/spi-builder-workspace/.derivedData/Build/Intermediates.noindex/SwiftCollections.build/Debug-appletvos/SwiftCollectionsTests.build/Objects-normal/arm64/SwiftCollectionsTests.swiftsourceinfo -serialize-diagnostics-path /Users/admin/builder/spi-builder-workspace/.derivedData/Build/Intermediates.noindex/SwiftCollections.build/Debug-appletvos/SwiftCollectionsTests.build/Objects-normal/arm64/SwiftCollectionsTests-master-emit-module.dia -emit-dependencies-path /Users/admin/builder/spi-builder-workspace/.derivedData/Build/Intermediates.noindex/SwiftCollections.build/Debug-appletvos/SwiftCollectionsTests.build/Objects-normal/arm64/SwiftCollectionsTests-master-emit-module.d -o /Users/admin/builder/spi-builder-workspace/.derivedData/Build/Intermediates.noindex/SwiftCollections.build/Debug-appletvos/SwiftCollectionsTests.build/Objects-normal/arm64/SwiftCollectionsTests.swiftmodule -emit-abi-descriptor-path /Users/admin/builder/spi-builder-workspace/.derivedData/Build/Intermediates.noindex/SwiftCollections.build/Debug-appletvos/SwiftCollectionsTests.build/Objects-normal/arm64/SwiftCollectionsTests.abi.json
/Users/admin/builder/spi-builder-workspace/Tests/SwiftCollectionsTests/BidirectionalListTests.swift:254:16: warning: static property 'allTests' is not concurrency-safe because it is non-isolated global shared mutable state; this is an error in the Swift 6 language mode
252 |     }
253 |
254 |     static var allTests = [
    |                |- warning: static property 'allTests' is not concurrency-safe because it is non-isolated global shared mutable state; this is an error in the Swift 6 language mode
    |                |- note: convert 'allTests' to a 'let' constant to make 'Sendable' shared state immutable
    |                |- note: annotate 'allTests' with '@MainActor' if property should only be accessed from the main actor
    |                `- note: disable concurrency-safety checks if accesses are protected by an external synchronization mechanism
255 |         ("testGeneral", testGeneral),
256 |         ("testOthers", testOthers),
/Users/admin/builder/spi-builder-workspace/Tests/SwiftCollectionsTests/CircularListTests.swift:166:16: warning: static property 'allTests' is not concurrency-safe because it is non-isolated global shared mutable state; this is an error in the Swift 6 language mode
164 |     }
165 |
166 |     static var allTests = [
    |                |- warning: static property 'allTests' is not concurrency-safe because it is non-isolated global shared mutable state; this is an error in the Swift 6 language mode
    |                |- note: convert 'allTests' to a 'let' constant to make 'Sendable' shared state immutable
    |                |- note: annotate 'allTests' with '@MainActor' if property should only be accessed from the main actor
    |                `- note: disable concurrency-safety checks if accesses are protected by an external synchronization mechanism
167 |         ("testGeneral", testGeneral),
168 |         ("testOthers", testOthers),
SwiftCompile normal arm64 Compiling\ RBDictionaryTest.swift /Users/admin/builder/spi-builder-workspace/Tests/SwiftCollectionsTests/RBDictionaryTest.swift (in target 'SwiftCollectionsTests' from project 'SwiftCollections')
    cd /Users/admin/builder/spi-builder-workspace
    builtin-swiftTaskExecution -- /Library/Developer/Toolchains/swift-6.0-DEVELOPMENT-SNAPSHOT-2024-05-26-a.xctoolchain/usr/bin/swift-frontend -frontend -c /Users/admin/builder/spi-builder-workspace/Tests/SwiftCollectionsTests/BidirectionalListTests.swift /Users/admin/builder/spi-builder-workspace/Tests/SwiftCollectionsTests/CircularListTests.swift /Users/admin/builder/spi-builder-workspace/Tests/SwiftCollectionsTests/ListTest.swift -primary-file /Users/admin/builder/spi-builder-workspace/Tests/SwiftCollectionsTests/RBDictionaryTest.swift /Users/admin/builder/spi-builder-workspace/Tests/SwiftCollectionsTests/RBSetTest.swift /Users/admin/builder/spi-builder-workspace/Tests/SwiftCollectionsTests/XCTestManifests.swift -emit-dependencies-path /Users/admin/builder/spi-builder-workspace/.derivedData/Build/Intermediates.noindex/SwiftCollections.build/Debug-appletvos/SwiftCollectionsTests.build/Objects-normal/arm64/RBDictionaryTest.d -emit-const-values-path /Users/admin/builder/spi-builder-workspace/.derivedData/Build/Intermediates.noindex/SwiftCollections.build/Debug-appletvos/SwiftCollectionsTests.build/Objects-normal/arm64/RBDictionaryTest.swiftconstvalues -emit-reference-dependencies-path /Users/admin/builder/spi-builder-workspace/.derivedData/Build/Intermediates.noindex/SwiftCollections.build/Debug-appletvos/SwiftCollectionsTests.build/Objects-normal/arm64/RBDictionaryTest.swiftdeps -serialize-diagnostics-path /Users/admin/builder/spi-builder-workspace/.derivedData/Build/Intermediates.noindex/SwiftCollections.build/Debug-appletvos/SwiftCollectionsTests.build/Objects-normal/arm64/RBDictionaryTest.dia -target arm64-apple-tvos13.0 -Xllvm -aarch64-use-tbi -enable-objc-interop -sdk /Applications/Xcode-15.3.0.app/Contents/Developer/Platforms/AppleTVOS.platform/Developer/SDKs/AppleTVOS17.4.sdk -I /Users/admin/builder/spi-builder-workspace/.derivedData/Build/Products/Debug-appletvos -I /Applications/Xcode-15.3.0.app/Contents/Developer/Platforms/AppleTVOS.platform/Developer/usr/lib -F /Users/admin/builder/spi-builder-workspace/.derivedData/Build/Products/Debug-appletvos/PackageFrameworks -F /Users/admin/builder/spi-builder-workspace/.derivedData/Build/Products/Debug-appletvos -F /Applications/Xcode-15.3.0.app/Contents/Developer/Platforms/AppleTVOS.platform/Developer/Library/Frameworks -F /Applications/Xcode-15.3.0.app/Contents/Developer/Platforms/AppleTVOS.platform/Developer/SDKs/AppleTVOS17.4.sdk/Developer/Library/Frameworks -no-color-diagnostics -enable-testing -g -module-cache-path /Users/admin/builder/spi-builder-workspace/.derivedData/ModuleCache.noindex -swift-version 5 -enforce-exclusivity\=checked -stats-output-dir /Users/admin/builder/spi-builder-workspace/.stats -Onone -D SWIFT_PACKAGE -D DEBUG -serialize-debugging-options -const-gather-protocols-file /Users/admin/builder/spi-builder-workspace/.derivedData/Build/Intermediates.noindex/SwiftCollections.build/Debug-appletvos/SwiftCollectionsTests.build/Objects-normal/arm64/SwiftCollectionsTests_const_extract_protocols.json -strict-concurrency\=complete -empty-abi-descriptor -validate-clang-modules-once -clang-build-session-file /Users/admin/builder/spi-builder-workspace/.derivedData/ModuleCache.noindex/Session.modulevalidation -Xcc -working-directory -Xcc /Users/admin/builder/spi-builder-workspace -resource-dir /Library/Developer/Toolchains/swift-6.0-DEVELOPMENT-SNAPSHOT-2024-05-26-a.xctoolchain/usr/lib/swift -enable-anonymous-context-mangled-names -Xcc -I/Users/admin/builder/spi-builder-workspace/.derivedData/Build/Products/Debug-appletvos/include -Xcc -I/Users/admin/builder/spi-builder-workspace/.derivedData/Build/Intermediates.noindex/SwiftCollections.build/Debug-appletvos/SwiftCollectionsTests.build/DerivedSources-normal/arm64 -Xcc -I/Users/admin/builder/spi-builder-workspace/.derivedData/Build/Intermediates.noindex/SwiftCollections.build/Debug-appletvos/SwiftCollectionsTests.build/DerivedSources/arm64 -Xcc -I/Users/admin/builder/spi-builder-workspace/.derivedData/Build/Intermediates.noindex/SwiftCollections.build/Debug-appletvos/SwiftCollectionsTests.build/DerivedSources -Xcc -DSWIFT_PACKAGE -Xcc -DDEBUG\=1 -module-name SwiftCollectionsTests -frontend-parseable-output -disable-clang-spi -target-sdk-version 17.4 -target-sdk-name appletvos17.4 -external-plugin-path /Applications/Xcode-15.3.0.app/Contents/Developer/Platforms/AppleTVOS.platform/Developer/SDKs/AppleTVOS17.4.sdk/usr/lib/swift/host/plugins\#/Applications/Xcode-15.3.0.app/Contents/Developer/Platforms/AppleTVOS.platform/Developer/SDKs/AppleTVOS17.4.sdk/usr/bin/swift-plugin-server -external-plugin-path /Applications/Xcode-15.3.0.app/Contents/Developer/Platforms/AppleTVOS.platform/Developer/SDKs/AppleTVOS17.4.sdk/usr/local/lib/swift/host/plugins\#/Applications/Xcode-15.3.0.app/Contents/Developer/Platforms/AppleTVOS.platform/Developer/SDKs/AppleTVOS17.4.sdk/usr/bin/swift-plugin-server -external-plugin-path /Applications/Xcode-15.3.0.app/Contents/Developer/Platforms/AppleTVOS.platform/Developer/usr/lib/swift/host/plugins\#/Applications/Xcode-15.3.0.app/Contents/Developer/Platforms/AppleTVOS.platform/Developer/usr/bin/swift-plugin-server -external-plugin-path /Applications/Xcode-15.3.0.app/Contents/Developer/Platforms/AppleTVOS.platform/Developer/usr/local/lib/swift/host/plugins\#/Applications/Xcode-15.3.0.app/Contents/Developer/Platforms/AppleTVOS.platform/Developer/usr/bin/swift-plugin-server -plugin-path /Library/Developer/Toolchains/swift-6.0-DEVELOPMENT-SNAPSHOT-2024-05-26-a.xctoolchain/usr/lib/swift/host/plugins -plugin-path /Library/Developer/Toolchains/swift-6.0-DEVELOPMENT-SNAPSHOT-2024-05-26-a.xctoolchain/usr/local/lib/swift/host/plugins -o /Users/admin/builder/spi-builder-workspace/.derivedData/Build/Intermediates.noindex/SwiftCollections.build/Debug-appletvos/SwiftCollectionsTests.build/Objects-normal/arm64/RBDictionaryTest.o -index-unit-output-path /SwiftCollections.build/Debug-appletvos/SwiftCollectionsTests.build/Objects-normal/arm64/RBDictionaryTest.o -index-store-path /Users/admin/builder/spi-builder-workspace/.derivedData/Index.noindex/DataStore -index-system-modules
Assertion failed: (genericSig.getCanonicalSignature() == subs.getGenericSignature().getCanonicalSignature()), function emitApply, file SILGenApply.cpp, line 5706.
Please submit a bug report (https://swift.org/contributing/#reporting-bugs) and include the crash backtrace.
Stack dump:
0.	Program arguments: /Library/Developer/Toolchains/swift-6.0-DEVELOPMENT-SNAPSHOT-2024-05-26-a.xctoolchain/usr/bin/swift-frontend -frontend -c /Users/admin/builder/spi-builder-workspace/Tests/SwiftCollectionsTests/BidirectionalListTests.swift /Users/admin/builder/spi-builder-workspace/Tests/SwiftCollectionsTests/CircularListTests.swift /Users/admin/builder/spi-builder-workspace/Tests/SwiftCollectionsTests/ListTest.swift -primary-file /Users/admin/builder/spi-builder-workspace/Tests/SwiftCollectionsTests/RBDictionaryTest.swift /Users/admin/builder/spi-builder-workspace/Tests/SwiftCollectionsTests/RBSetTest.swift /Users/admin/builder/spi-builder-workspace/Tests/SwiftCollectionsTests/XCTestManifests.swift -emit-dependencies-path /Users/admin/builder/spi-builder-workspace/.derivedData/Build/Intermediates.noindex/SwiftCollections.build/Debug-appletvos/SwiftCollectionsTests.build/Objects-normal/arm64/RBDictionaryTest.d -emit-const-values-path /Users/admin/builder/spi-builder-workspace/.derivedData/Build/Intermediates.noindex/SwiftCollections.build/Debug-appletvos/SwiftCollectionsTests.build/Objects-normal/arm64/RBDictionaryTest.swiftconstvalues -emit-reference-dependencies-path /Users/admin/builder/spi-builder-workspace/.derivedData/Build/Intermediates.noindex/SwiftCollections.build/Debug-appletvos/SwiftCollectionsTests.build/Objects-normal/arm64/RBDictionaryTest.swiftdeps -serialize-diagnostics-path /Users/admin/builder/spi-builder-workspace/.derivedData/Build/Intermediates.noindex/SwiftCollections.build/Debug-appletvos/SwiftCollectionsTests.build/Objects-normal/arm64/RBDictionaryTest.dia -target arm64-apple-tvos13.0 -Xllvm -aarch64-use-tbi -enable-objc-interop -sdk /Applications/Xcode-15.3.0.app/Contents/Developer/Platforms/AppleTVOS.platform/Developer/SDKs/AppleTVOS17.4.sdk -I /Users/admin/builder/spi-builder-workspace/.derivedData/Build/Products/Debug-appletvos -I /Applications/Xcode-15.3.0.app/Contents/Developer/Platforms/AppleTVOS.platform/Developer/usr/lib -F /Users/admin/builder/spi-builder-workspace/.derivedData/Build/Products/Debug-appletvos/PackageFrameworks -F /Users/admin/builder/spi-builder-workspace/.derivedData/Build/Products/Debug-appletvos -F /Applications/Xcode-15.3.0.app/Contents/Developer/Platforms/AppleTVOS.platform/Developer/Library/Frameworks -F /Applications/Xcode-15.3.0.app/Contents/Developer/Platforms/AppleTVOS.platform/Developer/SDKs/AppleTVOS17.4.sdk/Developer/Library/Frameworks -no-color-diagnostics -enable-testing -g -module-cache-path /Users/admin/builder/spi-builder-workspace/.derivedData/ModuleCache.noindex -swift-version 5 -enforce-exclusivity=checked -stats-output-dir /Users/admin/builder/spi-builder-workspace/.stats -Onone -D SWIFT_PACKAGE -D DEBUG -serialize-debugging-options -const-gather-protocols-file /Users/admin/builder/spi-builder-workspace/.derivedData/Build/Intermediates.noindex/SwiftCollections.build/Debug-appletvos/SwiftCollectionsTests.build/Objects-normal/arm64/SwiftCollectionsTests_const_extract_protocols.json -strict-concurrency=complete -empty-abi-descriptor -validate-clang-modules-once -clang-build-session-file /Users/admin/builder/spi-builder-workspace/.derivedData/ModuleCache.noindex/Session.modulevalidation -Xcc -working-directory -Xcc /Users/admin/builder/spi-builder-workspace -resource-dir /Library/Developer/Toolchains/swift-6.0-DEVELOPMENT-SNAPSHOT-2024-05-26-a.xctoolchain/usr/lib/swift -enable-anonymous-context-mangled-names -Xcc -I/Users/admin/builder/spi-builder-workspace/.derivedData/Build/Products/Debug-appletvos/include -Xcc -I/Users/admin/builder/spi-builder-workspace/.derivedData/Build/Intermediates.noindex/SwiftCollections.build/Debug-appletvos/SwiftCollectionsTests.build/DerivedSources-normal/arm64 -Xcc -I/Users/admin/builder/spi-builder-workspace/.derivedData/Build/Intermediates.noindex/SwiftCollections.build/Debug-appletvos/SwiftCollectionsTests.build/DerivedSources/arm64 -Xcc -I/Users/admin/builder/spi-builder-workspace/.derivedData/Build/Intermediates.noindex/SwiftCollections.build/Debug-appletvos/SwiftCollectionsTests.build/DerivedSources -Xcc -DSWIFT_PACKAGE -Xcc -DDEBUG=1 -module-name SwiftCollectionsTests -frontend-parseable-output -disable-clang-spi -target-sdk-version 17.4 -target-sdk-name appletvos17.4 -external-plugin-path /Applications/Xcode-15.3.0.app/Contents/Developer/Platforms/AppleTVOS.platform/Developer/SDKs/AppleTVOS17.4.sdk/usr/lib/swift/host/plugins#/Applications/Xcode-15.3.0.app/Contents/Developer/Platforms/AppleTVOS.platform/Developer/SDKs/AppleTVOS17.4.sdk/usr/bin/swift-plugin-server -external-plugin-path /Applications/Xcode-15.3.0.app/Contents/Developer/Platforms/AppleTVOS.platform/Developer/SDKs/AppleTVOS17.4.sdk/usr/local/lib/swift/host/plugins#/Applications/Xcode-15.3.0.app/Contents/Developer/Platforms/AppleTVOS.platform/Developer/SDKs/AppleTVOS17.4.sdk/usr/bin/swift-plugin-server -external-plugin-path /Applications/Xcode-15.3.0.app/Contents/Developer/Platforms/AppleTVOS.platform/Developer/usr/lib/swift/host/plugins#/Applications/Xcode-15.3.0.app/Contents/Developer/Platforms/AppleTVOS.platform/Developer/usr/bin/swift-plugin-server -external-plugin-path /Applications/Xcode-15.3.0.app/Contents/Developer/Platforms/AppleTVOS.platform/Developer/usr/local/lib/swift/host/plugins#/Applications/Xcode-15.3.0.app/Contents/Developer/Platforms/AppleTVOS.platform/Developer/usr/bin/swift-plugin-server -plugin-path /Library/Developer/Toolchains/swift-6.0-DEVELOPMENT-SNAPSHOT-2024-05-26-a.xctoolchain/usr/lib/swift/host/plugins -plugin-path /Library/Developer/Toolchains/swift-6.0-DEVELOPMENT-SNAPSHOT-2024-05-26-a.xctoolchain/usr/local/lib/swift/host/plugins -o /Users/admin/builder/spi-builder-workspace/.derivedData/Build/Intermediates.noindex/SwiftCollections.build/Debug-appletvos/SwiftCollectionsTests.build/Objects-normal/arm64/RBDictionaryTest.o -index-unit-output-path /SwiftCollections.build/Debug-appletvos/SwiftCollectionsTests.build/Objects-normal/arm64/RBDictionaryTest.o -index-store-path /Users/admin/builder/spi-builder-workspace/.derivedData/Index.noindex/DataStore -index-system-modules
1.	Apple Swift version 6.0-dev (LLVM 4b0b1f9e1a69523, Swift 91a3abcf816bc36)
2.	Compiling with effective version 5.10
3.	While evaluating request ASTLoweringRequest(Lowering AST to SIL for file "/Users/admin/builder/spi-builder-workspace/Tests/SwiftCollectionsTests/RBDictionaryTest.swift")
4.	While silgen emitFunction SIL function "@$s21SwiftCollectionsTests012RBDictionaryC0C8testBaseyyKF".
 for 'testBase()' (at /Users/admin/builder/spi-builder-workspace/Tests/SwiftCollectionsTests/RBDictionaryTest.swift:6:5)
Stack dump without symbol names (ensure you have llvm-symbolizer in your PATH or set the environment var `LLVM_SYMBOLIZER_PATH` to point to it):
0  swift-frontend           0x00000001056c7bf0 llvm::sys::PrintStackTrace(llvm::raw_ostream&, int) + 56
1  swift-frontend           0x00000001056c63bc llvm::sys::RunSignalHandlers() + 112
2  swift-frontend           0x00000001056c8238 SignalHandler(int) + 304
3  libsystem_platform.dylib 0x00000001875dda24 _sigtramp + 56
4  libsystem_pthread.dylib  0x00000001875adcc0 pthread_kill + 288
5  libsystem_c.dylib        0x00000001874b9a40 abort + 180
6  libsystem_c.dylib        0x00000001874b8d30 err + 0
7  swift-frontend           0x00000001057c1704 swift::Lowering::SILGenFunction::emitApply(std::__1::unique_ptr<swift::Lowering::ResultPlan, std::__1::default_delete<swift::Lowering::ResultPlan>>&&, swift::Lowering::ArgumentScope&&, swift::SILLocation, swift::Lowering::ManagedValue, swift::SubstitutionMap, llvm::ArrayRef<swift::Lowering::ManagedValue>, swift::Lowering::CalleeTypeInfo const&, swift::optionset::OptionSet<swift::ApplyFlags, unsigned char>, swift::Lowering::SGFContext, std::__1::optional<swift::ActorIsolation>) (.cold.21) + 0
8  swift-frontend           0x00000001008612a8 swift::Lowering::SILGenFunction::emitApply(std::__1::unique_ptr<swift::Lowering::ResultPlan, std::__1::default_delete<swift::Lowering::ResultPlan>>&&, swift::Lowering::ArgumentScope&&, swift::SILLocation, swift::Lowering::ManagedValue, swift::SubstitutionMap, llvm::ArrayRef<swift::Lowering::ManagedValue>, swift::Lowering::CalleeTypeInfo const&, swift::optionset::OptionSet<swift::ApplyFlags, unsigned char>, swift::Lowering::SGFContext, std::__1::optional<swift::ActorIsolation>) + 552
9  swift-frontend           0x0000000100866ae8 (anonymous namespace)::CallEmission::apply(swift::Lowering::SGFContext) + 2028
10 swift-frontend           0x000000010085eff0 swift::Lowering::SILGenFunction::emitApplyAllocatingInitializer(swift::SILLocation, swift::ConcreteDeclRef, swift::Lowering::PreparedArguments&&, swift::Type, swift::Lowering::SGFContext) + 2008
11 swift-frontend           0x00000001008d5ac8 (anonymous namespace)::RValueEmitter::visitCollectionExpr(swift::CollectionExpr*, swift::Lowering::SGFContext) + 1852
12 swift-frontend           0x00000001008bc168 swift::Lowering::SILGenFunction::emitExprInto(swift::Expr*, swift::Lowering::Initialization*, std::__1::optional<swift::SILLocation>) + 156
13 swift-frontend           0x00000001008aa2dc swift::Lowering::SILGenFunction::emitPatternBinding(swift::PatternBindingDecl*, unsigned int, bool) + 1304
14 swift-frontend           0x00000001008b03c4 swift::ASTVisitor<swift::Lowering::SILGenFunction, void, void, void, void, void, void>::visit(swift::Decl*) + 180
15 swift-frontend           0x0000000100952294 swift::ASTVisitor<(anonymous namespace)::StmtEmitter, void, void, void, void, void, void>::visit(swift::Stmt*) + 4196
16 swift-frontend           0x0000000100951224 swift::Lowering::SILGenFunction::emitStmt(swift::Stmt*) + 24
17 swift-frontend           0x00000001008e0ef0 swift::Lowering::SILGenFunction::emitFunction(swift::FuncDecl*) + 432
18 swift-frontend           0x00000001008533c8 swift::Lowering::SILGenModule::emitFunctionDefinition(swift::SILDeclRef, swift::SILFunction*) + 6324
19 swift-frontend           0x000000010085425c swift::Lowering::SILGenModule::emitOrDelayFunction(swift::SILDeclRef) + 252
20 swift-frontend           0x0000000100851adc swift::Lowering::SILGenModule::emitFunction(swift::FuncDecl*) + 196
21 swift-frontend           0x0000000100965f3c (anonymous namespace)::SILGenType::visitFuncDecl(swift::FuncDecl*) + 28
22 swift-frontend           0x0000000100962e88 (anonymous namespace)::SILGenType::emitType() + 276
23 swift-frontend           0x0000000100962d68 swift::Lowering::SILGenModule::visitNominalTypeDecl(swift::NominalTypeDecl*) + 24
24 swift-frontend           0x0000000100856b74 swift::ASTLoweringRequest::evaluate(swift::Evaluator&, swift::ASTLoweringDescriptor) const + 880
25 swift-frontend           0x0000000100950c7c swift::SimpleRequest<swift::ASTLoweringRequest, std::__1::unique_ptr<swift::SILModule, std::__1::default_delete<swift::SILModule>> (swift::ASTLoweringDescriptor), (swift::RequestFlags)9>::evaluateRequest(swift::ASTLoweringRequest const&, swift::Evaluator&) + 148
26 swift-frontend           0x000000010085c468 swift::ASTLoweringRequest::OutputType swift::Evaluator::getResultUncached<swift::ASTLoweringRequest, swift::ASTLoweringRequest::OutputType swift::evaluateOrFatal<swift::ASTLoweringRequest>(swift::Evaluator&, swift::ASTLoweringRequest)::'lambda'()>(swift::ASTLoweringRequest const&, swift::ASTLoweringRequest::OutputType swift::evaluateOrFatal<swift::ASTLoweringRequest>(swift::Evaluator&, swift::ASTLoweringRequest)::'lambda'()) + 340
27 swift-frontend           0x0000000100857478 swift::performASTLowering(swift::FileUnit&, swift::Lowering::TypeConverter&, swift::SILOptions const&, swift::IRGenOptions const*) + 96
28 swift-frontend           0x0000000100240f00 swift::performCompileStepsPostSema(swift::CompilerInstance&, int&, swift::FrontendObserver*) + 604
29 swift-frontend           0x0000000100252248 withSemanticAnalysis(swift::CompilerInstance&, swift::FrontendObserver*, llvm::function_ref<bool (swift::CompilerInstance&)>, bool) + 160
30 swift-frontend           0x0000000100243590 performCompile(swift::CompilerInstance&, int&, swift::FrontendObserver*) + 708
31 swift-frontend           0x00000001002424fc swift::performFrontend(llvm::ArrayRef<char const*>, char const*, void*, swift::FrontendObserver*) + 2388
32 swift-frontend           0x000000010005c3b0 swift::mainEntry(int, char const**) + 3096
33 dyld                     0x000000018722d0e0 start + 2360
Command SwiftCompile failed with a nonzero exit code
SwiftCompile normal arm64 /Users/admin/builder/spi-builder-workspace/Tests/SwiftCollectionsTests/RBDictionaryTest.swift (in target 'SwiftCollectionsTests' from project 'SwiftCollections')
    cd /Users/admin/builder/spi-builder-workspace
    /Library/Developer/Toolchains/swift-6.0-DEVELOPMENT-SNAPSHOT-2024-05-26-a.xctoolchain/usr/bin/swift-frontend -c /Users/admin/builder/spi-builder-workspace/Tests/SwiftCollectionsTests/BidirectionalListTests.swift /Users/admin/builder/spi-builder-workspace/Tests/SwiftCollectionsTests/CircularListTests.swift /Users/admin/builder/spi-builder-workspace/Tests/SwiftCollectionsTests/ListTest.swift -primary-file /Users/admin/builder/spi-builder-workspace/Tests/SwiftCollectionsTests/RBDictionaryTest.swift /Users/admin/builder/spi-builder-workspace/Tests/SwiftCollectionsTests/RBSetTest.swift /Users/admin/builder/spi-builder-workspace/Tests/SwiftCollectionsTests/XCTestManifests.swift -emit-dependencies-path /Users/admin/builder/spi-builder-workspace/.derivedData/Build/Intermediates.noindex/SwiftCollections.build/Debug-appletvos/SwiftCollectionsTests.build/Objects-normal/arm64/RBDictionaryTest.d -emit-const-values-path /Users/admin/builder/spi-builder-workspace/.derivedData/Build/Intermediates.noindex/SwiftCollections.build/Debug-appletvos/SwiftCollectionsTests.build/Objects-normal/arm64/RBDictionaryTest.swiftconstvalues -emit-reference-dependencies-path /Users/admin/builder/spi-builder-workspace/.derivedData/Build/Intermediates.noindex/SwiftCollections.build/Debug-appletvos/SwiftCollectionsTests.build/Objects-normal/arm64/RBDictionaryTest.swiftdeps -serialize-diagnostics-path /Users/admin/builder/spi-builder-workspace/.derivedData/Build/Intermediates.noindex/SwiftCollections.build/Debug-appletvos/SwiftCollectionsTests.build/Objects-normal/arm64/RBDictionaryTest.dia -target arm64-apple-tvos13.0 -Xllvm -aarch64-use-tbi -enable-objc-interop -sdk /Applications/Xcode-15.3.0.app/Contents/Developer/Platforms/AppleTVOS.platform/Developer/SDKs/AppleTVOS17.4.sdk -I /Users/admin/builder/spi-builder-workspace/.derivedData/Build/Products/Debug-appletvos -I /Applications/Xcode-15.3.0.app/Contents/Developer/Platforms/AppleTVOS.platform/Developer/usr/lib -F /Users/admin/builder/spi-builder-workspace/.derivedData/Build/Products/Debug-appletvos/PackageFrameworks -F /Users/admin/builder/spi-builder-workspace/.derivedData/Build/Products/Debug-appletvos -F /Applications/Xcode-15.3.0.app/Contents/Developer/Platforms/AppleTVOS.platform/Developer/Library/Frameworks -F /Applications/Xcode-15.3.0.app/Contents/Developer/Platforms/AppleTVOS.platform/Developer/SDKs/AppleTVOS17.4.sdk/Developer/Library/Frameworks -no-color-diagnostics -enable-testing -g -module-cache-path /Users/admin/builder/spi-builder-workspace/.derivedData/ModuleCache.noindex -swift-version 5 -enforce-exclusivity\=checked -stats-output-dir /Users/admin/builder/spi-builder-workspace/.stats -Onone -D SWIFT_PACKAGE -D DEBUG -serialize-debugging-options -const-gather-protocols-file /Users/admin/builder/spi-builder-workspace/.derivedData/Build/Intermediates.noindex/SwiftCollections.build/Debug-appletvos/SwiftCollectionsTests.build/Objects-normal/arm64/SwiftCollectionsTests_const_extract_protocols.json -strict-concurrency\=complete -empty-abi-descriptor -validate-clang-modules-once -clang-build-session-file /Users/admin/builder/spi-builder-workspace/.derivedData/ModuleCache.noindex/Session.modulevalidation -Xcc -working-directory -Xcc /Users/admin/builder/spi-builder-workspace -resource-dir /Library/Developer/Toolchains/swift-6.0-DEVELOPMENT-SNAPSHOT-2024-05-26-a.xctoolchain/usr/lib/swift -enable-anonymous-context-mangled-names -Xcc -I/Users/admin/builder/spi-builder-workspace/.derivedData/Build/Products/Debug-appletvos/include -Xcc -I/Users/admin/builder/spi-builder-workspace/.derivedData/Build/Intermediates.noindex/SwiftCollections.build/Debug-appletvos/SwiftCollectionsTests.build/DerivedSources-normal/arm64 -Xcc -I/Users/admin/builder/spi-builder-workspace/.derivedData/Build/Intermediates.noindex/SwiftCollections.build/Debug-appletvos/SwiftCollectionsTests.build/DerivedSources/arm64 -Xcc -I/Users/admin/builder/spi-builder-workspace/.derivedData/Build/Intermediates.noindex/SwiftCollections.build/Debug-appletvos/SwiftCollectionsTests.build/DerivedSources -Xcc -DSWIFT_PACKAGE -Xcc -DDEBUG\=1 -module-name SwiftCollectionsTests -frontend-parseable-output -disable-clang-spi -target-sdk-version 17.4 -target-sdk-name appletvos17.4 -external-plugin-path /Applications/Xcode-15.3.0.app/Contents/Developer/Platforms/AppleTVOS.platform/Developer/SDKs/AppleTVOS17.4.sdk/usr/lib/swift/host/plugins\#/Applications/Xcode-15.3.0.app/Contents/Developer/Platforms/AppleTVOS.platform/Developer/SDKs/AppleTVOS17.4.sdk/usr/bin/swift-plugin-server -external-plugin-path /Applications/Xcode-15.3.0.app/Contents/Developer/Platforms/AppleTVOS.platform/Developer/SDKs/AppleTVOS17.4.sdk/usr/local/lib/swift/host/plugins\#/Applications/Xcode-15.3.0.app/Contents/Developer/Platforms/AppleTVOS.platform/Developer/SDKs/AppleTVOS17.4.sdk/usr/bin/swift-plugin-server -external-plugin-path /Applications/Xcode-15.3.0.app/Contents/Developer/Platforms/AppleTVOS.platform/Developer/usr/lib/swift/host/plugins\#/Applications/Xcode-15.3.0.app/Contents/Developer/Platforms/AppleTVOS.platform/Developer/usr/bin/swift-plugin-server -external-plugin-path /Applications/Xcode-15.3.0.app/Contents/Developer/Platforms/AppleTVOS.platform/Developer/usr/local/lib/swift/host/plugins\#/Applications/Xcode-15.3.0.app/Contents/Developer/Platforms/AppleTVOS.platform/Developer/usr/bin/swift-plugin-server -plugin-path /Library/Developer/Toolchains/swift-6.0-DEVELOPMENT-SNAPSHOT-2024-05-26-a.xctoolchain/usr/lib/swift/host/plugins -plugin-path /Library/Developer/Toolchains/swift-6.0-DEVELOPMENT-SNAPSHOT-2024-05-26-a.xctoolchain/usr/local/lib/swift/host/plugins -o /Users/admin/builder/spi-builder-workspace/.derivedData/Build/Intermediates.noindex/SwiftCollections.build/Debug-appletvos/SwiftCollectionsTests.build/Objects-normal/arm64/RBDictionaryTest.o -index-unit-output-path /SwiftCollections.build/Debug-appletvos/SwiftCollectionsTests.build/Objects-normal/arm64/RBDictionaryTest.o -index-store-path /Users/admin/builder/spi-builder-workspace/.derivedData/Index.noindex/DataStore -index-system-modules
SwiftCompile normal arm64 Compiling\ RBSetTest.swift /Users/admin/builder/spi-builder-workspace/Tests/SwiftCollectionsTests/RBSetTest.swift (in target 'SwiftCollectionsTests' from project 'SwiftCollections')
    cd /Users/admin/builder/spi-builder-workspace
    builtin-swiftTaskExecution -- /Library/Developer/Toolchains/swift-6.0-DEVELOPMENT-SNAPSHOT-2024-05-26-a.xctoolchain/usr/bin/swift-frontend -frontend -c /Users/admin/builder/spi-builder-workspace/Tests/SwiftCollectionsTests/BidirectionalListTests.swift /Users/admin/builder/spi-builder-workspace/Tests/SwiftCollectionsTests/CircularListTests.swift /Users/admin/builder/spi-builder-workspace/Tests/SwiftCollectionsTests/ListTest.swift /Users/admin/builder/spi-builder-workspace/Tests/SwiftCollectionsTests/RBDictionaryTest.swift -primary-file /Users/admin/builder/spi-builder-workspace/Tests/SwiftCollectionsTests/RBSetTest.swift /Users/admin/builder/spi-builder-workspace/Tests/SwiftCollectionsTests/XCTestManifests.swift -emit-dependencies-path /Users/admin/builder/spi-builder-workspace/.derivedData/Build/Intermediates.noindex/SwiftCollections.build/Debug-appletvos/SwiftCollectionsTests.build/Objects-normal/arm64/RBSetTest.d -emit-const-values-path /Users/admin/builder/spi-builder-workspace/.derivedData/Build/Intermediates.noindex/SwiftCollections.build/Debug-appletvos/SwiftCollectionsTests.build/Objects-normal/arm64/RBSetTest.swiftconstvalues -emit-reference-dependencies-path /Users/admin/builder/spi-builder-workspace/.derivedData/Build/Intermediates.noindex/SwiftCollections.build/Debug-appletvos/SwiftCollectionsTests.build/Objects-normal/arm64/RBSetTest.swiftdeps -serialize-diagnostics-path /Users/admin/builder/spi-builder-workspace/.derivedData/Build/Intermediates.noindex/SwiftCollections.build/Debug-appletvos/SwiftCollectionsTests.build/Objects-normal/arm64/RBSetTest.dia -target arm64-apple-tvos13.0 -Xllvm -aarch64-use-tbi -enable-objc-interop -sdk /Applications/Xcode-15.3.0.app/Contents/Developer/Platforms/AppleTVOS.platform/Developer/SDKs/AppleTVOS17.4.sdk -I /Users/admin/builder/spi-builder-workspace/.derivedData/Build/Products/Debug-appletvos -I /Applications/Xcode-15.3.0.app/Contents/Developer/Platforms/AppleTVOS.platform/Developer/usr/lib -F /Users/admin/builder/spi-builder-workspace/.derivedData/Build/Products/Debug-appletvos/PackageFrameworks -F /Users/admin/builder/spi-builder-workspace/.derivedData/Build/Products/Debug-appletvos -F /Applications/Xcode-15.3.0.app/Contents/Developer/Platforms/AppleTVOS.platform/Developer/Library/Frameworks -F /Applications/Xcode-15.3.0.app/Contents/Developer/Platforms/AppleTVOS.platform/Developer/SDKs/AppleTVOS17.4.sdk/Developer/Library/Frameworks -no-color-diagnostics -enable-testing -g -module-cache-path /Users/admin/builder/spi-builder-workspace/.derivedData/ModuleCache.noindex -swift-version 5 -enforce-exclusivity\=checked -stats-output-dir /Users/admin/builder/spi-builder-workspace/.stats -Onone -D SWIFT_PACKAGE -D DEBUG -serialize-debugging-options -const-gather-protocols-file /Users/admin/builder/spi-builder-workspace/.derivedData/Build/Intermediates.noindex/SwiftCollections.build/Debug-appletvos/SwiftCollectionsTests.build/Objects-normal/arm64/SwiftCollectionsTests_const_extract_protocols.json -strict-concurrency\=complete -empty-abi-descriptor -validate-clang-modules-once -clang-build-session-file /Users/admin/builder/spi-builder-workspace/.derivedData/ModuleCache.noindex/Session.modulevalidation -Xcc -working-directory -Xcc /Users/admin/builder/spi-builder-workspace -resource-dir /Library/Developer/Toolchains/swift-6.0-DEVELOPMENT-SNAPSHOT-2024-05-26-a.xctoolchain/usr/lib/swift -enable-anonymous-context-mangled-names -Xcc -I/Users/admin/builder/spi-builder-workspace/.derivedData/Build/Products/Debug-appletvos/include -Xcc -I/Users/admin/builder/spi-builder-workspace/.derivedData/Build/Intermediates.noindex/SwiftCollections.build/Debug-appletvos/SwiftCollectionsTests.build/DerivedSources-normal/arm64 -Xcc -I/Users/admin/builder/spi-builder-workspace/.derivedData/Build/Intermediates.noindex/SwiftCollections.build/Debug-appletvos/SwiftCollectionsTests.build/DerivedSources/arm64 -Xcc -I/Users/admin/builder/spi-builder-workspace/.derivedData/Build/Intermediates.noindex/SwiftCollections.build/Debug-appletvos/SwiftCollectionsTests.build/DerivedSources -Xcc -DSWIFT_PACKAGE -Xcc -DDEBUG\=1 -module-name SwiftCollectionsTests -frontend-parseable-output -disable-clang-spi -target-sdk-version 17.4 -target-sdk-name appletvos17.4 -external-plugin-path /Applications/Xcode-15.3.0.app/Contents/Developer/Platforms/AppleTVOS.platform/Developer/SDKs/AppleTVOS17.4.sdk/usr/lib/swift/host/plugins\#/Applications/Xcode-15.3.0.app/Contents/Developer/Platforms/AppleTVOS.platform/Developer/SDKs/AppleTVOS17.4.sdk/usr/bin/swift-plugin-server -external-plugin-path /Applications/Xcode-15.3.0.app/Contents/Developer/Platforms/AppleTVOS.platform/Developer/SDKs/AppleTVOS17.4.sdk/usr/local/lib/swift/host/plugins\#/Applications/Xcode-15.3.0.app/Contents/Developer/Platforms/AppleTVOS.platform/Developer/SDKs/AppleTVOS17.4.sdk/usr/bin/swift-plugin-server -external-plugin-path /Applications/Xcode-15.3.0.app/Contents/Developer/Platforms/AppleTVOS.platform/Developer/usr/lib/swift/host/plugins\#/Applications/Xcode-15.3.0.app/Contents/Developer/Platforms/AppleTVOS.platform/Developer/usr/bin/swift-plugin-server -external-plugin-path /Applications/Xcode-15.3.0.app/Contents/Developer/Platforms/AppleTVOS.platform/Developer/usr/local/lib/swift/host/plugins\#/Applications/Xcode-15.3.0.app/Contents/Developer/Platforms/AppleTVOS.platform/Developer/usr/bin/swift-plugin-server -plugin-path /Library/Developer/Toolchains/swift-6.0-DEVELOPMENT-SNAPSHOT-2024-05-26-a.xctoolchain/usr/lib/swift/host/plugins -plugin-path /Library/Developer/Toolchains/swift-6.0-DEVELOPMENT-SNAPSHOT-2024-05-26-a.xctoolchain/usr/local/lib/swift/host/plugins -o /Users/admin/builder/spi-builder-workspace/.derivedData/Build/Intermediates.noindex/SwiftCollections.build/Debug-appletvos/SwiftCollectionsTests.build/Objects-normal/arm64/RBSetTest.o -index-unit-output-path /SwiftCollections.build/Debug-appletvos/SwiftCollectionsTests.build/Objects-normal/arm64/RBSetTest.o -index-store-path /Users/admin/builder/spi-builder-workspace/.derivedData/Index.noindex/DataStore -index-system-modules
SwiftCompile normal arm64 /Users/admin/builder/spi-builder-workspace/Tests/SwiftCollectionsTests/RBSetTest.swift (in target 'SwiftCollectionsTests' from project 'SwiftCollections')
    cd /Users/admin/builder/spi-builder-workspace
    /Library/Developer/Toolchains/swift-6.0-DEVELOPMENT-SNAPSHOT-2024-05-26-a.xctoolchain/usr/bin/swift-frontend -c /Users/admin/builder/spi-builder-workspace/Tests/SwiftCollectionsTests/BidirectionalListTests.swift /Users/admin/builder/spi-builder-workspace/Tests/SwiftCollectionsTests/CircularListTests.swift /Users/admin/builder/spi-builder-workspace/Tests/SwiftCollectionsTests/ListTest.swift /Users/admin/builder/spi-builder-workspace/Tests/SwiftCollectionsTests/RBDictionaryTest.swift -primary-file /Users/admin/builder/spi-builder-workspace/Tests/SwiftCollectionsTests/RBSetTest.swift /Users/admin/builder/spi-builder-workspace/Tests/SwiftCollectionsTests/XCTestManifests.swift -emit-dependencies-path /Users/admin/builder/spi-builder-workspace/.derivedData/Build/Intermediates.noindex/SwiftCollections.build/Debug-appletvos/SwiftCollectionsTests.build/Objects-normal/arm64/RBSetTest.d -emit-const-values-path /Users/admin/builder/spi-builder-workspace/.derivedData/Build/Intermediates.noindex/SwiftCollections.build/Debug-appletvos/SwiftCollectionsTests.build/Objects-normal/arm64/RBSetTest.swiftconstvalues -emit-reference-dependencies-path /Users/admin/builder/spi-builder-workspace/.derivedData/Build/Intermediates.noindex/SwiftCollections.build/Debug-appletvos/SwiftCollectionsTests.build/Objects-normal/arm64/RBSetTest.swiftdeps -serialize-diagnostics-path /Users/admin/builder/spi-builder-workspace/.derivedData/Build/Intermediates.noindex/SwiftCollections.build/Debug-appletvos/SwiftCollectionsTests.build/Objects-normal/arm64/RBSetTest.dia -target arm64-apple-tvos13.0 -Xllvm -aarch64-use-tbi -enable-objc-interop -sdk /Applications/Xcode-15.3.0.app/Contents/Developer/Platforms/AppleTVOS.platform/Developer/SDKs/AppleTVOS17.4.sdk -I /Users/admin/builder/spi-builder-workspace/.derivedData/Build/Products/Debug-appletvos -I /Applications/Xcode-15.3.0.app/Contents/Developer/Platforms/AppleTVOS.platform/Developer/usr/lib -F /Users/admin/builder/spi-builder-workspace/.derivedData/Build/Products/Debug-appletvos/PackageFrameworks -F /Users/admin/builder/spi-builder-workspace/.derivedData/Build/Products/Debug-appletvos -F /Applications/Xcode-15.3.0.app/Contents/Developer/Platforms/AppleTVOS.platform/Developer/Library/Frameworks -F /Applications/Xcode-15.3.0.app/Contents/Developer/Platforms/AppleTVOS.platform/Developer/SDKs/AppleTVOS17.4.sdk/Developer/Library/Frameworks -no-color-diagnostics -enable-testing -g -module-cache-path /Users/admin/builder/spi-builder-workspace/.derivedData/ModuleCache.noindex -swift-version 5 -enforce-exclusivity\=checked -stats-output-dir /Users/admin/builder/spi-builder-workspace/.stats -Onone -D SWIFT_PACKAGE -D DEBUG -serialize-debugging-options -const-gather-protocols-file /Users/admin/builder/spi-builder-workspace/.derivedData/Build/Intermediates.noindex/SwiftCollections.build/Debug-appletvos/SwiftCollectionsTests.build/Objects-normal/arm64/SwiftCollectionsTests_const_extract_protocols.json -strict-concurrency\=complete -empty-abi-descriptor -validate-clang-modules-once -clang-build-session-file /Users/admin/builder/spi-builder-workspace/.derivedData/ModuleCache.noindex/Session.modulevalidation -Xcc -working-directory -Xcc /Users/admin/builder/spi-builder-workspace -resource-dir /Library/Developer/Toolchains/swift-6.0-DEVELOPMENT-SNAPSHOT-2024-05-26-a.xctoolchain/usr/lib/swift -enable-anonymous-context-mangled-names -Xcc -I/Users/admin/builder/spi-builder-workspace/.derivedData/Build/Products/Debug-appletvos/include -Xcc -I/Users/admin/builder/spi-builder-workspace/.derivedData/Build/Intermediates.noindex/SwiftCollections.build/Debug-appletvos/SwiftCollectionsTests.build/DerivedSources-normal/arm64 -Xcc -I/Users/admin/builder/spi-builder-workspace/.derivedData/Build/Intermediates.noindex/SwiftCollections.build/Debug-appletvos/SwiftCollectionsTests.build/DerivedSources/arm64 -Xcc -I/Users/admin/builder/spi-builder-workspace/.derivedData/Build/Intermediates.noindex/SwiftCollections.build/Debug-appletvos/SwiftCollectionsTests.build/DerivedSources -Xcc -DSWIFT_PACKAGE -Xcc -DDEBUG\=1 -module-name SwiftCollectionsTests -frontend-parseable-output -disable-clang-spi -target-sdk-version 17.4 -target-sdk-name appletvos17.4 -external-plugin-path /Applications/Xcode-15.3.0.app/Contents/Developer/Platforms/AppleTVOS.platform/Developer/SDKs/AppleTVOS17.4.sdk/usr/lib/swift/host/plugins\#/Applications/Xcode-15.3.0.app/Contents/Developer/Platforms/AppleTVOS.platform/Developer/SDKs/AppleTVOS17.4.sdk/usr/bin/swift-plugin-server -external-plugin-path /Applications/Xcode-15.3.0.app/Contents/Developer/Platforms/AppleTVOS.platform/Developer/SDKs/AppleTVOS17.4.sdk/usr/local/lib/swift/host/plugins\#/Applications/Xcode-15.3.0.app/Contents/Developer/Platforms/AppleTVOS.platform/Developer/SDKs/AppleTVOS17.4.sdk/usr/bin/swift-plugin-server -external-plugin-path /Applications/Xcode-15.3.0.app/Contents/Developer/Platforms/AppleTVOS.platform/Developer/usr/lib/swift/host/plugins\#/Applications/Xcode-15.3.0.app/Contents/Developer/Platforms/AppleTVOS.platform/Developer/usr/bin/swift-plugin-server -external-plugin-path /Applications/Xcode-15.3.0.app/Contents/Developer/Platforms/AppleTVOS.platform/Developer/usr/local/lib/swift/host/plugins\#/Applications/Xcode-15.3.0.app/Contents/Developer/Platforms/AppleTVOS.platform/Developer/usr/bin/swift-plugin-server -plugin-path /Library/Developer/Toolchains/swift-6.0-DEVELOPMENT-SNAPSHOT-2024-05-26-a.xctoolchain/usr/lib/swift/host/plugins -plugin-path /Library/Developer/Toolchains/swift-6.0-DEVELOPMENT-SNAPSHOT-2024-05-26-a.xctoolchain/usr/local/lib/swift/host/plugins -o /Users/admin/builder/spi-builder-workspace/.derivedData/Build/Intermediates.noindex/SwiftCollections.build/Debug-appletvos/SwiftCollectionsTests.build/Objects-normal/arm64/RBSetTest.o -index-unit-output-path /SwiftCollections.build/Debug-appletvos/SwiftCollectionsTests.build/Objects-normal/arm64/RBSetTest.o -index-store-path /Users/admin/builder/spi-builder-workspace/.derivedData/Index.noindex/DataStore -index-system-modules
SwiftCompile normal arm64 Compiling\ XCTestManifests.swift /Users/admin/builder/spi-builder-workspace/Tests/SwiftCollectionsTests/XCTestManifests.swift (in target 'SwiftCollectionsTests' from project 'SwiftCollections')
    cd /Users/admin/builder/spi-builder-workspace
    builtin-swiftTaskExecution -- /Library/Developer/Toolchains/swift-6.0-DEVELOPMENT-SNAPSHOT-2024-05-26-a.xctoolchain/usr/bin/swift-frontend -frontend -c /Users/admin/builder/spi-builder-workspace/Tests/SwiftCollectionsTests/BidirectionalListTests.swift /Users/admin/builder/spi-builder-workspace/Tests/SwiftCollectionsTests/CircularListTests.swift /Users/admin/builder/spi-builder-workspace/Tests/SwiftCollectionsTests/ListTest.swift /Users/admin/builder/spi-builder-workspace/Tests/SwiftCollectionsTests/RBDictionaryTest.swift /Users/admin/builder/spi-builder-workspace/Tests/SwiftCollectionsTests/RBSetTest.swift -primary-file /Users/admin/builder/spi-builder-workspace/Tests/SwiftCollectionsTests/XCTestManifests.swift -emit-dependencies-path /Users/admin/builder/spi-builder-workspace/.derivedData/Build/Intermediates.noindex/SwiftCollections.build/Debug-appletvos/SwiftCollectionsTests.build/Objects-normal/arm64/XCTestManifests.d -emit-const-values-path /Users/admin/builder/spi-builder-workspace/.derivedData/Build/Intermediates.noindex/SwiftCollections.build/Debug-appletvos/SwiftCollectionsTests.build/Objects-normal/arm64/XCTestManifests.swiftconstvalues -emit-reference-dependencies-path /Users/admin/builder/spi-builder-workspace/.derivedData/Build/Intermediates.noindex/SwiftCollections.build/Debug-appletvos/SwiftCollectionsTests.build/Objects-normal/arm64/XCTestManifests.swiftdeps -serialize-diagnostics-path /Users/admin/builder/spi-builder-workspace/.derivedData/Build/Intermediates.noindex/SwiftCollections.build/Debug-appletvos/SwiftCollectionsTests.build/Objects-normal/arm64/XCTestManifests.dia -target arm64-apple-tvos13.0 -Xllvm -aarch64-use-tbi -enable-objc-interop -sdk /Applications/Xcode-15.3.0.app/Contents/Developer/Platforms/AppleTVOS.platform/Developer/SDKs/AppleTVOS17.4.sdk -I /Users/admin/builder/spi-builder-workspace/.derivedData/Build/Products/Debug-appletvos -I /Applications/Xcode-15.3.0.app/Contents/Developer/Platforms/AppleTVOS.platform/Developer/usr/lib -F /Users/admin/builder/spi-builder-workspace/.derivedData/Build/Products/Debug-appletvos/PackageFrameworks -F /Users/admin/builder/spi-builder-workspace/.derivedData/Build/Products/Debug-appletvos -F /Applications/Xcode-15.3.0.app/Contents/Developer/Platforms/AppleTVOS.platform/Developer/Library/Frameworks -F /Applications/Xcode-15.3.0.app/Contents/Developer/Platforms/AppleTVOS.platform/Developer/SDKs/AppleTVOS17.4.sdk/Developer/Library/Frameworks -no-color-diagnostics -enable-testing -g -module-cache-path /Users/admin/builder/spi-builder-workspace/.derivedData/ModuleCache.noindex -swift-version 5 -enforce-exclusivity\=checked -stats-output-dir /Users/admin/builder/spi-builder-workspace/.stats -Onone -D SWIFT_PACKAGE -D DEBUG -serialize-debugging-options -const-gather-protocols-file /Users/admin/builder/spi-builder-workspace/.derivedData/Build/Intermediates.noindex/SwiftCollections.build/Debug-appletvos/SwiftCollectionsTests.build/Objects-normal/arm64/SwiftCollectionsTests_const_extract_protocols.json -strict-concurrency\=complete -empty-abi-descriptor -validate-clang-modules-once -clang-build-session-file /Users/admin/builder/spi-builder-workspace/.derivedData/ModuleCache.noindex/Session.modulevalidation -Xcc -working-directory -Xcc /Users/admin/builder/spi-builder-workspace -resource-dir /Library/Developer/Toolchains/swift-6.0-DEVELOPMENT-SNAPSHOT-2024-05-26-a.xctoolchain/usr/lib/swift -enable-anonymous-context-mangled-names -Xcc -I/Users/admin/builder/spi-builder-workspace/.derivedData/Build/Products/Debug-appletvos/include -Xcc -I/Users/admin/builder/spi-builder-workspace/.derivedData/Build/Intermediates.noindex/SwiftCollections.build/Debug-appletvos/SwiftCollectionsTests.build/DerivedSources-normal/arm64 -Xcc -I/Users/admin/builder/spi-builder-workspace/.derivedData/Build/Intermediates.noindex/SwiftCollections.build/Debug-appletvos/SwiftCollectionsTests.build/DerivedSources/arm64 -Xcc -I/Users/admin/builder/spi-builder-workspace/.derivedData/Build/Intermediates.noindex/SwiftCollections.build/Debug-appletvos/SwiftCollectionsTests.build/DerivedSources -Xcc -DSWIFT_PACKAGE -Xcc -DDEBUG\=1 -module-name SwiftCollectionsTests -frontend-parseable-output -disable-clang-spi -target-sdk-version 17.4 -target-sdk-name appletvos17.4 -external-plugin-path /Applications/Xcode-15.3.0.app/Contents/Developer/Platforms/AppleTVOS.platform/Developer/SDKs/AppleTVOS17.4.sdk/usr/lib/swift/host/plugins\#/Applications/Xcode-15.3.0.app/Contents/Developer/Platforms/AppleTVOS.platform/Developer/SDKs/AppleTVOS17.4.sdk/usr/bin/swift-plugin-server -external-plugin-path /Applications/Xcode-15.3.0.app/Contents/Developer/Platforms/AppleTVOS.platform/Developer/SDKs/AppleTVOS17.4.sdk/usr/local/lib/swift/host/plugins\#/Applications/Xcode-15.3.0.app/Contents/Developer/Platforms/AppleTVOS.platform/Developer/SDKs/AppleTVOS17.4.sdk/usr/bin/swift-plugin-server -external-plugin-path /Applications/Xcode-15.3.0.app/Contents/Developer/Platforms/AppleTVOS.platform/Developer/usr/lib/swift/host/plugins\#/Applications/Xcode-15.3.0.app/Contents/Developer/Platforms/AppleTVOS.platform/Developer/usr/bin/swift-plugin-server -external-plugin-path /Applications/Xcode-15.3.0.app/Contents/Developer/Platforms/AppleTVOS.platform/Developer/usr/local/lib/swift/host/plugins\#/Applications/Xcode-15.3.0.app/Contents/Developer/Platforms/AppleTVOS.platform/Developer/usr/bin/swift-plugin-server -plugin-path /Library/Developer/Toolchains/swift-6.0-DEVELOPMENT-SNAPSHOT-2024-05-26-a.xctoolchain/usr/lib/swift/host/plugins -plugin-path /Library/Developer/Toolchains/swift-6.0-DEVELOPMENT-SNAPSHOT-2024-05-26-a.xctoolchain/usr/local/lib/swift/host/plugins -o /Users/admin/builder/spi-builder-workspace/.derivedData/Build/Intermediates.noindex/SwiftCollections.build/Debug-appletvos/SwiftCollectionsTests.build/Objects-normal/arm64/XCTestManifests.o -index-unit-output-path /SwiftCollections.build/Debug-appletvos/SwiftCollectionsTests.build/Objects-normal/arm64/XCTestManifests.o -index-store-path /Users/admin/builder/spi-builder-workspace/.derivedData/Index.noindex/DataStore -index-system-modules
SwiftCompile normal arm64 /Users/admin/builder/spi-builder-workspace/Tests/SwiftCollectionsTests/XCTestManifests.swift (in target 'SwiftCollectionsTests' from project 'SwiftCollections')
    cd /Users/admin/builder/spi-builder-workspace
    /Library/Developer/Toolchains/swift-6.0-DEVELOPMENT-SNAPSHOT-2024-05-26-a.xctoolchain/usr/bin/swift-frontend -c /Users/admin/builder/spi-builder-workspace/Tests/SwiftCollectionsTests/BidirectionalListTests.swift /Users/admin/builder/spi-builder-workspace/Tests/SwiftCollectionsTests/CircularListTests.swift /Users/admin/builder/spi-builder-workspace/Tests/SwiftCollectionsTests/ListTest.swift /Users/admin/builder/spi-builder-workspace/Tests/SwiftCollectionsTests/RBDictionaryTest.swift /Users/admin/builder/spi-builder-workspace/Tests/SwiftCollectionsTests/RBSetTest.swift -primary-file /Users/admin/builder/spi-builder-workspace/Tests/SwiftCollectionsTests/XCTestManifests.swift -emit-dependencies-path /Users/admin/builder/spi-builder-workspace/.derivedData/Build/Intermediates.noindex/SwiftCollections.build/Debug-appletvos/SwiftCollectionsTests.build/Objects-normal/arm64/XCTestManifests.d -emit-const-values-path /Users/admin/builder/spi-builder-workspace/.derivedData/Build/Intermediates.noindex/SwiftCollections.build/Debug-appletvos/SwiftCollectionsTests.build/Objects-normal/arm64/XCTestManifests.swiftconstvalues -emit-reference-dependencies-path /Users/admin/builder/spi-builder-workspace/.derivedData/Build/Intermediates.noindex/SwiftCollections.build/Debug-appletvos/SwiftCollectionsTests.build/Objects-normal/arm64/XCTestManifests.swiftdeps -serialize-diagnostics-path /Users/admin/builder/spi-builder-workspace/.derivedData/Build/Intermediates.noindex/SwiftCollections.build/Debug-appletvos/SwiftCollectionsTests.build/Objects-normal/arm64/XCTestManifests.dia -target arm64-apple-tvos13.0 -Xllvm -aarch64-use-tbi -enable-objc-interop -sdk /Applications/Xcode-15.3.0.app/Contents/Developer/Platforms/AppleTVOS.platform/Developer/SDKs/AppleTVOS17.4.sdk -I /Users/admin/builder/spi-builder-workspace/.derivedData/Build/Products/Debug-appletvos -I /Applications/Xcode-15.3.0.app/Contents/Developer/Platforms/AppleTVOS.platform/Developer/usr/lib -F /Users/admin/builder/spi-builder-workspace/.derivedData/Build/Products/Debug-appletvos/PackageFrameworks -F /Users/admin/builder/spi-builder-workspace/.derivedData/Build/Products/Debug-appletvos -F /Applications/Xcode-15.3.0.app/Contents/Developer/Platforms/AppleTVOS.platform/Developer/Library/Frameworks -F /Applications/Xcode-15.3.0.app/Contents/Developer/Platforms/AppleTVOS.platform/Developer/SDKs/AppleTVOS17.4.sdk/Developer/Library/Frameworks -no-color-diagnostics -enable-testing -g -module-cache-path /Users/admin/builder/spi-builder-workspace/.derivedData/ModuleCache.noindex -swift-version 5 -enforce-exclusivity\=checked -stats-output-dir /Users/admin/builder/spi-builder-workspace/.stats -Onone -D SWIFT_PACKAGE -D DEBUG -serialize-debugging-options -const-gather-protocols-file /Users/admin/builder/spi-builder-workspace/.derivedData/Build/Intermediates.noindex/SwiftCollections.build/Debug-appletvos/SwiftCollectionsTests.build/Objects-normal/arm64/SwiftCollectionsTests_const_extract_protocols.json -strict-concurrency\=complete -empty-abi-descriptor -validate-clang-modules-once -clang-build-session-file /Users/admin/builder/spi-builder-workspace/.derivedData/ModuleCache.noindex/Session.modulevalidation -Xcc -working-directory -Xcc /Users/admin/builder/spi-builder-workspace -resource-dir /Library/Developer/Toolchains/swift-6.0-DEVELOPMENT-SNAPSHOT-2024-05-26-a.xctoolchain/usr/lib/swift -enable-anonymous-context-mangled-names -Xcc -I/Users/admin/builder/spi-builder-workspace/.derivedData/Build/Products/Debug-appletvos/include -Xcc -I/Users/admin/builder/spi-builder-workspace/.derivedData/Build/Intermediates.noindex/SwiftCollections.build/Debug-appletvos/SwiftCollectionsTests.build/DerivedSources-normal/arm64 -Xcc -I/Users/admin/builder/spi-builder-workspace/.derivedData/Build/Intermediates.noindex/SwiftCollections.build/Debug-appletvos/SwiftCollectionsTests.build/DerivedSources/arm64 -Xcc -I/Users/admin/builder/spi-builder-workspace/.derivedData/Build/Intermediates.noindex/SwiftCollections.build/Debug-appletvos/SwiftCollectionsTests.build/DerivedSources -Xcc -DSWIFT_PACKAGE -Xcc -DDEBUG\=1 -module-name SwiftCollectionsTests -frontend-parseable-output -disable-clang-spi -target-sdk-version 17.4 -target-sdk-name appletvos17.4 -external-plugin-path /Applications/Xcode-15.3.0.app/Contents/Developer/Platforms/AppleTVOS.platform/Developer/SDKs/AppleTVOS17.4.sdk/usr/lib/swift/host/plugins\#/Applications/Xcode-15.3.0.app/Contents/Developer/Platforms/AppleTVOS.platform/Developer/SDKs/AppleTVOS17.4.sdk/usr/bin/swift-plugin-server -external-plugin-path /Applications/Xcode-15.3.0.app/Contents/Developer/Platforms/AppleTVOS.platform/Developer/SDKs/AppleTVOS17.4.sdk/usr/local/lib/swift/host/plugins\#/Applications/Xcode-15.3.0.app/Contents/Developer/Platforms/AppleTVOS.platform/Developer/SDKs/AppleTVOS17.4.sdk/usr/bin/swift-plugin-server -external-plugin-path /Applications/Xcode-15.3.0.app/Contents/Developer/Platforms/AppleTVOS.platform/Developer/usr/lib/swift/host/plugins\#/Applications/Xcode-15.3.0.app/Contents/Developer/Platforms/AppleTVOS.platform/Developer/usr/bin/swift-plugin-server -external-plugin-path /Applications/Xcode-15.3.0.app/Contents/Developer/Platforms/AppleTVOS.platform/Developer/usr/local/lib/swift/host/plugins\#/Applications/Xcode-15.3.0.app/Contents/Developer/Platforms/AppleTVOS.platform/Developer/usr/bin/swift-plugin-server -plugin-path /Library/Developer/Toolchains/swift-6.0-DEVELOPMENT-SNAPSHOT-2024-05-26-a.xctoolchain/usr/lib/swift/host/plugins -plugin-path /Library/Developer/Toolchains/swift-6.0-DEVELOPMENT-SNAPSHOT-2024-05-26-a.xctoolchain/usr/local/lib/swift/host/plugins -o /Users/admin/builder/spi-builder-workspace/.derivedData/Build/Intermediates.noindex/SwiftCollections.build/Debug-appletvos/SwiftCollectionsTests.build/Objects-normal/arm64/XCTestManifests.o -index-unit-output-path /SwiftCollections.build/Debug-appletvos/SwiftCollectionsTests.build/Objects-normal/arm64/XCTestManifests.o -index-store-path /Users/admin/builder/spi-builder-workspace/.derivedData/Index.noindex/DataStore -index-system-modules
SwiftCompile normal arm64 Compiling\ CircularListTests.swift /Users/admin/builder/spi-builder-workspace/Tests/SwiftCollectionsTests/CircularListTests.swift (in target 'SwiftCollectionsTests' from project 'SwiftCollections')
    cd /Users/admin/builder/spi-builder-workspace
    builtin-swiftTaskExecution -- /Library/Developer/Toolchains/swift-6.0-DEVELOPMENT-SNAPSHOT-2024-05-26-a.xctoolchain/usr/bin/swift-frontend -frontend -c /Users/admin/builder/spi-builder-workspace/Tests/SwiftCollectionsTests/BidirectionalListTests.swift -primary-file /Users/admin/builder/spi-builder-workspace/Tests/SwiftCollectionsTests/CircularListTests.swift /Users/admin/builder/spi-builder-workspace/Tests/SwiftCollectionsTests/ListTest.swift /Users/admin/builder/spi-builder-workspace/Tests/SwiftCollectionsTests/RBDictionaryTest.swift /Users/admin/builder/spi-builder-workspace/Tests/SwiftCollectionsTests/RBSetTest.swift /Users/admin/builder/spi-builder-workspace/Tests/SwiftCollectionsTests/XCTestManifests.swift -emit-dependencies-path /Users/admin/builder/spi-builder-workspace/.derivedData/Build/Intermediates.noindex/SwiftCollections.build/Debug-appletvos/SwiftCollectionsTests.build/Objects-normal/arm64/CircularListTests.d -emit-const-values-path /Users/admin/builder/spi-builder-workspace/.derivedData/Build/Intermediates.noindex/SwiftCollections.build/Debug-appletvos/SwiftCollectionsTests.build/Objects-normal/arm64/CircularListTests.swiftconstvalues -emit-reference-dependencies-path /Users/admin/builder/spi-builder-workspace/.derivedData/Build/Intermediates.noindex/SwiftCollections.build/Debug-appletvos/SwiftCollectionsTests.build/Objects-normal/arm64/CircularListTests.swiftdeps -serialize-diagnostics-path /Users/admin/builder/spi-builder-workspace/.derivedData/Build/Intermediates.noindex/SwiftCollections.build/Debug-appletvos/SwiftCollectionsTests.build/Objects-normal/arm64/CircularListTests.dia -target arm64-apple-tvos13.0 -Xllvm -aarch64-use-tbi -enable-objc-interop -sdk /Applications/Xcode-15.3.0.app/Contents/Developer/Platforms/AppleTVOS.platform/Developer/SDKs/AppleTVOS17.4.sdk -I /Users/admin/builder/spi-builder-workspace/.derivedData/Build/Products/Debug-appletvos -I /Applications/Xcode-15.3.0.app/Contents/Developer/Platforms/AppleTVOS.platform/Developer/usr/lib -F /Users/admin/builder/spi-builder-workspace/.derivedData/Build/Products/Debug-appletvos/PackageFrameworks -F /Users/admin/builder/spi-builder-workspace/.derivedData/Build/Products/Debug-appletvos -F /Applications/Xcode-15.3.0.app/Contents/Developer/Platforms/AppleTVOS.platform/Developer/Library/Frameworks -F /Applications/Xcode-15.3.0.app/Contents/Developer/Platforms/AppleTVOS.platform/Developer/SDKs/AppleTVOS17.4.sdk/Developer/Library/Frameworks -no-color-diagnostics -enable-testing -g -module-cache-path /Users/admin/builder/spi-builder-workspace/.derivedData/ModuleCache.noindex -swift-version 5 -enforce-exclusivity\=checked -stats-output-dir /Users/admin/builder/spi-builder-workspace/.stats -Onone -D SWIFT_PACKAGE -D DEBUG -serialize-debugging-options -const-gather-protocols-file /Users/admin/builder/spi-builder-workspace/.derivedData/Build/Intermediates.noindex/SwiftCollections.build/Debug-appletvos/SwiftCollectionsTests.build/Objects-normal/arm64/SwiftCollectionsTests_const_extract_protocols.json -strict-concurrency\=complete -empty-abi-descriptor -validate-clang-modules-once -clang-build-session-file /Users/admin/builder/spi-builder-workspace/.derivedData/ModuleCache.noindex/Session.modulevalidation -Xcc -working-directory -Xcc /Users/admin/builder/spi-builder-workspace -resource-dir /Library/Developer/Toolchains/swift-6.0-DEVELOPMENT-SNAPSHOT-2024-05-26-a.xctoolchain/usr/lib/swift -enable-anonymous-context-mangled-names -Xcc -I/Users/admin/builder/spi-builder-workspace/.derivedData/Build/Products/Debug-appletvos/include -Xcc -I/Users/admin/builder/spi-builder-workspace/.derivedData/Build/Intermediates.noindex/SwiftCollections.build/Debug-appletvos/SwiftCollectionsTests.build/DerivedSources-normal/arm64 -Xcc -I/Users/admin/builder/spi-builder-workspace/.derivedData/Build/Intermediates.noindex/SwiftCollections.build/Debug-appletvos/SwiftCollectionsTests.build/DerivedSources/arm64 -Xcc -I/Users/admin/builder/spi-builder-workspace/.derivedData/Build/Intermediates.noindex/SwiftCollections.build/Debug-appletvos/SwiftCollectionsTests.build/DerivedSources -Xcc -DSWIFT_PACKAGE -Xcc -DDEBUG\=1 -module-name SwiftCollectionsTests -frontend-parseable-output -disable-clang-spi -target-sdk-version 17.4 -target-sdk-name appletvos17.4 -external-plugin-path /Applications/Xcode-15.3.0.app/Contents/Developer/Platforms/AppleTVOS.platform/Developer/SDKs/AppleTVOS17.4.sdk/usr/lib/swift/host/plugins\#/Applications/Xcode-15.3.0.app/Contents/Developer/Platforms/AppleTVOS.platform/Developer/SDKs/AppleTVOS17.4.sdk/usr/bin/swift-plugin-server -external-plugin-path /Applications/Xcode-15.3.0.app/Contents/Developer/Platforms/AppleTVOS.platform/Developer/SDKs/AppleTVOS17.4.sdk/usr/local/lib/swift/host/plugins\#/Applications/Xcode-15.3.0.app/Contents/Developer/Platforms/AppleTVOS.platform/Developer/SDKs/AppleTVOS17.4.sdk/usr/bin/swift-plugin-server -external-plugin-path /Applications/Xcode-15.3.0.app/Contents/Developer/Platforms/AppleTVOS.platform/Developer/usr/lib/swift/host/plugins\#/Applications/Xcode-15.3.0.app/Contents/Developer/Platforms/AppleTVOS.platform/Developer/usr/bin/swift-plugin-server -external-plugin-path /Applications/Xcode-15.3.0.app/Contents/Developer/Platforms/AppleTVOS.platform/Developer/usr/local/lib/swift/host/plugins\#/Applications/Xcode-15.3.0.app/Contents/Developer/Platforms/AppleTVOS.platform/Developer/usr/bin/swift-plugin-server -plugin-path /Library/Developer/Toolchains/swift-6.0-DEVELOPMENT-SNAPSHOT-2024-05-26-a.xctoolchain/usr/lib/swift/host/plugins -plugin-path /Library/Developer/Toolchains/swift-6.0-DEVELOPMENT-SNAPSHOT-2024-05-26-a.xctoolchain/usr/local/lib/swift/host/plugins -o /Users/admin/builder/spi-builder-workspace/.derivedData/Build/Intermediates.noindex/SwiftCollections.build/Debug-appletvos/SwiftCollectionsTests.build/Objects-normal/arm64/CircularListTests.o -index-unit-output-path /SwiftCollections.build/Debug-appletvos/SwiftCollectionsTests.build/Objects-normal/arm64/CircularListTests.o -index-store-path /Users/admin/builder/spi-builder-workspace/.derivedData/Index.noindex/DataStore -index-system-modules
SwiftCompile normal arm64 /Users/admin/builder/spi-builder-workspace/Tests/SwiftCollectionsTests/CircularListTests.swift (in target 'SwiftCollectionsTests' from project 'SwiftCollections')
    cd /Users/admin/builder/spi-builder-workspace
    /Library/Developer/Toolchains/swift-6.0-DEVELOPMENT-SNAPSHOT-2024-05-26-a.xctoolchain/usr/bin/swift-frontend -c /Users/admin/builder/spi-builder-workspace/Tests/SwiftCollectionsTests/BidirectionalListTests.swift -primary-file /Users/admin/builder/spi-builder-workspace/Tests/SwiftCollectionsTests/CircularListTests.swift /Users/admin/builder/spi-builder-workspace/Tests/SwiftCollectionsTests/ListTest.swift /Users/admin/builder/spi-builder-workspace/Tests/SwiftCollectionsTests/RBDictionaryTest.swift /Users/admin/builder/spi-builder-workspace/Tests/SwiftCollectionsTests/RBSetTest.swift /Users/admin/builder/spi-builder-workspace/Tests/SwiftCollectionsTests/XCTestManifests.swift -emit-dependencies-path /Users/admin/builder/spi-builder-workspace/.derivedData/Build/Intermediates.noindex/SwiftCollections.build/Debug-appletvos/SwiftCollectionsTests.build/Objects-normal/arm64/CircularListTests.d -emit-const-values-path /Users/admin/builder/spi-builder-workspace/.derivedData/Build/Intermediates.noindex/SwiftCollections.build/Debug-appletvos/SwiftCollectionsTests.build/Objects-normal/arm64/CircularListTests.swiftconstvalues -emit-reference-dependencies-path /Users/admin/builder/spi-builder-workspace/.derivedData/Build/Intermediates.noindex/SwiftCollections.build/Debug-appletvos/SwiftCollectionsTests.build/Objects-normal/arm64/CircularListTests.swiftdeps -serialize-diagnostics-path /Users/admin/builder/spi-builder-workspace/.derivedData/Build/Intermediates.noindex/SwiftCollections.build/Debug-appletvos/SwiftCollectionsTests.build/Objects-normal/arm64/CircularListTests.dia -target arm64-apple-tvos13.0 -Xllvm -aarch64-use-tbi -enable-objc-interop -sdk /Applications/Xcode-15.3.0.app/Contents/Developer/Platforms/AppleTVOS.platform/Developer/SDKs/AppleTVOS17.4.sdk -I /Users/admin/builder/spi-builder-workspace/.derivedData/Build/Products/Debug-appletvos -I /Applications/Xcode-15.3.0.app/Contents/Developer/Platforms/AppleTVOS.platform/Developer/usr/lib -F /Users/admin/builder/spi-builder-workspace/.derivedData/Build/Products/Debug-appletvos/PackageFrameworks -F /Users/admin/builder/spi-builder-workspace/.derivedData/Build/Products/Debug-appletvos -F /Applications/Xcode-15.3.0.app/Contents/Developer/Platforms/AppleTVOS.platform/Developer/Library/Frameworks -F /Applications/Xcode-15.3.0.app/Contents/Developer/Platforms/AppleTVOS.platform/Developer/SDKs/AppleTVOS17.4.sdk/Developer/Library/Frameworks -no-color-diagnostics -enable-testing -g -module-cache-path /Users/admin/builder/spi-builder-workspace/.derivedData/ModuleCache.noindex -swift-version 5 -enforce-exclusivity\=checked -stats-output-dir /Users/admin/builder/spi-builder-workspace/.stats -Onone -D SWIFT_PACKAGE -D DEBUG -serialize-debugging-options -const-gather-protocols-file /Users/admin/builder/spi-builder-workspace/.derivedData/Build/Intermediates.noindex/SwiftCollections.build/Debug-appletvos/SwiftCollectionsTests.build/Objects-normal/arm64/SwiftCollectionsTests_const_extract_protocols.json -strict-concurrency\=complete -empty-abi-descriptor -validate-clang-modules-once -clang-build-session-file /Users/admin/builder/spi-builder-workspace/.derivedData/ModuleCache.noindex/Session.modulevalidation -Xcc -working-directory -Xcc /Users/admin/builder/spi-builder-workspace -resource-dir /Library/Developer/Toolchains/swift-6.0-DEVELOPMENT-SNAPSHOT-2024-05-26-a.xctoolchain/usr/lib/swift -enable-anonymous-context-mangled-names -Xcc -I/Users/admin/builder/spi-builder-workspace/.derivedData/Build/Products/Debug-appletvos/include -Xcc -I/Users/admin/builder/spi-builder-workspace/.derivedData/Build/Intermediates.noindex/SwiftCollections.build/Debug-appletvos/SwiftCollectionsTests.build/DerivedSources-normal/arm64 -Xcc -I/Users/admin/builder/spi-builder-workspace/.derivedData/Build/Intermediates.noindex/SwiftCollections.build/Debug-appletvos/SwiftCollectionsTests.build/DerivedSources/arm64 -Xcc -I/Users/admin/builder/spi-builder-workspace/.derivedData/Build/Intermediates.noindex/SwiftCollections.build/Debug-appletvos/SwiftCollectionsTests.build/DerivedSources -Xcc -DSWIFT_PACKAGE -Xcc -DDEBUG\=1 -module-name SwiftCollectionsTests -frontend-parseable-output -disable-clang-spi -target-sdk-version 17.4 -target-sdk-name appletvos17.4 -external-plugin-path /Applications/Xcode-15.3.0.app/Contents/Developer/Platforms/AppleTVOS.platform/Developer/SDKs/AppleTVOS17.4.sdk/usr/lib/swift/host/plugins\#/Applications/Xcode-15.3.0.app/Contents/Developer/Platforms/AppleTVOS.platform/Developer/SDKs/AppleTVOS17.4.sdk/usr/bin/swift-plugin-server -external-plugin-path /Applications/Xcode-15.3.0.app/Contents/Developer/Platforms/AppleTVOS.platform/Developer/SDKs/AppleTVOS17.4.sdk/usr/local/lib/swift/host/plugins\#/Applications/Xcode-15.3.0.app/Contents/Developer/Platforms/AppleTVOS.platform/Developer/SDKs/AppleTVOS17.4.sdk/usr/bin/swift-plugin-server -external-plugin-path /Applications/Xcode-15.3.0.app/Contents/Developer/Platforms/AppleTVOS.platform/Developer/usr/lib/swift/host/plugins\#/Applications/Xcode-15.3.0.app/Contents/Developer/Platforms/AppleTVOS.platform/Developer/usr/bin/swift-plugin-server -external-plugin-path /Applications/Xcode-15.3.0.app/Contents/Developer/Platforms/AppleTVOS.platform/Developer/usr/local/lib/swift/host/plugins\#/Applications/Xcode-15.3.0.app/Contents/Developer/Platforms/AppleTVOS.platform/Developer/usr/bin/swift-plugin-server -plugin-path /Library/Developer/Toolchains/swift-6.0-DEVELOPMENT-SNAPSHOT-2024-05-26-a.xctoolchain/usr/lib/swift/host/plugins -plugin-path /Library/Developer/Toolchains/swift-6.0-DEVELOPMENT-SNAPSHOT-2024-05-26-a.xctoolchain/usr/local/lib/swift/host/plugins -o /Users/admin/builder/spi-builder-workspace/.derivedData/Build/Intermediates.noindex/SwiftCollections.build/Debug-appletvos/SwiftCollectionsTests.build/Objects-normal/arm64/CircularListTests.o -index-unit-output-path /SwiftCollections.build/Debug-appletvos/SwiftCollectionsTests.build/Objects-normal/arm64/CircularListTests.o -index-store-path /Users/admin/builder/spi-builder-workspace/.derivedData/Index.noindex/DataStore -index-system-modules
SwiftDriverJobDiscovery normal arm64 Compiling List.swift (in target 'SwiftCollections' from project 'SwiftCollections')
SwiftCompile normal arm64 Compiling\ BidirectionalListTests.swift /Users/admin/builder/spi-builder-workspace/Tests/SwiftCollectionsTests/BidirectionalListTests.swift (in target 'SwiftCollectionsTests' from project 'SwiftCollections')
    cd /Users/admin/builder/spi-builder-workspace
    builtin-swiftTaskExecution -- /Library/Developer/Toolchains/swift-6.0-DEVELOPMENT-SNAPSHOT-2024-05-26-a.xctoolchain/usr/bin/swift-frontend -frontend -c -primary-file /Users/admin/builder/spi-builder-workspace/Tests/SwiftCollectionsTests/BidirectionalListTests.swift /Users/admin/builder/spi-builder-workspace/Tests/SwiftCollectionsTests/CircularListTests.swift /Users/admin/builder/spi-builder-workspace/Tests/SwiftCollectionsTests/ListTest.swift /Users/admin/builder/spi-builder-workspace/Tests/SwiftCollectionsTests/RBDictionaryTest.swift /Users/admin/builder/spi-builder-workspace/Tests/SwiftCollectionsTests/RBSetTest.swift /Users/admin/builder/spi-builder-workspace/Tests/SwiftCollectionsTests/XCTestManifests.swift -emit-dependencies-path /Users/admin/builder/spi-builder-workspace/.derivedData/Build/Intermediates.noindex/SwiftCollections.build/Debug-appletvos/SwiftCollectionsTests.build/Objects-normal/arm64/BidirectionalListTests.d -emit-const-values-path /Users/admin/builder/spi-builder-workspace/.derivedData/Build/Intermediates.noindex/SwiftCollections.build/Debug-appletvos/SwiftCollectionsTests.build/Objects-normal/arm64/BidirectionalListTests.swiftconstvalues -emit-reference-dependencies-path /Users/admin/builder/spi-builder-workspace/.derivedData/Build/Intermediates.noindex/SwiftCollections.build/Debug-appletvos/SwiftCollectionsTests.build/Objects-normal/arm64/BidirectionalListTests.swiftdeps -serialize-diagnostics-path /Users/admin/builder/spi-builder-workspace/.derivedData/Build/Intermediates.noindex/SwiftCollections.build/Debug-appletvos/SwiftCollectionsTests.build/Objects-normal/arm64/BidirectionalListTests.dia -target arm64-apple-tvos13.0 -Xllvm -aarch64-use-tbi -enable-objc-interop -sdk /Applications/Xcode-15.3.0.app/Contents/Developer/Platforms/AppleTVOS.platform/Developer/SDKs/AppleTVOS17.4.sdk -I /Users/admin/builder/spi-builder-workspace/.derivedData/Build/Products/Debug-appletvos -I /Applications/Xcode-15.3.0.app/Contents/Developer/Platforms/AppleTVOS.platform/Developer/usr/lib -F /Users/admin/builder/spi-builder-workspace/.derivedData/Build/Products/Debug-appletvos/PackageFrameworks -F /Users/admin/builder/spi-builder-workspace/.derivedData/Build/Products/Debug-appletvos -F /Applications/Xcode-15.3.0.app/Contents/Developer/Platforms/AppleTVOS.platform/Developer/Library/Frameworks -F /Applications/Xcode-15.3.0.app/Contents/Developer/Platforms/AppleTVOS.platform/Developer/SDKs/AppleTVOS17.4.sdk/Developer/Library/Frameworks -no-color-diagnostics -enable-testing -g -module-cache-path /Users/admin/builder/spi-builder-workspace/.derivedData/ModuleCache.noindex -swift-version 5 -enforce-exclusivity\=checked -stats-output-dir /Users/admin/builder/spi-builder-workspace/.stats -Onone -D SWIFT_PACKAGE -D DEBUG -serialize-debugging-options -const-gather-protocols-file /Users/admin/builder/spi-builder-workspace/.derivedData/Build/Intermediates.noindex/SwiftCollections.build/Debug-appletvos/SwiftCollectionsTests.build/Objects-normal/arm64/SwiftCollectionsTests_const_extract_protocols.json -strict-concurrency\=complete -empty-abi-descriptor -validate-clang-modules-once -clang-build-session-file /Users/admin/builder/spi-builder-workspace/.derivedData/ModuleCache.noindex/Session.modulevalidation -Xcc -working-directory -Xcc /Users/admin/builder/spi-builder-workspace -resource-dir /Library/Developer/Toolchains/swift-6.0-DEVELOPMENT-SNAPSHOT-2024-05-26-a.xctoolchain/usr/lib/swift -enable-anonymous-context-mangled-names -Xcc -I/Users/admin/builder/spi-builder-workspace/.derivedData/Build/Products/Debug-appletvos/include -Xcc -I/Users/admin/builder/spi-builder-workspace/.derivedData/Build/Intermediates.noindex/SwiftCollections.build/Debug-appletvos/SwiftCollectionsTests.build/DerivedSources-normal/arm64 -Xcc -I/Users/admin/builder/spi-builder-workspace/.derivedData/Build/Intermediates.noindex/SwiftCollections.build/Debug-appletvos/SwiftCollectionsTests.build/DerivedSources/arm64 -Xcc -I/Users/admin/builder/spi-builder-workspace/.derivedData/Build/Intermediates.noindex/SwiftCollections.build/Debug-appletvos/SwiftCollectionsTests.build/DerivedSources -Xcc -DSWIFT_PACKAGE -Xcc -DDEBUG\=1 -module-name SwiftCollectionsTests -frontend-parseable-output -disable-clang-spi -target-sdk-version 17.4 -target-sdk-name appletvos17.4 -external-plugin-path /Applications/Xcode-15.3.0.app/Contents/Developer/Platforms/AppleTVOS.platform/Developer/SDKs/AppleTVOS17.4.sdk/usr/lib/swift/host/plugins\#/Applications/Xcode-15.3.0.app/Contents/Developer/Platforms/AppleTVOS.platform/Developer/SDKs/AppleTVOS17.4.sdk/usr/bin/swift-plugin-server -external-plugin-path /Applications/Xcode-15.3.0.app/Contents/Developer/Platforms/AppleTVOS.platform/Developer/SDKs/AppleTVOS17.4.sdk/usr/local/lib/swift/host/plugins\#/Applications/Xcode-15.3.0.app/Contents/Developer/Platforms/AppleTVOS.platform/Developer/SDKs/AppleTVOS17.4.sdk/usr/bin/swift-plugin-server -external-plugin-path /Applications/Xcode-15.3.0.app/Contents/Developer/Platforms/AppleTVOS.platform/Developer/usr/lib/swift/host/plugins\#/Applications/Xcode-15.3.0.app/Contents/Developer/Platforms/AppleTVOS.platform/Developer/usr/bin/swift-plugin-server -external-plugin-path /Applications/Xcode-15.3.0.app/Contents/Developer/Platforms/AppleTVOS.platform/Developer/usr/local/lib/swift/host/plugins\#/Applications/Xcode-15.3.0.app/Contents/Developer/Platforms/AppleTVOS.platform/Developer/usr/bin/swift-plugin-server -plugin-path /Library/Developer/Toolchains/swift-6.0-DEVELOPMENT-SNAPSHOT-2024-05-26-a.xctoolchain/usr/lib/swift/host/plugins -plugin-path /Library/Developer/Toolchains/swift-6.0-DEVELOPMENT-SNAPSHOT-2024-05-26-a.xctoolchain/usr/local/lib/swift/host/plugins -o /Users/admin/builder/spi-builder-workspace/.derivedData/Build/Intermediates.noindex/SwiftCollections.build/Debug-appletvos/SwiftCollectionsTests.build/Objects-normal/arm64/BidirectionalListTests.o -index-unit-output-path /SwiftCollections.build/Debug-appletvos/SwiftCollectionsTests.build/Objects-normal/arm64/BidirectionalListTests.o -index-store-path /Users/admin/builder/spi-builder-workspace/.derivedData/Index.noindex/DataStore -index-system-modules
SwiftCompile normal arm64 /Users/admin/builder/spi-builder-workspace/Tests/SwiftCollectionsTests/BidirectionalListTests.swift (in target 'SwiftCollectionsTests' from project 'SwiftCollections')
    cd /Users/admin/builder/spi-builder-workspace
    /Library/Developer/Toolchains/swift-6.0-DEVELOPMENT-SNAPSHOT-2024-05-26-a.xctoolchain/usr/bin/swift-frontend -c -primary-file /Users/admin/builder/spi-builder-workspace/Tests/SwiftCollectionsTests/BidirectionalListTests.swift /Users/admin/builder/spi-builder-workspace/Tests/SwiftCollectionsTests/CircularListTests.swift /Users/admin/builder/spi-builder-workspace/Tests/SwiftCollectionsTests/ListTest.swift /Users/admin/builder/spi-builder-workspace/Tests/SwiftCollectionsTests/RBDictionaryTest.swift /Users/admin/builder/spi-builder-workspace/Tests/SwiftCollectionsTests/RBSetTest.swift /Users/admin/builder/spi-builder-workspace/Tests/SwiftCollectionsTests/XCTestManifests.swift -emit-dependencies-path /Users/admin/builder/spi-builder-workspace/.derivedData/Build/Intermediates.noindex/SwiftCollections.build/Debug-appletvos/SwiftCollectionsTests.build/Objects-normal/arm64/BidirectionalListTests.d -emit-const-values-path /Users/admin/builder/spi-builder-workspace/.derivedData/Build/Intermediates.noindex/SwiftCollections.build/Debug-appletvos/SwiftCollectionsTests.build/Objects-normal/arm64/BidirectionalListTests.swiftconstvalues -emit-reference-dependencies-path /Users/admin/builder/spi-builder-workspace/.derivedData/Build/Intermediates.noindex/SwiftCollections.build/Debug-appletvos/SwiftCollectionsTests.build/Objects-normal/arm64/BidirectionalListTests.swiftdeps -serialize-diagnostics-path /Users/admin/builder/spi-builder-workspace/.derivedData/Build/Intermediates.noindex/SwiftCollections.build/Debug-appletvos/SwiftCollectionsTests.build/Objects-normal/arm64/BidirectionalListTests.dia -target arm64-apple-tvos13.0 -Xllvm -aarch64-use-tbi -enable-objc-interop -sdk /Applications/Xcode-15.3.0.app/Contents/Developer/Platforms/AppleTVOS.platform/Developer/SDKs/AppleTVOS17.4.sdk -I /Users/admin/builder/spi-builder-workspace/.derivedData/Build/Products/Debug-appletvos -I /Applications/Xcode-15.3.0.app/Contents/Developer/Platforms/AppleTVOS.platform/Developer/usr/lib -F /Users/admin/builder/spi-builder-workspace/.derivedData/Build/Products/Debug-appletvos/PackageFrameworks -F /Users/admin/builder/spi-builder-workspace/.derivedData/Build/Products/Debug-appletvos -F /Applications/Xcode-15.3.0.app/Contents/Developer/Platforms/AppleTVOS.platform/Developer/Library/Frameworks -F /Applications/Xcode-15.3.0.app/Contents/Developer/Platforms/AppleTVOS.platform/Developer/SDKs/AppleTVOS17.4.sdk/Developer/Library/Frameworks -no-color-diagnostics -enable-testing -g -module-cache-path /Users/admin/builder/spi-builder-workspace/.derivedData/ModuleCache.noindex -swift-version 5 -enforce-exclusivity\=checked -stats-output-dir /Users/admin/builder/spi-builder-workspace/.stats -Onone -D SWIFT_PACKAGE -D DEBUG -serialize-debugging-options -const-gather-protocols-file /Users/admin/builder/spi-builder-workspace/.derivedData/Build/Intermediates.noindex/SwiftCollections.build/Debug-appletvos/SwiftCollectionsTests.build/Objects-normal/arm64/SwiftCollectionsTests_const_extract_protocols.json -strict-concurrency\=complete -empty-abi-descriptor -validate-clang-modules-once -clang-build-session-file /Users/admin/builder/spi-builder-workspace/.derivedData/ModuleCache.noindex/Session.modulevalidation -Xcc -working-directory -Xcc /Users/admin/builder/spi-builder-workspace -resource-dir /Library/Developer/Toolchains/swift-6.0-DEVELOPMENT-SNAPSHOT-2024-05-26-a.xctoolchain/usr/lib/swift -enable-anonymous-context-mangled-names -Xcc -I/Users/admin/builder/spi-builder-workspace/.derivedData/Build/Products/Debug-appletvos/include -Xcc -I/Users/admin/builder/spi-builder-workspace/.derivedData/Build/Intermediates.noindex/SwiftCollections.build/Debug-appletvos/SwiftCollectionsTests.build/DerivedSources-normal/arm64 -Xcc -I/Users/admin/builder/spi-builder-workspace/.derivedData/Build/Intermediates.noindex/SwiftCollections.build/Debug-appletvos/SwiftCollectionsTests.build/DerivedSources/arm64 -Xcc -I/Users/admin/builder/spi-builder-workspace/.derivedData/Build/Intermediates.noindex/SwiftCollections.build/Debug-appletvos/SwiftCollectionsTests.build/DerivedSources -Xcc -DSWIFT_PACKAGE -Xcc -DDEBUG\=1 -module-name SwiftCollectionsTests -frontend-parseable-output -disable-clang-spi -target-sdk-version 17.4 -target-sdk-name appletvos17.4 -external-plugin-path /Applications/Xcode-15.3.0.app/Contents/Developer/Platforms/AppleTVOS.platform/Developer/SDKs/AppleTVOS17.4.sdk/usr/lib/swift/host/plugins\#/Applications/Xcode-15.3.0.app/Contents/Developer/Platforms/AppleTVOS.platform/Developer/SDKs/AppleTVOS17.4.sdk/usr/bin/swift-plugin-server -external-plugin-path /Applications/Xcode-15.3.0.app/Contents/Developer/Platforms/AppleTVOS.platform/Developer/SDKs/AppleTVOS17.4.sdk/usr/local/lib/swift/host/plugins\#/Applications/Xcode-15.3.0.app/Contents/Developer/Platforms/AppleTVOS.platform/Developer/SDKs/AppleTVOS17.4.sdk/usr/bin/swift-plugin-server -external-plugin-path /Applications/Xcode-15.3.0.app/Contents/Developer/Platforms/AppleTVOS.platform/Developer/usr/lib/swift/host/plugins\#/Applications/Xcode-15.3.0.app/Contents/Developer/Platforms/AppleTVOS.platform/Developer/usr/bin/swift-plugin-server -external-plugin-path /Applications/Xcode-15.3.0.app/Contents/Developer/Platforms/AppleTVOS.platform/Developer/usr/local/lib/swift/host/plugins\#/Applications/Xcode-15.3.0.app/Contents/Developer/Platforms/AppleTVOS.platform/Developer/usr/bin/swift-plugin-server -plugin-path /Library/Developer/Toolchains/swift-6.0-DEVELOPMENT-SNAPSHOT-2024-05-26-a.xctoolchain/usr/lib/swift/host/plugins -plugin-path /Library/Developer/Toolchains/swift-6.0-DEVELOPMENT-SNAPSHOT-2024-05-26-a.xctoolchain/usr/local/lib/swift/host/plugins -o /Users/admin/builder/spi-builder-workspace/.derivedData/Build/Intermediates.noindex/SwiftCollections.build/Debug-appletvos/SwiftCollectionsTests.build/Objects-normal/arm64/BidirectionalListTests.o -index-unit-output-path /SwiftCollections.build/Debug-appletvos/SwiftCollectionsTests.build/Objects-normal/arm64/BidirectionalListTests.o -index-store-path /Users/admin/builder/spi-builder-workspace/.derivedData/Index.noindex/DataStore -index-system-modules
SwiftDriverJobDiscovery normal arm64 Compiling BidirectionalList.swift (in target 'SwiftCollections' from project 'SwiftCollections')
SwiftCompile normal arm64 Compiling\ ListTest.swift /Users/admin/builder/spi-builder-workspace/Tests/SwiftCollectionsTests/ListTest.swift (in target 'SwiftCollectionsTests' from project 'SwiftCollections')
    cd /Users/admin/builder/spi-builder-workspace
    builtin-swiftTaskExecution -- /Library/Developer/Toolchains/swift-6.0-DEVELOPMENT-SNAPSHOT-2024-05-26-a.xctoolchain/usr/bin/swift-frontend -frontend -c /Users/admin/builder/spi-builder-workspace/Tests/SwiftCollectionsTests/BidirectionalListTests.swift /Users/admin/builder/spi-builder-workspace/Tests/SwiftCollectionsTests/CircularListTests.swift -primary-file /Users/admin/builder/spi-builder-workspace/Tests/SwiftCollectionsTests/ListTest.swift /Users/admin/builder/spi-builder-workspace/Tests/SwiftCollectionsTests/RBDictionaryTest.swift /Users/admin/builder/spi-builder-workspace/Tests/SwiftCollectionsTests/RBSetTest.swift /Users/admin/builder/spi-builder-workspace/Tests/SwiftCollectionsTests/XCTestManifests.swift -emit-dependencies-path /Users/admin/builder/spi-builder-workspace/.derivedData/Build/Intermediates.noindex/SwiftCollections.build/Debug-appletvos/SwiftCollectionsTests.build/Objects-normal/arm64/ListTest.d -emit-const-values-path /Users/admin/builder/spi-builder-workspace/.derivedData/Build/Intermediates.noindex/SwiftCollections.build/Debug-appletvos/SwiftCollectionsTests.build/Objects-normal/arm64/ListTest.swiftconstvalues -emit-reference-dependencies-path /Users/admin/builder/spi-builder-workspace/.derivedData/Build/Intermediates.noindex/SwiftCollections.build/Debug-appletvos/SwiftCollectionsTests.build/Objects-normal/arm64/ListTest.swiftdeps -serialize-diagnostics-path /Users/admin/builder/spi-builder-workspace/.derivedData/Build/Intermediates.noindex/SwiftCollections.build/Debug-appletvos/SwiftCollectionsTests.build/Objects-normal/arm64/ListTest.dia -target arm64-apple-tvos13.0 -Xllvm -aarch64-use-tbi -enable-objc-interop -sdk /Applications/Xcode-15.3.0.app/Contents/Developer/Platforms/AppleTVOS.platform/Developer/SDKs/AppleTVOS17.4.sdk -I /Users/admin/builder/spi-builder-workspace/.derivedData/Build/Products/Debug-appletvos -I /Applications/Xcode-15.3.0.app/Contents/Developer/Platforms/AppleTVOS.platform/Developer/usr/lib -F /Users/admin/builder/spi-builder-workspace/.derivedData/Build/Products/Debug-appletvos/PackageFrameworks -F /Users/admin/builder/spi-builder-workspace/.derivedData/Build/Products/Debug-appletvos -F /Applications/Xcode-15.3.0.app/Contents/Developer/Platforms/AppleTVOS.platform/Developer/Library/Frameworks -F /Applications/Xcode-15.3.0.app/Contents/Developer/Platforms/AppleTVOS.platform/Developer/SDKs/AppleTVOS17.4.sdk/Developer/Library/Frameworks -no-color-diagnostics -enable-testing -g -module-cache-path /Users/admin/builder/spi-builder-workspace/.derivedData/ModuleCache.noindex -swift-version 5 -enforce-exclusivity\=checked -stats-output-dir /Users/admin/builder/spi-builder-workspace/.stats -Onone -D SWIFT_PACKAGE -D DEBUG -serialize-debugging-options -const-gather-protocols-file /Users/admin/builder/spi-builder-workspace/.derivedData/Build/Intermediates.noindex/SwiftCollections.build/Debug-appletvos/SwiftCollectionsTests.build/Objects-normal/arm64/SwiftCollectionsTests_const_extract_protocols.json -strict-concurrency\=complete -empty-abi-descriptor -validate-clang-modules-once -clang-build-session-file /Users/admin/builder/spi-builder-workspace/.derivedData/ModuleCache.noindex/Session.modulevalidation -Xcc -working-directory -Xcc /Users/admin/builder/spi-builder-workspace -resource-dir /Library/Developer/Toolchains/swift-6.0-DEVELOPMENT-SNAPSHOT-2024-05-26-a.xctoolchain/usr/lib/swift -enable-anonymous-context-mangled-names -Xcc -I/Users/admin/builder/spi-builder-workspace/.derivedData/Build/Products/Debug-appletvos/include -Xcc -I/Users/admin/builder/spi-builder-workspace/.derivedData/Build/Intermediates.noindex/SwiftCollections.build/Debug-appletvos/SwiftCollectionsTests.build/DerivedSources-normal/arm64 -Xcc -I/Users/admin/builder/spi-builder-workspace/.derivedData/Build/Intermediates.noindex/SwiftCollections.build/Debug-appletvos/SwiftCollectionsTests.build/DerivedSources/arm64 -Xcc -I/Users/admin/builder/spi-builder-workspace/.derivedData/Build/Intermediates.noindex/SwiftCollections.build/Debug-appletvos/SwiftCollectionsTests.build/DerivedSources -Xcc -DSWIFT_PACKAGE -Xcc -DDEBUG\=1 -module-name SwiftCollectionsTests -frontend-parseable-output -disable-clang-spi -target-sdk-version 17.4 -target-sdk-name appletvos17.4 -external-plugin-path /Applications/Xcode-15.3.0.app/Contents/Developer/Platforms/AppleTVOS.platform/Developer/SDKs/AppleTVOS17.4.sdk/usr/lib/swift/host/plugins\#/Applications/Xcode-15.3.0.app/Contents/Developer/Platforms/AppleTVOS.platform/Developer/SDKs/AppleTVOS17.4.sdk/usr/bin/swift-plugin-server -external-plugin-path /Applications/Xcode-15.3.0.app/Contents/Developer/Platforms/AppleTVOS.platform/Developer/SDKs/AppleTVOS17.4.sdk/usr/local/lib/swift/host/plugins\#/Applications/Xcode-15.3.0.app/Contents/Developer/Platforms/AppleTVOS.platform/Developer/SDKs/AppleTVOS17.4.sdk/usr/bin/swift-plugin-server -external-plugin-path /Applications/Xcode-15.3.0.app/Contents/Developer/Platforms/AppleTVOS.platform/Developer/usr/lib/swift/host/plugins\#/Applications/Xcode-15.3.0.app/Contents/Developer/Platforms/AppleTVOS.platform/Developer/usr/bin/swift-plugin-server -external-plugin-path /Applications/Xcode-15.3.0.app/Contents/Developer/Platforms/AppleTVOS.platform/Developer/usr/local/lib/swift/host/plugins\#/Applications/Xcode-15.3.0.app/Contents/Developer/Platforms/AppleTVOS.platform/Developer/usr/bin/swift-plugin-server -plugin-path /Library/Developer/Toolchains/swift-6.0-DEVELOPMENT-SNAPSHOT-2024-05-26-a.xctoolchain/usr/lib/swift/host/plugins -plugin-path /Library/Developer/Toolchains/swift-6.0-DEVELOPMENT-SNAPSHOT-2024-05-26-a.xctoolchain/usr/local/lib/swift/host/plugins -o /Users/admin/builder/spi-builder-workspace/.derivedData/Build/Intermediates.noindex/SwiftCollections.build/Debug-appletvos/SwiftCollectionsTests.build/Objects-normal/arm64/ListTest.o -index-unit-output-path /SwiftCollections.build/Debug-appletvos/SwiftCollectionsTests.build/Objects-normal/arm64/ListTest.o -index-store-path /Users/admin/builder/spi-builder-workspace/.derivedData/Index.noindex/DataStore -index-system-modules
SwiftCompile normal arm64 /Users/admin/builder/spi-builder-workspace/Tests/SwiftCollectionsTests/ListTest.swift (in target 'SwiftCollectionsTests' from project 'SwiftCollections')
    cd /Users/admin/builder/spi-builder-workspace
    /Library/Developer/Toolchains/swift-6.0-DEVELOPMENT-SNAPSHOT-2024-05-26-a.xctoolchain/usr/bin/swift-frontend -c /Users/admin/builder/spi-builder-workspace/Tests/SwiftCollectionsTests/BidirectionalListTests.swift /Users/admin/builder/spi-builder-workspace/Tests/SwiftCollectionsTests/CircularListTests.swift -primary-file /Users/admin/builder/spi-builder-workspace/Tests/SwiftCollectionsTests/ListTest.swift /Users/admin/builder/spi-builder-workspace/Tests/SwiftCollectionsTests/RBDictionaryTest.swift /Users/admin/builder/spi-builder-workspace/Tests/SwiftCollectionsTests/RBSetTest.swift /Users/admin/builder/spi-builder-workspace/Tests/SwiftCollectionsTests/XCTestManifests.swift -emit-dependencies-path /Users/admin/builder/spi-builder-workspace/.derivedData/Build/Intermediates.noindex/SwiftCollections.build/Debug-appletvos/SwiftCollectionsTests.build/Objects-normal/arm64/ListTest.d -emit-const-values-path /Users/admin/builder/spi-builder-workspace/.derivedData/Build/Intermediates.noindex/SwiftCollections.build/Debug-appletvos/SwiftCollectionsTests.build/Objects-normal/arm64/ListTest.swiftconstvalues -emit-reference-dependencies-path /Users/admin/builder/spi-builder-workspace/.derivedData/Build/Intermediates.noindex/SwiftCollections.build/Debug-appletvos/SwiftCollectionsTests.build/Objects-normal/arm64/ListTest.swiftdeps -serialize-diagnostics-path /Users/admin/builder/spi-builder-workspace/.derivedData/Build/Intermediates.noindex/SwiftCollections.build/Debug-appletvos/SwiftCollectionsTests.build/Objects-normal/arm64/ListTest.dia -target arm64-apple-tvos13.0 -Xllvm -aarch64-use-tbi -enable-objc-interop -sdk /Applications/Xcode-15.3.0.app/Contents/Developer/Platforms/AppleTVOS.platform/Developer/SDKs/AppleTVOS17.4.sdk -I /Users/admin/builder/spi-builder-workspace/.derivedData/Build/Products/Debug-appletvos -I /Applications/Xcode-15.3.0.app/Contents/Developer/Platforms/AppleTVOS.platform/Developer/usr/lib -F /Users/admin/builder/spi-builder-workspace/.derivedData/Build/Products/Debug-appletvos/PackageFrameworks -F /Users/admin/builder/spi-builder-workspace/.derivedData/Build/Products/Debug-appletvos -F /Applications/Xcode-15.3.0.app/Contents/Developer/Platforms/AppleTVOS.platform/Developer/Library/Frameworks -F /Applications/Xcode-15.3.0.app/Contents/Developer/Platforms/AppleTVOS.platform/Developer/SDKs/AppleTVOS17.4.sdk/Developer/Library/Frameworks -no-color-diagnostics -enable-testing -g -module-cache-path /Users/admin/builder/spi-builder-workspace/.derivedData/ModuleCache.noindex -swift-version 5 -enforce-exclusivity\=checked -stats-output-dir /Users/admin/builder/spi-builder-workspace/.stats -Onone -D SWIFT_PACKAGE -D DEBUG -serialize-debugging-options -const-gather-protocols-file /Users/admin/builder/spi-builder-workspace/.derivedData/Build/Intermediates.noindex/SwiftCollections.build/Debug-appletvos/SwiftCollectionsTests.build/Objects-normal/arm64/SwiftCollectionsTests_const_extract_protocols.json -strict-concurrency\=complete -empty-abi-descriptor -validate-clang-modules-once -clang-build-session-file /Users/admin/builder/spi-builder-workspace/.derivedData/ModuleCache.noindex/Session.modulevalidation -Xcc -working-directory -Xcc /Users/admin/builder/spi-builder-workspace -resource-dir /Library/Developer/Toolchains/swift-6.0-DEVELOPMENT-SNAPSHOT-2024-05-26-a.xctoolchain/usr/lib/swift -enable-anonymous-context-mangled-names -Xcc -I/Users/admin/builder/spi-builder-workspace/.derivedData/Build/Products/Debug-appletvos/include -Xcc -I/Users/admin/builder/spi-builder-workspace/.derivedData/Build/Intermediates.noindex/SwiftCollections.build/Debug-appletvos/SwiftCollectionsTests.build/DerivedSources-normal/arm64 -Xcc -I/Users/admin/builder/spi-builder-workspace/.derivedData/Build/Intermediates.noindex/SwiftCollections.build/Debug-appletvos/SwiftCollectionsTests.build/DerivedSources/arm64 -Xcc -I/Users/admin/builder/spi-builder-workspace/.derivedData/Build/Intermediates.noindex/SwiftCollections.build/Debug-appletvos/SwiftCollectionsTests.build/DerivedSources -Xcc -DSWIFT_PACKAGE -Xcc -DDEBUG\=1 -module-name SwiftCollectionsTests -frontend-parseable-output -disable-clang-spi -target-sdk-version 17.4 -target-sdk-name appletvos17.4 -external-plugin-path /Applications/Xcode-15.3.0.app/Contents/Developer/Platforms/AppleTVOS.platform/Developer/SDKs/AppleTVOS17.4.sdk/usr/lib/swift/host/plugins\#/Applications/Xcode-15.3.0.app/Contents/Developer/Platforms/AppleTVOS.platform/Developer/SDKs/AppleTVOS17.4.sdk/usr/bin/swift-plugin-server -external-plugin-path /Applications/Xcode-15.3.0.app/Contents/Developer/Platforms/AppleTVOS.platform/Developer/SDKs/AppleTVOS17.4.sdk/usr/local/lib/swift/host/plugins\#/Applications/Xcode-15.3.0.app/Contents/Developer/Platforms/AppleTVOS.platform/Developer/SDKs/AppleTVOS17.4.sdk/usr/bin/swift-plugin-server -external-plugin-path /Applications/Xcode-15.3.0.app/Contents/Developer/Platforms/AppleTVOS.platform/Developer/usr/lib/swift/host/plugins\#/Applications/Xcode-15.3.0.app/Contents/Developer/Platforms/AppleTVOS.platform/Developer/usr/bin/swift-plugin-server -external-plugin-path /Applications/Xcode-15.3.0.app/Contents/Developer/Platforms/AppleTVOS.platform/Developer/usr/local/lib/swift/host/plugins\#/Applications/Xcode-15.3.0.app/Contents/Developer/Platforms/AppleTVOS.platform/Developer/usr/bin/swift-plugin-server -plugin-path /Library/Developer/Toolchains/swift-6.0-DEVELOPMENT-SNAPSHOT-2024-05-26-a.xctoolchain/usr/lib/swift/host/plugins -plugin-path /Library/Developer/Toolchains/swift-6.0-DEVELOPMENT-SNAPSHOT-2024-05-26-a.xctoolchain/usr/local/lib/swift/host/plugins -o /Users/admin/builder/spi-builder-workspace/.derivedData/Build/Intermediates.noindex/SwiftCollections.build/Debug-appletvos/SwiftCollectionsTests.build/Objects-normal/arm64/ListTest.o -index-unit-output-path /SwiftCollections.build/Debug-appletvos/SwiftCollectionsTests.build/Objects-normal/arm64/ListTest.o -index-store-path /Users/admin/builder/spi-builder-workspace/.derivedData/Index.noindex/DataStore -index-system-modules
SwiftDriverJobDiscovery normal arm64 Compiling CircularList.swift (in target 'SwiftCollections' from project 'SwiftCollections')
SwiftDriverJobDiscovery normal arm64 Compiling Utils.swift (in target 'SwiftCollections' from project 'SwiftCollections')
SwiftDriverJobDiscovery normal arm64 Compiling RBSet.swift (in target 'SwiftCollections' from project 'SwiftCollections')
SwiftDriverJobDiscovery normal arm64 Compiling RBDictionary.swift (in target 'SwiftCollections' from project 'SwiftCollections')
SwiftDriver\ Compilation SwiftCollections normal arm64 com.apple.xcode.tools.swift.compiler (in target 'SwiftCollections' from project 'SwiftCollections')
    cd /Users/admin/builder/spi-builder-workspace
    builtin-Swift-Compilation -- /Library/Developer/Toolchains/swift-6.0-DEVELOPMENT-SNAPSHOT-2024-05-26-a.xctoolchain/usr/bin/swiftc -module-name SwiftCollections -Onone -enforce-exclusivity\=checked @/Users/admin/builder/spi-builder-workspace/.derivedData/Build/Intermediates.noindex/SwiftCollections.build/Debug-appletvos/SwiftCollections.build/Objects-normal/arm64/SwiftCollections.SwiftFileList -DSWIFT_PACKAGE -DDEBUG -stats-output-dir .stats -strict-concurrency\=complete -sdk /Applications/Xcode-15.3.0.app/Contents/Developer/Platforms/AppleTVOS.platform/Developer/SDKs/AppleTVOS17.4.sdk -target arm64-apple-tvos12.0 -g -module-cache-path /Users/admin/builder/spi-builder-workspace/.derivedData/ModuleCache.noindex -Xfrontend -serialize-debugging-options -enable-testing -index-store-path /Users/admin/builder/spi-builder-workspace/.derivedData/Index.noindex/DataStore -swift-version 5 -I /Users/admin/builder/spi-builder-workspace/.derivedData/Build/Products/Debug-appletvos -I /Applications/Xcode-15.3.0.app/Contents/Developer/Platforms/AppleTVOS.platform/Developer/usr/lib -F /Users/admin/builder/spi-builder-workspace/.derivedData/Build/Products/Debug-appletvos -F /Applications/Xcode-15.3.0.app/Contents/Developer/Platforms/AppleTVOS.platform/Developer/Library/Frameworks -F /Applications/Xcode-15.3.0.app/Contents/Developer/Platforms/AppleTVOS.platform/Developer/SDKs/AppleTVOS17.4.sdk/Developer/Library/Frameworks -c -j10 -enable-batch-mode -incremental -output-file-map /Users/admin/builder/spi-builder-workspace/.derivedData/Build/Intermediates.noindex/SwiftCollections.build/Debug-appletvos/SwiftCollections.build/Objects-normal/arm64/SwiftCollections-OutputFileMap.json -use-frontend-parseable-output -save-temps -no-color-diagnostics -serialize-diagnostics -emit-dependencies -emit-module -emit-module-path /Users/admin/builder/spi-builder-workspace/.derivedData/Build/Intermediates.noindex/SwiftCollections.build/Debug-appletvos/SwiftCollections.build/Objects-normal/arm64/SwiftCollections.swiftmodule -validate-clang-modules-once -clang-build-session-file /Users/admin/builder/spi-builder-workspace/.derivedData/ModuleCache.noindex/Session.modulevalidation -Xcc -I/Users/admin/builder/spi-builder-workspace/.derivedData/Build/Intermediates.noindex/SwiftCollections.build/Debug-appletvos/SwiftCollections.build/swift-overrides.hmap -emit-const-values -Xfrontend -const-gather-protocols-file -Xfrontend /Users/admin/builder/spi-builder-workspace/.derivedData/Build/Intermediates.noindex/SwiftCollections.build/Debug-appletvos/SwiftCollections.build/Objects-normal/arm64/SwiftCollections_const_extract_protocols.json -Xcc -I/Users/admin/builder/spi-builder-workspace/.derivedData/Build/Products/Debug-appletvos/include -Xcc -I/Users/admin/builder/spi-builder-workspace/.derivedData/Build/Intermediates.noindex/SwiftCollections.build/Debug-appletvos/SwiftCollections.build/DerivedSources-normal/arm64 -Xcc -I/Users/admin/builder/spi-builder-workspace/.derivedData/Build/Intermediates.noindex/SwiftCollections.build/Debug-appletvos/SwiftCollections.build/DerivedSources/arm64 -Xcc -I/Users/admin/builder/spi-builder-workspace/.derivedData/Build/Intermediates.noindex/SwiftCollections.build/Debug-appletvos/SwiftCollections.build/DerivedSources -Xcc -DSWIFT_PACKAGE -Xcc -DDEBUG\=1 -emit-objc-header -emit-objc-header-path /Users/admin/builder/spi-builder-workspace/.derivedData/Build/Intermediates.noindex/SwiftCollections.build/Debug-appletvos/SwiftCollections.build/Objects-normal/arm64/SwiftCollections-Swift.h -working-directory /Users/admin/builder/spi-builder-workspace -experimental-emit-module-separately -disable-cmo
Ld /Users/admin/builder/spi-builder-workspace/.derivedData/Build/Products/Debug-appletvos/SwiftCollections.o normal (in target 'SwiftCollections' from project 'SwiftCollections')
    cd /Users/admin/builder/spi-builder-workspace
    /Library/Developer/Toolchains/swift-6.0-DEVELOPMENT-SNAPSHOT-2024-05-26-a.xctoolchain/usr/bin/clang -Xlinker -reproducible -target arm64-apple-tvos12.0 -r -isysroot /Applications/Xcode-15.3.0.app/Contents/Developer/Platforms/AppleTVOS.platform/Developer/SDKs/AppleTVOS17.4.sdk -O0 -L/Users/admin/builder/spi-builder-workspace/.derivedData/Build/Intermediates.noindex/EagerLinkingTBDs/Debug-appletvos -L/Users/admin/builder/spi-builder-workspace/.derivedData/Build/Products/Debug-appletvos -L/Applications/Xcode-15.3.0.app/Contents/Developer/Platforms/AppleTVOS.platform/Developer/usr/lib -F/Users/admin/builder/spi-builder-workspace/.derivedData/Build/Intermediates.noindex/EagerLinkingTBDs/Debug-appletvos -F/Users/admin/builder/spi-builder-workspace/.derivedData/Build/Products/Debug-appletvos -iframework /Applications/Xcode-15.3.0.app/Contents/Developer/Platforms/AppleTVOS.platform/Developer/Library/Frameworks -iframework /Applications/Xcode-15.3.0.app/Contents/Developer/Platforms/AppleTVOS.platform/Developer/SDKs/AppleTVOS17.4.sdk/Developer/Library/Frameworks -filelist /Users/admin/builder/spi-builder-workspace/.derivedData/Build/Intermediates.noindex/SwiftCollections.build/Debug-appletvos/SwiftCollections.build/Objects-normal/arm64/SwiftCollections.LinkFileList -nostdlib -Xlinker -object_path_lto -Xlinker /Users/admin/builder/spi-builder-workspace/.derivedData/Build/Intermediates.noindex/SwiftCollections.build/Debug-appletvos/SwiftCollections.build/Objects-normal/arm64/SwiftCollections_lto.o -Xlinker -export_dynamic -Xlinker -no_deduplicate -fobjc-link-runtime -L/Library/Developer/Toolchains/swift-6.0-DEVELOPMENT-SNAPSHOT-2024-05-26-a.xctoolchain/usr/lib/swift/appletvos -L/usr/lib/swift -Xlinker -add_ast_path -Xlinker /Users/admin/builder/spi-builder-workspace/.derivedData/Build/Intermediates.noindex/SwiftCollections.build/Debug-appletvos/SwiftCollections.build/Objects-normal/arm64/SwiftCollections.swiftmodule -Xlinker -dependency_info -Xlinker /Users/admin/builder/spi-builder-workspace/.derivedData/Build/Intermediates.noindex/SwiftCollections.build/Debug-appletvos/SwiftCollections.build/Objects-normal/arm64/SwiftCollections_dependency_info.dat -o /Users/admin/builder/spi-builder-workspace/.derivedData/Build/Products/Debug-appletvos/SwiftCollections.o
RegisterExecutionPolicyException /Users/admin/builder/spi-builder-workspace/.derivedData/Build/Products/Debug-appletvos/SwiftCollections.o (in target 'SwiftCollections' from project 'SwiftCollections')
    cd /Users/admin/builder/spi-builder-workspace
    builtin-RegisterExecutionPolicyException /Users/admin/builder/spi-builder-workspace/.derivedData/Build/Products/Debug-appletvos/SwiftCollections.o
WriteAuxiliaryFile /Users/admin/builder/spi-builder-workspace/.derivedData/Build/Intermediates.noindex/SwiftCollections.build/Debug-appletvos/SwiftCollectionsTests.build/Objects-normal/arm64/SwiftCollectionsTests.LinkFileList (in target 'SwiftCollectionsTests' from project 'SwiftCollections')
    cd /Users/admin/builder/spi-builder-workspace
    write-file /Users/admin/builder/spi-builder-workspace/.derivedData/Build/Intermediates.noindex/SwiftCollections.build/Debug-appletvos/SwiftCollectionsTests.build/Objects-normal/arm64/SwiftCollectionsTests.LinkFileList
WriteAuxiliaryFile /Users/admin/builder/spi-builder-workspace/.derivedData/Build/Intermediates.noindex/SwiftCollections.build/Debug-appletvos/SwiftCollectionsTests.build/empty-SwiftCollectionsTests.plist (in target 'SwiftCollectionsTests' from project 'SwiftCollections')
    cd /Users/admin/builder/spi-builder-workspace
    write-file /Users/admin/builder/spi-builder-workspace/.derivedData/Build/Intermediates.noindex/SwiftCollections.build/Debug-appletvos/SwiftCollectionsTests.build/empty-SwiftCollectionsTests.plist
ProcessInfoPlistFile /Users/admin/builder/spi-builder-workspace/.derivedData/Build/Products/Debug-appletvos/SwiftCollectionsTests.xctest/Info.plist /Users/admin/builder/spi-builder-workspace/.derivedData/Build/Intermediates.noindex/SwiftCollections.build/Debug-appletvos/SwiftCollectionsTests.build/empty-SwiftCollectionsTests.plist (in target 'SwiftCollectionsTests' from project 'SwiftCollections')
    cd /Users/admin/builder/spi-builder-workspace
    builtin-infoPlistUtility /Users/admin/builder/spi-builder-workspace/.derivedData/Build/Intermediates.noindex/SwiftCollections.build/Debug-appletvos/SwiftCollectionsTests.build/empty-SwiftCollectionsTests.plist -producttype com.apple.product-type.bundle.unit-test -expandbuildsettings -format binary -platform appletvos -o /Users/admin/builder/spi-builder-workspace/.derivedData/Build/Products/Debug-appletvos/SwiftCollectionsTests.xctest/Info.plist
SwiftDriverJobDiscovery normal arm64 Compiling XCTestManifests.swift (in target 'SwiftCollectionsTests' from project 'SwiftCollections')
note: Using global toolchain override 'Swift 6.0 Development Snapshot 2024-05-26 (a)'. (in target 'SwiftCollections' from project 'SwiftCollections')
** BUILD FAILED **
The following build commands failed:
	SwiftCompile normal arm64 Compiling\ RBDictionaryTest.swift /Users/admin/builder/spi-builder-workspace/Tests/SwiftCollectionsTests/RBDictionaryTest.swift (in target 'SwiftCollectionsTests' from project 'SwiftCollections')
(1 failure)
Command line invocation:
    /Applications/Xcode-15.3.0.app/Contents/Developer/usr/bin/xcodebuild -IDEClonedSourcePackagesDirPathOverride=/Users/admin/builder/spi-builder-workspace/.dependencies -skipMacroValidation -skipPackagePluginValidation -derivedDataPath /Users/admin/builder/spi-builder-workspace/.derivedData build -scheme SwiftCollections -destination generic/platform=tvos "OTHER_SWIFT_FLAGS=-stats-output-dir .stats -strict-concurrency=complete"
User defaults from command line:
    IDEClonedSourcePackagesDirPathOverride = /Users/admin/builder/spi-builder-workspace/.dependencies
    IDEDerivedDataPathOverride = /Users/admin/builder/spi-builder-workspace/.derivedData
    IDEPackageSupportToolchainOverrideForManifestLoading = org.swift.600202405261a
    IDEPackageSupportUseBuiltinSCM = YES
Build settings from command line:
    OTHER_SWIFT_FLAGS = -stats-output-dir .stats -strict-concurrency=complete
    TOOLCHAINS = org.swift.600202405261a
Resolve Package Graph
Resolved source packages:
  SwiftCollections: /Users/admin/builder/spi-builder-workspace
Prepare packages
ComputeTargetDependencyGraph
note: Building targets in dependency order
note: Target dependency graph (3 targets)
    Target 'SwiftCollectionsTests' in project 'SwiftCollections'
        ➜ Explicit dependency on target 'SwiftCollections' in project 'SwiftCollections'
    Target 'SwiftCollections' in project 'SwiftCollections'
        ➜ Explicit dependency on target 'SwiftCollections' in project 'SwiftCollections'
    Target 'SwiftCollections' in project 'SwiftCollections' (no dependencies)
GatherProvisioningInputs
CreateBuildDescription
note: Using global toolchain override 'Swift 6.0 Development Snapshot 2024-05-26 (a)'.
note: Using global toolchain override 'Swift 6.0 Development Snapshot 2024-05-26 (a)'. (in target 'SwiftCollectionsTests' from project 'SwiftCollections')
SwiftDriver SwiftCollectionsTests normal arm64 com.apple.xcode.tools.swift.compiler (in target 'SwiftCollectionsTests' from project 'SwiftCollections')
    cd /Users/admin/builder/spi-builder-workspace
    builtin-SwiftDriver -- /Library/Developer/Toolchains/swift-6.0-DEVELOPMENT-SNAPSHOT-2024-05-26-a.xctoolchain/usr/bin/swiftc -module-name SwiftCollectionsTests -Onone -enforce-exclusivity\=checked @/Users/admin/builder/spi-builder-workspace/.derivedData/Build/Intermediates.noindex/SwiftCollections.build/Debug-appletvos/SwiftCollectionsTests.build/Objects-normal/arm64/SwiftCollectionsTests.SwiftFileList -DSWIFT_PACKAGE -DDEBUG -stats-output-dir .stats -strict-concurrency\=complete -sdk /Applications/Xcode-15.3.0.app/Contents/Developer/Platforms/AppleTVOS.platform/Developer/SDKs/AppleTVOS17.4.sdk -target arm64-apple-tvos13.0 -g -module-cache-path /Users/admin/builder/spi-builder-workspace/.derivedData/ModuleCache.noindex -Xfrontend -serialize-debugging-options -enable-testing -index-store-path /Users/admin/builder/spi-builder-workspace/.derivedData/Index.noindex/DataStore -swift-version 5 -I /Users/admin/builder/spi-builder-workspace/.derivedData/Build/Products/Debug-appletvos -I /Applications/Xcode-15.3.0.app/Contents/Developer/Platforms/AppleTVOS.platform/Developer/usr/lib -F /Users/admin/builder/spi-builder-workspace/.derivedData/Build/Products/Debug-appletvos/PackageFrameworks -F /Users/admin/builder/spi-builder-workspace/.derivedData/Build/Products/Debug-appletvos -F /Applications/Xcode-15.3.0.app/Contents/Developer/Platforms/AppleTVOS.platform/Developer/Library/Frameworks -F /Applications/Xcode-15.3.0.app/Contents/Developer/Platforms/AppleTVOS.platform/Developer/SDKs/AppleTVOS17.4.sdk/Developer/Library/Frameworks -c -j10 -enable-batch-mode -incremental -output-file-map /Users/admin/builder/spi-builder-workspace/.derivedData/Build/Intermediates.noindex/SwiftCollections.build/Debug-appletvos/SwiftCollectionsTests.build/Objects-normal/arm64/SwiftCollectionsTests-OutputFileMap.json -use-frontend-parseable-output -save-temps -no-color-diagnostics -serialize-diagnostics -emit-dependencies -emit-module -emit-module-path /Users/admin/builder/spi-builder-workspace/.derivedData/Build/Intermediates.noindex/SwiftCollections.build/Debug-appletvos/SwiftCollectionsTests.build/Objects-normal/arm64/SwiftCollectionsTests.swiftmodule -validate-clang-modules-once -clang-build-session-file /Users/admin/builder/spi-builder-workspace/.derivedData/ModuleCache.noindex/Session.modulevalidation -emit-const-values -Xfrontend -const-gather-protocols-file -Xfrontend /Users/admin/builder/spi-builder-workspace/.derivedData/Build/Intermediates.noindex/SwiftCollections.build/Debug-appletvos/SwiftCollectionsTests.build/Objects-normal/arm64/SwiftCollectionsTests_const_extract_protocols.json -Xcc -I/Users/admin/builder/spi-builder-workspace/.derivedData/Build/Products/Debug-appletvos/include -Xcc -I/Users/admin/builder/spi-builder-workspace/.derivedData/Build/Intermediates.noindex/SwiftCollections.build/Debug-appletvos/SwiftCollectionsTests.build/DerivedSources-normal/arm64 -Xcc -I/Users/admin/builder/spi-builder-workspace/.derivedData/Build/Intermediates.noindex/SwiftCollections.build/Debug-appletvos/SwiftCollectionsTests.build/DerivedSources/arm64 -Xcc -I/Users/admin/builder/spi-builder-workspace/.derivedData/Build/Intermediates.noindex/SwiftCollections.build/Debug-appletvos/SwiftCollectionsTests.build/DerivedSources -Xcc -DSWIFT_PACKAGE -Xcc -DDEBUG\=1 -working-directory /Users/admin/builder/spi-builder-workspace -experimental-emit-module-separately -disable-cmo
SwiftEmitModule normal arm64 Emitting\ module\ for\ SwiftCollectionsTests (in target 'SwiftCollectionsTests' from project 'SwiftCollections')
    cd /Users/admin/builder/spi-builder-workspace
    builtin-swiftTaskExecution -- /Library/Developer/Toolchains/swift-6.0-DEVELOPMENT-SNAPSHOT-2024-05-26-a.xctoolchain/usr/bin/swift-frontend -frontend -emit-module -experimental-skip-non-inlinable-function-bodies-without-types /Users/admin/builder/spi-builder-workspace/Tests/SwiftCollectionsTests/BidirectionalListTests.swift /Users/admin/builder/spi-builder-workspace/Tests/SwiftCollectionsTests/CircularListTests.swift /Users/admin/builder/spi-builder-workspace/Tests/SwiftCollectionsTests/ListTest.swift /Users/admin/builder/spi-builder-workspace/Tests/SwiftCollectionsTests/RBDictionaryTest.swift /Users/admin/builder/spi-builder-workspace/Tests/SwiftCollectionsTests/RBSetTest.swift /Users/admin/builder/spi-builder-workspace/Tests/SwiftCollectionsTests/XCTestManifests.swift -target arm64-apple-tvos13.0 -Xllvm -aarch64-use-tbi -enable-objc-interop -sdk /Applications/Xcode-15.3.0.app/Contents/Developer/Platforms/AppleTVOS.platform/Developer/SDKs/AppleTVOS17.4.sdk -I /Users/admin/builder/spi-builder-workspace/.derivedData/Build/Products/Debug-appletvos -I /Applications/Xcode-15.3.0.app/Contents/Developer/Platforms/AppleTVOS.platform/Developer/usr/lib -F /Users/admin/builder/spi-builder-workspace/.derivedData/Build/Products/Debug-appletvos/PackageFrameworks -F /Users/admin/builder/spi-builder-workspace/.derivedData/Build/Products/Debug-appletvos -F /Applications/Xcode-15.3.0.app/Contents/Developer/Platforms/AppleTVOS.platform/Developer/Library/Frameworks -F /Applications/Xcode-15.3.0.app/Contents/Developer/Platforms/AppleTVOS.platform/Developer/SDKs/AppleTVOS17.4.sdk/Developer/Library/Frameworks -no-color-diagnostics -enable-testing -g -module-cache-path /Users/admin/builder/spi-builder-workspace/.derivedData/ModuleCache.noindex -swift-version 5 -enforce-exclusivity\=checked -stats-output-dir /Users/admin/builder/spi-builder-workspace/.stats -Onone -D SWIFT_PACKAGE -D DEBUG -serialize-debugging-options -const-gather-protocols-file /Users/admin/builder/spi-builder-workspace/.derivedData/Build/Intermediates.noindex/SwiftCollections.build/Debug-appletvos/SwiftCollectionsTests.build/Objects-normal/arm64/SwiftCollectionsTests_const_extract_protocols.json -strict-concurrency\=complete -empty-abi-descriptor -validate-clang-modules-once -clang-build-session-file /Users/admin/builder/spi-builder-workspace/.derivedData/ModuleCache.noindex/Session.modulevalidation -Xcc -working-directory -Xcc /Users/admin/builder/spi-builder-workspace -resource-dir /Library/Developer/Toolchains/swift-6.0-DEVELOPMENT-SNAPSHOT-2024-05-26-a.xctoolchain/usr/lib/swift -enable-anonymous-context-mangled-names -Xcc -I/Users/admin/builder/spi-builder-workspace/.derivedData/Build/Products/Debug-appletvos/include -Xcc -I/Users/admin/builder/spi-builder-workspace/.derivedData/Build/Intermediates.noindex/SwiftCollections.build/Debug-appletvos/SwiftCollectionsTests.build/DerivedSources-normal/arm64 -Xcc -I/Users/admin/builder/spi-builder-workspace/.derivedData/Build/Intermediates.noindex/SwiftCollections.build/Debug-appletvos/SwiftCollectionsTests.build/DerivedSources/arm64 -Xcc -I/Users/admin/builder/spi-builder-workspace/.derivedData/Build/Intermediates.noindex/SwiftCollections.build/Debug-appletvos/SwiftCollectionsTests.build/DerivedSources -Xcc -DSWIFT_PACKAGE -Xcc -DDEBUG\=1 -module-name SwiftCollectionsTests -disable-clang-spi -target-sdk-version 17.4 -target-sdk-name appletvos17.4 -external-plugin-path /Applications/Xcode-15.3.0.app/Contents/Developer/Platforms/AppleTVOS.platform/Developer/SDKs/AppleTVOS17.4.sdk/usr/lib/swift/host/plugins\#/Applications/Xcode-15.3.0.app/Contents/Developer/Platforms/AppleTVOS.platform/Developer/SDKs/AppleTVOS17.4.sdk/usr/bin/swift-plugin-server -external-plugin-path /Applications/Xcode-15.3.0.app/Contents/Developer/Platforms/AppleTVOS.platform/Developer/SDKs/AppleTVOS17.4.sdk/usr/local/lib/swift/host/plugins\#/Applications/Xcode-15.3.0.app/Contents/Developer/Platforms/AppleTVOS.platform/Developer/SDKs/AppleTVOS17.4.sdk/usr/bin/swift-plugin-server -external-plugin-path /Applications/Xcode-15.3.0.app/Contents/Developer/Platforms/AppleTVOS.platform/Developer/usr/lib/swift/host/plugins\#/Applications/Xcode-15.3.0.app/Contents/Developer/Platforms/AppleTVOS.platform/Developer/usr/bin/swift-plugin-server -external-plugin-path /Applications/Xcode-15.3.0.app/Contents/Developer/Platforms/AppleTVOS.platform/Developer/usr/local/lib/swift/host/plugins\#/Applications/Xcode-15.3.0.app/Contents/Developer/Platforms/AppleTVOS.platform/Developer/usr/bin/swift-plugin-server -plugin-path /Library/Developer/Toolchains/swift-6.0-DEVELOPMENT-SNAPSHOT-2024-05-26-a.xctoolchain/usr/lib/swift/host/plugins -plugin-path /Library/Developer/Toolchains/swift-6.0-DEVELOPMENT-SNAPSHOT-2024-05-26-a.xctoolchain/usr/local/lib/swift/host/plugins -emit-module-doc-path /Users/admin/builder/spi-builder-workspace/.derivedData/Build/Intermediates.noindex/SwiftCollections.build/Debug-appletvos/SwiftCollectionsTests.build/Objects-normal/arm64/SwiftCollectionsTests.swiftdoc -emit-module-source-info-path /Users/admin/builder/spi-builder-workspace/.derivedData/Build/Intermediates.noindex/SwiftCollections.build/Debug-appletvos/SwiftCollectionsTests.build/Objects-normal/arm64/SwiftCollectionsTests.swiftsourceinfo -serialize-diagnostics-path /Users/admin/builder/spi-builder-workspace/.derivedData/Build/Intermediates.noindex/SwiftCollections.build/Debug-appletvos/SwiftCollectionsTests.build/Objects-normal/arm64/SwiftCollectionsTests-master-emit-module.dia -emit-dependencies-path /Users/admin/builder/spi-builder-workspace/.derivedData/Build/Intermediates.noindex/SwiftCollections.build/Debug-appletvos/SwiftCollectionsTests.build/Objects-normal/arm64/SwiftCollectionsTests-master-emit-module.d -o /Users/admin/builder/spi-builder-workspace/.derivedData/Build/Intermediates.noindex/SwiftCollections.build/Debug-appletvos/SwiftCollectionsTests.build/Objects-normal/arm64/SwiftCollectionsTests.swiftmodule -emit-abi-descriptor-path /Users/admin/builder/spi-builder-workspace/.derivedData/Build/Intermediates.noindex/SwiftCollections.build/Debug-appletvos/SwiftCollectionsTests.build/Objects-normal/arm64/SwiftCollectionsTests.abi.json
/Users/admin/builder/spi-builder-workspace/Tests/SwiftCollectionsTests/BidirectionalListTests.swift:254:16: warning: static property 'allTests' is not concurrency-safe because it is non-isolated global shared mutable state; this is an error in the Swift 6 language mode
252 |     }
253 |
254 |     static var allTests = [
    |                |- warning: static property 'allTests' is not concurrency-safe because it is non-isolated global shared mutable state; this is an error in the Swift 6 language mode
    |                |- note: convert 'allTests' to a 'let' constant to make 'Sendable' shared state immutable
    |                |- note: annotate 'allTests' with '@MainActor' if property should only be accessed from the main actor
    |                `- note: disable concurrency-safety checks if accesses are protected by an external synchronization mechanism
255 |         ("testGeneral", testGeneral),
256 |         ("testOthers", testOthers),
/Users/admin/builder/spi-builder-workspace/Tests/SwiftCollectionsTests/CircularListTests.swift:166:16: warning: static property 'allTests' is not concurrency-safe because it is non-isolated global shared mutable state; this is an error in the Swift 6 language mode
164 |     }
165 |
166 |     static var allTests = [
    |                |- warning: static property 'allTests' is not concurrency-safe because it is non-isolated global shared mutable state; this is an error in the Swift 6 language mode
    |                |- note: convert 'allTests' to a 'let' constant to make 'Sendable' shared state immutable
    |                |- note: annotate 'allTests' with '@MainActor' if property should only be accessed from the main actor
    |                `- note: disable concurrency-safety checks if accesses are protected by an external synchronization mechanism
167 |         ("testGeneral", testGeneral),
168 |         ("testOthers", testOthers),
SwiftCompile normal arm64 Compiling\ CircularListTests.swift /Users/admin/builder/spi-builder-workspace/Tests/SwiftCollectionsTests/CircularListTests.swift (in target 'SwiftCollectionsTests' from project 'SwiftCollections')
    cd /Users/admin/builder/spi-builder-workspace
    builtin-swiftTaskExecution -- /Library/Developer/Toolchains/swift-6.0-DEVELOPMENT-SNAPSHOT-2024-05-26-a.xctoolchain/usr/bin/swift-frontend -frontend -c /Users/admin/builder/spi-builder-workspace/Tests/SwiftCollectionsTests/BidirectionalListTests.swift -primary-file /Users/admin/builder/spi-builder-workspace/Tests/SwiftCollectionsTests/CircularListTests.swift /Users/admin/builder/spi-builder-workspace/Tests/SwiftCollectionsTests/ListTest.swift /Users/admin/builder/spi-builder-workspace/Tests/SwiftCollectionsTests/RBDictionaryTest.swift /Users/admin/builder/spi-builder-workspace/Tests/SwiftCollectionsTests/RBSetTest.swift /Users/admin/builder/spi-builder-workspace/Tests/SwiftCollectionsTests/XCTestManifests.swift -emit-dependencies-path /Users/admin/builder/spi-builder-workspace/.derivedData/Build/Intermediates.noindex/SwiftCollections.build/Debug-appletvos/SwiftCollectionsTests.build/Objects-normal/arm64/CircularListTests.d -emit-const-values-path /Users/admin/builder/spi-builder-workspace/.derivedData/Build/Intermediates.noindex/SwiftCollections.build/Debug-appletvos/SwiftCollectionsTests.build/Objects-normal/arm64/CircularListTests.swiftconstvalues -emit-reference-dependencies-path /Users/admin/builder/spi-builder-workspace/.derivedData/Build/Intermediates.noindex/SwiftCollections.build/Debug-appletvos/SwiftCollectionsTests.build/Objects-normal/arm64/CircularListTests.swiftdeps -serialize-diagnostics-path /Users/admin/builder/spi-builder-workspace/.derivedData/Build/Intermediates.noindex/SwiftCollections.build/Debug-appletvos/SwiftCollectionsTests.build/Objects-normal/arm64/CircularListTests.dia -target arm64-apple-tvos13.0 -Xllvm -aarch64-use-tbi -enable-objc-interop -sdk /Applications/Xcode-15.3.0.app/Contents/Developer/Platforms/AppleTVOS.platform/Developer/SDKs/AppleTVOS17.4.sdk -I /Users/admin/builder/spi-builder-workspace/.derivedData/Build/Products/Debug-appletvos -I /Applications/Xcode-15.3.0.app/Contents/Developer/Platforms/AppleTVOS.platform/Developer/usr/lib -F /Users/admin/builder/spi-builder-workspace/.derivedData/Build/Products/Debug-appletvos/PackageFrameworks -F /Users/admin/builder/spi-builder-workspace/.derivedData/Build/Products/Debug-appletvos -F /Applications/Xcode-15.3.0.app/Contents/Developer/Platforms/AppleTVOS.platform/Developer/Library/Frameworks -F /Applications/Xcode-15.3.0.app/Contents/Developer/Platforms/AppleTVOS.platform/Developer/SDKs/AppleTVOS17.4.sdk/Developer/Library/Frameworks -no-color-diagnostics -enable-testing -g -module-cache-path /Users/admin/builder/spi-builder-workspace/.derivedData/ModuleCache.noindex -swift-version 5 -enforce-exclusivity\=checked -stats-output-dir /Users/admin/builder/spi-builder-workspace/.stats -Onone -D SWIFT_PACKAGE -D DEBUG -serialize-debugging-options -const-gather-protocols-file /Users/admin/builder/spi-builder-workspace/.derivedData/Build/Intermediates.noindex/SwiftCollections.build/Debug-appletvos/SwiftCollectionsTests.build/Objects-normal/arm64/SwiftCollectionsTests_const_extract_protocols.json -strict-concurrency\=complete -empty-abi-descriptor -validate-clang-modules-once -clang-build-session-file /Users/admin/builder/spi-builder-workspace/.derivedData/ModuleCache.noindex/Session.modulevalidation -Xcc -working-directory -Xcc /Users/admin/builder/spi-builder-workspace -resource-dir /Library/Developer/Toolchains/swift-6.0-DEVELOPMENT-SNAPSHOT-2024-05-26-a.xctoolchain/usr/lib/swift -enable-anonymous-context-mangled-names -Xcc -I/Users/admin/builder/spi-builder-workspace/.derivedData/Build/Products/Debug-appletvos/include -Xcc -I/Users/admin/builder/spi-builder-workspace/.derivedData/Build/Intermediates.noindex/SwiftCollections.build/Debug-appletvos/SwiftCollectionsTests.build/DerivedSources-normal/arm64 -Xcc -I/Users/admin/builder/spi-builder-workspace/.derivedData/Build/Intermediates.noindex/SwiftCollections.build/Debug-appletvos/SwiftCollectionsTests.build/DerivedSources/arm64 -Xcc -I/Users/admin/builder/spi-builder-workspace/.derivedData/Build/Intermediates.noindex/SwiftCollections.build/Debug-appletvos/SwiftCollectionsTests.build/DerivedSources -Xcc -DSWIFT_PACKAGE -Xcc -DDEBUG\=1 -module-name SwiftCollectionsTests -frontend-parseable-output -disable-clang-spi -target-sdk-version 17.4 -target-sdk-name appletvos17.4 -external-plugin-path /Applications/Xcode-15.3.0.app/Contents/Developer/Platforms/AppleTVOS.platform/Developer/SDKs/AppleTVOS17.4.sdk/usr/lib/swift/host/plugins\#/Applications/Xcode-15.3.0.app/Contents/Developer/Platforms/AppleTVOS.platform/Developer/SDKs/AppleTVOS17.4.sdk/usr/bin/swift-plugin-server -external-plugin-path /Applications/Xcode-15.3.0.app/Contents/Developer/Platforms/AppleTVOS.platform/Developer/SDKs/AppleTVOS17.4.sdk/usr/local/lib/swift/host/plugins\#/Applications/Xcode-15.3.0.app/Contents/Developer/Platforms/AppleTVOS.platform/Developer/SDKs/AppleTVOS17.4.sdk/usr/bin/swift-plugin-server -external-plugin-path /Applications/Xcode-15.3.0.app/Contents/Developer/Platforms/AppleTVOS.platform/Developer/usr/lib/swift/host/plugins\#/Applications/Xcode-15.3.0.app/Contents/Developer/Platforms/AppleTVOS.platform/Developer/usr/bin/swift-plugin-server -external-plugin-path /Applications/Xcode-15.3.0.app/Contents/Developer/Platforms/AppleTVOS.platform/Developer/usr/local/lib/swift/host/plugins\#/Applications/Xcode-15.3.0.app/Contents/Developer/Platforms/AppleTVOS.platform/Developer/usr/bin/swift-plugin-server -plugin-path /Library/Developer/Toolchains/swift-6.0-DEVELOPMENT-SNAPSHOT-2024-05-26-a.xctoolchain/usr/lib/swift/host/plugins -plugin-path /Library/Developer/Toolchains/swift-6.0-DEVELOPMENT-SNAPSHOT-2024-05-26-a.xctoolchain/usr/local/lib/swift/host/plugins -o /Users/admin/builder/spi-builder-workspace/.derivedData/Build/Intermediates.noindex/SwiftCollections.build/Debug-appletvos/SwiftCollectionsTests.build/Objects-normal/arm64/CircularListTests.o -index-unit-output-path /SwiftCollections.build/Debug-appletvos/SwiftCollectionsTests.build/Objects-normal/arm64/CircularListTests.o -index-store-path /Users/admin/builder/spi-builder-workspace/.derivedData/Index.noindex/DataStore -index-system-modules
SwiftCompile normal arm64 /Users/admin/builder/spi-builder-workspace/Tests/SwiftCollectionsTests/CircularListTests.swift (in target 'SwiftCollectionsTests' from project 'SwiftCollections')
    cd /Users/admin/builder/spi-builder-workspace
    /Library/Developer/Toolchains/swift-6.0-DEVELOPMENT-SNAPSHOT-2024-05-26-a.xctoolchain/usr/bin/swift-frontend -c /Users/admin/builder/spi-builder-workspace/Tests/SwiftCollectionsTests/BidirectionalListTests.swift -primary-file /Users/admin/builder/spi-builder-workspace/Tests/SwiftCollectionsTests/CircularListTests.swift /Users/admin/builder/spi-builder-workspace/Tests/SwiftCollectionsTests/ListTest.swift /Users/admin/builder/spi-builder-workspace/Tests/SwiftCollectionsTests/RBDictionaryTest.swift /Users/admin/builder/spi-builder-workspace/Tests/SwiftCollectionsTests/RBSetTest.swift /Users/admin/builder/spi-builder-workspace/Tests/SwiftCollectionsTests/XCTestManifests.swift -emit-dependencies-path /Users/admin/builder/spi-builder-workspace/.derivedData/Build/Intermediates.noindex/SwiftCollections.build/Debug-appletvos/SwiftCollectionsTests.build/Objects-normal/arm64/CircularListTests.d -emit-const-values-path /Users/admin/builder/spi-builder-workspace/.derivedData/Build/Intermediates.noindex/SwiftCollections.build/Debug-appletvos/SwiftCollectionsTests.build/Objects-normal/arm64/CircularListTests.swiftconstvalues -emit-reference-dependencies-path /Users/admin/builder/spi-builder-workspace/.derivedData/Build/Intermediates.noindex/SwiftCollections.build/Debug-appletvos/SwiftCollectionsTests.build/Objects-normal/arm64/CircularListTests.swiftdeps -serialize-diagnostics-path /Users/admin/builder/spi-builder-workspace/.derivedData/Build/Intermediates.noindex/SwiftCollections.build/Debug-appletvos/SwiftCollectionsTests.build/Objects-normal/arm64/CircularListTests.dia -target arm64-apple-tvos13.0 -Xllvm -aarch64-use-tbi -enable-objc-interop -sdk /Applications/Xcode-15.3.0.app/Contents/Developer/Platforms/AppleTVOS.platform/Developer/SDKs/AppleTVOS17.4.sdk -I /Users/admin/builder/spi-builder-workspace/.derivedData/Build/Products/Debug-appletvos -I /Applications/Xcode-15.3.0.app/Contents/Developer/Platforms/AppleTVOS.platform/Developer/usr/lib -F /Users/admin/builder/spi-builder-workspace/.derivedData/Build/Products/Debug-appletvos/PackageFrameworks -F /Users/admin/builder/spi-builder-workspace/.derivedData/Build/Products/Debug-appletvos -F /Applications/Xcode-15.3.0.app/Contents/Developer/Platforms/AppleTVOS.platform/Developer/Library/Frameworks -F /Applications/Xcode-15.3.0.app/Contents/Developer/Platforms/AppleTVOS.platform/Developer/SDKs/AppleTVOS17.4.sdk/Developer/Library/Frameworks -no-color-diagnostics -enable-testing -g -module-cache-path /Users/admin/builder/spi-builder-workspace/.derivedData/ModuleCache.noindex -swift-version 5 -enforce-exclusivity\=checked -stats-output-dir /Users/admin/builder/spi-builder-workspace/.stats -Onone -D SWIFT_PACKAGE -D DEBUG -serialize-debugging-options -const-gather-protocols-file /Users/admin/builder/spi-builder-workspace/.derivedData/Build/Intermediates.noindex/SwiftCollections.build/Debug-appletvos/SwiftCollectionsTests.build/Objects-normal/arm64/SwiftCollectionsTests_const_extract_protocols.json -strict-concurrency\=complete -empty-abi-descriptor -validate-clang-modules-once -clang-build-session-file /Users/admin/builder/spi-builder-workspace/.derivedData/ModuleCache.noindex/Session.modulevalidation -Xcc -working-directory -Xcc /Users/admin/builder/spi-builder-workspace -resource-dir /Library/Developer/Toolchains/swift-6.0-DEVELOPMENT-SNAPSHOT-2024-05-26-a.xctoolchain/usr/lib/swift -enable-anonymous-context-mangled-names -Xcc -I/Users/admin/builder/spi-builder-workspace/.derivedData/Build/Products/Debug-appletvos/include -Xcc -I/Users/admin/builder/spi-builder-workspace/.derivedData/Build/Intermediates.noindex/SwiftCollections.build/Debug-appletvos/SwiftCollectionsTests.build/DerivedSources-normal/arm64 -Xcc -I/Users/admin/builder/spi-builder-workspace/.derivedData/Build/Intermediates.noindex/SwiftCollections.build/Debug-appletvos/SwiftCollectionsTests.build/DerivedSources/arm64 -Xcc -I/Users/admin/builder/spi-builder-workspace/.derivedData/Build/Intermediates.noindex/SwiftCollections.build/Debug-appletvos/SwiftCollectionsTests.build/DerivedSources -Xcc -DSWIFT_PACKAGE -Xcc -DDEBUG\=1 -module-name SwiftCollectionsTests -frontend-parseable-output -disable-clang-spi -target-sdk-version 17.4 -target-sdk-name appletvos17.4 -external-plugin-path /Applications/Xcode-15.3.0.app/Contents/Developer/Platforms/AppleTVOS.platform/Developer/SDKs/AppleTVOS17.4.sdk/usr/lib/swift/host/plugins\#/Applications/Xcode-15.3.0.app/Contents/Developer/Platforms/AppleTVOS.platform/Developer/SDKs/AppleTVOS17.4.sdk/usr/bin/swift-plugin-server -external-plugin-path /Applications/Xcode-15.3.0.app/Contents/Developer/Platforms/AppleTVOS.platform/Developer/SDKs/AppleTVOS17.4.sdk/usr/local/lib/swift/host/plugins\#/Applications/Xcode-15.3.0.app/Contents/Developer/Platforms/AppleTVOS.platform/Developer/SDKs/AppleTVOS17.4.sdk/usr/bin/swift-plugin-server -external-plugin-path /Applications/Xcode-15.3.0.app/Contents/Developer/Platforms/AppleTVOS.platform/Developer/usr/lib/swift/host/plugins\#/Applications/Xcode-15.3.0.app/Contents/Developer/Platforms/AppleTVOS.platform/Developer/usr/bin/swift-plugin-server -external-plugin-path /Applications/Xcode-15.3.0.app/Contents/Developer/Platforms/AppleTVOS.platform/Developer/usr/local/lib/swift/host/plugins\#/Applications/Xcode-15.3.0.app/Contents/Developer/Platforms/AppleTVOS.platform/Developer/usr/bin/swift-plugin-server -plugin-path /Library/Developer/Toolchains/swift-6.0-DEVELOPMENT-SNAPSHOT-2024-05-26-a.xctoolchain/usr/lib/swift/host/plugins -plugin-path /Library/Developer/Toolchains/swift-6.0-DEVELOPMENT-SNAPSHOT-2024-05-26-a.xctoolchain/usr/local/lib/swift/host/plugins -o /Users/admin/builder/spi-builder-workspace/.derivedData/Build/Intermediates.noindex/SwiftCollections.build/Debug-appletvos/SwiftCollectionsTests.build/Objects-normal/arm64/CircularListTests.o -index-unit-output-path /SwiftCollections.build/Debug-appletvos/SwiftCollectionsTests.build/Objects-normal/arm64/CircularListTests.o -index-store-path /Users/admin/builder/spi-builder-workspace/.derivedData/Index.noindex/DataStore -index-system-modules
SwiftCompile normal arm64 Compiling\ RBSetTest.swift /Users/admin/builder/spi-builder-workspace/Tests/SwiftCollectionsTests/RBSetTest.swift (in target 'SwiftCollectionsTests' from project 'SwiftCollections')
    cd /Users/admin/builder/spi-builder-workspace
    builtin-swiftTaskExecution -- /Library/Developer/Toolchains/swift-6.0-DEVELOPMENT-SNAPSHOT-2024-05-26-a.xctoolchain/usr/bin/swift-frontend -frontend -c /Users/admin/builder/spi-builder-workspace/Tests/SwiftCollectionsTests/BidirectionalListTests.swift /Users/admin/builder/spi-builder-workspace/Tests/SwiftCollectionsTests/CircularListTests.swift /Users/admin/builder/spi-builder-workspace/Tests/SwiftCollectionsTests/ListTest.swift /Users/admin/builder/spi-builder-workspace/Tests/SwiftCollectionsTests/RBDictionaryTest.swift -primary-file /Users/admin/builder/spi-builder-workspace/Tests/SwiftCollectionsTests/RBSetTest.swift /Users/admin/builder/spi-builder-workspace/Tests/SwiftCollectionsTests/XCTestManifests.swift -emit-dependencies-path /Users/admin/builder/spi-builder-workspace/.derivedData/Build/Intermediates.noindex/SwiftCollections.build/Debug-appletvos/SwiftCollectionsTests.build/Objects-normal/arm64/RBSetTest.d -emit-const-values-path /Users/admin/builder/spi-builder-workspace/.derivedData/Build/Intermediates.noindex/SwiftCollections.build/Debug-appletvos/SwiftCollectionsTests.build/Objects-normal/arm64/RBSetTest.swiftconstvalues -emit-reference-dependencies-path /Users/admin/builder/spi-builder-workspace/.derivedData/Build/Intermediates.noindex/SwiftCollections.build/Debug-appletvos/SwiftCollectionsTests.build/Objects-normal/arm64/RBSetTest.swiftdeps -serialize-diagnostics-path /Users/admin/builder/spi-builder-workspace/.derivedData/Build/Intermediates.noindex/SwiftCollections.build/Debug-appletvos/SwiftCollectionsTests.build/Objects-normal/arm64/RBSetTest.dia -target arm64-apple-tvos13.0 -Xllvm -aarch64-use-tbi -enable-objc-interop -sdk /Applications/Xcode-15.3.0.app/Contents/Developer/Platforms/AppleTVOS.platform/Developer/SDKs/AppleTVOS17.4.sdk -I /Users/admin/builder/spi-builder-workspace/.derivedData/Build/Products/Debug-appletvos -I /Applications/Xcode-15.3.0.app/Contents/Developer/Platforms/AppleTVOS.platform/Developer/usr/lib -F /Users/admin/builder/spi-builder-workspace/.derivedData/Build/Products/Debug-appletvos/PackageFrameworks -F /Users/admin/builder/spi-builder-workspace/.derivedData/Build/Products/Debug-appletvos -F /Applications/Xcode-15.3.0.app/Contents/Developer/Platforms/AppleTVOS.platform/Developer/Library/Frameworks -F /Applications/Xcode-15.3.0.app/Contents/Developer/Platforms/AppleTVOS.platform/Developer/SDKs/AppleTVOS17.4.sdk/Developer/Library/Frameworks -no-color-diagnostics -enable-testing -g -module-cache-path /Users/admin/builder/spi-builder-workspace/.derivedData/ModuleCache.noindex -swift-version 5 -enforce-exclusivity\=checked -stats-output-dir /Users/admin/builder/spi-builder-workspace/.stats -Onone -D SWIFT_PACKAGE -D DEBUG -serialize-debugging-options -const-gather-protocols-file /Users/admin/builder/spi-builder-workspace/.derivedData/Build/Intermediates.noindex/SwiftCollections.build/Debug-appletvos/SwiftCollectionsTests.build/Objects-normal/arm64/SwiftCollectionsTests_const_extract_protocols.json -strict-concurrency\=complete -empty-abi-descriptor -validate-clang-modules-once -clang-build-session-file /Users/admin/builder/spi-builder-workspace/.derivedData/ModuleCache.noindex/Session.modulevalidation -Xcc -working-directory -Xcc /Users/admin/builder/spi-builder-workspace -resource-dir /Library/Developer/Toolchains/swift-6.0-DEVELOPMENT-SNAPSHOT-2024-05-26-a.xctoolchain/usr/lib/swift -enable-anonymous-context-mangled-names -Xcc -I/Users/admin/builder/spi-builder-workspace/.derivedData/Build/Products/Debug-appletvos/include -Xcc -I/Users/admin/builder/spi-builder-workspace/.derivedData/Build/Intermediates.noindex/SwiftCollections.build/Debug-appletvos/SwiftCollectionsTests.build/DerivedSources-normal/arm64 -Xcc -I/Users/admin/builder/spi-builder-workspace/.derivedData/Build/Intermediates.noindex/SwiftCollections.build/Debug-appletvos/SwiftCollectionsTests.build/DerivedSources/arm64 -Xcc -I/Users/admin/builder/spi-builder-workspace/.derivedData/Build/Intermediates.noindex/SwiftCollections.build/Debug-appletvos/SwiftCollectionsTests.build/DerivedSources -Xcc -DSWIFT_PACKAGE -Xcc -DDEBUG\=1 -module-name SwiftCollectionsTests -frontend-parseable-output -disable-clang-spi -target-sdk-version 17.4 -target-sdk-name appletvos17.4 -external-plugin-path /Applications/Xcode-15.3.0.app/Contents/Developer/Platforms/AppleTVOS.platform/Developer/SDKs/AppleTVOS17.4.sdk/usr/lib/swift/host/plugins\#/Applications/Xcode-15.3.0.app/Contents/Developer/Platforms/AppleTVOS.platform/Developer/SDKs/AppleTVOS17.4.sdk/usr/bin/swift-plugin-server -external-plugin-path /Applications/Xcode-15.3.0.app/Contents/Developer/Platforms/AppleTVOS.platform/Developer/SDKs/AppleTVOS17.4.sdk/usr/local/lib/swift/host/plugins\#/Applications/Xcode-15.3.0.app/Contents/Developer/Platforms/AppleTVOS.platform/Developer/SDKs/AppleTVOS17.4.sdk/usr/bin/swift-plugin-server -external-plugin-path /Applications/Xcode-15.3.0.app/Contents/Developer/Platforms/AppleTVOS.platform/Developer/usr/lib/swift/host/plugins\#/Applications/Xcode-15.3.0.app/Contents/Developer/Platforms/AppleTVOS.platform/Developer/usr/bin/swift-plugin-server -external-plugin-path /Applications/Xcode-15.3.0.app/Contents/Developer/Platforms/AppleTVOS.platform/Developer/usr/local/lib/swift/host/plugins\#/Applications/Xcode-15.3.0.app/Contents/Developer/Platforms/AppleTVOS.platform/Developer/usr/bin/swift-plugin-server -plugin-path /Library/Developer/Toolchains/swift-6.0-DEVELOPMENT-SNAPSHOT-2024-05-26-a.xctoolchain/usr/lib/swift/host/plugins -plugin-path /Library/Developer/Toolchains/swift-6.0-DEVELOPMENT-SNAPSHOT-2024-05-26-a.xctoolchain/usr/local/lib/swift/host/plugins -o /Users/admin/builder/spi-builder-workspace/.derivedData/Build/Intermediates.noindex/SwiftCollections.build/Debug-appletvos/SwiftCollectionsTests.build/Objects-normal/arm64/RBSetTest.o -index-unit-output-path /SwiftCollections.build/Debug-appletvos/SwiftCollectionsTests.build/Objects-normal/arm64/RBSetTest.o -index-store-path /Users/admin/builder/spi-builder-workspace/.derivedData/Index.noindex/DataStore -index-system-modules
SwiftCompile normal arm64 /Users/admin/builder/spi-builder-workspace/Tests/SwiftCollectionsTests/RBSetTest.swift (in target 'SwiftCollectionsTests' from project 'SwiftCollections')
    cd /Users/admin/builder/spi-builder-workspace
    /Library/Developer/Toolchains/swift-6.0-DEVELOPMENT-SNAPSHOT-2024-05-26-a.xctoolchain/usr/bin/swift-frontend -c /Users/admin/builder/spi-builder-workspace/Tests/SwiftCollectionsTests/BidirectionalListTests.swift /Users/admin/builder/spi-builder-workspace/Tests/SwiftCollectionsTests/CircularListTests.swift /Users/admin/builder/spi-builder-workspace/Tests/SwiftCollectionsTests/ListTest.swift /Users/admin/builder/spi-builder-workspace/Tests/SwiftCollectionsTests/RBDictionaryTest.swift -primary-file /Users/admin/builder/spi-builder-workspace/Tests/SwiftCollectionsTests/RBSetTest.swift /Users/admin/builder/spi-builder-workspace/Tests/SwiftCollectionsTests/XCTestManifests.swift -emit-dependencies-path /Users/admin/builder/spi-builder-workspace/.derivedData/Build/Intermediates.noindex/SwiftCollections.build/Debug-appletvos/SwiftCollectionsTests.build/Objects-normal/arm64/RBSetTest.d -emit-const-values-path /Users/admin/builder/spi-builder-workspace/.derivedData/Build/Intermediates.noindex/SwiftCollections.build/Debug-appletvos/SwiftCollectionsTests.build/Objects-normal/arm64/RBSetTest.swiftconstvalues -emit-reference-dependencies-path /Users/admin/builder/spi-builder-workspace/.derivedData/Build/Intermediates.noindex/SwiftCollections.build/Debug-appletvos/SwiftCollectionsTests.build/Objects-normal/arm64/RBSetTest.swiftdeps -serialize-diagnostics-path /Users/admin/builder/spi-builder-workspace/.derivedData/Build/Intermediates.noindex/SwiftCollections.build/Debug-appletvos/SwiftCollectionsTests.build/Objects-normal/arm64/RBSetTest.dia -target arm64-apple-tvos13.0 -Xllvm -aarch64-use-tbi -enable-objc-interop -sdk /Applications/Xcode-15.3.0.app/Contents/Developer/Platforms/AppleTVOS.platform/Developer/SDKs/AppleTVOS17.4.sdk -I /Users/admin/builder/spi-builder-workspace/.derivedData/Build/Products/Debug-appletvos -I /Applications/Xcode-15.3.0.app/Contents/Developer/Platforms/AppleTVOS.platform/Developer/usr/lib -F /Users/admin/builder/spi-builder-workspace/.derivedData/Build/Products/Debug-appletvos/PackageFrameworks -F /Users/admin/builder/spi-builder-workspace/.derivedData/Build/Products/Debug-appletvos -F /Applications/Xcode-15.3.0.app/Contents/Developer/Platforms/AppleTVOS.platform/Developer/Library/Frameworks -F /Applications/Xcode-15.3.0.app/Contents/Developer/Platforms/AppleTVOS.platform/Developer/SDKs/AppleTVOS17.4.sdk/Developer/Library/Frameworks -no-color-diagnostics -enable-testing -g -module-cache-path /Users/admin/builder/spi-builder-workspace/.derivedData/ModuleCache.noindex -swift-version 5 -enforce-exclusivity\=checked -stats-output-dir /Users/admin/builder/spi-builder-workspace/.stats -Onone -D SWIFT_PACKAGE -D DEBUG -serialize-debugging-options -const-gather-protocols-file /Users/admin/builder/spi-builder-workspace/.derivedData/Build/Intermediates.noindex/SwiftCollections.build/Debug-appletvos/SwiftCollectionsTests.build/Objects-normal/arm64/SwiftCollectionsTests_const_extract_protocols.json -strict-concurrency\=complete -empty-abi-descriptor -validate-clang-modules-once -clang-build-session-file /Users/admin/builder/spi-builder-workspace/.derivedData/ModuleCache.noindex/Session.modulevalidation -Xcc -working-directory -Xcc /Users/admin/builder/spi-builder-workspace -resource-dir /Library/Developer/Toolchains/swift-6.0-DEVELOPMENT-SNAPSHOT-2024-05-26-a.xctoolchain/usr/lib/swift -enable-anonymous-context-mangled-names -Xcc -I/Users/admin/builder/spi-builder-workspace/.derivedData/Build/Products/Debug-appletvos/include -Xcc -I/Users/admin/builder/spi-builder-workspace/.derivedData/Build/Intermediates.noindex/SwiftCollections.build/Debug-appletvos/SwiftCollectionsTests.build/DerivedSources-normal/arm64 -Xcc -I/Users/admin/builder/spi-builder-workspace/.derivedData/Build/Intermediates.noindex/SwiftCollections.build/Debug-appletvos/SwiftCollectionsTests.build/DerivedSources/arm64 -Xcc -I/Users/admin/builder/spi-builder-workspace/.derivedData/Build/Intermediates.noindex/SwiftCollections.build/Debug-appletvos/SwiftCollectionsTests.build/DerivedSources -Xcc -DSWIFT_PACKAGE -Xcc -DDEBUG\=1 -module-name SwiftCollectionsTests -frontend-parseable-output -disable-clang-spi -target-sdk-version 17.4 -target-sdk-name appletvos17.4 -external-plugin-path /Applications/Xcode-15.3.0.app/Contents/Developer/Platforms/AppleTVOS.platform/Developer/SDKs/AppleTVOS17.4.sdk/usr/lib/swift/host/plugins\#/Applications/Xcode-15.3.0.app/Contents/Developer/Platforms/AppleTVOS.platform/Developer/SDKs/AppleTVOS17.4.sdk/usr/bin/swift-plugin-server -external-plugin-path /Applications/Xcode-15.3.0.app/Contents/Developer/Platforms/AppleTVOS.platform/Developer/SDKs/AppleTVOS17.4.sdk/usr/local/lib/swift/host/plugins\#/Applications/Xcode-15.3.0.app/Contents/Developer/Platforms/AppleTVOS.platform/Developer/SDKs/AppleTVOS17.4.sdk/usr/bin/swift-plugin-server -external-plugin-path /Applications/Xcode-15.3.0.app/Contents/Developer/Platforms/AppleTVOS.platform/Developer/usr/lib/swift/host/plugins\#/Applications/Xcode-15.3.0.app/Contents/Developer/Platforms/AppleTVOS.platform/Developer/usr/bin/swift-plugin-server -external-plugin-path /Applications/Xcode-15.3.0.app/Contents/Developer/Platforms/AppleTVOS.platform/Developer/usr/local/lib/swift/host/plugins\#/Applications/Xcode-15.3.0.app/Contents/Developer/Platforms/AppleTVOS.platform/Developer/usr/bin/swift-plugin-server -plugin-path /Library/Developer/Toolchains/swift-6.0-DEVELOPMENT-SNAPSHOT-2024-05-26-a.xctoolchain/usr/lib/swift/host/plugins -plugin-path /Library/Developer/Toolchains/swift-6.0-DEVELOPMENT-SNAPSHOT-2024-05-26-a.xctoolchain/usr/local/lib/swift/host/plugins -o /Users/admin/builder/spi-builder-workspace/.derivedData/Build/Intermediates.noindex/SwiftCollections.build/Debug-appletvos/SwiftCollectionsTests.build/Objects-normal/arm64/RBSetTest.o -index-unit-output-path /SwiftCollections.build/Debug-appletvos/SwiftCollectionsTests.build/Objects-normal/arm64/RBSetTest.o -index-store-path /Users/admin/builder/spi-builder-workspace/.derivedData/Index.noindex/DataStore -index-system-modules
SwiftCompile normal arm64 Compiling\ ListTest.swift /Users/admin/builder/spi-builder-workspace/Tests/SwiftCollectionsTests/ListTest.swift (in target 'SwiftCollectionsTests' from project 'SwiftCollections')
    cd /Users/admin/builder/spi-builder-workspace
    builtin-swiftTaskExecution -- /Library/Developer/Toolchains/swift-6.0-DEVELOPMENT-SNAPSHOT-2024-05-26-a.xctoolchain/usr/bin/swift-frontend -frontend -c /Users/admin/builder/spi-builder-workspace/Tests/SwiftCollectionsTests/BidirectionalListTests.swift /Users/admin/builder/spi-builder-workspace/Tests/SwiftCollectionsTests/CircularListTests.swift -primary-file /Users/admin/builder/spi-builder-workspace/Tests/SwiftCollectionsTests/ListTest.swift /Users/admin/builder/spi-builder-workspace/Tests/SwiftCollectionsTests/RBDictionaryTest.swift /Users/admin/builder/spi-builder-workspace/Tests/SwiftCollectionsTests/RBSetTest.swift /Users/admin/builder/spi-builder-workspace/Tests/SwiftCollectionsTests/XCTestManifests.swift -emit-dependencies-path /Users/admin/builder/spi-builder-workspace/.derivedData/Build/Intermediates.noindex/SwiftCollections.build/Debug-appletvos/SwiftCollectionsTests.build/Objects-normal/arm64/ListTest.d -emit-const-values-path /Users/admin/builder/spi-builder-workspace/.derivedData/Build/Intermediates.noindex/SwiftCollections.build/Debug-appletvos/SwiftCollectionsTests.build/Objects-normal/arm64/ListTest.swiftconstvalues -emit-reference-dependencies-path /Users/admin/builder/spi-builder-workspace/.derivedData/Build/Intermediates.noindex/SwiftCollections.build/Debug-appletvos/SwiftCollectionsTests.build/Objects-normal/arm64/ListTest.swiftdeps -serialize-diagnostics-path /Users/admin/builder/spi-builder-workspace/.derivedData/Build/Intermediates.noindex/SwiftCollections.build/Debug-appletvos/SwiftCollectionsTests.build/Objects-normal/arm64/ListTest.dia -target arm64-apple-tvos13.0 -Xllvm -aarch64-use-tbi -enable-objc-interop -sdk /Applications/Xcode-15.3.0.app/Contents/Developer/Platforms/AppleTVOS.platform/Developer/SDKs/AppleTVOS17.4.sdk -I /Users/admin/builder/spi-builder-workspace/.derivedData/Build/Products/Debug-appletvos -I /Applications/Xcode-15.3.0.app/Contents/Developer/Platforms/AppleTVOS.platform/Developer/usr/lib -F /Users/admin/builder/spi-builder-workspace/.derivedData/Build/Products/Debug-appletvos/PackageFrameworks -F /Users/admin/builder/spi-builder-workspace/.derivedData/Build/Products/Debug-appletvos -F /Applications/Xcode-15.3.0.app/Contents/Developer/Platforms/AppleTVOS.platform/Developer/Library/Frameworks -F /Applications/Xcode-15.3.0.app/Contents/Developer/Platforms/AppleTVOS.platform/Developer/SDKs/AppleTVOS17.4.sdk/Developer/Library/Frameworks -no-color-diagnostics -enable-testing -g -module-cache-path /Users/admin/builder/spi-builder-workspace/.derivedData/ModuleCache.noindex -swift-version 5 -enforce-exclusivity\=checked -stats-output-dir /Users/admin/builder/spi-builder-workspace/.stats -Onone -D SWIFT_PACKAGE -D DEBUG -serialize-debugging-options -const-gather-protocols-file /Users/admin/builder/spi-builder-workspace/.derivedData/Build/Intermediates.noindex/SwiftCollections.build/Debug-appletvos/SwiftCollectionsTests.build/Objects-normal/arm64/SwiftCollectionsTests_const_extract_protocols.json -strict-concurrency\=complete -empty-abi-descriptor -validate-clang-modules-once -clang-build-session-file /Users/admin/builder/spi-builder-workspace/.derivedData/ModuleCache.noindex/Session.modulevalidation -Xcc -working-directory -Xcc /Users/admin/builder/spi-builder-workspace -resource-dir /Library/Developer/Toolchains/swift-6.0-DEVELOPMENT-SNAPSHOT-2024-05-26-a.xctoolchain/usr/lib/swift -enable-anonymous-context-mangled-names -Xcc -I/Users/admin/builder/spi-builder-workspace/.derivedData/Build/Products/Debug-appletvos/include -Xcc -I/Users/admin/builder/spi-builder-workspace/.derivedData/Build/Intermediates.noindex/SwiftCollections.build/Debug-appletvos/SwiftCollectionsTests.build/DerivedSources-normal/arm64 -Xcc -I/Users/admin/builder/spi-builder-workspace/.derivedData/Build/Intermediates.noindex/SwiftCollections.build/Debug-appletvos/SwiftCollectionsTests.build/DerivedSources/arm64 -Xcc -I/Users/admin/builder/spi-builder-workspace/.derivedData/Build/Intermediates.noindex/SwiftCollections.build/Debug-appletvos/SwiftCollectionsTests.build/DerivedSources -Xcc -DSWIFT_PACKAGE -Xcc -DDEBUG\=1 -module-name SwiftCollectionsTests -frontend-parseable-output -disable-clang-spi -target-sdk-version 17.4 -target-sdk-name appletvos17.4 -external-plugin-path /Applications/Xcode-15.3.0.app/Contents/Developer/Platforms/AppleTVOS.platform/Developer/SDKs/AppleTVOS17.4.sdk/usr/lib/swift/host/plugins\#/Applications/Xcode-15.3.0.app/Contents/Developer/Platforms/AppleTVOS.platform/Developer/SDKs/AppleTVOS17.4.sdk/usr/bin/swift-plugin-server -external-plugin-path /Applications/Xcode-15.3.0.app/Contents/Developer/Platforms/AppleTVOS.platform/Developer/SDKs/AppleTVOS17.4.sdk/usr/local/lib/swift/host/plugins\#/Applications/Xcode-15.3.0.app/Contents/Developer/Platforms/AppleTVOS.platform/Developer/SDKs/AppleTVOS17.4.sdk/usr/bin/swift-plugin-server -external-plugin-path /Applications/Xcode-15.3.0.app/Contents/Developer/Platforms/AppleTVOS.platform/Developer/usr/lib/swift/host/plugins\#/Applications/Xcode-15.3.0.app/Contents/Developer/Platforms/AppleTVOS.platform/Developer/usr/bin/swift-plugin-server -external-plugin-path /Applications/Xcode-15.3.0.app/Contents/Developer/Platforms/AppleTVOS.platform/Developer/usr/local/lib/swift/host/plugins\#/Applications/Xcode-15.3.0.app/Contents/Developer/Platforms/AppleTVOS.platform/Developer/usr/bin/swift-plugin-server -plugin-path /Library/Developer/Toolchains/swift-6.0-DEVELOPMENT-SNAPSHOT-2024-05-26-a.xctoolchain/usr/lib/swift/host/plugins -plugin-path /Library/Developer/Toolchains/swift-6.0-DEVELOPMENT-SNAPSHOT-2024-05-26-a.xctoolchain/usr/local/lib/swift/host/plugins -o /Users/admin/builder/spi-builder-workspace/.derivedData/Build/Intermediates.noindex/SwiftCollections.build/Debug-appletvos/SwiftCollectionsTests.build/Objects-normal/arm64/ListTest.o -index-unit-output-path /SwiftCollections.build/Debug-appletvos/SwiftCollectionsTests.build/Objects-normal/arm64/ListTest.o -index-store-path /Users/admin/builder/spi-builder-workspace/.derivedData/Index.noindex/DataStore -index-system-modules
SwiftCompile normal arm64 /Users/admin/builder/spi-builder-workspace/Tests/SwiftCollectionsTests/ListTest.swift (in target 'SwiftCollectionsTests' from project 'SwiftCollections')
    cd /Users/admin/builder/spi-builder-workspace
    /Library/Developer/Toolchains/swift-6.0-DEVELOPMENT-SNAPSHOT-2024-05-26-a.xctoolchain/usr/bin/swift-frontend -c /Users/admin/builder/spi-builder-workspace/Tests/SwiftCollectionsTests/BidirectionalListTests.swift /Users/admin/builder/spi-builder-workspace/Tests/SwiftCollectionsTests/CircularListTests.swift -primary-file /Users/admin/builder/spi-builder-workspace/Tests/SwiftCollectionsTests/ListTest.swift /Users/admin/builder/spi-builder-workspace/Tests/SwiftCollectionsTests/RBDictionaryTest.swift /Users/admin/builder/spi-builder-workspace/Tests/SwiftCollectionsTests/RBSetTest.swift /Users/admin/builder/spi-builder-workspace/Tests/SwiftCollectionsTests/XCTestManifests.swift -emit-dependencies-path /Users/admin/builder/spi-builder-workspace/.derivedData/Build/Intermediates.noindex/SwiftCollections.build/Debug-appletvos/SwiftCollectionsTests.build/Objects-normal/arm64/ListTest.d -emit-const-values-path /Users/admin/builder/spi-builder-workspace/.derivedData/Build/Intermediates.noindex/SwiftCollections.build/Debug-appletvos/SwiftCollectionsTests.build/Objects-normal/arm64/ListTest.swiftconstvalues -emit-reference-dependencies-path /Users/admin/builder/spi-builder-workspace/.derivedData/Build/Intermediates.noindex/SwiftCollections.build/Debug-appletvos/SwiftCollectionsTests.build/Objects-normal/arm64/ListTest.swiftdeps -serialize-diagnostics-path /Users/admin/builder/spi-builder-workspace/.derivedData/Build/Intermediates.noindex/SwiftCollections.build/Debug-appletvos/SwiftCollectionsTests.build/Objects-normal/arm64/ListTest.dia -target arm64-apple-tvos13.0 -Xllvm -aarch64-use-tbi -enable-objc-interop -sdk /Applications/Xcode-15.3.0.app/Contents/Developer/Platforms/AppleTVOS.platform/Developer/SDKs/AppleTVOS17.4.sdk -I /Users/admin/builder/spi-builder-workspace/.derivedData/Build/Products/Debug-appletvos -I /Applications/Xcode-15.3.0.app/Contents/Developer/Platforms/AppleTVOS.platform/Developer/usr/lib -F /Users/admin/builder/spi-builder-workspace/.derivedData/Build/Products/Debug-appletvos/PackageFrameworks -F /Users/admin/builder/spi-builder-workspace/.derivedData/Build/Products/Debug-appletvos -F /Applications/Xcode-15.3.0.app/Contents/Developer/Platforms/AppleTVOS.platform/Developer/Library/Frameworks -F /Applications/Xcode-15.3.0.app/Contents/Developer/Platforms/AppleTVOS.platform/Developer/SDKs/AppleTVOS17.4.sdk/Developer/Library/Frameworks -no-color-diagnostics -enable-testing -g -module-cache-path /Users/admin/builder/spi-builder-workspace/.derivedData/ModuleCache.noindex -swift-version 5 -enforce-exclusivity\=checked -stats-output-dir /Users/admin/builder/spi-builder-workspace/.stats -Onone -D SWIFT_PACKAGE -D DEBUG -serialize-debugging-options -const-gather-protocols-file /Users/admin/builder/spi-builder-workspace/.derivedData/Build/Intermediates.noindex/SwiftCollections.build/Debug-appletvos/SwiftCollectionsTests.build/Objects-normal/arm64/SwiftCollectionsTests_const_extract_protocols.json -strict-concurrency\=complete -empty-abi-descriptor -validate-clang-modules-once -clang-build-session-file /Users/admin/builder/spi-builder-workspace/.derivedData/ModuleCache.noindex/Session.modulevalidation -Xcc -working-directory -Xcc /Users/admin/builder/spi-builder-workspace -resource-dir /Library/Developer/Toolchains/swift-6.0-DEVELOPMENT-SNAPSHOT-2024-05-26-a.xctoolchain/usr/lib/swift -enable-anonymous-context-mangled-names -Xcc -I/Users/admin/builder/spi-builder-workspace/.derivedData/Build/Products/Debug-appletvos/include -Xcc -I/Users/admin/builder/spi-builder-workspace/.derivedData/Build/Intermediates.noindex/SwiftCollections.build/Debug-appletvos/SwiftCollectionsTests.build/DerivedSources-normal/arm64 -Xcc -I/Users/admin/builder/spi-builder-workspace/.derivedData/Build/Intermediates.noindex/SwiftCollections.build/Debug-appletvos/SwiftCollectionsTests.build/DerivedSources/arm64 -Xcc -I/Users/admin/builder/spi-builder-workspace/.derivedData/Build/Intermediates.noindex/SwiftCollections.build/Debug-appletvos/SwiftCollectionsTests.build/DerivedSources -Xcc -DSWIFT_PACKAGE -Xcc -DDEBUG\=1 -module-name SwiftCollectionsTests -frontend-parseable-output -disable-clang-spi -target-sdk-version 17.4 -target-sdk-name appletvos17.4 -external-plugin-path /Applications/Xcode-15.3.0.app/Contents/Developer/Platforms/AppleTVOS.platform/Developer/SDKs/AppleTVOS17.4.sdk/usr/lib/swift/host/plugins\#/Applications/Xcode-15.3.0.app/Contents/Developer/Platforms/AppleTVOS.platform/Developer/SDKs/AppleTVOS17.4.sdk/usr/bin/swift-plugin-server -external-plugin-path /Applications/Xcode-15.3.0.app/Contents/Developer/Platforms/AppleTVOS.platform/Developer/SDKs/AppleTVOS17.4.sdk/usr/local/lib/swift/host/plugins\#/Applications/Xcode-15.3.0.app/Contents/Developer/Platforms/AppleTVOS.platform/Developer/SDKs/AppleTVOS17.4.sdk/usr/bin/swift-plugin-server -external-plugin-path /Applications/Xcode-15.3.0.app/Contents/Developer/Platforms/AppleTVOS.platform/Developer/usr/lib/swift/host/plugins\#/Applications/Xcode-15.3.0.app/Contents/Developer/Platforms/AppleTVOS.platform/Developer/usr/bin/swift-plugin-server -external-plugin-path /Applications/Xcode-15.3.0.app/Contents/Developer/Platforms/AppleTVOS.platform/Developer/usr/local/lib/swift/host/plugins\#/Applications/Xcode-15.3.0.app/Contents/Developer/Platforms/AppleTVOS.platform/Developer/usr/bin/swift-plugin-server -plugin-path /Library/Developer/Toolchains/swift-6.0-DEVELOPMENT-SNAPSHOT-2024-05-26-a.xctoolchain/usr/lib/swift/host/plugins -plugin-path /Library/Developer/Toolchains/swift-6.0-DEVELOPMENT-SNAPSHOT-2024-05-26-a.xctoolchain/usr/local/lib/swift/host/plugins -o /Users/admin/builder/spi-builder-workspace/.derivedData/Build/Intermediates.noindex/SwiftCollections.build/Debug-appletvos/SwiftCollectionsTests.build/Objects-normal/arm64/ListTest.o -index-unit-output-path /SwiftCollections.build/Debug-appletvos/SwiftCollectionsTests.build/Objects-normal/arm64/ListTest.o -index-store-path /Users/admin/builder/spi-builder-workspace/.derivedData/Index.noindex/DataStore -index-system-modules
SwiftCompile normal arm64 Compiling\ BidirectionalListTests.swift /Users/admin/builder/spi-builder-workspace/Tests/SwiftCollectionsTests/BidirectionalListTests.swift (in target 'SwiftCollectionsTests' from project 'SwiftCollections')
    cd /Users/admin/builder/spi-builder-workspace
    builtin-swiftTaskExecution -- /Library/Developer/Toolchains/swift-6.0-DEVELOPMENT-SNAPSHOT-2024-05-26-a.xctoolchain/usr/bin/swift-frontend -frontend -c -primary-file /Users/admin/builder/spi-builder-workspace/Tests/SwiftCollectionsTests/BidirectionalListTests.swift /Users/admin/builder/spi-builder-workspace/Tests/SwiftCollectionsTests/CircularListTests.swift /Users/admin/builder/spi-builder-workspace/Tests/SwiftCollectionsTests/ListTest.swift /Users/admin/builder/spi-builder-workspace/Tests/SwiftCollectionsTests/RBDictionaryTest.swift /Users/admin/builder/spi-builder-workspace/Tests/SwiftCollectionsTests/RBSetTest.swift /Users/admin/builder/spi-builder-workspace/Tests/SwiftCollectionsTests/XCTestManifests.swift -emit-dependencies-path /Users/admin/builder/spi-builder-workspace/.derivedData/Build/Intermediates.noindex/SwiftCollections.build/Debug-appletvos/SwiftCollectionsTests.build/Objects-normal/arm64/BidirectionalListTests.d -emit-const-values-path /Users/admin/builder/spi-builder-workspace/.derivedData/Build/Intermediates.noindex/SwiftCollections.build/Debug-appletvos/SwiftCollectionsTests.build/Objects-normal/arm64/BidirectionalListTests.swiftconstvalues -emit-reference-dependencies-path /Users/admin/builder/spi-builder-workspace/.derivedData/Build/Intermediates.noindex/SwiftCollections.build/Debug-appletvos/SwiftCollectionsTests.build/Objects-normal/arm64/BidirectionalListTests.swiftdeps -serialize-diagnostics-path /Users/admin/builder/spi-builder-workspace/.derivedData/Build/Intermediates.noindex/SwiftCollections.build/Debug-appletvos/SwiftCollectionsTests.build/Objects-normal/arm64/BidirectionalListTests.dia -target arm64-apple-tvos13.0 -Xllvm -aarch64-use-tbi -enable-objc-interop -sdk /Applications/Xcode-15.3.0.app/Contents/Developer/Platforms/AppleTVOS.platform/Developer/SDKs/AppleTVOS17.4.sdk -I /Users/admin/builder/spi-builder-workspace/.derivedData/Build/Products/Debug-appletvos -I /Applications/Xcode-15.3.0.app/Contents/Developer/Platforms/AppleTVOS.platform/Developer/usr/lib -F /Users/admin/builder/spi-builder-workspace/.derivedData/Build/Products/Debug-appletvos/PackageFrameworks -F /Users/admin/builder/spi-builder-workspace/.derivedData/Build/Products/Debug-appletvos -F /Applications/Xcode-15.3.0.app/Contents/Developer/Platforms/AppleTVOS.platform/Developer/Library/Frameworks -F /Applications/Xcode-15.3.0.app/Contents/Developer/Platforms/AppleTVOS.platform/Developer/SDKs/AppleTVOS17.4.sdk/Developer/Library/Frameworks -no-color-diagnostics -enable-testing -g -module-cache-path /Users/admin/builder/spi-builder-workspace/.derivedData/ModuleCache.noindex -swift-version 5 -enforce-exclusivity\=checked -stats-output-dir /Users/admin/builder/spi-builder-workspace/.stats -Onone -D SWIFT_PACKAGE -D DEBUG -serialize-debugging-options -const-gather-protocols-file /Users/admin/builder/spi-builder-workspace/.derivedData/Build/Intermediates.noindex/SwiftCollections.build/Debug-appletvos/SwiftCollectionsTests.build/Objects-normal/arm64/SwiftCollectionsTests_const_extract_protocols.json -strict-concurrency\=complete -empty-abi-descriptor -validate-clang-modules-once -clang-build-session-file /Users/admin/builder/spi-builder-workspace/.derivedData/ModuleCache.noindex/Session.modulevalidation -Xcc -working-directory -Xcc /Users/admin/builder/spi-builder-workspace -resource-dir /Library/Developer/Toolchains/swift-6.0-DEVELOPMENT-SNAPSHOT-2024-05-26-a.xctoolchain/usr/lib/swift -enable-anonymous-context-mangled-names -Xcc -I/Users/admin/builder/spi-builder-workspace/.derivedData/Build/Products/Debug-appletvos/include -Xcc -I/Users/admin/builder/spi-builder-workspace/.derivedData/Build/Intermediates.noindex/SwiftCollections.build/Debug-appletvos/SwiftCollectionsTests.build/DerivedSources-normal/arm64 -Xcc -I/Users/admin/builder/spi-builder-workspace/.derivedData/Build/Intermediates.noindex/SwiftCollections.build/Debug-appletvos/SwiftCollectionsTests.build/DerivedSources/arm64 -Xcc -I/Users/admin/builder/spi-builder-workspace/.derivedData/Build/Intermediates.noindex/SwiftCollections.build/Debug-appletvos/SwiftCollectionsTests.build/DerivedSources -Xcc -DSWIFT_PACKAGE -Xcc -DDEBUG\=1 -module-name SwiftCollectionsTests -frontend-parseable-output -disable-clang-spi -target-sdk-version 17.4 -target-sdk-name appletvos17.4 -external-plugin-path /Applications/Xcode-15.3.0.app/Contents/Developer/Platforms/AppleTVOS.platform/Developer/SDKs/AppleTVOS17.4.sdk/usr/lib/swift/host/plugins\#/Applications/Xcode-15.3.0.app/Contents/Developer/Platforms/AppleTVOS.platform/Developer/SDKs/AppleTVOS17.4.sdk/usr/bin/swift-plugin-server -external-plugin-path /Applications/Xcode-15.3.0.app/Contents/Developer/Platforms/AppleTVOS.platform/Developer/SDKs/AppleTVOS17.4.sdk/usr/local/lib/swift/host/plugins\#/Applications/Xcode-15.3.0.app/Contents/Developer/Platforms/AppleTVOS.platform/Developer/SDKs/AppleTVOS17.4.sdk/usr/bin/swift-plugin-server -external-plugin-path /Applications/Xcode-15.3.0.app/Contents/Developer/Platforms/AppleTVOS.platform/Developer/usr/lib/swift/host/plugins\#/Applications/Xcode-15.3.0.app/Contents/Developer/Platforms/AppleTVOS.platform/Developer/usr/bin/swift-plugin-server -external-plugin-path /Applications/Xcode-15.3.0.app/Contents/Developer/Platforms/AppleTVOS.platform/Developer/usr/local/lib/swift/host/plugins\#/Applications/Xcode-15.3.0.app/Contents/Developer/Platforms/AppleTVOS.platform/Developer/usr/bin/swift-plugin-server -plugin-path /Library/Developer/Toolchains/swift-6.0-DEVELOPMENT-SNAPSHOT-2024-05-26-a.xctoolchain/usr/lib/swift/host/plugins -plugin-path /Library/Developer/Toolchains/swift-6.0-DEVELOPMENT-SNAPSHOT-2024-05-26-a.xctoolchain/usr/local/lib/swift/host/plugins -o /Users/admin/builder/spi-builder-workspace/.derivedData/Build/Intermediates.noindex/SwiftCollections.build/Debug-appletvos/SwiftCollectionsTests.build/Objects-normal/arm64/BidirectionalListTests.o -index-unit-output-path /SwiftCollections.build/Debug-appletvos/SwiftCollectionsTests.build/Objects-normal/arm64/BidirectionalListTests.o -index-store-path /Users/admin/builder/spi-builder-workspace/.derivedData/Index.noindex/DataStore -index-system-modules
SwiftCompile normal arm64 /Users/admin/builder/spi-builder-workspace/Tests/SwiftCollectionsTests/BidirectionalListTests.swift (in target 'SwiftCollectionsTests' from project 'SwiftCollections')
    cd /Users/admin/builder/spi-builder-workspace
    /Library/Developer/Toolchains/swift-6.0-DEVELOPMENT-SNAPSHOT-2024-05-26-a.xctoolchain/usr/bin/swift-frontend -c -primary-file /Users/admin/builder/spi-builder-workspace/Tests/SwiftCollectionsTests/BidirectionalListTests.swift /Users/admin/builder/spi-builder-workspace/Tests/SwiftCollectionsTests/CircularListTests.swift /Users/admin/builder/spi-builder-workspace/Tests/SwiftCollectionsTests/ListTest.swift /Users/admin/builder/spi-builder-workspace/Tests/SwiftCollectionsTests/RBDictionaryTest.swift /Users/admin/builder/spi-builder-workspace/Tests/SwiftCollectionsTests/RBSetTest.swift /Users/admin/builder/spi-builder-workspace/Tests/SwiftCollectionsTests/XCTestManifests.swift -emit-dependencies-path /Users/admin/builder/spi-builder-workspace/.derivedData/Build/Intermediates.noindex/SwiftCollections.build/Debug-appletvos/SwiftCollectionsTests.build/Objects-normal/arm64/BidirectionalListTests.d -emit-const-values-path /Users/admin/builder/spi-builder-workspace/.derivedData/Build/Intermediates.noindex/SwiftCollections.build/Debug-appletvos/SwiftCollectionsTests.build/Objects-normal/arm64/BidirectionalListTests.swiftconstvalues -emit-reference-dependencies-path /Users/admin/builder/spi-builder-workspace/.derivedData/Build/Intermediates.noindex/SwiftCollections.build/Debug-appletvos/SwiftCollectionsTests.build/Objects-normal/arm64/BidirectionalListTests.swiftdeps -serialize-diagnostics-path /Users/admin/builder/spi-builder-workspace/.derivedData/Build/Intermediates.noindex/SwiftCollections.build/Debug-appletvos/SwiftCollectionsTests.build/Objects-normal/arm64/BidirectionalListTests.dia -target arm64-apple-tvos13.0 -Xllvm -aarch64-use-tbi -enable-objc-interop -sdk /Applications/Xcode-15.3.0.app/Contents/Developer/Platforms/AppleTVOS.platform/Developer/SDKs/AppleTVOS17.4.sdk -I /Users/admin/builder/spi-builder-workspace/.derivedData/Build/Products/Debug-appletvos -I /Applications/Xcode-15.3.0.app/Contents/Developer/Platforms/AppleTVOS.platform/Developer/usr/lib -F /Users/admin/builder/spi-builder-workspace/.derivedData/Build/Products/Debug-appletvos/PackageFrameworks -F /Users/admin/builder/spi-builder-workspace/.derivedData/Build/Products/Debug-appletvos -F /Applications/Xcode-15.3.0.app/Contents/Developer/Platforms/AppleTVOS.platform/Developer/Library/Frameworks -F /Applications/Xcode-15.3.0.app/Contents/Developer/Platforms/AppleTVOS.platform/Developer/SDKs/AppleTVOS17.4.sdk/Developer/Library/Frameworks -no-color-diagnostics -enable-testing -g -module-cache-path /Users/admin/builder/spi-builder-workspace/.derivedData/ModuleCache.noindex -swift-version 5 -enforce-exclusivity\=checked -stats-output-dir /Users/admin/builder/spi-builder-workspace/.stats -Onone -D SWIFT_PACKAGE -D DEBUG -serialize-debugging-options -const-gather-protocols-file /Users/admin/builder/spi-builder-workspace/.derivedData/Build/Intermediates.noindex/SwiftCollections.build/Debug-appletvos/SwiftCollectionsTests.build/Objects-normal/arm64/SwiftCollectionsTests_const_extract_protocols.json -strict-concurrency\=complete -empty-abi-descriptor -validate-clang-modules-once -clang-build-session-file /Users/admin/builder/spi-builder-workspace/.derivedData/ModuleCache.noindex/Session.modulevalidation -Xcc -working-directory -Xcc /Users/admin/builder/spi-builder-workspace -resource-dir /Library/Developer/Toolchains/swift-6.0-DEVELOPMENT-SNAPSHOT-2024-05-26-a.xctoolchain/usr/lib/swift -enable-anonymous-context-mangled-names -Xcc -I/Users/admin/builder/spi-builder-workspace/.derivedData/Build/Products/Debug-appletvos/include -Xcc -I/Users/admin/builder/spi-builder-workspace/.derivedData/Build/Intermediates.noindex/SwiftCollections.build/Debug-appletvos/SwiftCollectionsTests.build/DerivedSources-normal/arm64 -Xcc -I/Users/admin/builder/spi-builder-workspace/.derivedData/Build/Intermediates.noindex/SwiftCollections.build/Debug-appletvos/SwiftCollectionsTests.build/DerivedSources/arm64 -Xcc -I/Users/admin/builder/spi-builder-workspace/.derivedData/Build/Intermediates.noindex/SwiftCollections.build/Debug-appletvos/SwiftCollectionsTests.build/DerivedSources -Xcc -DSWIFT_PACKAGE -Xcc -DDEBUG\=1 -module-name SwiftCollectionsTests -frontend-parseable-output -disable-clang-spi -target-sdk-version 17.4 -target-sdk-name appletvos17.4 -external-plugin-path /Applications/Xcode-15.3.0.app/Contents/Developer/Platforms/AppleTVOS.platform/Developer/SDKs/AppleTVOS17.4.sdk/usr/lib/swift/host/plugins\#/Applications/Xcode-15.3.0.app/Contents/Developer/Platforms/AppleTVOS.platform/Developer/SDKs/AppleTVOS17.4.sdk/usr/bin/swift-plugin-server -external-plugin-path /Applications/Xcode-15.3.0.app/Contents/Developer/Platforms/AppleTVOS.platform/Developer/SDKs/AppleTVOS17.4.sdk/usr/local/lib/swift/host/plugins\#/Applications/Xcode-15.3.0.app/Contents/Developer/Platforms/AppleTVOS.platform/Developer/SDKs/AppleTVOS17.4.sdk/usr/bin/swift-plugin-server -external-plugin-path /Applications/Xcode-15.3.0.app/Contents/Developer/Platforms/AppleTVOS.platform/Developer/usr/lib/swift/host/plugins\#/Applications/Xcode-15.3.0.app/Contents/Developer/Platforms/AppleTVOS.platform/Developer/usr/bin/swift-plugin-server -external-plugin-path /Applications/Xcode-15.3.0.app/Contents/Developer/Platforms/AppleTVOS.platform/Developer/usr/local/lib/swift/host/plugins\#/Applications/Xcode-15.3.0.app/Contents/Developer/Platforms/AppleTVOS.platform/Developer/usr/bin/swift-plugin-server -plugin-path /Library/Developer/Toolchains/swift-6.0-DEVELOPMENT-SNAPSHOT-2024-05-26-a.xctoolchain/usr/lib/swift/host/plugins -plugin-path /Library/Developer/Toolchains/swift-6.0-DEVELOPMENT-SNAPSHOT-2024-05-26-a.xctoolchain/usr/local/lib/swift/host/plugins -o /Users/admin/builder/spi-builder-workspace/.derivedData/Build/Intermediates.noindex/SwiftCollections.build/Debug-appletvos/SwiftCollectionsTests.build/Objects-normal/arm64/BidirectionalListTests.o -index-unit-output-path /SwiftCollections.build/Debug-appletvos/SwiftCollectionsTests.build/Objects-normal/arm64/BidirectionalListTests.o -index-store-path /Users/admin/builder/spi-builder-workspace/.derivedData/Index.noindex/DataStore -index-system-modules
SwiftCompile normal arm64 Compiling\ RBDictionaryTest.swift /Users/admin/builder/spi-builder-workspace/Tests/SwiftCollectionsTests/RBDictionaryTest.swift (in target 'SwiftCollectionsTests' from project 'SwiftCollections')
    cd /Users/admin/builder/spi-builder-workspace
    builtin-swiftTaskExecution -- /Library/Developer/Toolchains/swift-6.0-DEVELOPMENT-SNAPSHOT-2024-05-26-a.xctoolchain/usr/bin/swift-frontend -frontend -c /Users/admin/builder/spi-builder-workspace/Tests/SwiftCollectionsTests/BidirectionalListTests.swift /Users/admin/builder/spi-builder-workspace/Tests/SwiftCollectionsTests/CircularListTests.swift /Users/admin/builder/spi-builder-workspace/Tests/SwiftCollectionsTests/ListTest.swift -primary-file /Users/admin/builder/spi-builder-workspace/Tests/SwiftCollectionsTests/RBDictionaryTest.swift /Users/admin/builder/spi-builder-workspace/Tests/SwiftCollectionsTests/RBSetTest.swift /Users/admin/builder/spi-builder-workspace/Tests/SwiftCollectionsTests/XCTestManifests.swift -emit-dependencies-path /Users/admin/builder/spi-builder-workspace/.derivedData/Build/Intermediates.noindex/SwiftCollections.build/Debug-appletvos/SwiftCollectionsTests.build/Objects-normal/arm64/RBDictionaryTest.d -emit-const-values-path /Users/admin/builder/spi-builder-workspace/.derivedData/Build/Intermediates.noindex/SwiftCollections.build/Debug-appletvos/SwiftCollectionsTests.build/Objects-normal/arm64/RBDictionaryTest.swiftconstvalues -emit-reference-dependencies-path /Users/admin/builder/spi-builder-workspace/.derivedData/Build/Intermediates.noindex/SwiftCollections.build/Debug-appletvos/SwiftCollectionsTests.build/Objects-normal/arm64/RBDictionaryTest.swiftdeps -serialize-diagnostics-path /Users/admin/builder/spi-builder-workspace/.derivedData/Build/Intermediates.noindex/SwiftCollections.build/Debug-appletvos/SwiftCollectionsTests.build/Objects-normal/arm64/RBDictionaryTest.dia -target arm64-apple-tvos13.0 -Xllvm -aarch64-use-tbi -enable-objc-interop -sdk /Applications/Xcode-15.3.0.app/Contents/Developer/Platforms/AppleTVOS.platform/Developer/SDKs/AppleTVOS17.4.sdk -I /Users/admin/builder/spi-builder-workspace/.derivedData/Build/Products/Debug-appletvos -I /Applications/Xcode-15.3.0.app/Contents/Developer/Platforms/AppleTVOS.platform/Developer/usr/lib -F /Users/admin/builder/spi-builder-workspace/.derivedData/Build/Products/Debug-appletvos/PackageFrameworks -F /Users/admin/builder/spi-builder-workspace/.derivedData/Build/Products/Debug-appletvos -F /Applications/Xcode-15.3.0.app/Contents/Developer/Platforms/AppleTVOS.platform/Developer/Library/Frameworks -F /Applications/Xcode-15.3.0.app/Contents/Developer/Platforms/AppleTVOS.platform/Developer/SDKs/AppleTVOS17.4.sdk/Developer/Library/Frameworks -no-color-diagnostics -enable-testing -g -module-cache-path /Users/admin/builder/spi-builder-workspace/.derivedData/ModuleCache.noindex -swift-version 5 -enforce-exclusivity\=checked -stats-output-dir /Users/admin/builder/spi-builder-workspace/.stats -Onone -D SWIFT_PACKAGE -D DEBUG -serialize-debugging-options -const-gather-protocols-file /Users/admin/builder/spi-builder-workspace/.derivedData/Build/Intermediates.noindex/SwiftCollections.build/Debug-appletvos/SwiftCollectionsTests.build/Objects-normal/arm64/SwiftCollectionsTests_const_extract_protocols.json -strict-concurrency\=complete -empty-abi-descriptor -validate-clang-modules-once -clang-build-session-file /Users/admin/builder/spi-builder-workspace/.derivedData/ModuleCache.noindex/Session.modulevalidation -Xcc -working-directory -Xcc /Users/admin/builder/spi-builder-workspace -resource-dir /Library/Developer/Toolchains/swift-6.0-DEVELOPMENT-SNAPSHOT-2024-05-26-a.xctoolchain/usr/lib/swift -enable-anonymous-context-mangled-names -Xcc -I/Users/admin/builder/spi-builder-workspace/.derivedData/Build/Products/Debug-appletvos/include -Xcc -I/Users/admin/builder/spi-builder-workspace/.derivedData/Build/Intermediates.noindex/SwiftCollections.build/Debug-appletvos/SwiftCollectionsTests.build/DerivedSources-normal/arm64 -Xcc -I/Users/admin/builder/spi-builder-workspace/.derivedData/Build/Intermediates.noindex/SwiftCollections.build/Debug-appletvos/SwiftCollectionsTests.build/DerivedSources/arm64 -Xcc -I/Users/admin/builder/spi-builder-workspace/.derivedData/Build/Intermediates.noindex/SwiftCollections.build/Debug-appletvos/SwiftCollectionsTests.build/DerivedSources -Xcc -DSWIFT_PACKAGE -Xcc -DDEBUG\=1 -module-name SwiftCollectionsTests -frontend-parseable-output -disable-clang-spi -target-sdk-version 17.4 -target-sdk-name appletvos17.4 -external-plugin-path /Applications/Xcode-15.3.0.app/Contents/Developer/Platforms/AppleTVOS.platform/Developer/SDKs/AppleTVOS17.4.sdk/usr/lib/swift/host/plugins\#/Applications/Xcode-15.3.0.app/Contents/Developer/Platforms/AppleTVOS.platform/Developer/SDKs/AppleTVOS17.4.sdk/usr/bin/swift-plugin-server -external-plugin-path /Applications/Xcode-15.3.0.app/Contents/Developer/Platforms/AppleTVOS.platform/Developer/SDKs/AppleTVOS17.4.sdk/usr/local/lib/swift/host/plugins\#/Applications/Xcode-15.3.0.app/Contents/Developer/Platforms/AppleTVOS.platform/Developer/SDKs/AppleTVOS17.4.sdk/usr/bin/swift-plugin-server -external-plugin-path /Applications/Xcode-15.3.0.app/Contents/Developer/Platforms/AppleTVOS.platform/Developer/usr/lib/swift/host/plugins\#/Applications/Xcode-15.3.0.app/Contents/Developer/Platforms/AppleTVOS.platform/Developer/usr/bin/swift-plugin-server -external-plugin-path /Applications/Xcode-15.3.0.app/Contents/Developer/Platforms/AppleTVOS.platform/Developer/usr/local/lib/swift/host/plugins\#/Applications/Xcode-15.3.0.app/Contents/Developer/Platforms/AppleTVOS.platform/Developer/usr/bin/swift-plugin-server -plugin-path /Library/Developer/Toolchains/swift-6.0-DEVELOPMENT-SNAPSHOT-2024-05-26-a.xctoolchain/usr/lib/swift/host/plugins -plugin-path /Library/Developer/Toolchains/swift-6.0-DEVELOPMENT-SNAPSHOT-2024-05-26-a.xctoolchain/usr/local/lib/swift/host/plugins -o /Users/admin/builder/spi-builder-workspace/.derivedData/Build/Intermediates.noindex/SwiftCollections.build/Debug-appletvos/SwiftCollectionsTests.build/Objects-normal/arm64/RBDictionaryTest.o -index-unit-output-path /SwiftCollections.build/Debug-appletvos/SwiftCollectionsTests.build/Objects-normal/arm64/RBDictionaryTest.o -index-store-path /Users/admin/builder/spi-builder-workspace/.derivedData/Index.noindex/DataStore -index-system-modules
Assertion failed: (genericSig.getCanonicalSignature() == subs.getGenericSignature().getCanonicalSignature()), function emitApply, file SILGenApply.cpp, line 5706.
Please submit a bug report (https://swift.org/contributing/#reporting-bugs) and include the crash backtrace.
Stack dump:
0.	Program arguments: /Library/Developer/Toolchains/swift-6.0-DEVELOPMENT-SNAPSHOT-2024-05-26-a.xctoolchain/usr/bin/swift-frontend -frontend -c /Users/admin/builder/spi-builder-workspace/Tests/SwiftCollectionsTests/BidirectionalListTests.swift /Users/admin/builder/spi-builder-workspace/Tests/SwiftCollectionsTests/CircularListTests.swift /Users/admin/builder/spi-builder-workspace/Tests/SwiftCollectionsTests/ListTest.swift -primary-file /Users/admin/builder/spi-builder-workspace/Tests/SwiftCollectionsTests/RBDictionaryTest.swift /Users/admin/builder/spi-builder-workspace/Tests/SwiftCollectionsTests/RBSetTest.swift /Users/admin/builder/spi-builder-workspace/Tests/SwiftCollectionsTests/XCTestManifests.swift -emit-dependencies-path /Users/admin/builder/spi-builder-workspace/.derivedData/Build/Intermediates.noindex/SwiftCollections.build/Debug-appletvos/SwiftCollectionsTests.build/Objects-normal/arm64/RBDictionaryTest.d -emit-const-values-path /Users/admin/builder/spi-builder-workspace/.derivedData/Build/Intermediates.noindex/SwiftCollections.build/Debug-appletvos/SwiftCollectionsTests.build/Objects-normal/arm64/RBDictionaryTest.swiftconstvalues -emit-reference-dependencies-path /Users/admin/builder/spi-builder-workspace/.derivedData/Build/Intermediates.noindex/SwiftCollections.build/Debug-appletvos/SwiftCollectionsTests.build/Objects-normal/arm64/RBDictionaryTest.swiftdeps -serialize-diagnostics-path /Users/admin/builder/spi-builder-workspace/.derivedData/Build/Intermediates.noindex/SwiftCollections.build/Debug-appletvos/SwiftCollectionsTests.build/Objects-normal/arm64/RBDictionaryTest.dia -target arm64-apple-tvos13.0 -Xllvm -aarch64-use-tbi -enable-objc-interop -sdk /Applications/Xcode-15.3.0.app/Contents/Developer/Platforms/AppleTVOS.platform/Developer/SDKs/AppleTVOS17.4.sdk -I /Users/admin/builder/spi-builder-workspace/.derivedData/Build/Products/Debug-appletvos -I /Applications/Xcode-15.3.0.app/Contents/Developer/Platforms/AppleTVOS.platform/Developer/usr/lib -F /Users/admin/builder/spi-builder-workspace/.derivedData/Build/Products/Debug-appletvos/PackageFrameworks -F /Users/admin/builder/spi-builder-workspace/.derivedData/Build/Products/Debug-appletvos -F /Applications/Xcode-15.3.0.app/Contents/Developer/Platforms/AppleTVOS.platform/Developer/Library/Frameworks -F /Applications/Xcode-15.3.0.app/Contents/Developer/Platforms/AppleTVOS.platform/Developer/SDKs/AppleTVOS17.4.sdk/Developer/Library/Frameworks -no-color-diagnostics -enable-testing -g -module-cache-path /Users/admin/builder/spi-builder-workspace/.derivedData/ModuleCache.noindex -swift-version 5 -enforce-exclusivity=checked -stats-output-dir /Users/admin/builder/spi-builder-workspace/.stats -Onone -D SWIFT_PACKAGE -D DEBUG -serialize-debugging-options -const-gather-protocols-file /Users/admin/builder/spi-builder-workspace/.derivedData/Build/Intermediates.noindex/SwiftCollections.build/Debug-appletvos/SwiftCollectionsTests.build/Objects-normal/arm64/SwiftCollectionsTests_const_extract_protocols.json -strict-concurrency=complete -empty-abi-descriptor -validate-clang-modules-once -clang-build-session-file /Users/admin/builder/spi-builder-workspace/.derivedData/ModuleCache.noindex/Session.modulevalidation -Xcc -working-directory -Xcc /Users/admin/builder/spi-builder-workspace -resource-dir /Library/Developer/Toolchains/swift-6.0-DEVELOPMENT-SNAPSHOT-2024-05-26-a.xctoolchain/usr/lib/swift -enable-anonymous-context-mangled-names -Xcc -I/Users/admin/builder/spi-builder-workspace/.derivedData/Build/Products/Debug-appletvos/include -Xcc -I/Users/admin/builder/spi-builder-workspace/.derivedData/Build/Intermediates.noindex/SwiftCollections.build/Debug-appletvos/SwiftCollectionsTests.build/DerivedSources-normal/arm64 -Xcc -I/Users/admin/builder/spi-builder-workspace/.derivedData/Build/Intermediates.noindex/SwiftCollections.build/Debug-appletvos/SwiftCollectionsTests.build/DerivedSources/arm64 -Xcc -I/Users/admin/builder/spi-builder-workspace/.derivedData/Build/Intermediates.noindex/SwiftCollections.build/Debug-appletvos/SwiftCollectionsTests.build/DerivedSources -Xcc -DSWIFT_PACKAGE -Xcc -DDEBUG=1 -module-name SwiftCollectionsTests -frontend-parseable-output -disable-clang-spi -target-sdk-version 17.4 -target-sdk-name appletvos17.4 -external-plugin-path /Applications/Xcode-15.3.0.app/Contents/Developer/Platforms/AppleTVOS.platform/Developer/SDKs/AppleTVOS17.4.sdk/usr/lib/swift/host/plugins#/Applications/Xcode-15.3.0.app/Contents/Developer/Platforms/AppleTVOS.platform/Developer/SDKs/AppleTVOS17.4.sdk/usr/bin/swift-plugin-server -external-plugin-path /Applications/Xcode-15.3.0.app/Contents/Developer/Platforms/AppleTVOS.platform/Developer/SDKs/AppleTVOS17.4.sdk/usr/local/lib/swift/host/plugins#/Applications/Xcode-15.3.0.app/Contents/Developer/Platforms/AppleTVOS.platform/Developer/SDKs/AppleTVOS17.4.sdk/usr/bin/swift-plugin-server -external-plugin-path /Applications/Xcode-15.3.0.app/Contents/Developer/Platforms/AppleTVOS.platform/Developer/usr/lib/swift/host/plugins#/Applications/Xcode-15.3.0.app/Contents/Developer/Platforms/AppleTVOS.platform/Developer/usr/bin/swift-plugin-server -external-plugin-path /Applications/Xcode-15.3.0.app/Contents/Developer/Platforms/AppleTVOS.platform/Developer/usr/local/lib/swift/host/plugins#/Applications/Xcode-15.3.0.app/Contents/Developer/Platforms/AppleTVOS.platform/Developer/usr/bin/swift-plugin-server -plugin-path /Library/Developer/Toolchains/swift-6.0-DEVELOPMENT-SNAPSHOT-2024-05-26-a.xctoolchain/usr/lib/swift/host/plugins -plugin-path /Library/Developer/Toolchains/swift-6.0-DEVELOPMENT-SNAPSHOT-2024-05-26-a.xctoolchain/usr/local/lib/swift/host/plugins -o /Users/admin/builder/spi-builder-workspace/.derivedData/Build/Intermediates.noindex/SwiftCollections.build/Debug-appletvos/SwiftCollectionsTests.build/Objects-normal/arm64/RBDictionaryTest.o -index-unit-output-path /SwiftCollections.build/Debug-appletvos/SwiftCollectionsTests.build/Objects-normal/arm64/RBDictionaryTest.o -index-store-path /Users/admin/builder/spi-builder-workspace/.derivedData/Index.noindex/DataStore -index-system-modules
1.	Apple Swift version 6.0-dev (LLVM 4b0b1f9e1a69523, Swift 91a3abcf816bc36)
2.	Compiling with effective version 5.10
3.	While evaluating request ASTLoweringRequest(Lowering AST to SIL for file "/Users/admin/builder/spi-builder-workspace/Tests/SwiftCollectionsTests/RBDictionaryTest.swift")
4.	While silgen emitFunction SIL function "@$s21SwiftCollectionsTests012RBDictionaryC0C8testBaseyyKF".
 for 'testBase()' (at /Users/admin/builder/spi-builder-workspace/Tests/SwiftCollectionsTests/RBDictionaryTest.swift:6:5)
Stack dump without symbol names (ensure you have llvm-symbolizer in your PATH or set the environment var `LLVM_SYMBOLIZER_PATH` to point to it):
0  swift-frontend           0x0000000108017bf0 llvm::sys::PrintStackTrace(llvm::raw_ostream&, int) + 56
1  swift-frontend           0x00000001080163bc llvm::sys::RunSignalHandlers() + 112
2  swift-frontend           0x0000000108018238 SignalHandler(int) + 304
3  libsystem_platform.dylib 0x00000001875dda24 _sigtramp + 56
4  libsystem_pthread.dylib  0x00000001875adcc0 pthread_kill + 288
5  libsystem_c.dylib        0x00000001874b9a40 abort + 180
6  libsystem_c.dylib        0x00000001874b8d30 err + 0
7  swift-frontend           0x0000000108111704 swift::Lowering::SILGenFunction::emitApply(std::__1::unique_ptr<swift::Lowering::ResultPlan, std::__1::default_delete<swift::Lowering::ResultPlan>>&&, swift::Lowering::ArgumentScope&&, swift::SILLocation, swift::Lowering::ManagedValue, swift::SubstitutionMap, llvm::ArrayRef<swift::Lowering::ManagedValue>, swift::Lowering::CalleeTypeInfo const&, swift::optionset::OptionSet<swift::ApplyFlags, unsigned char>, swift::Lowering::SGFContext, std::__1::optional<swift::ActorIsolation>) (.cold.21) + 0
8  swift-frontend           0x00000001031b12a8 swift::Lowering::SILGenFunction::emitApply(std::__1::unique_ptr<swift::Lowering::ResultPlan, std::__1::default_delete<swift::Lowering::ResultPlan>>&&, swift::Lowering::ArgumentScope&&, swift::SILLocation, swift::Lowering::ManagedValue, swift::SubstitutionMap, llvm::ArrayRef<swift::Lowering::ManagedValue>, swift::Lowering::CalleeTypeInfo const&, swift::optionset::OptionSet<swift::ApplyFlags, unsigned char>, swift::Lowering::SGFContext, std::__1::optional<swift::ActorIsolation>) + 552
9  swift-frontend           0x00000001031b6ae8 (anonymous namespace)::CallEmission::apply(swift::Lowering::SGFContext) + 2028
10 swift-frontend           0x00000001031aeff0 swift::Lowering::SILGenFunction::emitApplyAllocatingInitializer(swift::SILLocation, swift::ConcreteDeclRef, swift::Lowering::PreparedArguments&&, swift::Type, swift::Lowering::SGFContext) + 2008
11 swift-frontend           0x0000000103225ac8 (anonymous namespace)::RValueEmitter::visitCollectionExpr(swift::CollectionExpr*, swift::Lowering::SGFContext) + 1852
12 swift-frontend           0x000000010320c168 swift::Lowering::SILGenFunction::emitExprInto(swift::Expr*, swift::Lowering::Initialization*, std::__1::optional<swift::SILLocation>) + 156
13 swift-frontend           0x00000001031fa2dc swift::Lowering::SILGenFunction::emitPatternBinding(swift::PatternBindingDecl*, unsigned int, bool) + 1304
14 swift-frontend           0x00000001032003c4 swift::ASTVisitor<swift::Lowering::SILGenFunction, void, void, void, void, void, void>::visit(swift::Decl*) + 180
15 swift-frontend           0x00000001032a2294 swift::ASTVisitor<(anonymous namespace)::StmtEmitter, void, void, void, void, void, void>::visit(swift::Stmt*) + 4196
16 swift-frontend           0x00000001032a1224 swift::Lowering::SILGenFunction::emitStmt(swift::Stmt*) + 24
17 swift-frontend           0x0000000103230ef0 swift::Lowering::SILGenFunction::emitFunction(swift::FuncDecl*) + 432
18 swift-frontend           0x00000001031a33c8 swift::Lowering::SILGenModule::emitFunctionDefinition(swift::SILDeclRef, swift::SILFunction*) + 6324
19 swift-frontend           0x00000001031a425c swift::Lowering::SILGenModule::emitOrDelayFunction(swift::SILDeclRef) + 252
20 swift-frontend           0x00000001031a1adc swift::Lowering::SILGenModule::emitFunction(swift::FuncDecl*) + 196
21 swift-frontend           0x00000001032b5f3c (anonymous namespace)::SILGenType::visitFuncDecl(swift::FuncDecl*) + 28
22 swift-frontend           0x00000001032b2e88 (anonymous namespace)::SILGenType::emitType() + 276
23 swift-frontend           0x00000001032b2d68 swift::Lowering::SILGenModule::visitNominalTypeDecl(swift::NominalTypeDecl*) + 24
24 swift-frontend           0x00000001031a6b74 swift::ASTLoweringRequest::evaluate(swift::Evaluator&, swift::ASTLoweringDescriptor) const + 880
25 swift-frontend           0x00000001032a0c7c swift::SimpleRequest<swift::ASTLoweringRequest, std::__1::unique_ptr<swift::SILModule, std::__1::default_delete<swift::SILModule>> (swift::ASTLoweringDescriptor), (swift::RequestFlags)9>::evaluateRequest(swift::ASTLoweringRequest const&, swift::Evaluator&) + 148
26 swift-frontend           0x00000001031ac468 swift::ASTLoweringRequest::OutputType swift::Evaluator::getResultUncached<swift::ASTLoweringRequest, swift::ASTLoweringRequest::OutputType swift::evaluateOrFatal<swift::ASTLoweringRequest>(swift::Evaluator&, swift::ASTLoweringRequest)::'lambda'()>(swift::ASTLoweringRequest const&, swift::ASTLoweringRequest::OutputType swift::evaluateOrFatal<swift::ASTLoweringRequest>(swift::Evaluator&, swift::ASTLoweringRequest)::'lambda'()) + 340
27 swift-frontend           0x00000001031a7478 swift::performASTLowering(swift::FileUnit&, swift::Lowering::TypeConverter&, swift::SILOptions const&, swift::IRGenOptions const*) + 96
28 swift-frontend           0x0000000102b90f00 swift::performCompileStepsPostSema(swift::CompilerInstance&, int&, swift::FrontendObserver*) + 604
29 swift-frontend           0x0000000102ba2248 withSemanticAnalysis(swift::CompilerInstance&, swift::FrontendObserver*, llvm::function_ref<bool (swift::CompilerInstance&)>, bool) + 160
30 swift-frontend           0x0000000102b93590 performCompile(swift::CompilerInstance&, int&, swift::FrontendObserver*) + 708
31 swift-frontend           0x0000000102b924fc swift::performFrontend(llvm::ArrayRef<char const*>, char const*, void*, swift::FrontendObserver*) + 2388
32 swift-frontend           0x00000001029ac3b0 swift::mainEntry(int, char const**) + 3096
33 dyld                     0x000000018722d0e0 start + 2360
Command SwiftCompile failed with a nonzero exit code
SwiftCompile normal arm64 /Users/admin/builder/spi-builder-workspace/Tests/SwiftCollectionsTests/RBDictionaryTest.swift (in target 'SwiftCollectionsTests' from project 'SwiftCollections')
    cd /Users/admin/builder/spi-builder-workspace
    /Library/Developer/Toolchains/swift-6.0-DEVELOPMENT-SNAPSHOT-2024-05-26-a.xctoolchain/usr/bin/swift-frontend -c /Users/admin/builder/spi-builder-workspace/Tests/SwiftCollectionsTests/BidirectionalListTests.swift /Users/admin/builder/spi-builder-workspace/Tests/SwiftCollectionsTests/CircularListTests.swift /Users/admin/builder/spi-builder-workspace/Tests/SwiftCollectionsTests/ListTest.swift -primary-file /Users/admin/builder/spi-builder-workspace/Tests/SwiftCollectionsTests/RBDictionaryTest.swift /Users/admin/builder/spi-builder-workspace/Tests/SwiftCollectionsTests/RBSetTest.swift /Users/admin/builder/spi-builder-workspace/Tests/SwiftCollectionsTests/XCTestManifests.swift -emit-dependencies-path /Users/admin/builder/spi-builder-workspace/.derivedData/Build/Intermediates.noindex/SwiftCollections.build/Debug-appletvos/SwiftCollectionsTests.build/Objects-normal/arm64/RBDictionaryTest.d -emit-const-values-path /Users/admin/builder/spi-builder-workspace/.derivedData/Build/Intermediates.noindex/SwiftCollections.build/Debug-appletvos/SwiftCollectionsTests.build/Objects-normal/arm64/RBDictionaryTest.swiftconstvalues -emit-reference-dependencies-path /Users/admin/builder/spi-builder-workspace/.derivedData/Build/Intermediates.noindex/SwiftCollections.build/Debug-appletvos/SwiftCollectionsTests.build/Objects-normal/arm64/RBDictionaryTest.swiftdeps -serialize-diagnostics-path /Users/admin/builder/spi-builder-workspace/.derivedData/Build/Intermediates.noindex/SwiftCollections.build/Debug-appletvos/SwiftCollectionsTests.build/Objects-normal/arm64/RBDictionaryTest.dia -target arm64-apple-tvos13.0 -Xllvm -aarch64-use-tbi -enable-objc-interop -sdk /Applications/Xcode-15.3.0.app/Contents/Developer/Platforms/AppleTVOS.platform/Developer/SDKs/AppleTVOS17.4.sdk -I /Users/admin/builder/spi-builder-workspace/.derivedData/Build/Products/Debug-appletvos -I /Applications/Xcode-15.3.0.app/Contents/Developer/Platforms/AppleTVOS.platform/Developer/usr/lib -F /Users/admin/builder/spi-builder-workspace/.derivedData/Build/Products/Debug-appletvos/PackageFrameworks -F /Users/admin/builder/spi-builder-workspace/.derivedData/Build/Products/Debug-appletvos -F /Applications/Xcode-15.3.0.app/Contents/Developer/Platforms/AppleTVOS.platform/Developer/Library/Frameworks -F /Applications/Xcode-15.3.0.app/Contents/Developer/Platforms/AppleTVOS.platform/Developer/SDKs/AppleTVOS17.4.sdk/Developer/Library/Frameworks -no-color-diagnostics -enable-testing -g -module-cache-path /Users/admin/builder/spi-builder-workspace/.derivedData/ModuleCache.noindex -swift-version 5 -enforce-exclusivity\=checked -stats-output-dir /Users/admin/builder/spi-builder-workspace/.stats -Onone -D SWIFT_PACKAGE -D DEBUG -serialize-debugging-options -const-gather-protocols-file /Users/admin/builder/spi-builder-workspace/.derivedData/Build/Intermediates.noindex/SwiftCollections.build/Debug-appletvos/SwiftCollectionsTests.build/Objects-normal/arm64/SwiftCollectionsTests_const_extract_protocols.json -strict-concurrency\=complete -empty-abi-descriptor -validate-clang-modules-once -clang-build-session-file /Users/admin/builder/spi-builder-workspace/.derivedData/ModuleCache.noindex/Session.modulevalidation -Xcc -working-directory -Xcc /Users/admin/builder/spi-builder-workspace -resource-dir /Library/Developer/Toolchains/swift-6.0-DEVELOPMENT-SNAPSHOT-2024-05-26-a.xctoolchain/usr/lib/swift -enable-anonymous-context-mangled-names -Xcc -I/Users/admin/builder/spi-builder-workspace/.derivedData/Build/Products/Debug-appletvos/include -Xcc -I/Users/admin/builder/spi-builder-workspace/.derivedData/Build/Intermediates.noindex/SwiftCollections.build/Debug-appletvos/SwiftCollectionsTests.build/DerivedSources-normal/arm64 -Xcc -I/Users/admin/builder/spi-builder-workspace/.derivedData/Build/Intermediates.noindex/SwiftCollections.build/Debug-appletvos/SwiftCollectionsTests.build/DerivedSources/arm64 -Xcc -I/Users/admin/builder/spi-builder-workspace/.derivedData/Build/Intermediates.noindex/SwiftCollections.build/Debug-appletvos/SwiftCollectionsTests.build/DerivedSources -Xcc -DSWIFT_PACKAGE -Xcc -DDEBUG\=1 -module-name SwiftCollectionsTests -frontend-parseable-output -disable-clang-spi -target-sdk-version 17.4 -target-sdk-name appletvos17.4 -external-plugin-path /Applications/Xcode-15.3.0.app/Contents/Developer/Platforms/AppleTVOS.platform/Developer/SDKs/AppleTVOS17.4.sdk/usr/lib/swift/host/plugins\#/Applications/Xcode-15.3.0.app/Contents/Developer/Platforms/AppleTVOS.platform/Developer/SDKs/AppleTVOS17.4.sdk/usr/bin/swift-plugin-server -external-plugin-path /Applications/Xcode-15.3.0.app/Contents/Developer/Platforms/AppleTVOS.platform/Developer/SDKs/AppleTVOS17.4.sdk/usr/local/lib/swift/host/plugins\#/Applications/Xcode-15.3.0.app/Contents/Developer/Platforms/AppleTVOS.platform/Developer/SDKs/AppleTVOS17.4.sdk/usr/bin/swift-plugin-server -external-plugin-path /Applications/Xcode-15.3.0.app/Contents/Developer/Platforms/AppleTVOS.platform/Developer/usr/lib/swift/host/plugins\#/Applications/Xcode-15.3.0.app/Contents/Developer/Platforms/AppleTVOS.platform/Developer/usr/bin/swift-plugin-server -external-plugin-path /Applications/Xcode-15.3.0.app/Contents/Developer/Platforms/AppleTVOS.platform/Developer/usr/local/lib/swift/host/plugins\#/Applications/Xcode-15.3.0.app/Contents/Developer/Platforms/AppleTVOS.platform/Developer/usr/bin/swift-plugin-server -plugin-path /Library/Developer/Toolchains/swift-6.0-DEVELOPMENT-SNAPSHOT-2024-05-26-a.xctoolchain/usr/lib/swift/host/plugins -plugin-path /Library/Developer/Toolchains/swift-6.0-DEVELOPMENT-SNAPSHOT-2024-05-26-a.xctoolchain/usr/local/lib/swift/host/plugins -o /Users/admin/builder/spi-builder-workspace/.derivedData/Build/Intermediates.noindex/SwiftCollections.build/Debug-appletvos/SwiftCollectionsTests.build/Objects-normal/arm64/RBDictionaryTest.o -index-unit-output-path /SwiftCollections.build/Debug-appletvos/SwiftCollectionsTests.build/Objects-normal/arm64/RBDictionaryTest.o -index-store-path /Users/admin/builder/spi-builder-workspace/.derivedData/Index.noindex/DataStore -index-system-modules
note: Using global toolchain override 'Swift 6.0 Development Snapshot 2024-05-26 (a)'. (in target 'SwiftCollections' from project 'SwiftCollections')
note: Using global toolchain override 'Swift 6.0 Development Snapshot 2024-05-26 (a)'. (in target 'SwiftCollections' from project 'SwiftCollections')
** BUILD FAILED **
The following build commands failed:
	SwiftCompile normal arm64 Compiling\ RBDictionaryTest.swift /Users/admin/builder/spi-builder-workspace/Tests/SwiftCollectionsTests/RBDictionaryTest.swift (in target 'SwiftCollectionsTests' from project 'SwiftCollections')
(1 failure)
BUILD FAILURE 6.0 tvOS
This is a staging environment. For live and up-to-date package information, visit swiftpackageindex.com.