Build Information
Failed to build AnimatedSwipeCard with Swift 6.0 for tvOS using Xcode 16.0.
Build Command
env DEVELOPER_DIR=/Applications/Xcode-15.3.0.app xcrun --toolchain org.swift.600202405261a xcodebuild -IDEClonedSourcePackagesDirPathOverride=$workDir/.dependencies -skipMacroValidation -skipPackagePluginValidation -derivedDataPath $workDir/.derivedData build -scheme AnimatedSwipeCard -destination generic/platform=tvos OTHER_SWIFT_FLAGS=-stats-output-dir .stats -strict-concurrency=complete
Build Log
========================================
RunAll
========================================
Builder version: 4.40.0
Interrupt handler set up.
========================================
Checkout
========================================
Clone URL: https://github.com/arbyruns/AnimatedSwipeCard.git
Reference: main
Initialized empty Git repository in /Users/admin/builder/spi-builder-workspace/.git/
From https://github.com/arbyruns/AnimatedSwipeCard
* branch main -> FETCH_HEAD
* [new branch] main -> origin/main
HEAD is now at dbec682 Update README.md
Cloned https://github.com/arbyruns/AnimatedSwipeCard.git
Revision (git rev-parse @):
dbec682d76a4a1b0402fd028875e4d281ffaf109
SUCCESS checkout https://github.com/arbyruns/AnimatedSwipeCard.git at main
========================================
Build
========================================
Selected platform: tvOS
Swift version: 6.0
Building package at path: $workDir
https://github.com/arbyruns/AnimatedSwipeCard.git
Command line invocation:
/Applications/Xcode-15.3.0.app/Contents/Developer/usr/bin/xcodebuild -IDEClonedSourcePackagesDirPathOverride=/Users/admin/builder/spi-builder-workspace/.dependencies -resolvePackageDependencies
User defaults from command line:
IDEClonedSourcePackagesDirPathOverride = /Users/admin/builder/spi-builder-workspace/.dependencies
IDEPackageSupportToolchainOverrideForManifestLoading = org.swift.600202405261a
IDEPackageSupportUseBuiltinSCM = YES
Build settings from command line:
TOOLCHAINS = org.swift.600202405261a
Resolve Package Graph
Resolved source packages:
AnimatedSwipeCard: /Users/admin/builder/spi-builder-workspace
resolved source packages: AnimatedSwipeCard
{
"dependencies" : [
],
"manifest_display_name" : "AnimatedSwipeCard",
"name" : "AnimatedSwipeCard",
"path" : "/Users/admin/builder/spi-builder-workspace",
"platforms" : [
],
"products" : [
{
"name" : "AnimatedSwipeCard",
"targets" : [
"AnimatedSwipeCard"
],
"type" : {
"library" : [
"automatic"
]
}
}
],
"targets" : [
{
"c99name" : "AnimatedSwipeCard",
"module_type" : "SwiftTarget",
"name" : "AnimatedSwipeCard",
"path" : "Sources/AnimatedSwipeCard",
"product_memberships" : [
"AnimatedSwipeCard"
],
"sources" : [
"CardRowView.swift",
"Haptics.swift"
],
"type" : "library"
}
],
"tools_version" : "5.6"
}
{
"workspace" : {
"name" : "spi-builder-workspace",
"schemes" : [
"AnimatedSwipeCard"
]
}
}
Running build ...
env DEVELOPER_DIR=/Applications/Xcode-15.3.0.app xcrun --toolchain org.swift.600202405261a xcodebuild -IDEClonedSourcePackagesDirPathOverride=$workDir/.dependencies -skipMacroValidation -skipPackagePluginValidation -derivedDataPath $workDir/.derivedData build -scheme AnimatedSwipeCard -destination generic/platform=tvos OTHER_SWIFT_FLAGS=-stats-output-dir .stats -strict-concurrency=complete
Command line invocation:
/Applications/Xcode-15.3.0.app/Contents/Developer/usr/bin/xcodebuild -IDEClonedSourcePackagesDirPathOverride=/Users/admin/builder/spi-builder-workspace/.dependencies -skipMacroValidation -skipPackagePluginValidation -derivedDataPath /Users/admin/builder/spi-builder-workspace/.derivedData build -scheme AnimatedSwipeCard -destination generic/platform=tvos "OTHER_SWIFT_FLAGS=-stats-output-dir .stats -strict-concurrency=complete"
User defaults from command line:
IDEClonedSourcePackagesDirPathOverride = /Users/admin/builder/spi-builder-workspace/.dependencies
IDEDerivedDataPathOverride = /Users/admin/builder/spi-builder-workspace/.derivedData
IDEPackageSupportToolchainOverrideForManifestLoading = org.swift.600202405261a
IDEPackageSupportUseBuiltinSCM = YES
Build settings from command line:
OTHER_SWIFT_FLAGS = -stats-output-dir .stats -strict-concurrency=complete
TOOLCHAINS = org.swift.600202405261a
Resolve Package Graph
Resolved source packages:
AnimatedSwipeCard: /Users/admin/builder/spi-builder-workspace
Prepare packages
ComputeTargetDependencyGraph
note: Building targets in dependency order
note: Target dependency graph (2 targets)
Target 'AnimatedSwipeCard' in project 'AnimatedSwipeCard'
➜ Explicit dependency on target 'AnimatedSwipeCard' in project 'AnimatedSwipeCard'
Target 'AnimatedSwipeCard' in project 'AnimatedSwipeCard' (no dependencies)
GatherProvisioningInputs
CreateBuildDescription
ExecuteExternalTool /Library/Developer/Toolchains/swift-6.0-DEVELOPMENT-SNAPSHOT-2024-05-26-a.xctoolchain/usr/bin/clang -v -E -dM -isysroot /Applications/Xcode-15.3.0.app/Contents/Developer/Platforms/AppleTVOS.platform/Developer/SDKs/AppleTVOS17.4.sdk -x c -c /dev/null
ExecuteExternalTool /Library/Developer/Toolchains/swift-6.0-DEVELOPMENT-SNAPSHOT-2024-05-26-a.xctoolchain/usr/bin/swiftc -v
ExecuteExternalTool /Library/Developer/Toolchains/swift-6.0-DEVELOPMENT-SNAPSHOT-2024-05-26-a.xctoolchain/usr/bin/ld -version_details
Build description signature: d9e2c9fb8ce32ee67af97fd91523e4d0
Build description path: /Users/admin/builder/spi-builder-workspace/.derivedData/Build/Intermediates.noindex/XCBuildData/d9e2c9fb8ce32ee67af97fd91523e4d0.xcbuilddata
note: Using global toolchain override 'Swift 6.0 Development Snapshot 2024-05-26 (a)'.
CreateBuildDirectory /Users/admin/builder/spi-builder-workspace/.derivedData/Build/Products
cd /Users/admin/builder/spi-builder-workspace/.swiftpm/xcode
builtin-create-build-directory /Users/admin/builder/spi-builder-workspace/.derivedData/Build/Products
CreateBuildDirectory /Users/admin/builder/spi-builder-workspace/.derivedData/Build/Intermediates.noindex
cd /Users/admin/builder/spi-builder-workspace/.swiftpm/xcode
builtin-create-build-directory /Users/admin/builder/spi-builder-workspace/.derivedData/Build/Intermediates.noindex
CreateBuildDirectory /Users/admin/builder/spi-builder-workspace/.derivedData/Build/Products/Debug-appletvos
cd /Users/admin/builder/spi-builder-workspace/.swiftpm/xcode
builtin-create-build-directory /Users/admin/builder/spi-builder-workspace/.derivedData/Build/Products/Debug-appletvos
CreateBuildDirectory /Users/admin/builder/spi-builder-workspace/.derivedData/Build/Intermediates.noindex/EagerLinkingTBDs/Debug-appletvos
cd /Users/admin/builder/spi-builder-workspace/.swiftpm/xcode
builtin-create-build-directory /Users/admin/builder/spi-builder-workspace/.derivedData/Build/Intermediates.noindex/EagerLinkingTBDs/Debug-appletvos
CreateBuildDirectory /Users/admin/builder/spi-builder-workspace/.derivedData/Build/Products/Debug-appletvos/PackageFrameworks
cd /Users/admin/builder/spi-builder-workspace/.swiftpm/xcode
builtin-create-build-directory /Users/admin/builder/spi-builder-workspace/.derivedData/Build/Products/Debug-appletvos/PackageFrameworks
note: Using global toolchain override 'Swift 6.0 Development Snapshot 2024-05-26 (a)'. (in target 'AnimatedSwipeCard' from project 'AnimatedSwipeCard')
WriteAuxiliaryFile /Users/admin/builder/spi-builder-workspace/.derivedData/Build/Intermediates.noindex/AnimatedSwipeCard.build/Debug-appletvos/AnimatedSwipeCard.build/AnimatedSwipeCard.modulemap (in target 'AnimatedSwipeCard' from project 'AnimatedSwipeCard')
cd /Users/admin/builder/spi-builder-workspace
write-file /Users/admin/builder/spi-builder-workspace/.derivedData/Build/Intermediates.noindex/AnimatedSwipeCard.build/Debug-appletvos/AnimatedSwipeCard.build/AnimatedSwipeCard.modulemap
Copy /Users/admin/builder/spi-builder-workspace/.derivedData/Build/Intermediates.noindex/GeneratedModuleMaps-appletvos/AnimatedSwipeCard.modulemap /Users/admin/builder/spi-builder-workspace/.derivedData/Build/Intermediates.noindex/AnimatedSwipeCard.build/Debug-appletvos/AnimatedSwipeCard.build/AnimatedSwipeCard.modulemap (in target 'AnimatedSwipeCard' from project 'AnimatedSwipeCard')
cd /Users/admin/builder/spi-builder-workspace
builtin-copy -exclude .DS_Store -exclude CVS -exclude .svn -exclude .git -exclude .hg -resolve-src-symlinks /Users/admin/builder/spi-builder-workspace/.derivedData/Build/Intermediates.noindex/AnimatedSwipeCard.build/Debug-appletvos/AnimatedSwipeCard.build/AnimatedSwipeCard.modulemap /Users/admin/builder/spi-builder-workspace/.derivedData/Build/Intermediates.noindex/GeneratedModuleMaps-appletvos
WriteAuxiliaryFile /Users/admin/builder/spi-builder-workspace/.derivedData/Build/Intermediates.noindex/AnimatedSwipeCard.build/Debug-appletvos/AnimatedSwipeCard.build/Objects-normal/arm64/AnimatedSwipeCard.LinkFileList (in target 'AnimatedSwipeCard' from project 'AnimatedSwipeCard')
cd /Users/admin/builder/spi-builder-workspace
write-file /Users/admin/builder/spi-builder-workspace/.derivedData/Build/Intermediates.noindex/AnimatedSwipeCard.build/Debug-appletvos/AnimatedSwipeCard.build/Objects-normal/arm64/AnimatedSwipeCard.LinkFileList
WriteAuxiliaryFile /Users/admin/builder/spi-builder-workspace/.derivedData/Build/Intermediates.noindex/AnimatedSwipeCard.build/Debug-appletvos/AnimatedSwipeCard.build/Objects-normal/arm64/AnimatedSwipeCard_const_extract_protocols.json (in target 'AnimatedSwipeCard' from project 'AnimatedSwipeCard')
cd /Users/admin/builder/spi-builder-workspace
write-file /Users/admin/builder/spi-builder-workspace/.derivedData/Build/Intermediates.noindex/AnimatedSwipeCard.build/Debug-appletvos/AnimatedSwipeCard.build/Objects-normal/arm64/AnimatedSwipeCard_const_extract_protocols.json
WriteAuxiliaryFile /Users/admin/builder/spi-builder-workspace/.derivedData/Build/Intermediates.noindex/AnimatedSwipeCard.build/Debug-appletvos/AnimatedSwipeCard.build/Objects-normal/arm64/AnimatedSwipeCard.SwiftFileList (in target 'AnimatedSwipeCard' from project 'AnimatedSwipeCard')
cd /Users/admin/builder/spi-builder-workspace
write-file /Users/admin/builder/spi-builder-workspace/.derivedData/Build/Intermediates.noindex/AnimatedSwipeCard.build/Debug-appletvos/AnimatedSwipeCard.build/Objects-normal/arm64/AnimatedSwipeCard.SwiftFileList
WriteAuxiliaryFile /Users/admin/builder/spi-builder-workspace/.derivedData/Build/Intermediates.noindex/AnimatedSwipeCard.build/Debug-appletvos/AnimatedSwipeCard.build/Objects-normal/arm64/AnimatedSwipeCard-OutputFileMap.json (in target 'AnimatedSwipeCard' from project 'AnimatedSwipeCard')
cd /Users/admin/builder/spi-builder-workspace
write-file /Users/admin/builder/spi-builder-workspace/.derivedData/Build/Intermediates.noindex/AnimatedSwipeCard.build/Debug-appletvos/AnimatedSwipeCard.build/Objects-normal/arm64/AnimatedSwipeCard-OutputFileMap.json
SwiftDriver AnimatedSwipeCard normal arm64 com.apple.xcode.tools.swift.compiler (in target 'AnimatedSwipeCard' from project 'AnimatedSwipeCard')
cd /Users/admin/builder/spi-builder-workspace
builtin-SwiftDriver -- /Library/Developer/Toolchains/swift-6.0-DEVELOPMENT-SNAPSHOT-2024-05-26-a.xctoolchain/usr/bin/swiftc -module-name AnimatedSwipeCard -Onone -enforce-exclusivity\=checked @/Users/admin/builder/spi-builder-workspace/.derivedData/Build/Intermediates.noindex/AnimatedSwipeCard.build/Debug-appletvos/AnimatedSwipeCard.build/Objects-normal/arm64/AnimatedSwipeCard.SwiftFileList -DSWIFT_PACKAGE -DDEBUG -stats-output-dir .stats -strict-concurrency\=complete -sdk /Applications/Xcode-15.3.0.app/Contents/Developer/Platforms/AppleTVOS.platform/Developer/SDKs/AppleTVOS17.4.sdk -target arm64-apple-tvos12.0 -g -module-cache-path /Users/admin/builder/spi-builder-workspace/.derivedData/ModuleCache.noindex -Xfrontend -serialize-debugging-options -enable-testing -index-store-path /Users/admin/builder/spi-builder-workspace/.derivedData/Index.noindex/DataStore -swift-version 5 -I /Users/admin/builder/spi-builder-workspace/.derivedData/Build/Products/Debug-appletvos -I /Applications/Xcode-15.3.0.app/Contents/Developer/Platforms/AppleTVOS.platform/Developer/usr/lib -F /Users/admin/builder/spi-builder-workspace/.derivedData/Build/Products/Debug-appletvos -F /Applications/Xcode-15.3.0.app/Contents/Developer/Platforms/AppleTVOS.platform/Developer/Library/Frameworks -F /Applications/Xcode-15.3.0.app/Contents/Developer/Platforms/AppleTVOS.platform/Developer/SDKs/AppleTVOS17.4.sdk/Developer/Library/Frameworks -c -j10 -enable-batch-mode -incremental -output-file-map /Users/admin/builder/spi-builder-workspace/.derivedData/Build/Intermediates.noindex/AnimatedSwipeCard.build/Debug-appletvos/AnimatedSwipeCard.build/Objects-normal/arm64/AnimatedSwipeCard-OutputFileMap.json -use-frontend-parseable-output -save-temps -no-color-diagnostics -serialize-diagnostics -emit-dependencies -emit-module -emit-module-path /Users/admin/builder/spi-builder-workspace/.derivedData/Build/Intermediates.noindex/AnimatedSwipeCard.build/Debug-appletvos/AnimatedSwipeCard.build/Objects-normal/arm64/AnimatedSwipeCard.swiftmodule -validate-clang-modules-once -clang-build-session-file /Users/admin/builder/spi-builder-workspace/.derivedData/ModuleCache.noindex/Session.modulevalidation -Xcc -I/Users/admin/builder/spi-builder-workspace/.derivedData/Build/Intermediates.noindex/AnimatedSwipeCard.build/Debug-appletvos/AnimatedSwipeCard.build/swift-overrides.hmap -emit-const-values -Xfrontend -const-gather-protocols-file -Xfrontend /Users/admin/builder/spi-builder-workspace/.derivedData/Build/Intermediates.noindex/AnimatedSwipeCard.build/Debug-appletvos/AnimatedSwipeCard.build/Objects-normal/arm64/AnimatedSwipeCard_const_extract_protocols.json -Xcc -I/Users/admin/builder/spi-builder-workspace/.derivedData/Build/Products/Debug-appletvos/include -Xcc -I/Users/admin/builder/spi-builder-workspace/.derivedData/Build/Intermediates.noindex/AnimatedSwipeCard.build/Debug-appletvos/AnimatedSwipeCard.build/DerivedSources-normal/arm64 -Xcc -I/Users/admin/builder/spi-builder-workspace/.derivedData/Build/Intermediates.noindex/AnimatedSwipeCard.build/Debug-appletvos/AnimatedSwipeCard.build/DerivedSources/arm64 -Xcc -I/Users/admin/builder/spi-builder-workspace/.derivedData/Build/Intermediates.noindex/AnimatedSwipeCard.build/Debug-appletvos/AnimatedSwipeCard.build/DerivedSources -Xcc -DSWIFT_PACKAGE -Xcc -DDEBUG\=1 -emit-objc-header -emit-objc-header-path /Users/admin/builder/spi-builder-workspace/.derivedData/Build/Intermediates.noindex/AnimatedSwipeCard.build/Debug-appletvos/AnimatedSwipeCard.build/Objects-normal/arm64/AnimatedSwipeCard-Swift.h -working-directory /Users/admin/builder/spi-builder-workspace -experimental-emit-module-separately -disable-cmo
SwiftCompile normal arm64 Compiling\ CardRowView.swift /Users/admin/builder/spi-builder-workspace/Sources/AnimatedSwipeCard/CardRowView.swift (in target 'AnimatedSwipeCard' from project 'AnimatedSwipeCard')
cd /Users/admin/builder/spi-builder-workspace
builtin-swiftTaskExecution -- /Library/Developer/Toolchains/swift-6.0-DEVELOPMENT-SNAPSHOT-2024-05-26-a.xctoolchain/usr/bin/swift-frontend -frontend -c -primary-file /Users/admin/builder/spi-builder-workspace/Sources/AnimatedSwipeCard/CardRowView.swift /Users/admin/builder/spi-builder-workspace/Sources/AnimatedSwipeCard/Haptics.swift -emit-dependencies-path /Users/admin/builder/spi-builder-workspace/.derivedData/Build/Intermediates.noindex/AnimatedSwipeCard.build/Debug-appletvos/AnimatedSwipeCard.build/Objects-normal/arm64/CardRowView.d -emit-const-values-path /Users/admin/builder/spi-builder-workspace/.derivedData/Build/Intermediates.noindex/AnimatedSwipeCard.build/Debug-appletvos/AnimatedSwipeCard.build/Objects-normal/arm64/CardRowView.swiftconstvalues -emit-reference-dependencies-path /Users/admin/builder/spi-builder-workspace/.derivedData/Build/Intermediates.noindex/AnimatedSwipeCard.build/Debug-appletvos/AnimatedSwipeCard.build/Objects-normal/arm64/CardRowView.swiftdeps -serialize-diagnostics-path /Users/admin/builder/spi-builder-workspace/.derivedData/Build/Intermediates.noindex/AnimatedSwipeCard.build/Debug-appletvos/AnimatedSwipeCard.build/Objects-normal/arm64/CardRowView.dia -target arm64-apple-tvos12.0 -Xllvm -aarch64-use-tbi -enable-objc-interop -sdk /Applications/Xcode-15.3.0.app/Contents/Developer/Platforms/AppleTVOS.platform/Developer/SDKs/AppleTVOS17.4.sdk -I /Users/admin/builder/spi-builder-workspace/.derivedData/Build/Products/Debug-appletvos -I /Applications/Xcode-15.3.0.app/Contents/Developer/Platforms/AppleTVOS.platform/Developer/usr/lib -F /Users/admin/builder/spi-builder-workspace/.derivedData/Build/Products/Debug-appletvos -F /Applications/Xcode-15.3.0.app/Contents/Developer/Platforms/AppleTVOS.platform/Developer/Library/Frameworks -F /Applications/Xcode-15.3.0.app/Contents/Developer/Platforms/AppleTVOS.platform/Developer/SDKs/AppleTVOS17.4.sdk/Developer/Library/Frameworks -no-color-diagnostics -enable-testing -g -module-cache-path /Users/admin/builder/spi-builder-workspace/.derivedData/ModuleCache.noindex -swift-version 5 -enforce-exclusivity\=checked -stats-output-dir /Users/admin/builder/spi-builder-workspace/.stats -Onone -D SWIFT_PACKAGE -D DEBUG -serialize-debugging-options -const-gather-protocols-file /Users/admin/builder/spi-builder-workspace/.derivedData/Build/Intermediates.noindex/AnimatedSwipeCard.build/Debug-appletvos/AnimatedSwipeCard.build/Objects-normal/arm64/AnimatedSwipeCard_const_extract_protocols.json -strict-concurrency\=complete -empty-abi-descriptor -validate-clang-modules-once -clang-build-session-file /Users/admin/builder/spi-builder-workspace/.derivedData/ModuleCache.noindex/Session.modulevalidation -Xcc -working-directory -Xcc /Users/admin/builder/spi-builder-workspace -resource-dir /Library/Developer/Toolchains/swift-6.0-DEVELOPMENT-SNAPSHOT-2024-05-26-a.xctoolchain/usr/lib/swift -enable-anonymous-context-mangled-names -Xcc -I/Users/admin/builder/spi-builder-workspace/.derivedData/Build/Intermediates.noindex/AnimatedSwipeCard.build/Debug-appletvos/AnimatedSwipeCard.build/swift-overrides.hmap -Xcc -I/Users/admin/builder/spi-builder-workspace/.derivedData/Build/Products/Debug-appletvos/include -Xcc -I/Users/admin/builder/spi-builder-workspace/.derivedData/Build/Intermediates.noindex/AnimatedSwipeCard.build/Debug-appletvos/AnimatedSwipeCard.build/DerivedSources-normal/arm64 -Xcc -I/Users/admin/builder/spi-builder-workspace/.derivedData/Build/Intermediates.noindex/AnimatedSwipeCard.build/Debug-appletvos/AnimatedSwipeCard.build/DerivedSources/arm64 -Xcc -I/Users/admin/builder/spi-builder-workspace/.derivedData/Build/Intermediates.noindex/AnimatedSwipeCard.build/Debug-appletvos/AnimatedSwipeCard.build/DerivedSources -Xcc -DSWIFT_PACKAGE -Xcc -DDEBUG\=1 -module-name AnimatedSwipeCard -frontend-parseable-output -disable-clang-spi -target-sdk-version 17.4 -target-sdk-name appletvos17.4 -external-plugin-path /Applications/Xcode-15.3.0.app/Contents/Developer/Platforms/AppleTVOS.platform/Developer/SDKs/AppleTVOS17.4.sdk/usr/lib/swift/host/plugins\#/Applications/Xcode-15.3.0.app/Contents/Developer/Platforms/AppleTVOS.platform/Developer/SDKs/AppleTVOS17.4.sdk/usr/bin/swift-plugin-server -external-plugin-path /Applications/Xcode-15.3.0.app/Contents/Developer/Platforms/AppleTVOS.platform/Developer/SDKs/AppleTVOS17.4.sdk/usr/local/lib/swift/host/plugins\#/Applications/Xcode-15.3.0.app/Contents/Developer/Platforms/AppleTVOS.platform/Developer/SDKs/AppleTVOS17.4.sdk/usr/bin/swift-plugin-server -external-plugin-path /Applications/Xcode-15.3.0.app/Contents/Developer/Platforms/AppleTVOS.platform/Developer/usr/lib/swift/host/plugins\#/Applications/Xcode-15.3.0.app/Contents/Developer/Platforms/AppleTVOS.platform/Developer/usr/bin/swift-plugin-server -external-plugin-path /Applications/Xcode-15.3.0.app/Contents/Developer/Platforms/AppleTVOS.platform/Developer/usr/local/lib/swift/host/plugins\#/Applications/Xcode-15.3.0.app/Contents/Developer/Platforms/AppleTVOS.platform/Developer/usr/bin/swift-plugin-server -plugin-path /Library/Developer/Toolchains/swift-6.0-DEVELOPMENT-SNAPSHOT-2024-05-26-a.xctoolchain/usr/lib/swift/host/plugins -plugin-path /Library/Developer/Toolchains/swift-6.0-DEVELOPMENT-SNAPSHOT-2024-05-26-a.xctoolchain/usr/local/lib/swift/host/plugins -o /Users/admin/builder/spi-builder-workspace/.derivedData/Build/Intermediates.noindex/AnimatedSwipeCard.build/Debug-appletvos/AnimatedSwipeCard.build/Objects-normal/arm64/CardRowView.o -index-unit-output-path /AnimatedSwipeCard.build/Debug-appletvos/AnimatedSwipeCard.build/Objects-normal/arm64/CardRowView.o -index-store-path /Users/admin/builder/spi-builder-workspace/.derivedData/Index.noindex/DataStore -index-system-modules
SwiftCompile normal arm64 /Users/admin/builder/spi-builder-workspace/Sources/AnimatedSwipeCard/CardRowView.swift (in target 'AnimatedSwipeCard' from project 'AnimatedSwipeCard')
cd /Users/admin/builder/spi-builder-workspace
/Library/Developer/Toolchains/swift-6.0-DEVELOPMENT-SNAPSHOT-2024-05-26-a.xctoolchain/usr/bin/swift-frontend -c -primary-file /Users/admin/builder/spi-builder-workspace/Sources/AnimatedSwipeCard/CardRowView.swift /Users/admin/builder/spi-builder-workspace/Sources/AnimatedSwipeCard/Haptics.swift -emit-dependencies-path /Users/admin/builder/spi-builder-workspace/.derivedData/Build/Intermediates.noindex/AnimatedSwipeCard.build/Debug-appletvos/AnimatedSwipeCard.build/Objects-normal/arm64/CardRowView.d -emit-const-values-path /Users/admin/builder/spi-builder-workspace/.derivedData/Build/Intermediates.noindex/AnimatedSwipeCard.build/Debug-appletvos/AnimatedSwipeCard.build/Objects-normal/arm64/CardRowView.swiftconstvalues -emit-reference-dependencies-path /Users/admin/builder/spi-builder-workspace/.derivedData/Build/Intermediates.noindex/AnimatedSwipeCard.build/Debug-appletvos/AnimatedSwipeCard.build/Objects-normal/arm64/CardRowView.swiftdeps -serialize-diagnostics-path /Users/admin/builder/spi-builder-workspace/.derivedData/Build/Intermediates.noindex/AnimatedSwipeCard.build/Debug-appletvos/AnimatedSwipeCard.build/Objects-normal/arm64/CardRowView.dia -target arm64-apple-tvos12.0 -Xllvm -aarch64-use-tbi -enable-objc-interop -sdk /Applications/Xcode-15.3.0.app/Contents/Developer/Platforms/AppleTVOS.platform/Developer/SDKs/AppleTVOS17.4.sdk -I /Users/admin/builder/spi-builder-workspace/.derivedData/Build/Products/Debug-appletvos -I /Applications/Xcode-15.3.0.app/Contents/Developer/Platforms/AppleTVOS.platform/Developer/usr/lib -F /Users/admin/builder/spi-builder-workspace/.derivedData/Build/Products/Debug-appletvos -F /Applications/Xcode-15.3.0.app/Contents/Developer/Platforms/AppleTVOS.platform/Developer/Library/Frameworks -F /Applications/Xcode-15.3.0.app/Contents/Developer/Platforms/AppleTVOS.platform/Developer/SDKs/AppleTVOS17.4.sdk/Developer/Library/Frameworks -no-color-diagnostics -enable-testing -g -module-cache-path /Users/admin/builder/spi-builder-workspace/.derivedData/ModuleCache.noindex -swift-version 5 -enforce-exclusivity\=checked -stats-output-dir /Users/admin/builder/spi-builder-workspace/.stats -Onone -D SWIFT_PACKAGE -D DEBUG -serialize-debugging-options -const-gather-protocols-file /Users/admin/builder/spi-builder-workspace/.derivedData/Build/Intermediates.noindex/AnimatedSwipeCard.build/Debug-appletvos/AnimatedSwipeCard.build/Objects-normal/arm64/AnimatedSwipeCard_const_extract_protocols.json -strict-concurrency\=complete -empty-abi-descriptor -validate-clang-modules-once -clang-build-session-file /Users/admin/builder/spi-builder-workspace/.derivedData/ModuleCache.noindex/Session.modulevalidation -Xcc -working-directory -Xcc /Users/admin/builder/spi-builder-workspace -resource-dir /Library/Developer/Toolchains/swift-6.0-DEVELOPMENT-SNAPSHOT-2024-05-26-a.xctoolchain/usr/lib/swift -enable-anonymous-context-mangled-names -Xcc -I/Users/admin/builder/spi-builder-workspace/.derivedData/Build/Intermediates.noindex/AnimatedSwipeCard.build/Debug-appletvos/AnimatedSwipeCard.build/swift-overrides.hmap -Xcc -I/Users/admin/builder/spi-builder-workspace/.derivedData/Build/Products/Debug-appletvos/include -Xcc -I/Users/admin/builder/spi-builder-workspace/.derivedData/Build/Intermediates.noindex/AnimatedSwipeCard.build/Debug-appletvos/AnimatedSwipeCard.build/DerivedSources-normal/arm64 -Xcc -I/Users/admin/builder/spi-builder-workspace/.derivedData/Build/Intermediates.noindex/AnimatedSwipeCard.build/Debug-appletvos/AnimatedSwipeCard.build/DerivedSources/arm64 -Xcc -I/Users/admin/builder/spi-builder-workspace/.derivedData/Build/Intermediates.noindex/AnimatedSwipeCard.build/Debug-appletvos/AnimatedSwipeCard.build/DerivedSources -Xcc -DSWIFT_PACKAGE -Xcc -DDEBUG\=1 -module-name AnimatedSwipeCard -frontend-parseable-output -disable-clang-spi -target-sdk-version 17.4 -target-sdk-name appletvos17.4 -external-plugin-path /Applications/Xcode-15.3.0.app/Contents/Developer/Platforms/AppleTVOS.platform/Developer/SDKs/AppleTVOS17.4.sdk/usr/lib/swift/host/plugins\#/Applications/Xcode-15.3.0.app/Contents/Developer/Platforms/AppleTVOS.platform/Developer/SDKs/AppleTVOS17.4.sdk/usr/bin/swift-plugin-server -external-plugin-path /Applications/Xcode-15.3.0.app/Contents/Developer/Platforms/AppleTVOS.platform/Developer/SDKs/AppleTVOS17.4.sdk/usr/local/lib/swift/host/plugins\#/Applications/Xcode-15.3.0.app/Contents/Developer/Platforms/AppleTVOS.platform/Developer/SDKs/AppleTVOS17.4.sdk/usr/bin/swift-plugin-server -external-plugin-path /Applications/Xcode-15.3.0.app/Contents/Developer/Platforms/AppleTVOS.platform/Developer/usr/lib/swift/host/plugins\#/Applications/Xcode-15.3.0.app/Contents/Developer/Platforms/AppleTVOS.platform/Developer/usr/bin/swift-plugin-server -external-plugin-path /Applications/Xcode-15.3.0.app/Contents/Developer/Platforms/AppleTVOS.platform/Developer/usr/local/lib/swift/host/plugins\#/Applications/Xcode-15.3.0.app/Contents/Developer/Platforms/AppleTVOS.platform/Developer/usr/bin/swift-plugin-server -plugin-path /Library/Developer/Toolchains/swift-6.0-DEVELOPMENT-SNAPSHOT-2024-05-26-a.xctoolchain/usr/lib/swift/host/plugins -plugin-path /Library/Developer/Toolchains/swift-6.0-DEVELOPMENT-SNAPSHOT-2024-05-26-a.xctoolchain/usr/local/lib/swift/host/plugins -o /Users/admin/builder/spi-builder-workspace/.derivedData/Build/Intermediates.noindex/AnimatedSwipeCard.build/Debug-appletvos/AnimatedSwipeCard.build/Objects-normal/arm64/CardRowView.o -index-unit-output-path /AnimatedSwipeCard.build/Debug-appletvos/AnimatedSwipeCard.build/Objects-normal/arm64/CardRowView.o -index-store-path /Users/admin/builder/spi-builder-workspace/.derivedData/Index.noindex/DataStore -index-system-modules
SwiftEmitModule normal arm64 Emitting\ module\ for\ AnimatedSwipeCard (in target 'AnimatedSwipeCard' from project 'AnimatedSwipeCard')
cd /Users/admin/builder/spi-builder-workspace
builtin-swiftTaskExecution -- /Library/Developer/Toolchains/swift-6.0-DEVELOPMENT-SNAPSHOT-2024-05-26-a.xctoolchain/usr/bin/swift-frontend -frontend -emit-module -experimental-skip-non-inlinable-function-bodies-without-types /Users/admin/builder/spi-builder-workspace/Sources/AnimatedSwipeCard/CardRowView.swift /Users/admin/builder/spi-builder-workspace/Sources/AnimatedSwipeCard/Haptics.swift -target arm64-apple-tvos12.0 -Xllvm -aarch64-use-tbi -enable-objc-interop -sdk /Applications/Xcode-15.3.0.app/Contents/Developer/Platforms/AppleTVOS.platform/Developer/SDKs/AppleTVOS17.4.sdk -I /Users/admin/builder/spi-builder-workspace/.derivedData/Build/Products/Debug-appletvos -I /Applications/Xcode-15.3.0.app/Contents/Developer/Platforms/AppleTVOS.platform/Developer/usr/lib -F /Users/admin/builder/spi-builder-workspace/.derivedData/Build/Products/Debug-appletvos -F /Applications/Xcode-15.3.0.app/Contents/Developer/Platforms/AppleTVOS.platform/Developer/Library/Frameworks -F /Applications/Xcode-15.3.0.app/Contents/Developer/Platforms/AppleTVOS.platform/Developer/SDKs/AppleTVOS17.4.sdk/Developer/Library/Frameworks -no-color-diagnostics -enable-testing -g -module-cache-path /Users/admin/builder/spi-builder-workspace/.derivedData/ModuleCache.noindex -swift-version 5 -enforce-exclusivity\=checked -stats-output-dir /Users/admin/builder/spi-builder-workspace/.stats -Onone -D SWIFT_PACKAGE -D DEBUG -serialize-debugging-options -const-gather-protocols-file /Users/admin/builder/spi-builder-workspace/.derivedData/Build/Intermediates.noindex/AnimatedSwipeCard.build/Debug-appletvos/AnimatedSwipeCard.build/Objects-normal/arm64/AnimatedSwipeCard_const_extract_protocols.json -strict-concurrency\=complete -empty-abi-descriptor -validate-clang-modules-once -clang-build-session-file /Users/admin/builder/spi-builder-workspace/.derivedData/ModuleCache.noindex/Session.modulevalidation -Xcc -working-directory -Xcc /Users/admin/builder/spi-builder-workspace -resource-dir /Library/Developer/Toolchains/swift-6.0-DEVELOPMENT-SNAPSHOT-2024-05-26-a.xctoolchain/usr/lib/swift -enable-anonymous-context-mangled-names -Xcc -I/Users/admin/builder/spi-builder-workspace/.derivedData/Build/Intermediates.noindex/AnimatedSwipeCard.build/Debug-appletvos/AnimatedSwipeCard.build/swift-overrides.hmap -Xcc -I/Users/admin/builder/spi-builder-workspace/.derivedData/Build/Products/Debug-appletvos/include -Xcc -I/Users/admin/builder/spi-builder-workspace/.derivedData/Build/Intermediates.noindex/AnimatedSwipeCard.build/Debug-appletvos/AnimatedSwipeCard.build/DerivedSources-normal/arm64 -Xcc -I/Users/admin/builder/spi-builder-workspace/.derivedData/Build/Intermediates.noindex/AnimatedSwipeCard.build/Debug-appletvos/AnimatedSwipeCard.build/DerivedSources/arm64 -Xcc -I/Users/admin/builder/spi-builder-workspace/.derivedData/Build/Intermediates.noindex/AnimatedSwipeCard.build/Debug-appletvos/AnimatedSwipeCard.build/DerivedSources -Xcc -DSWIFT_PACKAGE -Xcc -DDEBUG\=1 -module-name AnimatedSwipeCard -disable-clang-spi -target-sdk-version 17.4 -target-sdk-name appletvos17.4 -external-plugin-path /Applications/Xcode-15.3.0.app/Contents/Developer/Platforms/AppleTVOS.platform/Developer/SDKs/AppleTVOS17.4.sdk/usr/lib/swift/host/plugins\#/Applications/Xcode-15.3.0.app/Contents/Developer/Platforms/AppleTVOS.platform/Developer/SDKs/AppleTVOS17.4.sdk/usr/bin/swift-plugin-server -external-plugin-path /Applications/Xcode-15.3.0.app/Contents/Developer/Platforms/AppleTVOS.platform/Developer/SDKs/AppleTVOS17.4.sdk/usr/local/lib/swift/host/plugins\#/Applications/Xcode-15.3.0.app/Contents/Developer/Platforms/AppleTVOS.platform/Developer/SDKs/AppleTVOS17.4.sdk/usr/bin/swift-plugin-server -external-plugin-path /Applications/Xcode-15.3.0.app/Contents/Developer/Platforms/AppleTVOS.platform/Developer/usr/lib/swift/host/plugins\#/Applications/Xcode-15.3.0.app/Contents/Developer/Platforms/AppleTVOS.platform/Developer/usr/bin/swift-plugin-server -external-plugin-path /Applications/Xcode-15.3.0.app/Contents/Developer/Platforms/AppleTVOS.platform/Developer/usr/local/lib/swift/host/plugins\#/Applications/Xcode-15.3.0.app/Contents/Developer/Platforms/AppleTVOS.platform/Developer/usr/bin/swift-plugin-server -plugin-path /Library/Developer/Toolchains/swift-6.0-DEVELOPMENT-SNAPSHOT-2024-05-26-a.xctoolchain/usr/lib/swift/host/plugins -plugin-path /Library/Developer/Toolchains/swift-6.0-DEVELOPMENT-SNAPSHOT-2024-05-26-a.xctoolchain/usr/local/lib/swift/host/plugins -emit-module-doc-path /Users/admin/builder/spi-builder-workspace/.derivedData/Build/Intermediates.noindex/AnimatedSwipeCard.build/Debug-appletvos/AnimatedSwipeCard.build/Objects-normal/arm64/AnimatedSwipeCard.swiftdoc -emit-module-source-info-path /Users/admin/builder/spi-builder-workspace/.derivedData/Build/Intermediates.noindex/AnimatedSwipeCard.build/Debug-appletvos/AnimatedSwipeCard.build/Objects-normal/arm64/AnimatedSwipeCard.swiftsourceinfo -emit-objc-header-path /Users/admin/builder/spi-builder-workspace/.derivedData/Build/Intermediates.noindex/AnimatedSwipeCard.build/Debug-appletvos/AnimatedSwipeCard.build/Objects-normal/arm64/AnimatedSwipeCard-Swift.h -serialize-diagnostics-path /Users/admin/builder/spi-builder-workspace/.derivedData/Build/Intermediates.noindex/AnimatedSwipeCard.build/Debug-appletvos/AnimatedSwipeCard.build/Objects-normal/arm64/AnimatedSwipeCard-master-emit-module.dia -emit-dependencies-path /Users/admin/builder/spi-builder-workspace/.derivedData/Build/Intermediates.noindex/AnimatedSwipeCard.build/Debug-appletvos/AnimatedSwipeCard.build/Objects-normal/arm64/AnimatedSwipeCard-master-emit-module.d -o /Users/admin/builder/spi-builder-workspace/.derivedData/Build/Intermediates.noindex/AnimatedSwipeCard.build/Debug-appletvos/AnimatedSwipeCard.build/Objects-normal/arm64/AnimatedSwipeCard.swiftmodule -emit-abi-descriptor-path /Users/admin/builder/spi-builder-workspace/.derivedData/Build/Intermediates.noindex/AnimatedSwipeCard.build/Debug-appletvos/AnimatedSwipeCard.build/Objects-normal/arm64/AnimatedSwipeCard.abi.json
/Users/admin/builder/spi-builder-workspace/Sources/AnimatedSwipeCard/CardRowView.swift:38:32: error: 'Binding' is only available in tvOS 13.0 or newer
12 | @available(iOS 14.0, *)
13 |
14 | public struct CardRowView: View {
| `- note: add @available attribute to enclosing struct
15 |
16 |
:
27 | /// - bindingText: pass State to store text. This maybe the same as titleText
28 | /// - bindingSubText: pass State to store text. This maybe the same as subText
29 | public init(animationShakeAmount: Double = 5.0,
| `- note: add @available attribute to enclosing initializer
30 | swipeScale: Double = 0.8,
31 | titleText: String,
:
36 | imageHeight: CGFloat = 50,
37 | imageWidth: CGFloat = 50,
38 | showCardAlert: Binding<Bool>,
| `- error: 'Binding' is only available in tvOS 13.0 or newer
39 | bindingID: Binding<String>?,
40 | bindingText: Binding<String>?,
/Users/admin/builder/spi-builder-workspace/Sources/AnimatedSwipeCard/CardRowView.swift:39:28: error: 'Binding' is only available in tvOS 13.0 or newer
12 | @available(iOS 14.0, *)
13 |
14 | public struct CardRowView: View {
| `- note: add @available attribute to enclosing struct
15 |
16 |
:
27 | /// - bindingText: pass State to store text. This maybe the same as titleText
28 | /// - bindingSubText: pass State to store text. This maybe the same as subText
29 | public init(animationShakeAmount: Double = 5.0,
| `- note: add @available attribute to enclosing initializer
30 | swipeScale: Double = 0.8,
31 | titleText: String,
:
37 | imageWidth: CGFloat = 50,
38 | showCardAlert: Binding<Bool>,
39 | bindingID: Binding<String>?,
| `- error: 'Binding' is only available in tvOS 13.0 or newer
40 | bindingText: Binding<String>?,
41 | bindingSubText: Binding<String>?
/Users/admin/builder/spi-builder-workspace/Sources/AnimatedSwipeCard/CardRowView.swift:40:30: error: 'Binding' is only available in tvOS 13.0 or newer
12 | @available(iOS 14.0, *)
13 |
14 | public struct CardRowView: View {
| `- note: add @available attribute to enclosing struct
15 |
16 |
:
27 | /// - bindingText: pass State to store text. This maybe the same as titleText
28 | /// - bindingSubText: pass State to store text. This maybe the same as subText
29 | public init(animationShakeAmount: Double = 5.0,
| `- note: add @available attribute to enclosing initializer
30 | swipeScale: Double = 0.8,
31 | titleText: String,
:
38 | showCardAlert: Binding<Bool>,
39 | bindingID: Binding<String>?,
40 | bindingText: Binding<String>?,
| `- error: 'Binding' is only available in tvOS 13.0 or newer
41 | bindingSubText: Binding<String>?
42 | ) {
/Users/admin/builder/spi-builder-workspace/Sources/AnimatedSwipeCard/CardRowView.swift:41:33: error: 'Binding' is only available in tvOS 13.0 or newer
12 | @available(iOS 14.0, *)
13 |
14 | public struct CardRowView: View {
| `- note: add @available attribute to enclosing struct
15 |
16 |
:
27 | /// - bindingText: pass State to store text. This maybe the same as titleText
28 | /// - bindingSubText: pass State to store text. This maybe the same as subText
29 | public init(animationShakeAmount: Double = 5.0,
| `- note: add @available attribute to enclosing initializer
30 | swipeScale: Double = 0.8,
31 | titleText: String,
:
39 | bindingID: Binding<String>?,
40 | bindingText: Binding<String>?,
41 | bindingSubText: Binding<String>?
| `- error: 'Binding' is only available in tvOS 13.0 or newer
42 | ) {
43 | self.animationShakeAmount = animationShakeAmount
/Users/admin/builder/spi-builder-workspace/Sources/AnimatedSwipeCard/CardRowView.swift:68:6: error: 'State' is only available in tvOS 13.0 or newer
12 | @available(iOS 14.0, *)
13 |
14 | public struct CardRowView: View {
| `- note: add @available attribute to enclosing struct
15 |
16 |
:
66 | var cardID = ""
67 |
68 | @State var offset = CGSize.zero
| `- error: 'State' is only available in tvOS 13.0 or newer
69 | @State var rotate = 00.0
70 | @State var animateReminder = false
/Users/admin/builder/spi-builder-workspace/Sources/AnimatedSwipeCard/CardRowView.swift:69:6: error: 'State' is only available in tvOS 13.0 or newer
12 | @available(iOS 14.0, *)
13 |
14 | public struct CardRowView: View {
| `- note: add @available attribute to enclosing struct
15 |
16 |
:
67 |
68 | @State var offset = CGSize.zero
69 | @State var rotate = 00.0
| `- error: 'State' is only available in tvOS 13.0 or newer
70 | @State var animateReminder = false
71 | @State var animateShake1 = false
/Users/admin/builder/spi-builder-workspace/Sources/AnimatedSwipeCard/CardRowView.swift:70:6: error: 'State' is only available in tvOS 13.0 or newer
12 | @available(iOS 14.0, *)
13 |
14 | public struct CardRowView: View {
| `- note: add @available attribute to enclosing struct
15 |
16 |
:
68 | @State var offset = CGSize.zero
69 | @State var rotate = 00.0
70 | @State var animateReminder = false
| `- error: 'State' is only available in tvOS 13.0 or newer
71 | @State var animateShake1 = false
72 | @State var animateShake2 = false
/Users/admin/builder/spi-builder-workspace/Sources/AnimatedSwipeCard/CardRowView.swift:71:6: error: 'State' is only available in tvOS 13.0 or newer
12 | @available(iOS 14.0, *)
13 |
14 | public struct CardRowView: View {
| `- note: add @available attribute to enclosing struct
15 |
16 |
:
69 | @State var rotate = 00.0
70 | @State var animateReminder = false
71 | @State var animateShake1 = false
| `- error: 'State' is only available in tvOS 13.0 or newer
72 | @State var animateShake2 = false
73 |
/Users/admin/builder/spi-builder-workspace/Sources/AnimatedSwipeCard/CardRowView.swift:72:6: error: 'State' is only available in tvOS 13.0 or newer
12 | @available(iOS 14.0, *)
13 |
14 | public struct CardRowView: View {
| `- note: add @available attribute to enclosing struct
15 |
16 |
:
70 | @State var animateReminder = false
71 | @State var animateShake1 = false
72 | @State var animateShake2 = false
| `- error: 'State' is only available in tvOS 13.0 or newer
73 |
74 | @Binding var showCardAlert: Bool
/Users/admin/builder/spi-builder-workspace/Sources/AnimatedSwipeCard/CardRowView.swift:74:6: error: 'Binding' is only available in tvOS 13.0 or newer
12 | @available(iOS 14.0, *)
13 |
14 | public struct CardRowView: View {
| `- note: add @available attribute to enclosing struct
15 |
16 |
:
72 | @State var animateShake2 = false
73 |
74 | @Binding var showCardAlert: Bool
| `- error: 'Binding' is only available in tvOS 13.0 or newer
75 | @Binding var bindingID: String
76 | @Binding var bindingText: String
/Users/admin/builder/spi-builder-workspace/Sources/AnimatedSwipeCard/CardRowView.swift:75:6: error: 'Binding' is only available in tvOS 13.0 or newer
12 | @available(iOS 14.0, *)
13 |
14 | public struct CardRowView: View {
| `- note: add @available attribute to enclosing struct
15 |
16 |
:
73 |
74 | @Binding var showCardAlert: Bool
75 | @Binding var bindingID: String
| `- error: 'Binding' is only available in tvOS 13.0 or newer
76 | @Binding var bindingText: String
77 | @Binding var bindingSubText: String
/Users/admin/builder/spi-builder-workspace/Sources/AnimatedSwipeCard/CardRowView.swift:76:6: error: 'Binding' is only available in tvOS 13.0 or newer
12 | @available(iOS 14.0, *)
13 |
14 | public struct CardRowView: View {
| `- note: add @available attribute to enclosing struct
15 |
16 |
:
74 | @Binding var showCardAlert: Bool
75 | @Binding var bindingID: String
76 | @Binding var bindingText: String
| `- error: 'Binding' is only available in tvOS 13.0 or newer
77 | @Binding var bindingSubText: String
78 |
/Users/admin/builder/spi-builder-workspace/Sources/AnimatedSwipeCard/CardRowView.swift:77:6: error: 'Binding' is only available in tvOS 13.0 or newer
12 | @available(iOS 14.0, *)
13 |
14 | public struct CardRowView: View {
| `- note: add @available attribute to enclosing struct
15 |
16 |
:
75 | @Binding var bindingID: String
76 | @Binding var bindingText: String
77 | @Binding var bindingSubText: String
| `- error: 'Binding' is only available in tvOS 13.0 or newer
78 |
79 |
/Users/admin/builder/spi-builder-workspace/Sources/AnimatedSwipeCard/CardRowView.swift:80:22: error: 'some' return types are only available in tvOS 13.0.0 or newer
12 | @available(iOS 14.0, *)
13 |
14 | public struct CardRowView: View {
| `- note: add @available attribute to enclosing struct
15 |
16 |
:
78 |
79 |
80 | public var body: some View {
| | `- error: 'some' return types are only available in tvOS 13.0.0 or newer
| `- note: add @available attribute to enclosing property
81 | VStack {
82 | RoundedRectangle(cornerRadius: 13)
/Users/admin/builder/spi-builder-workspace/Sources/AnimatedSwipeCard/CardRowView.swift:80:27: error: 'View' is only available in tvOS 13.0 or newer
12 | @available(iOS 14.0, *)
13 |
14 | public struct CardRowView: View {
| `- note: add @available attribute to enclosing struct
15 |
16 |
:
78 |
79 |
80 | public var body: some View {
| | `- error: 'View' is only available in tvOS 13.0 or newer
| `- note: add @available attribute to enclosing property
81 | VStack {
82 | RoundedRectangle(cornerRadius: 13)
/Users/admin/builder/spi-builder-workspace/Sources/AnimatedSwipeCard/CardRowView.swift:193:26: error: 'some' return types are only available in tvOS 13.0.0 or newer
190 |
191 | @available(iOS 14.0, *)
192 | struct CardRowView_Previews: PreviewProvider {
| `- note: add @available attribute to enclosing struct
193 | static var previews: some View {
| | `- error: 'some' return types are only available in tvOS 13.0.0 or newer
| `- note: add @available attribute to enclosing static property
194 | CardRowView(animationShakeAmount: 5.0, titleText: "Sed ut perspiciatis unde omnis iste natus error sit voluptatem accusantium doloremque laudantium", subText: "subtext", color: "StatusCard", showCardAlert: .constant(false), bindingID: .constant("42"), bindingText: .constant(""), bindingSubText: .constant(""))
195 | }
/Users/admin/builder/spi-builder-workspace/Sources/AnimatedSwipeCard/CardRowView.swift:193:31: error: 'View' is only available in tvOS 13.0 or newer
190 |
191 | @available(iOS 14.0, *)
192 | struct CardRowView_Previews: PreviewProvider {
| `- note: add @available attribute to enclosing struct
193 | static var previews: some View {
| | `- error: 'View' is only available in tvOS 13.0 or newer
| `- note: add @available attribute to enclosing static property
194 | CardRowView(animationShakeAmount: 5.0, titleText: "Sed ut perspiciatis unde omnis iste natus error sit voluptatem accusantium doloremque laudantium", subText: "subtext", color: "StatusCard", showCardAlert: .constant(false), bindingID: .constant("42"), bindingText: .constant(""), bindingSubText: .constant(""))
195 | }
SwiftCompile normal arm64 Compiling\ Haptics.swift /Users/admin/builder/spi-builder-workspace/Sources/AnimatedSwipeCard/Haptics.swift (in target 'AnimatedSwipeCard' from project 'AnimatedSwipeCard')
cd /Users/admin/builder/spi-builder-workspace
builtin-swiftTaskExecution -- /Library/Developer/Toolchains/swift-6.0-DEVELOPMENT-SNAPSHOT-2024-05-26-a.xctoolchain/usr/bin/swift-frontend -frontend -c /Users/admin/builder/spi-builder-workspace/Sources/AnimatedSwipeCard/CardRowView.swift -primary-file /Users/admin/builder/spi-builder-workspace/Sources/AnimatedSwipeCard/Haptics.swift -emit-dependencies-path /Users/admin/builder/spi-builder-workspace/.derivedData/Build/Intermediates.noindex/AnimatedSwipeCard.build/Debug-appletvos/AnimatedSwipeCard.build/Objects-normal/arm64/Haptics.d -emit-const-values-path /Users/admin/builder/spi-builder-workspace/.derivedData/Build/Intermediates.noindex/AnimatedSwipeCard.build/Debug-appletvos/AnimatedSwipeCard.build/Objects-normal/arm64/Haptics.swiftconstvalues -emit-reference-dependencies-path /Users/admin/builder/spi-builder-workspace/.derivedData/Build/Intermediates.noindex/AnimatedSwipeCard.build/Debug-appletvos/AnimatedSwipeCard.build/Objects-normal/arm64/Haptics.swiftdeps -serialize-diagnostics-path /Users/admin/builder/spi-builder-workspace/.derivedData/Build/Intermediates.noindex/AnimatedSwipeCard.build/Debug-appletvos/AnimatedSwipeCard.build/Objects-normal/arm64/Haptics.dia -target arm64-apple-tvos12.0 -Xllvm -aarch64-use-tbi -enable-objc-interop -sdk /Applications/Xcode-15.3.0.app/Contents/Developer/Platforms/AppleTVOS.platform/Developer/SDKs/AppleTVOS17.4.sdk -I /Users/admin/builder/spi-builder-workspace/.derivedData/Build/Products/Debug-appletvos -I /Applications/Xcode-15.3.0.app/Contents/Developer/Platforms/AppleTVOS.platform/Developer/usr/lib -F /Users/admin/builder/spi-builder-workspace/.derivedData/Build/Products/Debug-appletvos -F /Applications/Xcode-15.3.0.app/Contents/Developer/Platforms/AppleTVOS.platform/Developer/Library/Frameworks -F /Applications/Xcode-15.3.0.app/Contents/Developer/Platforms/AppleTVOS.platform/Developer/SDKs/AppleTVOS17.4.sdk/Developer/Library/Frameworks -no-color-diagnostics -enable-testing -g -module-cache-path /Users/admin/builder/spi-builder-workspace/.derivedData/ModuleCache.noindex -swift-version 5 -enforce-exclusivity\=checked -stats-output-dir /Users/admin/builder/spi-builder-workspace/.stats -Onone -D SWIFT_PACKAGE -D DEBUG -serialize-debugging-options -const-gather-protocols-file /Users/admin/builder/spi-builder-workspace/.derivedData/Build/Intermediates.noindex/AnimatedSwipeCard.build/Debug-appletvos/AnimatedSwipeCard.build/Objects-normal/arm64/AnimatedSwipeCard_const_extract_protocols.json -strict-concurrency\=complete -empty-abi-descriptor -validate-clang-modules-once -clang-build-session-file /Users/admin/builder/spi-builder-workspace/.derivedData/ModuleCache.noindex/Session.modulevalidation -Xcc -working-directory -Xcc /Users/admin/builder/spi-builder-workspace -resource-dir /Library/Developer/Toolchains/swift-6.0-DEVELOPMENT-SNAPSHOT-2024-05-26-a.xctoolchain/usr/lib/swift -enable-anonymous-context-mangled-names -Xcc -I/Users/admin/builder/spi-builder-workspace/.derivedData/Build/Intermediates.noindex/AnimatedSwipeCard.build/Debug-appletvos/AnimatedSwipeCard.build/swift-overrides.hmap -Xcc -I/Users/admin/builder/spi-builder-workspace/.derivedData/Build/Products/Debug-appletvos/include -Xcc -I/Users/admin/builder/spi-builder-workspace/.derivedData/Build/Intermediates.noindex/AnimatedSwipeCard.build/Debug-appletvos/AnimatedSwipeCard.build/DerivedSources-normal/arm64 -Xcc -I/Users/admin/builder/spi-builder-workspace/.derivedData/Build/Intermediates.noindex/AnimatedSwipeCard.build/Debug-appletvos/AnimatedSwipeCard.build/DerivedSources/arm64 -Xcc -I/Users/admin/builder/spi-builder-workspace/.derivedData/Build/Intermediates.noindex/AnimatedSwipeCard.build/Debug-appletvos/AnimatedSwipeCard.build/DerivedSources -Xcc -DSWIFT_PACKAGE -Xcc -DDEBUG\=1 -module-name AnimatedSwipeCard -frontend-parseable-output -disable-clang-spi -target-sdk-version 17.4 -target-sdk-name appletvos17.4 -external-plugin-path /Applications/Xcode-15.3.0.app/Contents/Developer/Platforms/AppleTVOS.platform/Developer/SDKs/AppleTVOS17.4.sdk/usr/lib/swift/host/plugins\#/Applications/Xcode-15.3.0.app/Contents/Developer/Platforms/AppleTVOS.platform/Developer/SDKs/AppleTVOS17.4.sdk/usr/bin/swift-plugin-server -external-plugin-path /Applications/Xcode-15.3.0.app/Contents/Developer/Platforms/AppleTVOS.platform/Developer/SDKs/AppleTVOS17.4.sdk/usr/local/lib/swift/host/plugins\#/Applications/Xcode-15.3.0.app/Contents/Developer/Platforms/AppleTVOS.platform/Developer/SDKs/AppleTVOS17.4.sdk/usr/bin/swift-plugin-server -external-plugin-path /Applications/Xcode-15.3.0.app/Contents/Developer/Platforms/AppleTVOS.platform/Developer/usr/lib/swift/host/plugins\#/Applications/Xcode-15.3.0.app/Contents/Developer/Platforms/AppleTVOS.platform/Developer/usr/bin/swift-plugin-server -external-plugin-path /Applications/Xcode-15.3.0.app/Contents/Developer/Platforms/AppleTVOS.platform/Developer/usr/local/lib/swift/host/plugins\#/Applications/Xcode-15.3.0.app/Contents/Developer/Platforms/AppleTVOS.platform/Developer/usr/bin/swift-plugin-server -plugin-path /Library/Developer/Toolchains/swift-6.0-DEVELOPMENT-SNAPSHOT-2024-05-26-a.xctoolchain/usr/lib/swift/host/plugins -plugin-path /Library/Developer/Toolchains/swift-6.0-DEVELOPMENT-SNAPSHOT-2024-05-26-a.xctoolchain/usr/local/lib/swift/host/plugins -o /Users/admin/builder/spi-builder-workspace/.derivedData/Build/Intermediates.noindex/AnimatedSwipeCard.build/Debug-appletvos/AnimatedSwipeCard.build/Objects-normal/arm64/Haptics.o -index-unit-output-path /AnimatedSwipeCard.build/Debug-appletvos/AnimatedSwipeCard.build/Objects-normal/arm64/Haptics.o -index-store-path /Users/admin/builder/spi-builder-workspace/.derivedData/Index.noindex/DataStore -index-system-modules
SwiftCompile normal arm64 /Users/admin/builder/spi-builder-workspace/Sources/AnimatedSwipeCard/Haptics.swift (in target 'AnimatedSwipeCard' from project 'AnimatedSwipeCard')
cd /Users/admin/builder/spi-builder-workspace
/Library/Developer/Toolchains/swift-6.0-DEVELOPMENT-SNAPSHOT-2024-05-26-a.xctoolchain/usr/bin/swift-frontend -c /Users/admin/builder/spi-builder-workspace/Sources/AnimatedSwipeCard/CardRowView.swift -primary-file /Users/admin/builder/spi-builder-workspace/Sources/AnimatedSwipeCard/Haptics.swift -emit-dependencies-path /Users/admin/builder/spi-builder-workspace/.derivedData/Build/Intermediates.noindex/AnimatedSwipeCard.build/Debug-appletvos/AnimatedSwipeCard.build/Objects-normal/arm64/Haptics.d -emit-const-values-path /Users/admin/builder/spi-builder-workspace/.derivedData/Build/Intermediates.noindex/AnimatedSwipeCard.build/Debug-appletvos/AnimatedSwipeCard.build/Objects-normal/arm64/Haptics.swiftconstvalues -emit-reference-dependencies-path /Users/admin/builder/spi-builder-workspace/.derivedData/Build/Intermediates.noindex/AnimatedSwipeCard.build/Debug-appletvos/AnimatedSwipeCard.build/Objects-normal/arm64/Haptics.swiftdeps -serialize-diagnostics-path /Users/admin/builder/spi-builder-workspace/.derivedData/Build/Intermediates.noindex/AnimatedSwipeCard.build/Debug-appletvos/AnimatedSwipeCard.build/Objects-normal/arm64/Haptics.dia -target arm64-apple-tvos12.0 -Xllvm -aarch64-use-tbi -enable-objc-interop -sdk /Applications/Xcode-15.3.0.app/Contents/Developer/Platforms/AppleTVOS.platform/Developer/SDKs/AppleTVOS17.4.sdk -I /Users/admin/builder/spi-builder-workspace/.derivedData/Build/Products/Debug-appletvos -I /Applications/Xcode-15.3.0.app/Contents/Developer/Platforms/AppleTVOS.platform/Developer/usr/lib -F /Users/admin/builder/spi-builder-workspace/.derivedData/Build/Products/Debug-appletvos -F /Applications/Xcode-15.3.0.app/Contents/Developer/Platforms/AppleTVOS.platform/Developer/Library/Frameworks -F /Applications/Xcode-15.3.0.app/Contents/Developer/Platforms/AppleTVOS.platform/Developer/SDKs/AppleTVOS17.4.sdk/Developer/Library/Frameworks -no-color-diagnostics -enable-testing -g -module-cache-path /Users/admin/builder/spi-builder-workspace/.derivedData/ModuleCache.noindex -swift-version 5 -enforce-exclusivity\=checked -stats-output-dir /Users/admin/builder/spi-builder-workspace/.stats -Onone -D SWIFT_PACKAGE -D DEBUG -serialize-debugging-options -const-gather-protocols-file /Users/admin/builder/spi-builder-workspace/.derivedData/Build/Intermediates.noindex/AnimatedSwipeCard.build/Debug-appletvos/AnimatedSwipeCard.build/Objects-normal/arm64/AnimatedSwipeCard_const_extract_protocols.json -strict-concurrency\=complete -empty-abi-descriptor -validate-clang-modules-once -clang-build-session-file /Users/admin/builder/spi-builder-workspace/.derivedData/ModuleCache.noindex/Session.modulevalidation -Xcc -working-directory -Xcc /Users/admin/builder/spi-builder-workspace -resource-dir /Library/Developer/Toolchains/swift-6.0-DEVELOPMENT-SNAPSHOT-2024-05-26-a.xctoolchain/usr/lib/swift -enable-anonymous-context-mangled-names -Xcc -I/Users/admin/builder/spi-builder-workspace/.derivedData/Build/Intermediates.noindex/AnimatedSwipeCard.build/Debug-appletvos/AnimatedSwipeCard.build/swift-overrides.hmap -Xcc -I/Users/admin/builder/spi-builder-workspace/.derivedData/Build/Products/Debug-appletvos/include -Xcc -I/Users/admin/builder/spi-builder-workspace/.derivedData/Build/Intermediates.noindex/AnimatedSwipeCard.build/Debug-appletvos/AnimatedSwipeCard.build/DerivedSources-normal/arm64 -Xcc -I/Users/admin/builder/spi-builder-workspace/.derivedData/Build/Intermediates.noindex/AnimatedSwipeCard.build/Debug-appletvos/AnimatedSwipeCard.build/DerivedSources/arm64 -Xcc -I/Users/admin/builder/spi-builder-workspace/.derivedData/Build/Intermediates.noindex/AnimatedSwipeCard.build/Debug-appletvos/AnimatedSwipeCard.build/DerivedSources -Xcc -DSWIFT_PACKAGE -Xcc -DDEBUG\=1 -module-name AnimatedSwipeCard -frontend-parseable-output -disable-clang-spi -target-sdk-version 17.4 -target-sdk-name appletvos17.4 -external-plugin-path /Applications/Xcode-15.3.0.app/Contents/Developer/Platforms/AppleTVOS.platform/Developer/SDKs/AppleTVOS17.4.sdk/usr/lib/swift/host/plugins\#/Applications/Xcode-15.3.0.app/Contents/Developer/Platforms/AppleTVOS.platform/Developer/SDKs/AppleTVOS17.4.sdk/usr/bin/swift-plugin-server -external-plugin-path /Applications/Xcode-15.3.0.app/Contents/Developer/Platforms/AppleTVOS.platform/Developer/SDKs/AppleTVOS17.4.sdk/usr/local/lib/swift/host/plugins\#/Applications/Xcode-15.3.0.app/Contents/Developer/Platforms/AppleTVOS.platform/Developer/SDKs/AppleTVOS17.4.sdk/usr/bin/swift-plugin-server -external-plugin-path /Applications/Xcode-15.3.0.app/Contents/Developer/Platforms/AppleTVOS.platform/Developer/usr/lib/swift/host/plugins\#/Applications/Xcode-15.3.0.app/Contents/Developer/Platforms/AppleTVOS.platform/Developer/usr/bin/swift-plugin-server -external-plugin-path /Applications/Xcode-15.3.0.app/Contents/Developer/Platforms/AppleTVOS.platform/Developer/usr/local/lib/swift/host/plugins\#/Applications/Xcode-15.3.0.app/Contents/Developer/Platforms/AppleTVOS.platform/Developer/usr/bin/swift-plugin-server -plugin-path /Library/Developer/Toolchains/swift-6.0-DEVELOPMENT-SNAPSHOT-2024-05-26-a.xctoolchain/usr/lib/swift/host/plugins -plugin-path /Library/Developer/Toolchains/swift-6.0-DEVELOPMENT-SNAPSHOT-2024-05-26-a.xctoolchain/usr/local/lib/swift/host/plugins -o /Users/admin/builder/spi-builder-workspace/.derivedData/Build/Intermediates.noindex/AnimatedSwipeCard.build/Debug-appletvos/AnimatedSwipeCard.build/Objects-normal/arm64/Haptics.o -index-unit-output-path /AnimatedSwipeCard.build/Debug-appletvos/AnimatedSwipeCard.build/Objects-normal/arm64/Haptics.o -index-store-path /Users/admin/builder/spi-builder-workspace/.derivedData/Index.noindex/DataStore -index-system-modules
note: Using global toolchain override 'Swift 6.0 Development Snapshot 2024-05-26 (a)'. (in target 'AnimatedSwipeCard' from project 'AnimatedSwipeCard')
** BUILD FAILED **
The following build commands failed:
SwiftEmitModule normal arm64 Emitting\ module\ for\ AnimatedSwipeCard (in target 'AnimatedSwipeCard' from project 'AnimatedSwipeCard')
(1 failure)
Command line invocation:
/Applications/Xcode-15.3.0.app/Contents/Developer/usr/bin/xcodebuild -IDEClonedSourcePackagesDirPathOverride=/Users/admin/builder/spi-builder-workspace/.dependencies -skipMacroValidation -skipPackagePluginValidation -derivedDataPath /Users/admin/builder/spi-builder-workspace/.derivedData build -scheme AnimatedSwipeCard -destination generic/platform=tvos "OTHER_SWIFT_FLAGS=-stats-output-dir .stats -strict-concurrency=complete"
User defaults from command line:
IDEClonedSourcePackagesDirPathOverride = /Users/admin/builder/spi-builder-workspace/.dependencies
IDEDerivedDataPathOverride = /Users/admin/builder/spi-builder-workspace/.derivedData
IDEPackageSupportToolchainOverrideForManifestLoading = org.swift.600202405261a
IDEPackageSupportUseBuiltinSCM = YES
Build settings from command line:
OTHER_SWIFT_FLAGS = -stats-output-dir .stats -strict-concurrency=complete
TOOLCHAINS = org.swift.600202405261a
Resolve Package Graph
Resolved source packages:
AnimatedSwipeCard: /Users/admin/builder/spi-builder-workspace
Prepare packages
ComputeTargetDependencyGraph
note: Building targets in dependency order
note: Target dependency graph (2 targets)
Target 'AnimatedSwipeCard' in project 'AnimatedSwipeCard'
➜ Explicit dependency on target 'AnimatedSwipeCard' in project 'AnimatedSwipeCard'
Target 'AnimatedSwipeCard' in project 'AnimatedSwipeCard' (no dependencies)
GatherProvisioningInputs
CreateBuildDescription
note: Using global toolchain override 'Swift 6.0 Development Snapshot 2024-05-26 (a)'.
note: Using global toolchain override 'Swift 6.0 Development Snapshot 2024-05-26 (a)'. (in target 'AnimatedSwipeCard' from project 'AnimatedSwipeCard')
SwiftDriver AnimatedSwipeCard normal arm64 com.apple.xcode.tools.swift.compiler (in target 'AnimatedSwipeCard' from project 'AnimatedSwipeCard')
cd /Users/admin/builder/spi-builder-workspace
builtin-SwiftDriver -- /Library/Developer/Toolchains/swift-6.0-DEVELOPMENT-SNAPSHOT-2024-05-26-a.xctoolchain/usr/bin/swiftc -module-name AnimatedSwipeCard -Onone -enforce-exclusivity\=checked @/Users/admin/builder/spi-builder-workspace/.derivedData/Build/Intermediates.noindex/AnimatedSwipeCard.build/Debug-appletvos/AnimatedSwipeCard.build/Objects-normal/arm64/AnimatedSwipeCard.SwiftFileList -DSWIFT_PACKAGE -DDEBUG -stats-output-dir .stats -strict-concurrency\=complete -sdk /Applications/Xcode-15.3.0.app/Contents/Developer/Platforms/AppleTVOS.platform/Developer/SDKs/AppleTVOS17.4.sdk -target arm64-apple-tvos12.0 -g -module-cache-path /Users/admin/builder/spi-builder-workspace/.derivedData/ModuleCache.noindex -Xfrontend -serialize-debugging-options -enable-testing -index-store-path /Users/admin/builder/spi-builder-workspace/.derivedData/Index.noindex/DataStore -swift-version 5 -I /Users/admin/builder/spi-builder-workspace/.derivedData/Build/Products/Debug-appletvos -I /Applications/Xcode-15.3.0.app/Contents/Developer/Platforms/AppleTVOS.platform/Developer/usr/lib -F /Users/admin/builder/spi-builder-workspace/.derivedData/Build/Products/Debug-appletvos -F /Applications/Xcode-15.3.0.app/Contents/Developer/Platforms/AppleTVOS.platform/Developer/Library/Frameworks -F /Applications/Xcode-15.3.0.app/Contents/Developer/Platforms/AppleTVOS.platform/Developer/SDKs/AppleTVOS17.4.sdk/Developer/Library/Frameworks -c -j10 -enable-batch-mode -incremental -output-file-map /Users/admin/builder/spi-builder-workspace/.derivedData/Build/Intermediates.noindex/AnimatedSwipeCard.build/Debug-appletvos/AnimatedSwipeCard.build/Objects-normal/arm64/AnimatedSwipeCard-OutputFileMap.json -use-frontend-parseable-output -save-temps -no-color-diagnostics -serialize-diagnostics -emit-dependencies -emit-module -emit-module-path /Users/admin/builder/spi-builder-workspace/.derivedData/Build/Intermediates.noindex/AnimatedSwipeCard.build/Debug-appletvos/AnimatedSwipeCard.build/Objects-normal/arm64/AnimatedSwipeCard.swiftmodule -validate-clang-modules-once -clang-build-session-file /Users/admin/builder/spi-builder-workspace/.derivedData/ModuleCache.noindex/Session.modulevalidation -Xcc -I/Users/admin/builder/spi-builder-workspace/.derivedData/Build/Intermediates.noindex/AnimatedSwipeCard.build/Debug-appletvos/AnimatedSwipeCard.build/swift-overrides.hmap -emit-const-values -Xfrontend -const-gather-protocols-file -Xfrontend /Users/admin/builder/spi-builder-workspace/.derivedData/Build/Intermediates.noindex/AnimatedSwipeCard.build/Debug-appletvos/AnimatedSwipeCard.build/Objects-normal/arm64/AnimatedSwipeCard_const_extract_protocols.json -Xcc -I/Users/admin/builder/spi-builder-workspace/.derivedData/Build/Products/Debug-appletvos/include -Xcc -I/Users/admin/builder/spi-builder-workspace/.derivedData/Build/Intermediates.noindex/AnimatedSwipeCard.build/Debug-appletvos/AnimatedSwipeCard.build/DerivedSources-normal/arm64 -Xcc -I/Users/admin/builder/spi-builder-workspace/.derivedData/Build/Intermediates.noindex/AnimatedSwipeCard.build/Debug-appletvos/AnimatedSwipeCard.build/DerivedSources/arm64 -Xcc -I/Users/admin/builder/spi-builder-workspace/.derivedData/Build/Intermediates.noindex/AnimatedSwipeCard.build/Debug-appletvos/AnimatedSwipeCard.build/DerivedSources -Xcc -DSWIFT_PACKAGE -Xcc -DDEBUG\=1 -emit-objc-header -emit-objc-header-path /Users/admin/builder/spi-builder-workspace/.derivedData/Build/Intermediates.noindex/AnimatedSwipeCard.build/Debug-appletvos/AnimatedSwipeCard.build/Objects-normal/arm64/AnimatedSwipeCard-Swift.h -working-directory /Users/admin/builder/spi-builder-workspace -experimental-emit-module-separately -disable-cmo
SwiftCompile normal arm64 Compiling\ Haptics.swift /Users/admin/builder/spi-builder-workspace/Sources/AnimatedSwipeCard/Haptics.swift (in target 'AnimatedSwipeCard' from project 'AnimatedSwipeCard')
cd /Users/admin/builder/spi-builder-workspace
builtin-swiftTaskExecution -- /Library/Developer/Toolchains/swift-6.0-DEVELOPMENT-SNAPSHOT-2024-05-26-a.xctoolchain/usr/bin/swift-frontend -frontend -c /Users/admin/builder/spi-builder-workspace/Sources/AnimatedSwipeCard/CardRowView.swift -primary-file /Users/admin/builder/spi-builder-workspace/Sources/AnimatedSwipeCard/Haptics.swift -emit-dependencies-path /Users/admin/builder/spi-builder-workspace/.derivedData/Build/Intermediates.noindex/AnimatedSwipeCard.build/Debug-appletvos/AnimatedSwipeCard.build/Objects-normal/arm64/Haptics.d -emit-const-values-path /Users/admin/builder/spi-builder-workspace/.derivedData/Build/Intermediates.noindex/AnimatedSwipeCard.build/Debug-appletvos/AnimatedSwipeCard.build/Objects-normal/arm64/Haptics.swiftconstvalues -emit-reference-dependencies-path /Users/admin/builder/spi-builder-workspace/.derivedData/Build/Intermediates.noindex/AnimatedSwipeCard.build/Debug-appletvos/AnimatedSwipeCard.build/Objects-normal/arm64/Haptics.swiftdeps -serialize-diagnostics-path /Users/admin/builder/spi-builder-workspace/.derivedData/Build/Intermediates.noindex/AnimatedSwipeCard.build/Debug-appletvos/AnimatedSwipeCard.build/Objects-normal/arm64/Haptics.dia -target arm64-apple-tvos12.0 -Xllvm -aarch64-use-tbi -enable-objc-interop -sdk /Applications/Xcode-15.3.0.app/Contents/Developer/Platforms/AppleTVOS.platform/Developer/SDKs/AppleTVOS17.4.sdk -I /Users/admin/builder/spi-builder-workspace/.derivedData/Build/Products/Debug-appletvos -I /Applications/Xcode-15.3.0.app/Contents/Developer/Platforms/AppleTVOS.platform/Developer/usr/lib -F /Users/admin/builder/spi-builder-workspace/.derivedData/Build/Products/Debug-appletvos -F /Applications/Xcode-15.3.0.app/Contents/Developer/Platforms/AppleTVOS.platform/Developer/Library/Frameworks -F /Applications/Xcode-15.3.0.app/Contents/Developer/Platforms/AppleTVOS.platform/Developer/SDKs/AppleTVOS17.4.sdk/Developer/Library/Frameworks -no-color-diagnostics -enable-testing -g -module-cache-path /Users/admin/builder/spi-builder-workspace/.derivedData/ModuleCache.noindex -swift-version 5 -enforce-exclusivity\=checked -stats-output-dir /Users/admin/builder/spi-builder-workspace/.stats -Onone -D SWIFT_PACKAGE -D DEBUG -serialize-debugging-options -const-gather-protocols-file /Users/admin/builder/spi-builder-workspace/.derivedData/Build/Intermediates.noindex/AnimatedSwipeCard.build/Debug-appletvos/AnimatedSwipeCard.build/Objects-normal/arm64/AnimatedSwipeCard_const_extract_protocols.json -strict-concurrency\=complete -empty-abi-descriptor -validate-clang-modules-once -clang-build-session-file /Users/admin/builder/spi-builder-workspace/.derivedData/ModuleCache.noindex/Session.modulevalidation -Xcc -working-directory -Xcc /Users/admin/builder/spi-builder-workspace -resource-dir /Library/Developer/Toolchains/swift-6.0-DEVELOPMENT-SNAPSHOT-2024-05-26-a.xctoolchain/usr/lib/swift -enable-anonymous-context-mangled-names -Xcc -I/Users/admin/builder/spi-builder-workspace/.derivedData/Build/Intermediates.noindex/AnimatedSwipeCard.build/Debug-appletvos/AnimatedSwipeCard.build/swift-overrides.hmap -Xcc -I/Users/admin/builder/spi-builder-workspace/.derivedData/Build/Products/Debug-appletvos/include -Xcc -I/Users/admin/builder/spi-builder-workspace/.derivedData/Build/Intermediates.noindex/AnimatedSwipeCard.build/Debug-appletvos/AnimatedSwipeCard.build/DerivedSources-normal/arm64 -Xcc -I/Users/admin/builder/spi-builder-workspace/.derivedData/Build/Intermediates.noindex/AnimatedSwipeCard.build/Debug-appletvos/AnimatedSwipeCard.build/DerivedSources/arm64 -Xcc -I/Users/admin/builder/spi-builder-workspace/.derivedData/Build/Intermediates.noindex/AnimatedSwipeCard.build/Debug-appletvos/AnimatedSwipeCard.build/DerivedSources -Xcc -DSWIFT_PACKAGE -Xcc -DDEBUG\=1 -module-name AnimatedSwipeCard -frontend-parseable-output -disable-clang-spi -target-sdk-version 17.4 -target-sdk-name appletvos17.4 -external-plugin-path /Applications/Xcode-15.3.0.app/Contents/Developer/Platforms/AppleTVOS.platform/Developer/SDKs/AppleTVOS17.4.sdk/usr/lib/swift/host/plugins\#/Applications/Xcode-15.3.0.app/Contents/Developer/Platforms/AppleTVOS.platform/Developer/SDKs/AppleTVOS17.4.sdk/usr/bin/swift-plugin-server -external-plugin-path /Applications/Xcode-15.3.0.app/Contents/Developer/Platforms/AppleTVOS.platform/Developer/SDKs/AppleTVOS17.4.sdk/usr/local/lib/swift/host/plugins\#/Applications/Xcode-15.3.0.app/Contents/Developer/Platforms/AppleTVOS.platform/Developer/SDKs/AppleTVOS17.4.sdk/usr/bin/swift-plugin-server -external-plugin-path /Applications/Xcode-15.3.0.app/Contents/Developer/Platforms/AppleTVOS.platform/Developer/usr/lib/swift/host/plugins\#/Applications/Xcode-15.3.0.app/Contents/Developer/Platforms/AppleTVOS.platform/Developer/usr/bin/swift-plugin-server -external-plugin-path /Applications/Xcode-15.3.0.app/Contents/Developer/Platforms/AppleTVOS.platform/Developer/usr/local/lib/swift/host/plugins\#/Applications/Xcode-15.3.0.app/Contents/Developer/Platforms/AppleTVOS.platform/Developer/usr/bin/swift-plugin-server -plugin-path /Library/Developer/Toolchains/swift-6.0-DEVELOPMENT-SNAPSHOT-2024-05-26-a.xctoolchain/usr/lib/swift/host/plugins -plugin-path /Library/Developer/Toolchains/swift-6.0-DEVELOPMENT-SNAPSHOT-2024-05-26-a.xctoolchain/usr/local/lib/swift/host/plugins -o /Users/admin/builder/spi-builder-workspace/.derivedData/Build/Intermediates.noindex/AnimatedSwipeCard.build/Debug-appletvos/AnimatedSwipeCard.build/Objects-normal/arm64/Haptics.o -index-unit-output-path /AnimatedSwipeCard.build/Debug-appletvos/AnimatedSwipeCard.build/Objects-normal/arm64/Haptics.o -index-store-path /Users/admin/builder/spi-builder-workspace/.derivedData/Index.noindex/DataStore -index-system-modules
SwiftCompile normal arm64 /Users/admin/builder/spi-builder-workspace/Sources/AnimatedSwipeCard/Haptics.swift (in target 'AnimatedSwipeCard' from project 'AnimatedSwipeCard')
cd /Users/admin/builder/spi-builder-workspace
/Library/Developer/Toolchains/swift-6.0-DEVELOPMENT-SNAPSHOT-2024-05-26-a.xctoolchain/usr/bin/swift-frontend -c /Users/admin/builder/spi-builder-workspace/Sources/AnimatedSwipeCard/CardRowView.swift -primary-file /Users/admin/builder/spi-builder-workspace/Sources/AnimatedSwipeCard/Haptics.swift -emit-dependencies-path /Users/admin/builder/spi-builder-workspace/.derivedData/Build/Intermediates.noindex/AnimatedSwipeCard.build/Debug-appletvos/AnimatedSwipeCard.build/Objects-normal/arm64/Haptics.d -emit-const-values-path /Users/admin/builder/spi-builder-workspace/.derivedData/Build/Intermediates.noindex/AnimatedSwipeCard.build/Debug-appletvos/AnimatedSwipeCard.build/Objects-normal/arm64/Haptics.swiftconstvalues -emit-reference-dependencies-path /Users/admin/builder/spi-builder-workspace/.derivedData/Build/Intermediates.noindex/AnimatedSwipeCard.build/Debug-appletvos/AnimatedSwipeCard.build/Objects-normal/arm64/Haptics.swiftdeps -serialize-diagnostics-path /Users/admin/builder/spi-builder-workspace/.derivedData/Build/Intermediates.noindex/AnimatedSwipeCard.build/Debug-appletvos/AnimatedSwipeCard.build/Objects-normal/arm64/Haptics.dia -target arm64-apple-tvos12.0 -Xllvm -aarch64-use-tbi -enable-objc-interop -sdk /Applications/Xcode-15.3.0.app/Contents/Developer/Platforms/AppleTVOS.platform/Developer/SDKs/AppleTVOS17.4.sdk -I /Users/admin/builder/spi-builder-workspace/.derivedData/Build/Products/Debug-appletvos -I /Applications/Xcode-15.3.0.app/Contents/Developer/Platforms/AppleTVOS.platform/Developer/usr/lib -F /Users/admin/builder/spi-builder-workspace/.derivedData/Build/Products/Debug-appletvos -F /Applications/Xcode-15.3.0.app/Contents/Developer/Platforms/AppleTVOS.platform/Developer/Library/Frameworks -F /Applications/Xcode-15.3.0.app/Contents/Developer/Platforms/AppleTVOS.platform/Developer/SDKs/AppleTVOS17.4.sdk/Developer/Library/Frameworks -no-color-diagnostics -enable-testing -g -module-cache-path /Users/admin/builder/spi-builder-workspace/.derivedData/ModuleCache.noindex -swift-version 5 -enforce-exclusivity\=checked -stats-output-dir /Users/admin/builder/spi-builder-workspace/.stats -Onone -D SWIFT_PACKAGE -D DEBUG -serialize-debugging-options -const-gather-protocols-file /Users/admin/builder/spi-builder-workspace/.derivedData/Build/Intermediates.noindex/AnimatedSwipeCard.build/Debug-appletvos/AnimatedSwipeCard.build/Objects-normal/arm64/AnimatedSwipeCard_const_extract_protocols.json -strict-concurrency\=complete -empty-abi-descriptor -validate-clang-modules-once -clang-build-session-file /Users/admin/builder/spi-builder-workspace/.derivedData/ModuleCache.noindex/Session.modulevalidation -Xcc -working-directory -Xcc /Users/admin/builder/spi-builder-workspace -resource-dir /Library/Developer/Toolchains/swift-6.0-DEVELOPMENT-SNAPSHOT-2024-05-26-a.xctoolchain/usr/lib/swift -enable-anonymous-context-mangled-names -Xcc -I/Users/admin/builder/spi-builder-workspace/.derivedData/Build/Intermediates.noindex/AnimatedSwipeCard.build/Debug-appletvos/AnimatedSwipeCard.build/swift-overrides.hmap -Xcc -I/Users/admin/builder/spi-builder-workspace/.derivedData/Build/Products/Debug-appletvos/include -Xcc -I/Users/admin/builder/spi-builder-workspace/.derivedData/Build/Intermediates.noindex/AnimatedSwipeCard.build/Debug-appletvos/AnimatedSwipeCard.build/DerivedSources-normal/arm64 -Xcc -I/Users/admin/builder/spi-builder-workspace/.derivedData/Build/Intermediates.noindex/AnimatedSwipeCard.build/Debug-appletvos/AnimatedSwipeCard.build/DerivedSources/arm64 -Xcc -I/Users/admin/builder/spi-builder-workspace/.derivedData/Build/Intermediates.noindex/AnimatedSwipeCard.build/Debug-appletvos/AnimatedSwipeCard.build/DerivedSources -Xcc -DSWIFT_PACKAGE -Xcc -DDEBUG\=1 -module-name AnimatedSwipeCard -frontend-parseable-output -disable-clang-spi -target-sdk-version 17.4 -target-sdk-name appletvos17.4 -external-plugin-path /Applications/Xcode-15.3.0.app/Contents/Developer/Platforms/AppleTVOS.platform/Developer/SDKs/AppleTVOS17.4.sdk/usr/lib/swift/host/plugins\#/Applications/Xcode-15.3.0.app/Contents/Developer/Platforms/AppleTVOS.platform/Developer/SDKs/AppleTVOS17.4.sdk/usr/bin/swift-plugin-server -external-plugin-path /Applications/Xcode-15.3.0.app/Contents/Developer/Platforms/AppleTVOS.platform/Developer/SDKs/AppleTVOS17.4.sdk/usr/local/lib/swift/host/plugins\#/Applications/Xcode-15.3.0.app/Contents/Developer/Platforms/AppleTVOS.platform/Developer/SDKs/AppleTVOS17.4.sdk/usr/bin/swift-plugin-server -external-plugin-path /Applications/Xcode-15.3.0.app/Contents/Developer/Platforms/AppleTVOS.platform/Developer/usr/lib/swift/host/plugins\#/Applications/Xcode-15.3.0.app/Contents/Developer/Platforms/AppleTVOS.platform/Developer/usr/bin/swift-plugin-server -external-plugin-path /Applications/Xcode-15.3.0.app/Contents/Developer/Platforms/AppleTVOS.platform/Developer/usr/local/lib/swift/host/plugins\#/Applications/Xcode-15.3.0.app/Contents/Developer/Platforms/AppleTVOS.platform/Developer/usr/bin/swift-plugin-server -plugin-path /Library/Developer/Toolchains/swift-6.0-DEVELOPMENT-SNAPSHOT-2024-05-26-a.xctoolchain/usr/lib/swift/host/plugins -plugin-path /Library/Developer/Toolchains/swift-6.0-DEVELOPMENT-SNAPSHOT-2024-05-26-a.xctoolchain/usr/local/lib/swift/host/plugins -o /Users/admin/builder/spi-builder-workspace/.derivedData/Build/Intermediates.noindex/AnimatedSwipeCard.build/Debug-appletvos/AnimatedSwipeCard.build/Objects-normal/arm64/Haptics.o -index-unit-output-path /AnimatedSwipeCard.build/Debug-appletvos/AnimatedSwipeCard.build/Objects-normal/arm64/Haptics.o -index-store-path /Users/admin/builder/spi-builder-workspace/.derivedData/Index.noindex/DataStore -index-system-modules
SwiftEmitModule normal arm64 Emitting\ module\ for\ AnimatedSwipeCard (in target 'AnimatedSwipeCard' from project 'AnimatedSwipeCard')
cd /Users/admin/builder/spi-builder-workspace
builtin-swiftTaskExecution -- /Library/Developer/Toolchains/swift-6.0-DEVELOPMENT-SNAPSHOT-2024-05-26-a.xctoolchain/usr/bin/swift-frontend -frontend -emit-module -experimental-skip-non-inlinable-function-bodies-without-types /Users/admin/builder/spi-builder-workspace/Sources/AnimatedSwipeCard/CardRowView.swift /Users/admin/builder/spi-builder-workspace/Sources/AnimatedSwipeCard/Haptics.swift -target arm64-apple-tvos12.0 -Xllvm -aarch64-use-tbi -enable-objc-interop -sdk /Applications/Xcode-15.3.0.app/Contents/Developer/Platforms/AppleTVOS.platform/Developer/SDKs/AppleTVOS17.4.sdk -I /Users/admin/builder/spi-builder-workspace/.derivedData/Build/Products/Debug-appletvos -I /Applications/Xcode-15.3.0.app/Contents/Developer/Platforms/AppleTVOS.platform/Developer/usr/lib -F /Users/admin/builder/spi-builder-workspace/.derivedData/Build/Products/Debug-appletvos -F /Applications/Xcode-15.3.0.app/Contents/Developer/Platforms/AppleTVOS.platform/Developer/Library/Frameworks -F /Applications/Xcode-15.3.0.app/Contents/Developer/Platforms/AppleTVOS.platform/Developer/SDKs/AppleTVOS17.4.sdk/Developer/Library/Frameworks -no-color-diagnostics -enable-testing -g -module-cache-path /Users/admin/builder/spi-builder-workspace/.derivedData/ModuleCache.noindex -swift-version 5 -enforce-exclusivity\=checked -stats-output-dir /Users/admin/builder/spi-builder-workspace/.stats -Onone -D SWIFT_PACKAGE -D DEBUG -serialize-debugging-options -const-gather-protocols-file /Users/admin/builder/spi-builder-workspace/.derivedData/Build/Intermediates.noindex/AnimatedSwipeCard.build/Debug-appletvos/AnimatedSwipeCard.build/Objects-normal/arm64/AnimatedSwipeCard_const_extract_protocols.json -strict-concurrency\=complete -empty-abi-descriptor -validate-clang-modules-once -clang-build-session-file /Users/admin/builder/spi-builder-workspace/.derivedData/ModuleCache.noindex/Session.modulevalidation -Xcc -working-directory -Xcc /Users/admin/builder/spi-builder-workspace -resource-dir /Library/Developer/Toolchains/swift-6.0-DEVELOPMENT-SNAPSHOT-2024-05-26-a.xctoolchain/usr/lib/swift -enable-anonymous-context-mangled-names -Xcc -I/Users/admin/builder/spi-builder-workspace/.derivedData/Build/Intermediates.noindex/AnimatedSwipeCard.build/Debug-appletvos/AnimatedSwipeCard.build/swift-overrides.hmap -Xcc -I/Users/admin/builder/spi-builder-workspace/.derivedData/Build/Products/Debug-appletvos/include -Xcc -I/Users/admin/builder/spi-builder-workspace/.derivedData/Build/Intermediates.noindex/AnimatedSwipeCard.build/Debug-appletvos/AnimatedSwipeCard.build/DerivedSources-normal/arm64 -Xcc -I/Users/admin/builder/spi-builder-workspace/.derivedData/Build/Intermediates.noindex/AnimatedSwipeCard.build/Debug-appletvos/AnimatedSwipeCard.build/DerivedSources/arm64 -Xcc -I/Users/admin/builder/spi-builder-workspace/.derivedData/Build/Intermediates.noindex/AnimatedSwipeCard.build/Debug-appletvos/AnimatedSwipeCard.build/DerivedSources -Xcc -DSWIFT_PACKAGE -Xcc -DDEBUG\=1 -module-name AnimatedSwipeCard -disable-clang-spi -target-sdk-version 17.4 -target-sdk-name appletvos17.4 -external-plugin-path /Applications/Xcode-15.3.0.app/Contents/Developer/Platforms/AppleTVOS.platform/Developer/SDKs/AppleTVOS17.4.sdk/usr/lib/swift/host/plugins\#/Applications/Xcode-15.3.0.app/Contents/Developer/Platforms/AppleTVOS.platform/Developer/SDKs/AppleTVOS17.4.sdk/usr/bin/swift-plugin-server -external-plugin-path /Applications/Xcode-15.3.0.app/Contents/Developer/Platforms/AppleTVOS.platform/Developer/SDKs/AppleTVOS17.4.sdk/usr/local/lib/swift/host/plugins\#/Applications/Xcode-15.3.0.app/Contents/Developer/Platforms/AppleTVOS.platform/Developer/SDKs/AppleTVOS17.4.sdk/usr/bin/swift-plugin-server -external-plugin-path /Applications/Xcode-15.3.0.app/Contents/Developer/Platforms/AppleTVOS.platform/Developer/usr/lib/swift/host/plugins\#/Applications/Xcode-15.3.0.app/Contents/Developer/Platforms/AppleTVOS.platform/Developer/usr/bin/swift-plugin-server -external-plugin-path /Applications/Xcode-15.3.0.app/Contents/Developer/Platforms/AppleTVOS.platform/Developer/usr/local/lib/swift/host/plugins\#/Applications/Xcode-15.3.0.app/Contents/Developer/Platforms/AppleTVOS.platform/Developer/usr/bin/swift-plugin-server -plugin-path /Library/Developer/Toolchains/swift-6.0-DEVELOPMENT-SNAPSHOT-2024-05-26-a.xctoolchain/usr/lib/swift/host/plugins -plugin-path /Library/Developer/Toolchains/swift-6.0-DEVELOPMENT-SNAPSHOT-2024-05-26-a.xctoolchain/usr/local/lib/swift/host/plugins -emit-module-doc-path /Users/admin/builder/spi-builder-workspace/.derivedData/Build/Intermediates.noindex/AnimatedSwipeCard.build/Debug-appletvos/AnimatedSwipeCard.build/Objects-normal/arm64/AnimatedSwipeCard.swiftdoc -emit-module-source-info-path /Users/admin/builder/spi-builder-workspace/.derivedData/Build/Intermediates.noindex/AnimatedSwipeCard.build/Debug-appletvos/AnimatedSwipeCard.build/Objects-normal/arm64/AnimatedSwipeCard.swiftsourceinfo -emit-objc-header-path /Users/admin/builder/spi-builder-workspace/.derivedData/Build/Intermediates.noindex/AnimatedSwipeCard.build/Debug-appletvos/AnimatedSwipeCard.build/Objects-normal/arm64/AnimatedSwipeCard-Swift.h -serialize-diagnostics-path /Users/admin/builder/spi-builder-workspace/.derivedData/Build/Intermediates.noindex/AnimatedSwipeCard.build/Debug-appletvos/AnimatedSwipeCard.build/Objects-normal/arm64/AnimatedSwipeCard-master-emit-module.dia -emit-dependencies-path /Users/admin/builder/spi-builder-workspace/.derivedData/Build/Intermediates.noindex/AnimatedSwipeCard.build/Debug-appletvos/AnimatedSwipeCard.build/Objects-normal/arm64/AnimatedSwipeCard-master-emit-module.d -o /Users/admin/builder/spi-builder-workspace/.derivedData/Build/Intermediates.noindex/AnimatedSwipeCard.build/Debug-appletvos/AnimatedSwipeCard.build/Objects-normal/arm64/AnimatedSwipeCard.swiftmodule -emit-abi-descriptor-path /Users/admin/builder/spi-builder-workspace/.derivedData/Build/Intermediates.noindex/AnimatedSwipeCard.build/Debug-appletvos/AnimatedSwipeCard.build/Objects-normal/arm64/AnimatedSwipeCard.abi.json
/Users/admin/builder/spi-builder-workspace/Sources/AnimatedSwipeCard/CardRowView.swift:38:32: error: 'Binding' is only available in tvOS 13.0 or newer
12 | @available(iOS 14.0, *)
13 |
14 | public struct CardRowView: View {
| `- note: add @available attribute to enclosing struct
15 |
16 |
:
27 | /// - bindingText: pass State to store text. This maybe the same as titleText
28 | /// - bindingSubText: pass State to store text. This maybe the same as subText
29 | public init(animationShakeAmount: Double = 5.0,
| `- note: add @available attribute to enclosing initializer
30 | swipeScale: Double = 0.8,
31 | titleText: String,
:
36 | imageHeight: CGFloat = 50,
37 | imageWidth: CGFloat = 50,
38 | showCardAlert: Binding<Bool>,
| `- error: 'Binding' is only available in tvOS 13.0 or newer
39 | bindingID: Binding<String>?,
40 | bindingText: Binding<String>?,
/Users/admin/builder/spi-builder-workspace/Sources/AnimatedSwipeCard/CardRowView.swift:39:28: error: 'Binding' is only available in tvOS 13.0 or newer
12 | @available(iOS 14.0, *)
13 |
14 | public struct CardRowView: View {
| `- note: add @available attribute to enclosing struct
15 |
16 |
:
27 | /// - bindingText: pass State to store text. This maybe the same as titleText
28 | /// - bindingSubText: pass State to store text. This maybe the same as subText
29 | public init(animationShakeAmount: Double = 5.0,
| `- note: add @available attribute to enclosing initializer
30 | swipeScale: Double = 0.8,
31 | titleText: String,
:
37 | imageWidth: CGFloat = 50,
38 | showCardAlert: Binding<Bool>,
39 | bindingID: Binding<String>?,
| `- error: 'Binding' is only available in tvOS 13.0 or newer
40 | bindingText: Binding<String>?,
41 | bindingSubText: Binding<String>?
/Users/admin/builder/spi-builder-workspace/Sources/AnimatedSwipeCard/CardRowView.swift:40:30: error: 'Binding' is only available in tvOS 13.0 or newer
12 | @available(iOS 14.0, *)
13 |
14 | public struct CardRowView: View {
| `- note: add @available attribute to enclosing struct
15 |
16 |
:
27 | /// - bindingText: pass State to store text. This maybe the same as titleText
28 | /// - bindingSubText: pass State to store text. This maybe the same as subText
29 | public init(animationShakeAmount: Double = 5.0,
| `- note: add @available attribute to enclosing initializer
30 | swipeScale: Double = 0.8,
31 | titleText: String,
:
38 | showCardAlert: Binding<Bool>,
39 | bindingID: Binding<String>?,
40 | bindingText: Binding<String>?,
| `- error: 'Binding' is only available in tvOS 13.0 or newer
41 | bindingSubText: Binding<String>?
42 | ) {
/Users/admin/builder/spi-builder-workspace/Sources/AnimatedSwipeCard/CardRowView.swift:41:33: error: 'Binding' is only available in tvOS 13.0 or newer
12 | @available(iOS 14.0, *)
13 |
14 | public struct CardRowView: View {
| `- note: add @available attribute to enclosing struct
15 |
16 |
:
27 | /// - bindingText: pass State to store text. This maybe the same as titleText
28 | /// - bindingSubText: pass State to store text. This maybe the same as subText
29 | public init(animationShakeAmount: Double = 5.0,
| `- note: add @available attribute to enclosing initializer
30 | swipeScale: Double = 0.8,
31 | titleText: String,
:
39 | bindingID: Binding<String>?,
40 | bindingText: Binding<String>?,
41 | bindingSubText: Binding<String>?
| `- error: 'Binding' is only available in tvOS 13.0 or newer
42 | ) {
43 | self.animationShakeAmount = animationShakeAmount
/Users/admin/builder/spi-builder-workspace/Sources/AnimatedSwipeCard/CardRowView.swift:68:6: error: 'State' is only available in tvOS 13.0 or newer
12 | @available(iOS 14.0, *)
13 |
14 | public struct CardRowView: View {
| `- note: add @available attribute to enclosing struct
15 |
16 |
:
66 | var cardID = ""
67 |
68 | @State var offset = CGSize.zero
| `- error: 'State' is only available in tvOS 13.0 or newer
69 | @State var rotate = 00.0
70 | @State var animateReminder = false
/Users/admin/builder/spi-builder-workspace/Sources/AnimatedSwipeCard/CardRowView.swift:69:6: error: 'State' is only available in tvOS 13.0 or newer
12 | @available(iOS 14.0, *)
13 |
14 | public struct CardRowView: View {
| `- note: add @available attribute to enclosing struct
15 |
16 |
:
67 |
68 | @State var offset = CGSize.zero
69 | @State var rotate = 00.0
| `- error: 'State' is only available in tvOS 13.0 or newer
70 | @State var animateReminder = false
71 | @State var animateShake1 = false
/Users/admin/builder/spi-builder-workspace/Sources/AnimatedSwipeCard/CardRowView.swift:70:6: error: 'State' is only available in tvOS 13.0 or newer
12 | @available(iOS 14.0, *)
13 |
14 | public struct CardRowView: View {
| `- note: add @available attribute to enclosing struct
15 |
16 |
:
68 | @State var offset = CGSize.zero
69 | @State var rotate = 00.0
70 | @State var animateReminder = false
| `- error: 'State' is only available in tvOS 13.0 or newer
71 | @State var animateShake1 = false
72 | @State var animateShake2 = false
/Users/admin/builder/spi-builder-workspace/Sources/AnimatedSwipeCard/CardRowView.swift:71:6: error: 'State' is only available in tvOS 13.0 or newer
12 | @available(iOS 14.0, *)
13 |
14 | public struct CardRowView: View {
| `- note: add @available attribute to enclosing struct
15 |
16 |
:
69 | @State var rotate = 00.0
70 | @State var animateReminder = false
71 | @State var animateShake1 = false
| `- error: 'State' is only available in tvOS 13.0 or newer
72 | @State var animateShake2 = false
73 |
/Users/admin/builder/spi-builder-workspace/Sources/AnimatedSwipeCard/CardRowView.swift:72:6: error: 'State' is only available in tvOS 13.0 or newer
12 | @available(iOS 14.0, *)
13 |
14 | public struct CardRowView: View {
| `- note: add @available attribute to enclosing struct
15 |
16 |
:
70 | @State var animateReminder = false
71 | @State var animateShake1 = false
72 | @State var animateShake2 = false
| `- error: 'State' is only available in tvOS 13.0 or newer
73 |
74 | @Binding var showCardAlert: Bool
/Users/admin/builder/spi-builder-workspace/Sources/AnimatedSwipeCard/CardRowView.swift:74:6: error: 'Binding' is only available in tvOS 13.0 or newer
12 | @available(iOS 14.0, *)
13 |
14 | public struct CardRowView: View {
| `- note: add @available attribute to enclosing struct
15 |
16 |
:
72 | @State var animateShake2 = false
73 |
74 | @Binding var showCardAlert: Bool
| `- error: 'Binding' is only available in tvOS 13.0 or newer
75 | @Binding var bindingID: String
76 | @Binding var bindingText: String
/Users/admin/builder/spi-builder-workspace/Sources/AnimatedSwipeCard/CardRowView.swift:75:6: error: 'Binding' is only available in tvOS 13.0 or newer
12 | @available(iOS 14.0, *)
13 |
14 | public struct CardRowView: View {
| `- note: add @available attribute to enclosing struct
15 |
16 |
:
73 |
74 | @Binding var showCardAlert: Bool
75 | @Binding var bindingID: String
| `- error: 'Binding' is only available in tvOS 13.0 or newer
76 | @Binding var bindingText: String
77 | @Binding var bindingSubText: String
/Users/admin/builder/spi-builder-workspace/Sources/AnimatedSwipeCard/CardRowView.swift:76:6: error: 'Binding' is only available in tvOS 13.0 or newer
12 | @available(iOS 14.0, *)
13 |
14 | public struct CardRowView: View {
| `- note: add @available attribute to enclosing struct
15 |
16 |
:
74 | @Binding var showCardAlert: Bool
75 | @Binding var bindingID: String
76 | @Binding var bindingText: String
| `- error: 'Binding' is only available in tvOS 13.0 or newer
77 | @Binding var bindingSubText: String
78 |
/Users/admin/builder/spi-builder-workspace/Sources/AnimatedSwipeCard/CardRowView.swift:77:6: error: 'Binding' is only available in tvOS 13.0 or newer
12 | @available(iOS 14.0, *)
13 |
14 | public struct CardRowView: View {
| `- note: add @available attribute to enclosing struct
15 |
16 |
:
75 | @Binding var bindingID: String
76 | @Binding var bindingText: String
77 | @Binding var bindingSubText: String
| `- error: 'Binding' is only available in tvOS 13.0 or newer
78 |
79 |
/Users/admin/builder/spi-builder-workspace/Sources/AnimatedSwipeCard/CardRowView.swift:80:22: error: 'some' return types are only available in tvOS 13.0.0 or newer
12 | @available(iOS 14.0, *)
13 |
14 | public struct CardRowView: View {
| `- note: add @available attribute to enclosing struct
15 |
16 |
:
78 |
79 |
80 | public var body: some View {
| | `- error: 'some' return types are only available in tvOS 13.0.0 or newer
| `- note: add @available attribute to enclosing property
81 | VStack {
82 | RoundedRectangle(cornerRadius: 13)
/Users/admin/builder/spi-builder-workspace/Sources/AnimatedSwipeCard/CardRowView.swift:80:27: error: 'View' is only available in tvOS 13.0 or newer
12 | @available(iOS 14.0, *)
13 |
14 | public struct CardRowView: View {
| `- note: add @available attribute to enclosing struct
15 |
16 |
:
78 |
79 |
80 | public var body: some View {
| | `- error: 'View' is only available in tvOS 13.0 or newer
| `- note: add @available attribute to enclosing property
81 | VStack {
82 | RoundedRectangle(cornerRadius: 13)
/Users/admin/builder/spi-builder-workspace/Sources/AnimatedSwipeCard/CardRowView.swift:193:26: error: 'some' return types are only available in tvOS 13.0.0 or newer
190 |
191 | @available(iOS 14.0, *)
192 | struct CardRowView_Previews: PreviewProvider {
| `- note: add @available attribute to enclosing struct
193 | static var previews: some View {
| | `- error: 'some' return types are only available in tvOS 13.0.0 or newer
| `- note: add @available attribute to enclosing static property
194 | CardRowView(animationShakeAmount: 5.0, titleText: "Sed ut perspiciatis unde omnis iste natus error sit voluptatem accusantium doloremque laudantium", subText: "subtext", color: "StatusCard", showCardAlert: .constant(false), bindingID: .constant("42"), bindingText: .constant(""), bindingSubText: .constant(""))
195 | }
/Users/admin/builder/spi-builder-workspace/Sources/AnimatedSwipeCard/CardRowView.swift:193:31: error: 'View' is only available in tvOS 13.0 or newer
190 |
191 | @available(iOS 14.0, *)
192 | struct CardRowView_Previews: PreviewProvider {
| `- note: add @available attribute to enclosing struct
193 | static var previews: some View {
| | `- error: 'View' is only available in tvOS 13.0 or newer
| `- note: add @available attribute to enclosing static property
194 | CardRowView(animationShakeAmount: 5.0, titleText: "Sed ut perspiciatis unde omnis iste natus error sit voluptatem accusantium doloremque laudantium", subText: "subtext", color: "StatusCard", showCardAlert: .constant(false), bindingID: .constant("42"), bindingText: .constant(""), bindingSubText: .constant(""))
195 | }
SwiftCompile normal arm64 Compiling\ CardRowView.swift /Users/admin/builder/spi-builder-workspace/Sources/AnimatedSwipeCard/CardRowView.swift (in target 'AnimatedSwipeCard' from project 'AnimatedSwipeCard')
cd /Users/admin/builder/spi-builder-workspace
builtin-swiftTaskExecution -- /Library/Developer/Toolchains/swift-6.0-DEVELOPMENT-SNAPSHOT-2024-05-26-a.xctoolchain/usr/bin/swift-frontend -frontend -c -primary-file /Users/admin/builder/spi-builder-workspace/Sources/AnimatedSwipeCard/CardRowView.swift /Users/admin/builder/spi-builder-workspace/Sources/AnimatedSwipeCard/Haptics.swift -emit-dependencies-path /Users/admin/builder/spi-builder-workspace/.derivedData/Build/Intermediates.noindex/AnimatedSwipeCard.build/Debug-appletvos/AnimatedSwipeCard.build/Objects-normal/arm64/CardRowView.d -emit-const-values-path /Users/admin/builder/spi-builder-workspace/.derivedData/Build/Intermediates.noindex/AnimatedSwipeCard.build/Debug-appletvos/AnimatedSwipeCard.build/Objects-normal/arm64/CardRowView.swiftconstvalues -emit-reference-dependencies-path /Users/admin/builder/spi-builder-workspace/.derivedData/Build/Intermediates.noindex/AnimatedSwipeCard.build/Debug-appletvos/AnimatedSwipeCard.build/Objects-normal/arm64/CardRowView.swiftdeps -serialize-diagnostics-path /Users/admin/builder/spi-builder-workspace/.derivedData/Build/Intermediates.noindex/AnimatedSwipeCard.build/Debug-appletvos/AnimatedSwipeCard.build/Objects-normal/arm64/CardRowView.dia -target arm64-apple-tvos12.0 -Xllvm -aarch64-use-tbi -enable-objc-interop -sdk /Applications/Xcode-15.3.0.app/Contents/Developer/Platforms/AppleTVOS.platform/Developer/SDKs/AppleTVOS17.4.sdk -I /Users/admin/builder/spi-builder-workspace/.derivedData/Build/Products/Debug-appletvos -I /Applications/Xcode-15.3.0.app/Contents/Developer/Platforms/AppleTVOS.platform/Developer/usr/lib -F /Users/admin/builder/spi-builder-workspace/.derivedData/Build/Products/Debug-appletvos -F /Applications/Xcode-15.3.0.app/Contents/Developer/Platforms/AppleTVOS.platform/Developer/Library/Frameworks -F /Applications/Xcode-15.3.0.app/Contents/Developer/Platforms/AppleTVOS.platform/Developer/SDKs/AppleTVOS17.4.sdk/Developer/Library/Frameworks -no-color-diagnostics -enable-testing -g -module-cache-path /Users/admin/builder/spi-builder-workspace/.derivedData/ModuleCache.noindex -swift-version 5 -enforce-exclusivity\=checked -stats-output-dir /Users/admin/builder/spi-builder-workspace/.stats -Onone -D SWIFT_PACKAGE -D DEBUG -serialize-debugging-options -const-gather-protocols-file /Users/admin/builder/spi-builder-workspace/.derivedData/Build/Intermediates.noindex/AnimatedSwipeCard.build/Debug-appletvos/AnimatedSwipeCard.build/Objects-normal/arm64/AnimatedSwipeCard_const_extract_protocols.json -strict-concurrency\=complete -empty-abi-descriptor -validate-clang-modules-once -clang-build-session-file /Users/admin/builder/spi-builder-workspace/.derivedData/ModuleCache.noindex/Session.modulevalidation -Xcc -working-directory -Xcc /Users/admin/builder/spi-builder-workspace -resource-dir /Library/Developer/Toolchains/swift-6.0-DEVELOPMENT-SNAPSHOT-2024-05-26-a.xctoolchain/usr/lib/swift -enable-anonymous-context-mangled-names -Xcc -I/Users/admin/builder/spi-builder-workspace/.derivedData/Build/Intermediates.noindex/AnimatedSwipeCard.build/Debug-appletvos/AnimatedSwipeCard.build/swift-overrides.hmap -Xcc -I/Users/admin/builder/spi-builder-workspace/.derivedData/Build/Products/Debug-appletvos/include -Xcc -I/Users/admin/builder/spi-builder-workspace/.derivedData/Build/Intermediates.noindex/AnimatedSwipeCard.build/Debug-appletvos/AnimatedSwipeCard.build/DerivedSources-normal/arm64 -Xcc -I/Users/admin/builder/spi-builder-workspace/.derivedData/Build/Intermediates.noindex/AnimatedSwipeCard.build/Debug-appletvos/AnimatedSwipeCard.build/DerivedSources/arm64 -Xcc -I/Users/admin/builder/spi-builder-workspace/.derivedData/Build/Intermediates.noindex/AnimatedSwipeCard.build/Debug-appletvos/AnimatedSwipeCard.build/DerivedSources -Xcc -DSWIFT_PACKAGE -Xcc -DDEBUG\=1 -module-name AnimatedSwipeCard -frontend-parseable-output -disable-clang-spi -target-sdk-version 17.4 -target-sdk-name appletvos17.4 -external-plugin-path /Applications/Xcode-15.3.0.app/Contents/Developer/Platforms/AppleTVOS.platform/Developer/SDKs/AppleTVOS17.4.sdk/usr/lib/swift/host/plugins\#/Applications/Xcode-15.3.0.app/Contents/Developer/Platforms/AppleTVOS.platform/Developer/SDKs/AppleTVOS17.4.sdk/usr/bin/swift-plugin-server -external-plugin-path /Applications/Xcode-15.3.0.app/Contents/Developer/Platforms/AppleTVOS.platform/Developer/SDKs/AppleTVOS17.4.sdk/usr/local/lib/swift/host/plugins\#/Applications/Xcode-15.3.0.app/Contents/Developer/Platforms/AppleTVOS.platform/Developer/SDKs/AppleTVOS17.4.sdk/usr/bin/swift-plugin-server -external-plugin-path /Applications/Xcode-15.3.0.app/Contents/Developer/Platforms/AppleTVOS.platform/Developer/usr/lib/swift/host/plugins\#/Applications/Xcode-15.3.0.app/Contents/Developer/Platforms/AppleTVOS.platform/Developer/usr/bin/swift-plugin-server -external-plugin-path /Applications/Xcode-15.3.0.app/Contents/Developer/Platforms/AppleTVOS.platform/Developer/usr/local/lib/swift/host/plugins\#/Applications/Xcode-15.3.0.app/Contents/Developer/Platforms/AppleTVOS.platform/Developer/usr/bin/swift-plugin-server -plugin-path /Library/Developer/Toolchains/swift-6.0-DEVELOPMENT-SNAPSHOT-2024-05-26-a.xctoolchain/usr/lib/swift/host/plugins -plugin-path /Library/Developer/Toolchains/swift-6.0-DEVELOPMENT-SNAPSHOT-2024-05-26-a.xctoolchain/usr/local/lib/swift/host/plugins -o /Users/admin/builder/spi-builder-workspace/.derivedData/Build/Intermediates.noindex/AnimatedSwipeCard.build/Debug-appletvos/AnimatedSwipeCard.build/Objects-normal/arm64/CardRowView.o -index-unit-output-path /AnimatedSwipeCard.build/Debug-appletvos/AnimatedSwipeCard.build/Objects-normal/arm64/CardRowView.o -index-store-path /Users/admin/builder/spi-builder-workspace/.derivedData/Index.noindex/DataStore -index-system-modules
SwiftCompile normal arm64 /Users/admin/builder/spi-builder-workspace/Sources/AnimatedSwipeCard/CardRowView.swift (in target 'AnimatedSwipeCard' from project 'AnimatedSwipeCard')
cd /Users/admin/builder/spi-builder-workspace
/Library/Developer/Toolchains/swift-6.0-DEVELOPMENT-SNAPSHOT-2024-05-26-a.xctoolchain/usr/bin/swift-frontend -c -primary-file /Users/admin/builder/spi-builder-workspace/Sources/AnimatedSwipeCard/CardRowView.swift /Users/admin/builder/spi-builder-workspace/Sources/AnimatedSwipeCard/Haptics.swift -emit-dependencies-path /Users/admin/builder/spi-builder-workspace/.derivedData/Build/Intermediates.noindex/AnimatedSwipeCard.build/Debug-appletvos/AnimatedSwipeCard.build/Objects-normal/arm64/CardRowView.d -emit-const-values-path /Users/admin/builder/spi-builder-workspace/.derivedData/Build/Intermediates.noindex/AnimatedSwipeCard.build/Debug-appletvos/AnimatedSwipeCard.build/Objects-normal/arm64/CardRowView.swiftconstvalues -emit-reference-dependencies-path /Users/admin/builder/spi-builder-workspace/.derivedData/Build/Intermediates.noindex/AnimatedSwipeCard.build/Debug-appletvos/AnimatedSwipeCard.build/Objects-normal/arm64/CardRowView.swiftdeps -serialize-diagnostics-path /Users/admin/builder/spi-builder-workspace/.derivedData/Build/Intermediates.noindex/AnimatedSwipeCard.build/Debug-appletvos/AnimatedSwipeCard.build/Objects-normal/arm64/CardRowView.dia -target arm64-apple-tvos12.0 -Xllvm -aarch64-use-tbi -enable-objc-interop -sdk /Applications/Xcode-15.3.0.app/Contents/Developer/Platforms/AppleTVOS.platform/Developer/SDKs/AppleTVOS17.4.sdk -I /Users/admin/builder/spi-builder-workspace/.derivedData/Build/Products/Debug-appletvos -I /Applications/Xcode-15.3.0.app/Contents/Developer/Platforms/AppleTVOS.platform/Developer/usr/lib -F /Users/admin/builder/spi-builder-workspace/.derivedData/Build/Products/Debug-appletvos -F /Applications/Xcode-15.3.0.app/Contents/Developer/Platforms/AppleTVOS.platform/Developer/Library/Frameworks -F /Applications/Xcode-15.3.0.app/Contents/Developer/Platforms/AppleTVOS.platform/Developer/SDKs/AppleTVOS17.4.sdk/Developer/Library/Frameworks -no-color-diagnostics -enable-testing -g -module-cache-path /Users/admin/builder/spi-builder-workspace/.derivedData/ModuleCache.noindex -swift-version 5 -enforce-exclusivity\=checked -stats-output-dir /Users/admin/builder/spi-builder-workspace/.stats -Onone -D SWIFT_PACKAGE -D DEBUG -serialize-debugging-options -const-gather-protocols-file /Users/admin/builder/spi-builder-workspace/.derivedData/Build/Intermediates.noindex/AnimatedSwipeCard.build/Debug-appletvos/AnimatedSwipeCard.build/Objects-normal/arm64/AnimatedSwipeCard_const_extract_protocols.json -strict-concurrency\=complete -empty-abi-descriptor -validate-clang-modules-once -clang-build-session-file /Users/admin/builder/spi-builder-workspace/.derivedData/ModuleCache.noindex/Session.modulevalidation -Xcc -working-directory -Xcc /Users/admin/builder/spi-builder-workspace -resource-dir /Library/Developer/Toolchains/swift-6.0-DEVELOPMENT-SNAPSHOT-2024-05-26-a.xctoolchain/usr/lib/swift -enable-anonymous-context-mangled-names -Xcc -I/Users/admin/builder/spi-builder-workspace/.derivedData/Build/Intermediates.noindex/AnimatedSwipeCard.build/Debug-appletvos/AnimatedSwipeCard.build/swift-overrides.hmap -Xcc -I/Users/admin/builder/spi-builder-workspace/.derivedData/Build/Products/Debug-appletvos/include -Xcc -I/Users/admin/builder/spi-builder-workspace/.derivedData/Build/Intermediates.noindex/AnimatedSwipeCard.build/Debug-appletvos/AnimatedSwipeCard.build/DerivedSources-normal/arm64 -Xcc -I/Users/admin/builder/spi-builder-workspace/.derivedData/Build/Intermediates.noindex/AnimatedSwipeCard.build/Debug-appletvos/AnimatedSwipeCard.build/DerivedSources/arm64 -Xcc -I/Users/admin/builder/spi-builder-workspace/.derivedData/Build/Intermediates.noindex/AnimatedSwipeCard.build/Debug-appletvos/AnimatedSwipeCard.build/DerivedSources -Xcc -DSWIFT_PACKAGE -Xcc -DDEBUG\=1 -module-name AnimatedSwipeCard -frontend-parseable-output -disable-clang-spi -target-sdk-version 17.4 -target-sdk-name appletvos17.4 -external-plugin-path /Applications/Xcode-15.3.0.app/Contents/Developer/Platforms/AppleTVOS.platform/Developer/SDKs/AppleTVOS17.4.sdk/usr/lib/swift/host/plugins\#/Applications/Xcode-15.3.0.app/Contents/Developer/Platforms/AppleTVOS.platform/Developer/SDKs/AppleTVOS17.4.sdk/usr/bin/swift-plugin-server -external-plugin-path /Applications/Xcode-15.3.0.app/Contents/Developer/Platforms/AppleTVOS.platform/Developer/SDKs/AppleTVOS17.4.sdk/usr/local/lib/swift/host/plugins\#/Applications/Xcode-15.3.0.app/Contents/Developer/Platforms/AppleTVOS.platform/Developer/SDKs/AppleTVOS17.4.sdk/usr/bin/swift-plugin-server -external-plugin-path /Applications/Xcode-15.3.0.app/Contents/Developer/Platforms/AppleTVOS.platform/Developer/usr/lib/swift/host/plugins\#/Applications/Xcode-15.3.0.app/Contents/Developer/Platforms/AppleTVOS.platform/Developer/usr/bin/swift-plugin-server -external-plugin-path /Applications/Xcode-15.3.0.app/Contents/Developer/Platforms/AppleTVOS.platform/Developer/usr/local/lib/swift/host/plugins\#/Applications/Xcode-15.3.0.app/Contents/Developer/Platforms/AppleTVOS.platform/Developer/usr/bin/swift-plugin-server -plugin-path /Library/Developer/Toolchains/swift-6.0-DEVELOPMENT-SNAPSHOT-2024-05-26-a.xctoolchain/usr/lib/swift/host/plugins -plugin-path /Library/Developer/Toolchains/swift-6.0-DEVELOPMENT-SNAPSHOT-2024-05-26-a.xctoolchain/usr/local/lib/swift/host/plugins -o /Users/admin/builder/spi-builder-workspace/.derivedData/Build/Intermediates.noindex/AnimatedSwipeCard.build/Debug-appletvos/AnimatedSwipeCard.build/Objects-normal/arm64/CardRowView.o -index-unit-output-path /AnimatedSwipeCard.build/Debug-appletvos/AnimatedSwipeCard.build/Objects-normal/arm64/CardRowView.o -index-store-path /Users/admin/builder/spi-builder-workspace/.derivedData/Index.noindex/DataStore -index-system-modules
note: Using global toolchain override 'Swift 6.0 Development Snapshot 2024-05-26 (a)'. (in target 'AnimatedSwipeCard' from project 'AnimatedSwipeCard')
** BUILD FAILED **
The following build commands failed:
SwiftEmitModule normal arm64 Emitting\ module\ for\ AnimatedSwipeCard (in target 'AnimatedSwipeCard' from project 'AnimatedSwipeCard')
(1 failure)
BUILD FAILURE 6.0 tvOS