Build Information
Failed to build kitura-manager, reference 1.0.0 (9fdd4c), with Swift 6.2 for tvOS using Xcode 26.3 on 27 May 2026 14:24:36 UTC.
Build Command
No build command. This typically means the build failed at an early stage where we determine the build command.Build Log
========================================
RunAll
========================================
Builder version: undefined version: run 'make version' to update
Interrupt handler set up.
========================================
Checkout
========================================
Clone URL: https://github.com/galtsoft/kitura-manager.git
Reference: 1.0.0
[WARNING] environment variable BUILD_DOWNSCALING is not set
Initialized empty Git repository in /Users/admin/builder/spi-builder-workspace/.git/
From https://github.com/galtsoft/kitura-manager
* tag 1.0.0 -> FETCH_HEAD
HEAD is now at 9fdd4c5 Update dependency with git URL
Cloned https://github.com/galtsoft/kitura-manager.git
Revision (git rev-parse @):
9fdd4c5830c202fdec3ad8829cadebe7600018ce
SUCCESS checkout https://github.com/galtsoft/kitura-manager.git at 1.0.0
========================================
Build
========================================
Selected platform: tvOS
Swift version: 6.2
Building package at path: $PWD
https://github.com/galtsoft/kitura-manager.git
Command line invocation:
/Applications/Xcode-26.3.0.app/Contents/Developer/usr/bin/xcodebuild -IDEClonedSourcePackagesDirPathOverride=/Users/admin/builder/spi-builder-workspace/.dependencies -resolvePackageDependencies
Resolve Package Graph
package 'spi-builder-workspace' is using Swift tools version 3.1.0 which is no longer supported; consider using '// swift-tools-version: 6.2' to specify the current tools version
Resolved source packages:
spi-builder-workspace: (null)
2026-05-27 10:24:36.004 xcodebuild[538:3097] Writing error result bundle to /var/folders/xq/y_g06wb113726d38xsyx71_h0000gn/T/ResultBundle_2026-27-05_10-24-0036.xcresult
xcodebuild: error: Could not resolve package dependencies:
package 'spi-builder-workspace' is using Swift tools version 3.1.0 which is no longer supported; consider using '// swift-tools-version: 6.2' to specify the current tools version
Command line invocation:
/Applications/Xcode-26.3.0.app/Contents/Developer/usr/bin/xcodebuild -IDEClonedSourcePackagesDirPathOverride=/Users/admin/builder/spi-builder-workspace/.dependencies -resolvePackageDependencies
Resolve Package Graph
package 'spi-builder-workspace' is using Swift tools version 3.1.0 which is no longer supported; consider using '// swift-tools-version: 6.2' to specify the current tools version
Resolved source packages:
spi-builder-workspace: (null)
2026-05-27 10:24:36.843 xcodebuild[600:3622] Writing error result bundle to /var/folders/xq/y_g06wb113726d38xsyx71_h0000gn/T/ResultBundle_2026-27-05_10-24-0036.xcresult
xcodebuild: error: Could not resolve package dependencies:
package 'spi-builder-workspace' is using Swift tools version 3.1.0 which is no longer supported; consider using '// swift-tools-version: 6.2' to specify the current tools version
[ERROR] BUILD FAILURE 6.2 tvOS