Build Information
Failed to build SwiftOxfordAPI with Swift 5.10 for Linux.
Build Command
bash -c docker run --rm -v "checkouts-4609320-0":/host -w "$workDir" registry.gitlab.com/finestructure/spi-images:basic-5.10-latest swift build --triple x86_64-unknown-linux-gnu 2>&1
Build Log
========================================
RunAll
========================================
Builder version: 4.34.1
Interrupt handler set up.
========================================
Checkout
========================================
Clone URL: https://github.com/maximbilan/SwiftOxfordAPI.git
Reference: master
Initialized empty Git repository in /host/spi-builder-workspace/.git/
hint: Using 'master' as the name for the initial branch. This default branch name
hint: is subject to change. To configure the initial branch name to use in all
hint: of your new repositories, which will suppress this warning, call:
hint:
hint: git config --global init.defaultBranch <name>
hint:
hint: Names commonly chosen instead of 'master' are 'main', 'trunk' and
hint: 'development'. The just-created branch can be renamed via this command:
hint:
hint: git branch -m <name>
From https://github.com/maximbilan/SwiftOxfordAPI
* branch master -> FETCH_HEAD
* [new branch] master -> origin/master
HEAD is now at 322df3b Update README.md
Cloned https://github.com/maximbilan/SwiftOxfordAPI.git
Revision (git rev-parse @):
322df3b8601e871874993e124fa31d22c91217d1
SUCCESS checkout https://github.com/maximbilan/SwiftOxfordAPI.git at master
========================================
Build
========================================
Selected platform: linux
Swift version: 5.10
Building package at path: $workDir
https://github.com/maximbilan/SwiftOxfordAPI.git
Running build ...
bash -c docker run --rm -v "checkouts-4609320-0":/host -w "$workDir" registry.gitlab.com/finestructure/spi-images:basic-5.10-latest swift build --triple x86_64-unknown-linux-gnu 2>&1
Building for debugging...
[0/2] Write sources
[1/2] Write swift-version-24593BA9C3E375BF.txt
error: emit-module command failed with exit code 1 (use -v to see invocation)
[3/4] Emitting module SwiftOxfordAPI
/host/spi-builder-workspace/Sources/SwiftOxfordAPI.swift:42:24: error: 'URLSession' (aka 'AnyObject') cannot be constructed because it has no accessible initializers
private let session = URLSession(configuration: .default)
^~~~~~~~~~
/host/spi-builder-workspace/Sources/SwiftOxfordAPI.swift:42:51: error: cannot infer contextual base in reference to member 'default'
private let session = URLSession(configuration: .default)
~^~~~~~~
[4/4] Compiling SwiftOxfordAPI SwiftOxfordAPI.swift
/host/spi-builder-workspace/Sources/SwiftOxfordAPI.swift:42:24: error: 'URLSession' (aka 'AnyObject') cannot be constructed because it has no accessible initializers
private let session = URLSession(configuration: .default)
^~~~~~~~~~
/host/spi-builder-workspace/Sources/SwiftOxfordAPI.swift:42:51: error: cannot infer contextual base in reference to member 'default'
private let session = URLSession(configuration: .default)
~^~~~~~~
/host/spi-builder-workspace/Sources/SwiftOxfordAPI.swift:134:26: error: cannot find 'URLRequest' in scope
var urlRequest = URLRequest(url: url)
^~~~~~~~~~
/host/spi-builder-workspace/Sources/SwiftOxfordAPI.swift:143:43: error: value of type 'HTTPURLResponse' (aka 'AnyObject') has no member 'statusCode'
(200 ..< 300) ~= response.statusCode,
~~~~~~~~ ^~~~~~~~~~
error: fatalError
[0/1] Planning build
Building for debugging...
[0/1] Write swift-version-24593BA9C3E375BF.txt
error: emit-module command failed with exit code 1 (use -v to see invocation)
[2/3] Emitting module SwiftOxfordAPI
/host/spi-builder-workspace/Sources/SwiftOxfordAPI.swift:42:24: error: 'URLSession' (aka 'AnyObject') cannot be constructed because it has no accessible initializers
private let session = URLSession(configuration: .default)
^~~~~~~~~~
/host/spi-builder-workspace/Sources/SwiftOxfordAPI.swift:42:51: error: cannot infer contextual base in reference to member 'default'
private let session = URLSession(configuration: .default)
~^~~~~~~
[3/3] Compiling SwiftOxfordAPI SwiftOxfordAPI.swift
/host/spi-builder-workspace/Sources/SwiftOxfordAPI.swift:42:24: error: 'URLSession' (aka 'AnyObject') cannot be constructed because it has no accessible initializers
private let session = URLSession(configuration: .default)
^~~~~~~~~~
/host/spi-builder-workspace/Sources/SwiftOxfordAPI.swift:42:51: error: cannot infer contextual base in reference to member 'default'
private let session = URLSession(configuration: .default)
~^~~~~~~
/host/spi-builder-workspace/Sources/SwiftOxfordAPI.swift:134:26: error: cannot find 'URLRequest' in scope
var urlRequest = URLRequest(url: url)
^~~~~~~~~~
/host/spi-builder-workspace/Sources/SwiftOxfordAPI.swift:143:43: error: value of type 'HTTPURLResponse' (aka 'AnyObject') has no member 'statusCode'
(200 ..< 300) ~= response.statusCode,
~~~~~~~~ ^~~~~~~~~~
error: fatalError
BUILD FAILURE 5.10 linux