This is a staging environment. For live and up-to-date package information, visit swiftpackageindex.com.

The Swift Package Index logo.Swift Package Index

Track the adoption of Swift 6 strict concurrency checks for data race safety. How many packages are Ready for Swift 6?

Build Information

Failed to build HD44780LCD with Swift 6.0 for visionOS using Xcode 16.0.

Build Command

env DEVELOPER_DIR=/Applications/Xcode-15.3.0.app xcrun --toolchain org.swift.600202405261a xcodebuild -IDEClonedSourcePackagesDirPathOverride=$workDir/.dependencies -skipMacroValidation -skipPackagePluginValidation -derivedDataPath $workDir/.derivedData build -scheme HD44780LCD -destination generic/platform=xros OTHER_SWIFT_FLAGS=-stats-output-dir .stats -strict-concurrency=complete

Build Log

note: Using global toolchain override 'Swift 6.0 Development Snapshot 2024-05-26 (a)'. (in target 'SwiftyGPIO' from project 'SwiftyGPIO')
note: Using global toolchain override 'Swift 6.0 Development Snapshot 2024-05-26 (a)'. (in target 'HD44780LCD' from project 'HD44780LCD')
note: Using global toolchain override 'Swift 6.0 Development Snapshot 2024-05-26 (a)'. (in target 'HD44780LCD' from project 'HD44780LCD')
** BUILD FAILED **
The following build commands failed:
	SwiftCompile normal arm64 /Users/admin/builder/spi-builder-workspace/.dependencies/checkouts/SwiftyGPIO/Sources/UART.swift (in target 'SwiftyGPIO' from project 'SwiftyGPIO')
	SwiftCompile normal arm64 Compiling\ UART.swift /Users/admin/builder/spi-builder-workspace/.dependencies/checkouts/SwiftyGPIO/Sources/UART.swift (in target 'SwiftyGPIO' from project 'SwiftyGPIO')
(2 failures)
Command line invocation:
    /Applications/Xcode-15.3.0.app/Contents/Developer/usr/bin/xcodebuild -IDEClonedSourcePackagesDirPathOverride=/Users/admin/builder/spi-builder-workspace/.dependencies -skipMacroValidation -skipPackagePluginValidation -derivedDataPath /Users/admin/builder/spi-builder-workspace/.derivedData build -scheme HD44780LCD -destination generic/platform=xros "OTHER_SWIFT_FLAGS=-stats-output-dir .stats -strict-concurrency=complete"
User defaults from command line:
    IDEClonedSourcePackagesDirPathOverride = /Users/admin/builder/spi-builder-workspace/.dependencies
    IDEDerivedDataPathOverride = /Users/admin/builder/spi-builder-workspace/.derivedData
    IDEPackageSupportToolchainOverrideForManifestLoading = org.swift.600202405261a
    IDEPackageSupportUseBuiltinSCM = YES
Build settings from command line:
    OTHER_SWIFT_FLAGS = -stats-output-dir .stats -strict-concurrency=complete
    TOOLCHAINS = org.swift.600202405261a
Resolve Package Graph
Resolved source packages:
  SwiftyGPIO: https://github.com/uraimo/SwiftyGPIO.git @ 1.4.4
  HD44780LCD: /Users/admin/builder/spi-builder-workspace
Prepare packages
ComputeTargetDependencyGraph
note: Building targets in dependency order
note: Target dependency graph (4 targets)
    Target 'HD44780LCD' in project 'HD44780LCD'
        ➜ Explicit dependency on target 'HD44780LCD' in project 'HD44780LCD'
        ➜ Explicit dependency on target 'SwiftyGPIO' in project 'SwiftyGPIO'
    Target 'HD44780LCD' in project 'HD44780LCD'
        ➜ Explicit dependency on target 'SwiftyGPIO' in project 'SwiftyGPIO'
    Target 'SwiftyGPIO' in project 'SwiftyGPIO'
        ➜ Explicit dependency on target 'SwiftyGPIO' in project 'SwiftyGPIO'
    Target 'SwiftyGPIO' in project 'SwiftyGPIO' (no dependencies)
GatherProvisioningInputs
CreateBuildDescription
note: Using global toolchain override 'Swift 6.0 Development Snapshot 2024-05-26 (a)'.
note: Using global toolchain override 'Swift 6.0 Development Snapshot 2024-05-26 (a)'. (in target 'SwiftyGPIO' from project 'SwiftyGPIO')
SwiftDriver SwiftyGPIO normal arm64 com.apple.xcode.tools.swift.compiler (in target 'SwiftyGPIO' from project 'SwiftyGPIO')
    cd /Users/admin/builder/spi-builder-workspace/.dependencies/checkouts/SwiftyGPIO
    builtin-SwiftDriver -- /Library/Developer/Toolchains/swift-6.0-DEVELOPMENT-SNAPSHOT-2024-05-26-a.xctoolchain/usr/bin/swiftc -module-name SwiftyGPIO -Onone -enforce-exclusivity\=checked @/Users/admin/builder/spi-builder-workspace/.derivedData/Build/Intermediates.noindex/SwiftyGPIO.build/Debug-xros/SwiftyGPIO.build/Objects-normal/arm64/SwiftyGPIO.SwiftFileList -DSWIFT_PACKAGE -DDEBUG -stats-output-dir .stats -strict-concurrency\=complete -sdk /Applications/Xcode-15.3.0.app/Contents/Developer/Platforms/XROS.platform/Developer/SDKs/XROS1.1.sdk -target arm64-apple-xros1.0 -g -module-cache-path /Users/admin/builder/spi-builder-workspace/.derivedData/ModuleCache.noindex -Xfrontend -serialize-debugging-options -enable-testing -suppress-warnings -index-store-path /Users/admin/builder/spi-builder-workspace/.derivedData/Index.noindex/DataStore -swift-version 5 -I /Users/admin/builder/spi-builder-workspace/.derivedData/Build/Products/Debug-xros -I /Applications/Xcode-15.3.0.app/Contents/Developer/Platforms/XROS.platform/Developer/usr/lib -F /Users/admin/builder/spi-builder-workspace/.derivedData/Build/Products/Debug-xros -F /Applications/Xcode-15.3.0.app/Contents/Developer/Platforms/XROS.platform/Developer/Library/Frameworks -F /Applications/Xcode-15.3.0.app/Contents/Developer/Platforms/XROS.platform/Developer/SDKs/XROS1.1.sdk/Developer/Library/Frameworks -c -j10 -enable-batch-mode -incremental -output-file-map /Users/admin/builder/spi-builder-workspace/.derivedData/Build/Intermediates.noindex/SwiftyGPIO.build/Debug-xros/SwiftyGPIO.build/Objects-normal/arm64/SwiftyGPIO-OutputFileMap.json -use-frontend-parseable-output -save-temps -no-color-diagnostics -serialize-diagnostics -emit-dependencies -emit-module -emit-module-path /Users/admin/builder/spi-builder-workspace/.derivedData/Build/Intermediates.noindex/SwiftyGPIO.build/Debug-xros/SwiftyGPIO.build/Objects-normal/arm64/SwiftyGPIO.swiftmodule -validate-clang-modules-once -clang-build-session-file /Users/admin/builder/spi-builder-workspace/.derivedData/ModuleCache.noindex/Session.modulevalidation -Xcc -I/Users/admin/builder/spi-builder-workspace/.derivedData/Build/Intermediates.noindex/SwiftyGPIO.build/Debug-xros/SwiftyGPIO.build/swift-overrides.hmap -emit-const-values -Xfrontend -const-gather-protocols-file -Xfrontend /Users/admin/builder/spi-builder-workspace/.derivedData/Build/Intermediates.noindex/SwiftyGPIO.build/Debug-xros/SwiftyGPIO.build/Objects-normal/arm64/SwiftyGPIO_const_extract_protocols.json -Xcc -I/Users/admin/builder/spi-builder-workspace/.derivedData/Build/Products/Debug-xros/include -Xcc -I/Users/admin/builder/spi-builder-workspace/.derivedData/Build/Intermediates.noindex/SwiftyGPIO.build/Debug-xros/SwiftyGPIO.build/DerivedSources-normal/arm64 -Xcc -I/Users/admin/builder/spi-builder-workspace/.derivedData/Build/Intermediates.noindex/SwiftyGPIO.build/Debug-xros/SwiftyGPIO.build/DerivedSources/arm64 -Xcc -I/Users/admin/builder/spi-builder-workspace/.derivedData/Build/Intermediates.noindex/SwiftyGPIO.build/Debug-xros/SwiftyGPIO.build/DerivedSources -Xcc -DSWIFT_PACKAGE -Xcc -DDEBUG\=1 -emit-objc-header -emit-objc-header-path /Users/admin/builder/spi-builder-workspace/.derivedData/Build/Intermediates.noindex/SwiftyGPIO.build/Debug-xros/SwiftyGPIO.build/Objects-normal/arm64/SwiftyGPIO-Swift.h -working-directory /Users/admin/builder/spi-builder-workspace/.dependencies/checkouts/SwiftyGPIO -experimental-emit-module-separately -disable-cmo
SwiftEmitModule normal arm64 Emitting\ module\ for\ SwiftyGPIO (in target 'SwiftyGPIO' from project 'SwiftyGPIO')
    cd /Users/admin/builder/spi-builder-workspace/.dependencies/checkouts/SwiftyGPIO
    builtin-swiftTaskExecution -- /Library/Developer/Toolchains/swift-6.0-DEVELOPMENT-SNAPSHOT-2024-05-26-a.xctoolchain/usr/bin/swift-frontend -frontend -emit-module -experimental-skip-non-inlinable-function-bodies-without-types /Users/admin/builder/spi-builder-workspace/.dependencies/checkouts/SwiftyGPIO/Sources/1Wire.swift /Users/admin/builder/spi-builder-workspace/.dependencies/checkouts/SwiftyGPIO/Sources/ADC.swift /Users/admin/builder/spi-builder-workspace/.dependencies/checkouts/SwiftyGPIO/Sources/I2C.swift /Users/admin/builder/spi-builder-workspace/.dependencies/checkouts/SwiftyGPIO/Sources/Mailbox.swift /Users/admin/builder/spi-builder-workspace/.dependencies/checkouts/SwiftyGPIO/Sources/PWM.swift /Users/admin/builder/spi-builder-workspace/.dependencies/checkouts/SwiftyGPIO/Sources/Presets.swift /Users/admin/builder/spi-builder-workspace/.dependencies/checkouts/SwiftyGPIO/Sources/SPI.swift /Users/admin/builder/spi-builder-workspace/.dependencies/checkouts/SwiftyGPIO/Sources/SunXi.swift /Users/admin/builder/spi-builder-workspace/.dependencies/checkouts/SwiftyGPIO/Sources/SwiftyGPIO.swift /Users/admin/builder/spi-builder-workspace/.dependencies/checkouts/SwiftyGPIO/Sources/UART.swift -target arm64-apple-xros1.0 -Xllvm -aarch64-use-tbi -enable-objc-interop -sdk /Applications/Xcode-15.3.0.app/Contents/Developer/Platforms/XROS.platform/Developer/SDKs/XROS1.1.sdk -I /Users/admin/builder/spi-builder-workspace/.derivedData/Build/Products/Debug-xros -I /Applications/Xcode-15.3.0.app/Contents/Developer/Platforms/XROS.platform/Developer/usr/lib -F /Users/admin/builder/spi-builder-workspace/.derivedData/Build/Products/Debug-xros -F /Applications/Xcode-15.3.0.app/Contents/Developer/Platforms/XROS.platform/Developer/Library/Frameworks -F /Applications/Xcode-15.3.0.app/Contents/Developer/Platforms/XROS.platform/Developer/SDKs/XROS1.1.sdk/Developer/Library/Frameworks -no-color-diagnostics -enable-testing -g -module-cache-path /Users/admin/builder/spi-builder-workspace/.derivedData/ModuleCache.noindex -suppress-warnings -swift-version 5 -enforce-exclusivity\=checked -stats-output-dir /Users/admin/builder/spi-builder-workspace/.dependencies/checkouts/SwiftyGPIO/.stats -Onone -D SWIFT_PACKAGE -D DEBUG -serialize-debugging-options -const-gather-protocols-file /Users/admin/builder/spi-builder-workspace/.derivedData/Build/Intermediates.noindex/SwiftyGPIO.build/Debug-xros/SwiftyGPIO.build/Objects-normal/arm64/SwiftyGPIO_const_extract_protocols.json -strict-concurrency\=complete -empty-abi-descriptor -validate-clang-modules-once -clang-build-session-file /Users/admin/builder/spi-builder-workspace/.derivedData/ModuleCache.noindex/Session.modulevalidation -Xcc -working-directory -Xcc /Users/admin/builder/spi-builder-workspace/.dependencies/checkouts/SwiftyGPIO -resource-dir /Library/Developer/Toolchains/swift-6.0-DEVELOPMENT-SNAPSHOT-2024-05-26-a.xctoolchain/usr/lib/swift -enable-anonymous-context-mangled-names -Xcc -I/Users/admin/builder/spi-builder-workspace/.derivedData/Build/Intermediates.noindex/SwiftyGPIO.build/Debug-xros/SwiftyGPIO.build/swift-overrides.hmap -Xcc -I/Users/admin/builder/spi-builder-workspace/.derivedData/Build/Products/Debug-xros/include -Xcc -I/Users/admin/builder/spi-builder-workspace/.derivedData/Build/Intermediates.noindex/SwiftyGPIO.build/Debug-xros/SwiftyGPIO.build/DerivedSources-normal/arm64 -Xcc -I/Users/admin/builder/spi-builder-workspace/.derivedData/Build/Intermediates.noindex/SwiftyGPIO.build/Debug-xros/SwiftyGPIO.build/DerivedSources/arm64 -Xcc -I/Users/admin/builder/spi-builder-workspace/.derivedData/Build/Intermediates.noindex/SwiftyGPIO.build/Debug-xros/SwiftyGPIO.build/DerivedSources -Xcc -DSWIFT_PACKAGE -Xcc -DDEBUG\=1 -module-name SwiftyGPIO -disable-clang-spi -target-sdk-version 1.1 -target-sdk-name xros1.1 -external-plugin-path /Applications/Xcode-15.3.0.app/Contents/Developer/Platforms/XROS.platform/Developer/SDKs/XROS1.1.sdk/usr/lib/swift/host/plugins\#/Applications/Xcode-15.3.0.app/Contents/Developer/Platforms/XROS.platform/Developer/SDKs/XROS1.1.sdk/usr/bin/swift-plugin-server -external-plugin-path /Applications/Xcode-15.3.0.app/Contents/Developer/Platforms/XROS.platform/Developer/SDKs/XROS1.1.sdk/usr/local/lib/swift/host/plugins\#/Applications/Xcode-15.3.0.app/Contents/Developer/Platforms/XROS.platform/Developer/SDKs/XROS1.1.sdk/usr/bin/swift-plugin-server -external-plugin-path /Applications/Xcode-15.3.0.app/Contents/Developer/Platforms/XROS.platform/Developer/usr/lib/swift/host/plugins\#/Applications/Xcode-15.3.0.app/Contents/Developer/Platforms/XROS.platform/Developer/usr/bin/swift-plugin-server -external-plugin-path /Applications/Xcode-15.3.0.app/Contents/Developer/Platforms/XROS.platform/Developer/usr/local/lib/swift/host/plugins\#/Applications/Xcode-15.3.0.app/Contents/Developer/Platforms/XROS.platform/Developer/usr/bin/swift-plugin-server -plugin-path /Library/Developer/Toolchains/swift-6.0-DEVELOPMENT-SNAPSHOT-2024-05-26-a.xctoolchain/usr/lib/swift/host/plugins -plugin-path /Library/Developer/Toolchains/swift-6.0-DEVELOPMENT-SNAPSHOT-2024-05-26-a.xctoolchain/usr/local/lib/swift/host/plugins -emit-module-doc-path /Users/admin/builder/spi-builder-workspace/.derivedData/Build/Intermediates.noindex/SwiftyGPIO.build/Debug-xros/SwiftyGPIO.build/Objects-normal/arm64/SwiftyGPIO.swiftdoc -emit-module-source-info-path /Users/admin/builder/spi-builder-workspace/.derivedData/Build/Intermediates.noindex/SwiftyGPIO.build/Debug-xros/SwiftyGPIO.build/Objects-normal/arm64/SwiftyGPIO.swiftsourceinfo -emit-objc-header-path /Users/admin/builder/spi-builder-workspace/.derivedData/Build/Intermediates.noindex/SwiftyGPIO.build/Debug-xros/SwiftyGPIO.build/Objects-normal/arm64/SwiftyGPIO-Swift.h -serialize-diagnostics-path /Users/admin/builder/spi-builder-workspace/.derivedData/Build/Intermediates.noindex/SwiftyGPIO.build/Debug-xros/SwiftyGPIO.build/Objects-normal/arm64/SwiftyGPIO-master-emit-module.dia -emit-dependencies-path /Users/admin/builder/spi-builder-workspace/.derivedData/Build/Intermediates.noindex/SwiftyGPIO.build/Debug-xros/SwiftyGPIO.build/Objects-normal/arm64/SwiftyGPIO-master-emit-module.d -o /Users/admin/builder/spi-builder-workspace/.derivedData/Build/Intermediates.noindex/SwiftyGPIO.build/Debug-xros/SwiftyGPIO.build/Objects-normal/arm64/SwiftyGPIO.swiftmodule -emit-abi-descriptor-path /Users/admin/builder/spi-builder-workspace/.derivedData/Build/Intermediates.noindex/SwiftyGPIO.build/Debug-xros/SwiftyGPIO.build/Objects-normal/arm64/SwiftyGPIO.abi.json
SwiftCompile normal arm64 Compiling\ Presets.swift /Users/admin/builder/spi-builder-workspace/.dependencies/checkouts/SwiftyGPIO/Sources/Presets.swift (in target 'SwiftyGPIO' from project 'SwiftyGPIO')
    cd /Users/admin/builder/spi-builder-workspace/.dependencies/checkouts/SwiftyGPIO
    builtin-swiftTaskExecution -- /Library/Developer/Toolchains/swift-6.0-DEVELOPMENT-SNAPSHOT-2024-05-26-a.xctoolchain/usr/bin/swift-frontend -frontend -c /Users/admin/builder/spi-builder-workspace/.dependencies/checkouts/SwiftyGPIO/Sources/1Wire.swift /Users/admin/builder/spi-builder-workspace/.dependencies/checkouts/SwiftyGPIO/Sources/ADC.swift /Users/admin/builder/spi-builder-workspace/.dependencies/checkouts/SwiftyGPIO/Sources/I2C.swift /Users/admin/builder/spi-builder-workspace/.dependencies/checkouts/SwiftyGPIO/Sources/Mailbox.swift /Users/admin/builder/spi-builder-workspace/.dependencies/checkouts/SwiftyGPIO/Sources/PWM.swift -primary-file /Users/admin/builder/spi-builder-workspace/.dependencies/checkouts/SwiftyGPIO/Sources/Presets.swift /Users/admin/builder/spi-builder-workspace/.dependencies/checkouts/SwiftyGPIO/Sources/SPI.swift /Users/admin/builder/spi-builder-workspace/.dependencies/checkouts/SwiftyGPIO/Sources/SunXi.swift /Users/admin/builder/spi-builder-workspace/.dependencies/checkouts/SwiftyGPIO/Sources/SwiftyGPIO.swift /Users/admin/builder/spi-builder-workspace/.dependencies/checkouts/SwiftyGPIO/Sources/UART.swift -emit-dependencies-path /Users/admin/builder/spi-builder-workspace/.derivedData/Build/Intermediates.noindex/SwiftyGPIO.build/Debug-xros/SwiftyGPIO.build/Objects-normal/arm64/Presets.d -emit-const-values-path /Users/admin/builder/spi-builder-workspace/.derivedData/Build/Intermediates.noindex/SwiftyGPIO.build/Debug-xros/SwiftyGPIO.build/Objects-normal/arm64/Presets.swiftconstvalues -emit-reference-dependencies-path /Users/admin/builder/spi-builder-workspace/.derivedData/Build/Intermediates.noindex/SwiftyGPIO.build/Debug-xros/SwiftyGPIO.build/Objects-normal/arm64/Presets.swiftdeps -serialize-diagnostics-path /Users/admin/builder/spi-builder-workspace/.derivedData/Build/Intermediates.noindex/SwiftyGPIO.build/Debug-xros/SwiftyGPIO.build/Objects-normal/arm64/Presets.dia -target arm64-apple-xros1.0 -Xllvm -aarch64-use-tbi -enable-objc-interop -sdk /Applications/Xcode-15.3.0.app/Contents/Developer/Platforms/XROS.platform/Developer/SDKs/XROS1.1.sdk -I /Users/admin/builder/spi-builder-workspace/.derivedData/Build/Products/Debug-xros -I /Applications/Xcode-15.3.0.app/Contents/Developer/Platforms/XROS.platform/Developer/usr/lib -F /Users/admin/builder/spi-builder-workspace/.derivedData/Build/Products/Debug-xros -F /Applications/Xcode-15.3.0.app/Contents/Developer/Platforms/XROS.platform/Developer/Library/Frameworks -F /Applications/Xcode-15.3.0.app/Contents/Developer/Platforms/XROS.platform/Developer/SDKs/XROS1.1.sdk/Developer/Library/Frameworks -no-color-diagnostics -enable-testing -g -module-cache-path /Users/admin/builder/spi-builder-workspace/.derivedData/ModuleCache.noindex -suppress-warnings -swift-version 5 -enforce-exclusivity\=checked -stats-output-dir /Users/admin/builder/spi-builder-workspace/.dependencies/checkouts/SwiftyGPIO/.stats -Onone -D SWIFT_PACKAGE -D DEBUG -serialize-debugging-options -const-gather-protocols-file /Users/admin/builder/spi-builder-workspace/.derivedData/Build/Intermediates.noindex/SwiftyGPIO.build/Debug-xros/SwiftyGPIO.build/Objects-normal/arm64/SwiftyGPIO_const_extract_protocols.json -strict-concurrency\=complete -empty-abi-descriptor -validate-clang-modules-once -clang-build-session-file /Users/admin/builder/spi-builder-workspace/.derivedData/ModuleCache.noindex/Session.modulevalidation -Xcc -working-directory -Xcc /Users/admin/builder/spi-builder-workspace/.dependencies/checkouts/SwiftyGPIO -resource-dir /Library/Developer/Toolchains/swift-6.0-DEVELOPMENT-SNAPSHOT-2024-05-26-a.xctoolchain/usr/lib/swift -enable-anonymous-context-mangled-names -Xcc -I/Users/admin/builder/spi-builder-workspace/.derivedData/Build/Intermediates.noindex/SwiftyGPIO.build/Debug-xros/SwiftyGPIO.build/swift-overrides.hmap -Xcc -I/Users/admin/builder/spi-builder-workspace/.derivedData/Build/Products/Debug-xros/include -Xcc -I/Users/admin/builder/spi-builder-workspace/.derivedData/Build/Intermediates.noindex/SwiftyGPIO.build/Debug-xros/SwiftyGPIO.build/DerivedSources-normal/arm64 -Xcc -I/Users/admin/builder/spi-builder-workspace/.derivedData/Build/Intermediates.noindex/SwiftyGPIO.build/Debug-xros/SwiftyGPIO.build/DerivedSources/arm64 -Xcc -I/Users/admin/builder/spi-builder-workspace/.derivedData/Build/Intermediates.noindex/SwiftyGPIO.build/Debug-xros/SwiftyGPIO.build/DerivedSources -Xcc -DSWIFT_PACKAGE -Xcc -DDEBUG\=1 -module-name SwiftyGPIO -frontend-parseable-output -disable-clang-spi -target-sdk-version 1.1 -target-sdk-name xros1.1 -external-plugin-path /Applications/Xcode-15.3.0.app/Contents/Developer/Platforms/XROS.platform/Developer/SDKs/XROS1.1.sdk/usr/lib/swift/host/plugins\#/Applications/Xcode-15.3.0.app/Contents/Developer/Platforms/XROS.platform/Developer/SDKs/XROS1.1.sdk/usr/bin/swift-plugin-server -external-plugin-path /Applications/Xcode-15.3.0.app/Contents/Developer/Platforms/XROS.platform/Developer/SDKs/XROS1.1.sdk/usr/local/lib/swift/host/plugins\#/Applications/Xcode-15.3.0.app/Contents/Developer/Platforms/XROS.platform/Developer/SDKs/XROS1.1.sdk/usr/bin/swift-plugin-server -external-plugin-path /Applications/Xcode-15.3.0.app/Contents/Developer/Platforms/XROS.platform/Developer/usr/lib/swift/host/plugins\#/Applications/Xcode-15.3.0.app/Contents/Developer/Platforms/XROS.platform/Developer/usr/bin/swift-plugin-server -external-plugin-path /Applications/Xcode-15.3.0.app/Contents/Developer/Platforms/XROS.platform/Developer/usr/local/lib/swift/host/plugins\#/Applications/Xcode-15.3.0.app/Contents/Developer/Platforms/XROS.platform/Developer/usr/bin/swift-plugin-server -plugin-path /Library/Developer/Toolchains/swift-6.0-DEVELOPMENT-SNAPSHOT-2024-05-26-a.xctoolchain/usr/lib/swift/host/plugins -plugin-path /Library/Developer/Toolchains/swift-6.0-DEVELOPMENT-SNAPSHOT-2024-05-26-a.xctoolchain/usr/local/lib/swift/host/plugins -o /Users/admin/builder/spi-builder-workspace/.derivedData/Build/Intermediates.noindex/SwiftyGPIO.build/Debug-xros/SwiftyGPIO.build/Objects-normal/arm64/Presets.o -index-unit-output-path /SwiftyGPIO.build/Debug-xros/SwiftyGPIO.build/Objects-normal/arm64/Presets.o -index-store-path /Users/admin/builder/spi-builder-workspace/.derivedData/Index.noindex/DataStore -index-system-modules
Error opening -stats-output-dir file '/Users/admin/builder/spi-builder-workspace/.dependencies/checkouts/SwiftyGPIO/.stats/stats-1716899262641835-swift-frontend-SwiftyGPIO-Presets.swift-arm64_apple_xros1.0-o-Onone-3438583986.json' for writing
===-------------------------------------------------------------------------===
                               Swift compilation
===-------------------------------------------------------------------------===
  Total Execution Time: 1.5421 seconds (1.5475 wall clock)
   ---User Time---   --System Time--   --User+System--   ---Wall Time---  --- Name ---
   0.0571 ( 10.2%)   0.1025 ( 10.4%)   0.1596 ( 10.3%)   0.1600 ( 10.3%)  perform-sema
   0.0568 ( 10.2%)   0.1021 ( 10.4%)   0.1589 ( 10.3%)   0.1593 ( 10.3%)  TypeCheckSourceFileRequest
   0.0567 ( 10.2%)   0.1018 ( 10.3%)   0.1585 ( 10.3%)   0.1589 ( 10.3%)  Type checking and Semantic analysis
   0.0566 ( 10.1%)   0.1016 ( 10.3%)   0.1581 ( 10.3%)   0.1585 ( 10.2%)  typecheck-decl
   0.0621 ( 11.1%)   0.0864 (  8.8%)   0.1485 (  9.6%)   0.1488 (  9.6%)  ExecuteSILPipelineRequest
   0.0517 (  9.3%)   0.0935 (  9.5%)   0.1452 (  9.4%)   0.1456 (  9.4%)  typecheck-expr
   0.0187 (  3.3%)   0.0875 (  8.9%)   0.1061 (  6.9%)   0.1073 (  6.9%)  parse-and-resolve-imports
   0.0181 (  3.2%)   0.0867 (  8.8%)   0.1048 (  6.8%)   0.1060 (  6.8%)  Import resolution
   0.0280 (  5.0%)   0.0358 (  3.6%)   0.0637 (  4.1%)   0.0637 (  4.1%)  LookupConformanceInModuleRequest
   0.0076 (  1.4%)   0.0255 (  2.6%)   0.0331 (  2.1%)   0.0331 (  2.1%)  QualifiedLookupRequest
   0.0187 (  3.4%)   0.0103 (  1.0%)   0.0290 (  1.9%)   0.0290 (  1.9%)  ASTLoweringRequest
   0.0138 (  2.5%)   0.0110 (  1.1%)   0.0249 (  1.6%)   0.0249 (  1.6%)  IRGenRequest
   0.0147 (  2.6%)   0.0102 (  1.0%)   0.0249 (  1.6%)   0.0249 (  1.6%)  SILgen-decl
   0.0053 (  1.0%)   0.0157 (  1.6%)   0.0210 (  1.4%)   0.0211 (  1.4%)  UnqualifiedLookupRequest
   0.0043 (  0.8%)   0.0149 (  1.5%)   0.0192 (  1.2%)   0.0193 (  1.2%)  precheck-expr
   0.0102 (  1.8%)   0.0079 (  0.8%)   0.0181 (  1.2%)   0.0181 (  1.2%)  IRGen
   0.0096 (  1.7%)   0.0084 (  0.9%)   0.0180 (  1.2%)   0.0180 (  1.2%)  SILGen-function
   0.0047 (  0.8%)   0.0129 (  1.3%)   0.0176 (  1.1%)   0.0177 (  1.1%)  performUnqualifiedLookup
   0.0047 (  0.8%)   0.0065 (  0.7%)   0.0112 (  0.7%)   0.0112 (  0.7%)  DirectLookupRequest
   0.0092 (  1.6%)   0.0005 (  0.1%)   0.0097 (  0.6%)   0.0098 (  0.6%)  SIL optimization
   0.0039 (  0.7%)   0.0057 (  0.6%)   0.0096 (  0.6%)   0.0096 (  0.6%)  InterfaceTypeRequest
   0.0017 (  0.3%)   0.0076 (  0.8%)   0.0092 (  0.6%)   0.0092 (  0.6%)  load-stdlib
   0.0028 (  0.5%)   0.0056 (  0.6%)   0.0084 (  0.5%)   0.0084 (  0.5%)  ActorIsolationRequest
   0.0026 (  0.5%)   0.0047 (  0.5%)   0.0074 (  0.5%)   0.0074 (  0.5%)  verify-all-loaded-modules
   0.0034 (  0.6%)   0.0039 (  0.4%)   0.0072 (  0.5%)   0.0072 (  0.5%)  PatternBindingEntryRequest
   0.0032 (  0.6%)   0.0037 (  0.4%)   0.0069 (  0.4%)   0.0069 (  0.4%)  ResolveTypeRequest
   0.0020 (  0.4%)   0.0042 (  0.4%)   0.0062 (  0.4%)   0.0062 (  0.4%)  StoredPropertiesRequest
   0.0028 (  0.5%)   0.0034 (  0.3%)   0.0062 (  0.4%)   0.0062 (  0.4%)  PatternTypeRequest
   0.0031 (  0.6%)   0.0011 (  0.1%)   0.0042 (  0.3%)   0.0043 (  0.3%)  ParseTopLevelDeclsRequest
   0.0021 (  0.4%)   0.0021 (  0.2%)   0.0042 (  0.3%)   0.0042 (  0.3%)  NamingPatternRequest
   0.0030 (  0.5%)   0.0011 (  0.1%)   0.0041 (  0.3%)   0.0041 (  0.3%)  ParseSourceFileRequest
   0.0011 (  0.2%)   0.0029 (  0.3%)   0.0040 (  0.3%)   0.0041 (  0.3%)  PotentialMacroExpansionsInContextRequest
   0.0036 (  0.6%)   0.0004 (  0.0%)   0.0040 (  0.3%)   0.0040 (  0.3%)  SIL verification, pre-optimization
   0.0013 (  0.2%)   0.0021 (  0.2%)   0.0034 (  0.2%)   0.0034 (  0.2%)  ResolveImplicitMemberRequest
   0.0014 (  0.3%)   0.0011 (  0.1%)   0.0025 (  0.2%)   0.0025 (  0.2%)  LookupInModuleRequest
   0.0006 (  0.1%)   0.0017 (  0.2%)   0.0023 (  0.2%)   0.0023 (  0.2%)  ExpandPeerMacroRequest
   0.0018 (  0.3%)   0.0001 (  0.0%)   0.0019 (  0.1%)   0.0019 (  0.1%)  SIL verification, post-optimization
   0.0006 (  0.1%)   0.0009 (  0.1%)   0.0015 (  0.1%)   0.0015 (  0.1%)  ModuleQualifiedLookupRequest
   0.0002 (  0.0%)   0.0007 (  0.1%)   0.0010 (  0.1%)   0.0010 (  0.1%)  AttachedPropertyWrappersRequest
   0.0005 (  0.1%)   0.0005 (  0.1%)   0.0010 (  0.1%)   0.0010 (  0.1%)  ExtendedNominalRequest
   0.0005 (  0.1%)   0.0004 (  0.0%)   0.0009 (  0.1%)   0.0009 (  0.1%)  import-clang-decl
   0.0003 (  0.1%)   0.0006 (  0.1%)   0.0009 (  0.1%)   0.0009 (  0.1%)  InheritedDeclsReferencedRequest
   0.0008 (  0.1%)   0.0001 (  0.0%)   0.0009 (  0.1%)   0.0009 (  0.1%)  ParseMembersRequest
   0.0004 (  0.1%)   0.0005 (  0.1%)   0.0009 (  0.1%)   0.0009 (  0.1%)  PublicSymbolsRequest
   0.0004 (  0.1%)   0.0004 (  0.0%)   0.0008 (  0.1%)   0.0008 (  0.1%)  USRGenerationRequest
   0.0003 (  0.1%)   0.0004 (  0.0%)   0.0007 (  0.0%)   0.0007 (  0.0%)  ImplicitKnownProtocolConformanceRequest
   0.0003 (  0.1%)   0.0004 (  0.0%)   0.0007 (  0.0%)   0.0007 (  0.0%)  AST verification
   0.0001 (  0.0%)   0.0005 (  0.1%)   0.0007 (  0.0%)   0.0007 (  0.0%)  AreAllStoredPropertiesDefaultInitableRequest
   0.0001 (  0.0%)   0.0005 (  0.1%)   0.0007 (  0.0%)   0.0007 (  0.0%)  InitAccessorPropertiesRequest
   0.0001 (  0.0%)   0.0005 (  0.1%)   0.0006 (  0.0%)   0.0006 (  0.0%)  MemberwiseInitPropertiesRequest
   0.0004 (  0.1%)   0.0002 (  0.0%)   0.0006 (  0.0%)   0.0006 (  0.0%)  ExpandMemberAttributeMacros
   0.0001 (  0.0%)   0.0004 (  0.0%)   0.0005 (  0.0%)   0.0005 (  0.0%)  IsDynamicRequest
   0.0003 (  0.1%)   0.0002 (  0.0%)   0.0005 (  0.0%)   0.0005 (  0.0%)  build-rewrite-system
   0.0001 (  0.0%)   0.0004 (  0.0%)   0.0005 (  0.0%)   0.0005 (  0.0%)  IsGetterMutatingRequest
   0.0001 (  0.0%)   0.0003 (  0.0%)   0.0005 (  0.0%)   0.0005 (  0.0%)  HasInitAccessorRequest
   0.0004 (  0.1%)   0.0001 (  0.0%)   0.0005 (  0.0%)   0.0005 (  0.0%)  PatternBindingCheckedAndContextualizedInitRequest
   0.0001 (  0.0%)   0.0003 (  0.0%)   0.0004 (  0.0%)   0.0004 (  0.0%)  StoredPropertiesAndMissingMembersRequest
   0.0001 (  0.0%)   0.0003 (  0.0%)   0.0004 (  0.0%)   0.0004 (  0.0%)  GenericSignatureRequest
   0.0002 (  0.0%)   0.0002 (  0.0%)   0.0004 (  0.0%)   0.0004 (  0.0%)  OverriddenDeclsRequest
   0.0003 (  0.0%)   0.0000 (  0.0%)   0.0003 (  0.0%)   0.0003 (  0.0%)  DefaultInitializerIsolation
   0.0001 (  0.0%)   0.0001 (  0.0%)   0.0002 (  0.0%)   0.0002 (  0.0%)  HasUserDefinedDesignatedInitRequest
   0.0001 (  0.0%)   0.0001 (  0.0%)   0.0002 (  0.0%)   0.0002 (  0.0%)  DefaultTypeRequest
   0.0001 (  0.0%)   0.0002 (  0.0%)   0.0002 (  0.0%)   0.0002 (  0.0%)  StorageImplInfoRequest
   0.0001 (  0.0%)   0.0002 (  0.0%)   0.0002 (  0.0%)   0.0002 (  0.0%)  TypeCheckFunctionBodyRequest
   0.0001 (  0.0%)   0.0001 (  0.0%)   0.0002 (  0.0%)   0.0002 (  0.0%)  HasMemberwiseInitRequest
   0.0001 (  0.0%)   0.0001 (  0.0%)   0.0002 (  0.0%)   0.0002 (  0.0%)  InheritedTypeRequest
   0.0001 (  0.0%)   0.0001 (  0.0%)   0.0002 (  0.0%)   0.0002 (  0.0%)  HasIsolatedSelfRequest
   0.0001 (  0.0%)   0.0001 (  0.0%)   0.0001 (  0.0%)   0.0002 (  0.0%)  CheckRedeclarationRequest
   0.0001 (  0.0%)   0.0001 (  0.0%)   0.0001 (  0.0%)   0.0001 (  0.0%)  IsObjCRequest
   0.0001 (  0.0%)   0.0000 (  0.0%)   0.0001 (  0.0%)   0.0001 (  0.0%)  GenericParamListRequest
   0.0001 (  0.0%)   0.0001 (  0.0%)   0.0001 (  0.0%)   0.0001 (  0.0%)  ConditionalRequirementsRequest
   0.0000 (  0.0%)   0.0001 (  0.0%)   0.0001 (  0.0%)   0.0001 (  0.0%)  ParseAbstractFunctionBodyRequest
   0.0000 (  0.0%)   0.0001 (  0.0%)   0.0001 (  0.0%)   0.0001 (  0.0%)  EnumRawTypeRequest
   0.0000 (  0.0%)   0.0001 (  0.0%)   0.0001 (  0.0%)   0.0001 (  0.0%)  HasStorageRequest
   0.0000 (  0.0%)   0.0001 (  0.0%)   0.0001 (  0.0%)   0.0001 (  0.0%)  ExpandExtensionMacros
   0.0000 (  0.0%)   0.0001 (  0.0%)   0.0001 (  0.0%)   0.0001 (  0.0%)  OpaqueReadOwnershipRequest
   0.0000 (  0.0%)   0.0001 (  0.0%)   0.0001 (  0.0%)   0.0001 (  0.0%)  CheckInconsistentImplementationOnlyImportsRequest
   0.0000 (  0.0%)   0.0001 (  0.0%)   0.0001 (  0.0%)   0.0001 (  0.0%)  CollectOverriddenDeclsRequest
   0.0000 (  0.0%)   0.0001 (  0.0%)   0.0001 (  0.0%)   0.0001 (  0.0%)  CheckInconsistentWeakLinkedImportsRequest
   0.0000 (  0.0%)   0.0001 (  0.0%)   0.0001 (  0.0%)   0.0001 (  0.0%)  PropertyWrapperMutabilityRequest
   0.0000 (  0.0%)   0.0001 (  0.0%)   0.0001 (  0.0%)   0.0001 (  0.0%)  SuppressesConformanceRequest
   0.0001 (  0.0%)   0.0000 (  0.0%)   0.0001 (  0.0%)   0.0001 (  0.0%)  AccessLevelRequest
   0.0001 (  0.0%)   0.0000 (  0.0%)   0.0001 (  0.0%)   0.0001 (  0.0%)  SPIGroupsRequest
   0.0000 (  0.0%)   0.0001 (  0.0%)   0.0001 (  0.0%)   0.0001 (  0.0%)  ProtocolDependenciesRequest
   0.0000 (  0.0%)   0.0000 (  0.0%)   0.0001 (  0.0%)   0.0001 (  0.0%)  IsFinalRequest
   0.0000 (  0.0%)   0.0000 (  0.0%)   0.0001 (  0.0%)   0.0001 (  0.0%)  LifetimeDependenceInfoRequest
   0.0000 (  0.0%)   0.0000 (  0.0%)   0.0001 (  0.0%)   0.0001 (  0.0%)  ExtendedTypeRequest
   0.0001 (  0.0%)   0.0000 (  0.0%)   0.0001 (  0.0%)   0.0001 (  0.0%)  GlobalActorAttributeRequest
   0.0000 (  0.0%)   0.0000 (  0.0%)   0.0001 (  0.0%)   0.0001 (  0.0%)  ABIMembersRequest
   0.0001 (  0.0%)   0.0000 (  0.0%)   0.0001 (  0.0%)   0.0001 (  0.0%)  ExpandChildTypeRefinementContextsRequest
   0.0000 (  0.0%)   0.0000 (  0.0%)   0.0001 (  0.0%)   0.0001 (  0.0%)  LookupAllConformancesInContextRequest
   0.0000 (  0.0%)   0.0000 (  0.0%)   0.0000 (  0.0%)   0.0001 (  0.0%)  DynamicallyReplacedDeclRequest
   0.0000 (  0.0%)   0.0000 (  0.0%)   0.0001 (  0.0%)   0.0001 (  0.0%)  SemanticUnavailableAttrRequest
   0.0000 (  0.0%)   0.0000 (  0.0%)   0.0000 (  0.0%)   0.0000 (  0.0%)  IsImplicitlyUnwrappedOptionalRequest
   0.0000 (  0.0%)   0.0000 (  0.0%)   0.0000 (  0.0%)   0.0000 (  0.0%)  LocalTypeDeclsRequest
   0.0000 (  0.0%)   0.0000 (  0.0%)   0.0000 (  0.0%)   0.0000 (  0.0%)  InheritedProtocolsRequest
   0.0000 (  0.0%)   0.0000 (  0.0%)   0.0000 (  0.0%)   0.0000 (  0.0%)  InheritsSuperclassInitializersRequest
   0.0000 (  0.0%)   0.0000 (  0.0%)   0.0000 (  0.0%)   0.0000 (  0.0%)  RequirementSignatureRequest
   0.0000 (  0.0%)   0.0000 (  0.0%)   0.0000 (  0.0%)   0.0000 (  0.0%)  SuperclassDeclRequest
   0.0000 (  0.0%)   0.0000 (  0.0%)   0.0000 (  0.0%)   0.0000 (  0.0%)  SuperclassTypeRequest
   0.0000 (  0.0%)   0.0000 (  0.0%)   0.0000 (  0.0%)   0.0000 (  0.0%)  module-populate-cache
   0.0000 (  0.0%)   0.0000 (  0.0%)   0.0000 (  0.0%)   0.0000 (  0.0%)  FragileFunctionKindRequest
   0.0000 (  0.0%)   0.0000 (  0.0%)   0.0000 (  0.0%)   0.0000 (  0.0%)  HasDefaultInitRequest
   0.0000 (  0.0%)   0.0000 (  0.0%)   0.0000 (  0.0%)   0.0000 (  0.0%)  AllInheritedProtocolsRequest
   0.0000 (  0.0%)   0.0000 (  0.0%)   0.0000 (  0.0%)   0.0000 (  0.0%)  ApplyAccessNoteRequest
   0.0000 (  0.0%)   0.0000 (  0.0%)   0.0000 (  0.0%)   0.0000 (  0.0%)  IsFunctionBodySkippedRequest
   0.0000 (  0.0%)   0.0000 (  0.0%)   0.0000 (  0.0%)   0.0000 (  0.0%)  SemanticDeclAttrsRequest
   0.0000 (  0.0%)   0.0000 (  0.0%)   0.0000 (  0.0%)   0.0000 (  0.0%)  SynthesizeAccessorRequest
   0.0000 (  0.0%)   0.0000 (  0.0%)   0.0000 (  0.0%)   0.0000 (  0.0%)  IsNonUserModuleRequest
   0.0000 (  0.0%)   0.0000 (  0.0%)   0.0000 (  0.0%)   0.0000 (  0.0%)  RawCommentRequest
   0.0000 (  0.0%)   0.0000 (  0.0%)   0.0000 (  0.0%)   0.0000 (  0.0%)  ObjCInterfaceAndImplementationRequest
   0.0000 (  0.0%)   0.0000 (  0.0%)   0.0000 (  0.0%)   0.0000 (  0.0%)  IsAccessorTransparentRequest
   0.0000 (  0.0%)   0.0000 (  0.0%)   0.0000 (  0.0%)   0.0000 (  0.0%)  CheckInconsistentAccessLevelOnImport
   0.0000 (  0.0%)   0.0000 (  0.0%)   0.0000 (  0.0%)   0.0000 (  0.0%)  InitKindRequest
   0.0000 (  0.0%)   0.0000 (  0.0%)   0.0000 (  0.0%)   0.0000 (  0.0%)  HasImportsMatchingFlagRequest
   0.0000 (  0.0%)   0.0000 (  0.0%)   0.0000 (  0.0%)   0.0000 (  0.0%)  DefaultAndMaxAccessLevelRequest
   0.0000 (  0.0%)   0.0000 (  0.0%)   0.0000 (  0.0%)   0.0000 (  0.0%)  IsActorRequest
   0.0000 (  0.0%)   0.0000 (  0.0%)   0.0000 (  0.0%)   0.0000 (  0.0%)  ParamSpecifierRequest
   0.0000 (  0.0%)   0.0000 (  0.0%)   0.0000 (  0.0%)   0.0000 (  0.0%)  PropertyWrapperInitializerInfoRequest
   0.0000 (  0.0%)   0.0000 (  0.0%)   0.0000 (  0.0%)   0.0000 (  0.0%)  IsDistributedActorRequest
   0.0000 (  0.0%)   0.0000 (  0.0%)   0.0000 (  0.0%)   0.0000 (  0.0%)  RequiresOpaqueModifyCoroutineRequest
   0.0000 (  0.0%)   0.0000 (  0.0%)   0.0000 (  0.0%)   0.0000 (  0.0%)  RequiresOpaqueAccessorsRequest
   0.0000 (  0.0%)   0.0000 (  0.0%)   0.0000 (  0.0%)   0.0000 (  0.0%)  SimpleDidSetRequest
   0.0000 (  0.0%)   0.0000 (  0.0%)   0.0000 (  0.0%)   0.0000 (  0.0%)  ExpandAccessorMacros
   0.0000 (  0.0%)   0.0000 (  0.0%)   0.0000 (  0.0%)   0.0000 (  0.0%)  IsSetterMutatingRequest
   0.0000 (  0.0%)   0.0000 (  0.0%)   0.0000 (  0.0%)   0.0000 (  0.0%)  AttachedResultBuilderRequest
   0.0000 (  0.0%)   0.0000 (  0.0%)   0.0000 (  0.0%)   0.0000 (  0.0%)  ProvideDefaultImplForRequest
   0.0000 (  0.0%)   0.0000 (  0.0%)   0.0000 (  0.0%)   0.0000 (  0.0%)  PropertyWrapperAuxiliaryVariablesRequest
   0.0000 (  0.0%)   0.0000 (  0.0%)   0.0000 (  0.0%)   0.0000 (  0.0%)  ResultTypeRequest
   0.0000 (  0.0%)   0.0000 (  0.0%)   0.0000 (  0.0%)   0.0000 (  0.0%)  PolymorphicEffectKindRequest
   0.0000 (  0.0%)   0.0000 (  0.0%)   0.0000 (  0.0%)   0.0000 (  0.0%)  IsStaticRequest
   0.0000 (  0.0%)   0.0000 (  0.0%)   0.0000 (  0.0%)   0.0000 (  0.0%)  ClassAncestryFlagsRequest
   0.0000 (  0.0%)   0.0000 (  0.0%)   0.0000 (  0.0%)   0.0000 (  0.0%)  HasCircularInheritedProtocolsRequest
   0.0000 (  0.0%)   0.0000 (  0.0%)   0.0000 (  0.0%)   0.0000 (  0.0%)  UnderlyingTypeDeclsReferencedRequest
   0.0000 (  0.0%)   0.0000 (  0.0%)   0.0000 (  0.0%)   0.0000 (  0.0%)  source-file-populate-cache
   0.0000 (  0.0%)   0.0000 (  0.0%)   0.0000 (  0.0%)   0.0000 (  0.0%)  ExpandSynthesizedMemberMacroRequest
   0.0000 (  0.0%)   0.0000 (  0.0%)   0.0000 (  0.0%)   0.0000 (  0.0%)  IsDefaultActorRequest
   0.0000 (  0.0%)   0.0000 (  0.0%)   0.0000 (  0.0%)   0.0000 (  0.0%)  ModuleImplicitImportsRequest
   0.0000 (  0.0%)   0.0000 (  0.0%)   0.0000 (  0.0%)   0.0000 (  0.0%)  SelfBoundsFromWhereClauseRequest
   0.0000 (  0.0%)   0.0000 (  0.0%)   0.0000 (  0.0%)   0.0000 (  0.0%)  CheckInconsistentSPIOnlyImportsRequest
   0.0000 (  0.0%)   0.0000 (  0.0%)   0.0000 (  0.0%)   0.0000 (  0.0%)  populate-source-file-class-member-cache
   0.0000 (  0.0%)   0.0000 (  0.0%)   0.0000 (  0.0%)   0.0000 (  0.0%)  CheckInconsistentAccessLevelOnImportSameFileRequest
   0.0000 (  0.0%)   0.0000 (  0.0%)   0.0000 (  0.0%)   0.0000 (  0.0%)  perform-whole-module-type-checking
   0.0000 (  0.0%)   0.0000 (  0.0%)   0.0000 (  0.0%)   0.0000 (  0.0%)  PrimarySourceFilesRequest
   0.0000 (  0.0%)   0.0000 (  0.0%)   0.0000 (  0.0%)   0.0000 (  0.0%)  SynthesizeMainFunctionRequest
   0.0000 (  0.0%)   0.0000 (  0.0%)   0.0000 (  0.0%)   0.0000 (  0.0%)  SelfAccessKindRequest
   0.5580 (100.0%)   0.9842 (100.0%)   1.5421 (100.0%)   1.5475 (100.0%)  Total
===-------------------------------------------------------------------------===
                                Running Program
===-------------------------------------------------------------------------===
  Total Execution Time: 0.5249 seconds (0.5281 wall clock)
   ---User Time---   --System Time--   --User+System--   ---Wall Time---  --- Name ---
   0.2107 (100.0%)   0.3142 (100.0%)   0.5249 (100.0%)   0.5281 (100.0%)  Building Target
   0.2107 (100.0%)   0.3142 (100.0%)   0.5249 (100.0%)   0.5281 (100.0%)  Total
SwiftCompile normal arm64 /Users/admin/builder/spi-builder-workspace/.dependencies/checkouts/SwiftyGPIO/Sources/Presets.swift (in target 'SwiftyGPIO' from project 'SwiftyGPIO')
    cd /Users/admin/builder/spi-builder-workspace/.dependencies/checkouts/SwiftyGPIO
    /Library/Developer/Toolchains/swift-6.0-DEVELOPMENT-SNAPSHOT-2024-05-26-a.xctoolchain/usr/bin/swift-frontend -c /Users/admin/builder/spi-builder-workspace/.dependencies/checkouts/SwiftyGPIO/Sources/1Wire.swift /Users/admin/builder/spi-builder-workspace/.dependencies/checkouts/SwiftyGPIO/Sources/ADC.swift /Users/admin/builder/spi-builder-workspace/.dependencies/checkouts/SwiftyGPIO/Sources/I2C.swift /Users/admin/builder/spi-builder-workspace/.dependencies/checkouts/SwiftyGPIO/Sources/Mailbox.swift /Users/admin/builder/spi-builder-workspace/.dependencies/checkouts/SwiftyGPIO/Sources/PWM.swift -primary-file /Users/admin/builder/spi-builder-workspace/.dependencies/checkouts/SwiftyGPIO/Sources/Presets.swift /Users/admin/builder/spi-builder-workspace/.dependencies/checkouts/SwiftyGPIO/Sources/SPI.swift /Users/admin/builder/spi-builder-workspace/.dependencies/checkouts/SwiftyGPIO/Sources/SunXi.swift /Users/admin/builder/spi-builder-workspace/.dependencies/checkouts/SwiftyGPIO/Sources/SwiftyGPIO.swift /Users/admin/builder/spi-builder-workspace/.dependencies/checkouts/SwiftyGPIO/Sources/UART.swift -emit-dependencies-path /Users/admin/builder/spi-builder-workspace/.derivedData/Build/Intermediates.noindex/SwiftyGPIO.build/Debug-xros/SwiftyGPIO.build/Objects-normal/arm64/Presets.d -emit-const-values-path /Users/admin/builder/spi-builder-workspace/.derivedData/Build/Intermediates.noindex/SwiftyGPIO.build/Debug-xros/SwiftyGPIO.build/Objects-normal/arm64/Presets.swiftconstvalues -emit-reference-dependencies-path /Users/admin/builder/spi-builder-workspace/.derivedData/Build/Intermediates.noindex/SwiftyGPIO.build/Debug-xros/SwiftyGPIO.build/Objects-normal/arm64/Presets.swiftdeps -serialize-diagnostics-path /Users/admin/builder/spi-builder-workspace/.derivedData/Build/Intermediates.noindex/SwiftyGPIO.build/Debug-xros/SwiftyGPIO.build/Objects-normal/arm64/Presets.dia -target arm64-apple-xros1.0 -Xllvm -aarch64-use-tbi -enable-objc-interop -sdk /Applications/Xcode-15.3.0.app/Contents/Developer/Platforms/XROS.platform/Developer/SDKs/XROS1.1.sdk -I /Users/admin/builder/spi-builder-workspace/.derivedData/Build/Products/Debug-xros -I /Applications/Xcode-15.3.0.app/Contents/Developer/Platforms/XROS.platform/Developer/usr/lib -F /Users/admin/builder/spi-builder-workspace/.derivedData/Build/Products/Debug-xros -F /Applications/Xcode-15.3.0.app/Contents/Developer/Platforms/XROS.platform/Developer/Library/Frameworks -F /Applications/Xcode-15.3.0.app/Contents/Developer/Platforms/XROS.platform/Developer/SDKs/XROS1.1.sdk/Developer/Library/Frameworks -no-color-diagnostics -enable-testing -g -module-cache-path /Users/admin/builder/spi-builder-workspace/.derivedData/ModuleCache.noindex -suppress-warnings -swift-version 5 -enforce-exclusivity\=checked -stats-output-dir /Users/admin/builder/spi-builder-workspace/.dependencies/checkouts/SwiftyGPIO/.stats -Onone -D SWIFT_PACKAGE -D DEBUG -serialize-debugging-options -const-gather-protocols-file /Users/admin/builder/spi-builder-workspace/.derivedData/Build/Intermediates.noindex/SwiftyGPIO.build/Debug-xros/SwiftyGPIO.build/Objects-normal/arm64/SwiftyGPIO_const_extract_protocols.json -strict-concurrency\=complete -empty-abi-descriptor -validate-clang-modules-once -clang-build-session-file /Users/admin/builder/spi-builder-workspace/.derivedData/ModuleCache.noindex/Session.modulevalidation -Xcc -working-directory -Xcc /Users/admin/builder/spi-builder-workspace/.dependencies/checkouts/SwiftyGPIO -resource-dir /Library/Developer/Toolchains/swift-6.0-DEVELOPMENT-SNAPSHOT-2024-05-26-a.xctoolchain/usr/lib/swift -enable-anonymous-context-mangled-names -Xcc -I/Users/admin/builder/spi-builder-workspace/.derivedData/Build/Intermediates.noindex/SwiftyGPIO.build/Debug-xros/SwiftyGPIO.build/swift-overrides.hmap -Xcc -I/Users/admin/builder/spi-builder-workspace/.derivedData/Build/Products/Debug-xros/include -Xcc -I/Users/admin/builder/spi-builder-workspace/.derivedData/Build/Intermediates.noindex/SwiftyGPIO.build/Debug-xros/SwiftyGPIO.build/DerivedSources-normal/arm64 -Xcc -I/Users/admin/builder/spi-builder-workspace/.derivedData/Build/Intermediates.noindex/SwiftyGPIO.build/Debug-xros/SwiftyGPIO.build/DerivedSources/arm64 -Xcc -I/Users/admin/builder/spi-builder-workspace/.derivedData/Build/Intermediates.noindex/SwiftyGPIO.build/Debug-xros/SwiftyGPIO.build/DerivedSources -Xcc -DSWIFT_PACKAGE -Xcc -DDEBUG\=1 -module-name SwiftyGPIO -frontend-parseable-output -disable-clang-spi -target-sdk-version 1.1 -target-sdk-name xros1.1 -external-plugin-path /Applications/Xcode-15.3.0.app/Contents/Developer/Platforms/XROS.platform/Developer/SDKs/XROS1.1.sdk/usr/lib/swift/host/plugins\#/Applications/Xcode-15.3.0.app/Contents/Developer/Platforms/XROS.platform/Developer/SDKs/XROS1.1.sdk/usr/bin/swift-plugin-server -external-plugin-path /Applications/Xcode-15.3.0.app/Contents/Developer/Platforms/XROS.platform/Developer/SDKs/XROS1.1.sdk/usr/local/lib/swift/host/plugins\#/Applications/Xcode-15.3.0.app/Contents/Developer/Platforms/XROS.platform/Developer/SDKs/XROS1.1.sdk/usr/bin/swift-plugin-server -external-plugin-path /Applications/Xcode-15.3.0.app/Contents/Developer/Platforms/XROS.platform/Developer/usr/lib/swift/host/plugins\#/Applications/Xcode-15.3.0.app/Contents/Developer/Platforms/XROS.platform/Developer/usr/bin/swift-plugin-server -external-plugin-path /Applications/Xcode-15.3.0.app/Contents/Developer/Platforms/XROS.platform/Developer/usr/local/lib/swift/host/plugins\#/Applications/Xcode-15.3.0.app/Contents/Developer/Platforms/XROS.platform/Developer/usr/bin/swift-plugin-server -plugin-path /Library/Developer/Toolchains/swift-6.0-DEVELOPMENT-SNAPSHOT-2024-05-26-a.xctoolchain/usr/lib/swift/host/plugins -plugin-path /Library/Developer/Toolchains/swift-6.0-DEVELOPMENT-SNAPSHOT-2024-05-26-a.xctoolchain/usr/local/lib/swift/host/plugins -o /Users/admin/builder/spi-builder-workspace/.derivedData/Build/Intermediates.noindex/SwiftyGPIO.build/Debug-xros/SwiftyGPIO.build/Objects-normal/arm64/Presets.o -index-unit-output-path /SwiftyGPIO.build/Debug-xros/SwiftyGPIO.build/Objects-normal/arm64/Presets.o -index-store-path /Users/admin/builder/spi-builder-workspace/.derivedData/Index.noindex/DataStore -index-system-modules
SwiftCompile normal arm64 Compiling\ SPI.swift /Users/admin/builder/spi-builder-workspace/.dependencies/checkouts/SwiftyGPIO/Sources/SPI.swift (in target 'SwiftyGPIO' from project 'SwiftyGPIO')
    cd /Users/admin/builder/spi-builder-workspace/.dependencies/checkouts/SwiftyGPIO
    builtin-swiftTaskExecution -- /Library/Developer/Toolchains/swift-6.0-DEVELOPMENT-SNAPSHOT-2024-05-26-a.xctoolchain/usr/bin/swift-frontend -frontend -c /Users/admin/builder/spi-builder-workspace/.dependencies/checkouts/SwiftyGPIO/Sources/1Wire.swift /Users/admin/builder/spi-builder-workspace/.dependencies/checkouts/SwiftyGPIO/Sources/ADC.swift /Users/admin/builder/spi-builder-workspace/.dependencies/checkouts/SwiftyGPIO/Sources/I2C.swift /Users/admin/builder/spi-builder-workspace/.dependencies/checkouts/SwiftyGPIO/Sources/Mailbox.swift /Users/admin/builder/spi-builder-workspace/.dependencies/checkouts/SwiftyGPIO/Sources/PWM.swift /Users/admin/builder/spi-builder-workspace/.dependencies/checkouts/SwiftyGPIO/Sources/Presets.swift -primary-file /Users/admin/builder/spi-builder-workspace/.dependencies/checkouts/SwiftyGPIO/Sources/SPI.swift /Users/admin/builder/spi-builder-workspace/.dependencies/checkouts/SwiftyGPIO/Sources/SunXi.swift /Users/admin/builder/spi-builder-workspace/.dependencies/checkouts/SwiftyGPIO/Sources/SwiftyGPIO.swift /Users/admin/builder/spi-builder-workspace/.dependencies/checkouts/SwiftyGPIO/Sources/UART.swift -emit-dependencies-path /Users/admin/builder/spi-builder-workspace/.derivedData/Build/Intermediates.noindex/SwiftyGPIO.build/Debug-xros/SwiftyGPIO.build/Objects-normal/arm64/SPI.d -emit-const-values-path /Users/admin/builder/spi-builder-workspace/.derivedData/Build/Intermediates.noindex/SwiftyGPIO.build/Debug-xros/SwiftyGPIO.build/Objects-normal/arm64/SPI.swiftconstvalues -emit-reference-dependencies-path /Users/admin/builder/spi-builder-workspace/.derivedData/Build/Intermediates.noindex/SwiftyGPIO.build/Debug-xros/SwiftyGPIO.build/Objects-normal/arm64/SPI.swiftdeps -serialize-diagnostics-path /Users/admin/builder/spi-builder-workspace/.derivedData/Build/Intermediates.noindex/SwiftyGPIO.build/Debug-xros/SwiftyGPIO.build/Objects-normal/arm64/SPI.dia -target arm64-apple-xros1.0 -Xllvm -aarch64-use-tbi -enable-objc-interop -sdk /Applications/Xcode-15.3.0.app/Contents/Developer/Platforms/XROS.platform/Developer/SDKs/XROS1.1.sdk -I /Users/admin/builder/spi-builder-workspace/.derivedData/Build/Products/Debug-xros -I /Applications/Xcode-15.3.0.app/Contents/Developer/Platforms/XROS.platform/Developer/usr/lib -F /Users/admin/builder/spi-builder-workspace/.derivedData/Build/Products/Debug-xros -F /Applications/Xcode-15.3.0.app/Contents/Developer/Platforms/XROS.platform/Developer/Library/Frameworks -F /Applications/Xcode-15.3.0.app/Contents/Developer/Platforms/XROS.platform/Developer/SDKs/XROS1.1.sdk/Developer/Library/Frameworks -no-color-diagnostics -enable-testing -g -module-cache-path /Users/admin/builder/spi-builder-workspace/.derivedData/ModuleCache.noindex -suppress-warnings -swift-version 5 -enforce-exclusivity\=checked -stats-output-dir /Users/admin/builder/spi-builder-workspace/.dependencies/checkouts/SwiftyGPIO/.stats -Onone -D SWIFT_PACKAGE -D DEBUG -serialize-debugging-options -const-gather-protocols-file /Users/admin/builder/spi-builder-workspace/.derivedData/Build/Intermediates.noindex/SwiftyGPIO.build/Debug-xros/SwiftyGPIO.build/Objects-normal/arm64/SwiftyGPIO_const_extract_protocols.json -strict-concurrency\=complete -empty-abi-descriptor -validate-clang-modules-once -clang-build-session-file /Users/admin/builder/spi-builder-workspace/.derivedData/ModuleCache.noindex/Session.modulevalidation -Xcc -working-directory -Xcc /Users/admin/builder/spi-builder-workspace/.dependencies/checkouts/SwiftyGPIO -resource-dir /Library/Developer/Toolchains/swift-6.0-DEVELOPMENT-SNAPSHOT-2024-05-26-a.xctoolchain/usr/lib/swift -enable-anonymous-context-mangled-names -Xcc -I/Users/admin/builder/spi-builder-workspace/.derivedData/Build/Intermediates.noindex/SwiftyGPIO.build/Debug-xros/SwiftyGPIO.build/swift-overrides.hmap -Xcc -I/Users/admin/builder/spi-builder-workspace/.derivedData/Build/Products/Debug-xros/include -Xcc -I/Users/admin/builder/spi-builder-workspace/.derivedData/Build/Intermediates.noindex/SwiftyGPIO.build/Debug-xros/SwiftyGPIO.build/DerivedSources-normal/arm64 -Xcc -I/Users/admin/builder/spi-builder-workspace/.derivedData/Build/Intermediates.noindex/SwiftyGPIO.build/Debug-xros/SwiftyGPIO.build/DerivedSources/arm64 -Xcc -I/Users/admin/builder/spi-builder-workspace/.derivedData/Build/Intermediates.noindex/SwiftyGPIO.build/Debug-xros/SwiftyGPIO.build/DerivedSources -Xcc -DSWIFT_PACKAGE -Xcc -DDEBUG\=1 -module-name SwiftyGPIO -frontend-parseable-output -disable-clang-spi -target-sdk-version 1.1 -target-sdk-name xros1.1 -external-plugin-path /Applications/Xcode-15.3.0.app/Contents/Developer/Platforms/XROS.platform/Developer/SDKs/XROS1.1.sdk/usr/lib/swift/host/plugins\#/Applications/Xcode-15.3.0.app/Contents/Developer/Platforms/XROS.platform/Developer/SDKs/XROS1.1.sdk/usr/bin/swift-plugin-server -external-plugin-path /Applications/Xcode-15.3.0.app/Contents/Developer/Platforms/XROS.platform/Developer/SDKs/XROS1.1.sdk/usr/local/lib/swift/host/plugins\#/Applications/Xcode-15.3.0.app/Contents/Developer/Platforms/XROS.platform/Developer/SDKs/XROS1.1.sdk/usr/bin/swift-plugin-server -external-plugin-path /Applications/Xcode-15.3.0.app/Contents/Developer/Platforms/XROS.platform/Developer/usr/lib/swift/host/plugins\#/Applications/Xcode-15.3.0.app/Contents/Developer/Platforms/XROS.platform/Developer/usr/bin/swift-plugin-server -external-plugin-path /Applications/Xcode-15.3.0.app/Contents/Developer/Platforms/XROS.platform/Developer/usr/local/lib/swift/host/plugins\#/Applications/Xcode-15.3.0.app/Contents/Developer/Platforms/XROS.platform/Developer/usr/bin/swift-plugin-server -plugin-path /Library/Developer/Toolchains/swift-6.0-DEVELOPMENT-SNAPSHOT-2024-05-26-a.xctoolchain/usr/lib/swift/host/plugins -plugin-path /Library/Developer/Toolchains/swift-6.0-DEVELOPMENT-SNAPSHOT-2024-05-26-a.xctoolchain/usr/local/lib/swift/host/plugins -o /Users/admin/builder/spi-builder-workspace/.derivedData/Build/Intermediates.noindex/SwiftyGPIO.build/Debug-xros/SwiftyGPIO.build/Objects-normal/arm64/SPI.o -index-unit-output-path /SwiftyGPIO.build/Debug-xros/SwiftyGPIO.build/Objects-normal/arm64/SPI.o -index-store-path /Users/admin/builder/spi-builder-workspace/.derivedData/Index.noindex/DataStore -index-system-modules
SwiftCompile normal arm64 /Users/admin/builder/spi-builder-workspace/.dependencies/checkouts/SwiftyGPIO/Sources/SPI.swift (in target 'SwiftyGPIO' from project 'SwiftyGPIO')
    cd /Users/admin/builder/spi-builder-workspace/.dependencies/checkouts/SwiftyGPIO
    /Library/Developer/Toolchains/swift-6.0-DEVELOPMENT-SNAPSHOT-2024-05-26-a.xctoolchain/usr/bin/swift-frontend -c /Users/admin/builder/spi-builder-workspace/.dependencies/checkouts/SwiftyGPIO/Sources/1Wire.swift /Users/admin/builder/spi-builder-workspace/.dependencies/checkouts/SwiftyGPIO/Sources/ADC.swift /Users/admin/builder/spi-builder-workspace/.dependencies/checkouts/SwiftyGPIO/Sources/I2C.swift /Users/admin/builder/spi-builder-workspace/.dependencies/checkouts/SwiftyGPIO/Sources/Mailbox.swift /Users/admin/builder/spi-builder-workspace/.dependencies/checkouts/SwiftyGPIO/Sources/PWM.swift /Users/admin/builder/spi-builder-workspace/.dependencies/checkouts/SwiftyGPIO/Sources/Presets.swift -primary-file /Users/admin/builder/spi-builder-workspace/.dependencies/checkouts/SwiftyGPIO/Sources/SPI.swift /Users/admin/builder/spi-builder-workspace/.dependencies/checkouts/SwiftyGPIO/Sources/SunXi.swift /Users/admin/builder/spi-builder-workspace/.dependencies/checkouts/SwiftyGPIO/Sources/SwiftyGPIO.swift /Users/admin/builder/spi-builder-workspace/.dependencies/checkouts/SwiftyGPIO/Sources/UART.swift -emit-dependencies-path /Users/admin/builder/spi-builder-workspace/.derivedData/Build/Intermediates.noindex/SwiftyGPIO.build/Debug-xros/SwiftyGPIO.build/Objects-normal/arm64/SPI.d -emit-const-values-path /Users/admin/builder/spi-builder-workspace/.derivedData/Build/Intermediates.noindex/SwiftyGPIO.build/Debug-xros/SwiftyGPIO.build/Objects-normal/arm64/SPI.swiftconstvalues -emit-reference-dependencies-path /Users/admin/builder/spi-builder-workspace/.derivedData/Build/Intermediates.noindex/SwiftyGPIO.build/Debug-xros/SwiftyGPIO.build/Objects-normal/arm64/SPI.swiftdeps -serialize-diagnostics-path /Users/admin/builder/spi-builder-workspace/.derivedData/Build/Intermediates.noindex/SwiftyGPIO.build/Debug-xros/SwiftyGPIO.build/Objects-normal/arm64/SPI.dia -target arm64-apple-xros1.0 -Xllvm -aarch64-use-tbi -enable-objc-interop -sdk /Applications/Xcode-15.3.0.app/Contents/Developer/Platforms/XROS.platform/Developer/SDKs/XROS1.1.sdk -I /Users/admin/builder/spi-builder-workspace/.derivedData/Build/Products/Debug-xros -I /Applications/Xcode-15.3.0.app/Contents/Developer/Platforms/XROS.platform/Developer/usr/lib -F /Users/admin/builder/spi-builder-workspace/.derivedData/Build/Products/Debug-xros -F /Applications/Xcode-15.3.0.app/Contents/Developer/Platforms/XROS.platform/Developer/Library/Frameworks -F /Applications/Xcode-15.3.0.app/Contents/Developer/Platforms/XROS.platform/Developer/SDKs/XROS1.1.sdk/Developer/Library/Frameworks -no-color-diagnostics -enable-testing -g -module-cache-path /Users/admin/builder/spi-builder-workspace/.derivedData/ModuleCache.noindex -suppress-warnings -swift-version 5 -enforce-exclusivity\=checked -stats-output-dir /Users/admin/builder/spi-builder-workspace/.dependencies/checkouts/SwiftyGPIO/.stats -Onone -D SWIFT_PACKAGE -D DEBUG -serialize-debugging-options -const-gather-protocols-file /Users/admin/builder/spi-builder-workspace/.derivedData/Build/Intermediates.noindex/SwiftyGPIO.build/Debug-xros/SwiftyGPIO.build/Objects-normal/arm64/SwiftyGPIO_const_extract_protocols.json -strict-concurrency\=complete -empty-abi-descriptor -validate-clang-modules-once -clang-build-session-file /Users/admin/builder/spi-builder-workspace/.derivedData/ModuleCache.noindex/Session.modulevalidation -Xcc -working-directory -Xcc /Users/admin/builder/spi-builder-workspace/.dependencies/checkouts/SwiftyGPIO -resource-dir /Library/Developer/Toolchains/swift-6.0-DEVELOPMENT-SNAPSHOT-2024-05-26-a.xctoolchain/usr/lib/swift -enable-anonymous-context-mangled-names -Xcc -I/Users/admin/builder/spi-builder-workspace/.derivedData/Build/Intermediates.noindex/SwiftyGPIO.build/Debug-xros/SwiftyGPIO.build/swift-overrides.hmap -Xcc -I/Users/admin/builder/spi-builder-workspace/.derivedData/Build/Products/Debug-xros/include -Xcc -I/Users/admin/builder/spi-builder-workspace/.derivedData/Build/Intermediates.noindex/SwiftyGPIO.build/Debug-xros/SwiftyGPIO.build/DerivedSources-normal/arm64 -Xcc -I/Users/admin/builder/spi-builder-workspace/.derivedData/Build/Intermediates.noindex/SwiftyGPIO.build/Debug-xros/SwiftyGPIO.build/DerivedSources/arm64 -Xcc -I/Users/admin/builder/spi-builder-workspace/.derivedData/Build/Intermediates.noindex/SwiftyGPIO.build/Debug-xros/SwiftyGPIO.build/DerivedSources -Xcc -DSWIFT_PACKAGE -Xcc -DDEBUG\=1 -module-name SwiftyGPIO -frontend-parseable-output -disable-clang-spi -target-sdk-version 1.1 -target-sdk-name xros1.1 -external-plugin-path /Applications/Xcode-15.3.0.app/Contents/Developer/Platforms/XROS.platform/Developer/SDKs/XROS1.1.sdk/usr/lib/swift/host/plugins\#/Applications/Xcode-15.3.0.app/Contents/Developer/Platforms/XROS.platform/Developer/SDKs/XROS1.1.sdk/usr/bin/swift-plugin-server -external-plugin-path /Applications/Xcode-15.3.0.app/Contents/Developer/Platforms/XROS.platform/Developer/SDKs/XROS1.1.sdk/usr/local/lib/swift/host/plugins\#/Applications/Xcode-15.3.0.app/Contents/Developer/Platforms/XROS.platform/Developer/SDKs/XROS1.1.sdk/usr/bin/swift-plugin-server -external-plugin-path /Applications/Xcode-15.3.0.app/Contents/Developer/Platforms/XROS.platform/Developer/usr/lib/swift/host/plugins\#/Applications/Xcode-15.3.0.app/Contents/Developer/Platforms/XROS.platform/Developer/usr/bin/swift-plugin-server -external-plugin-path /Applications/Xcode-15.3.0.app/Contents/Developer/Platforms/XROS.platform/Developer/usr/local/lib/swift/host/plugins\#/Applications/Xcode-15.3.0.app/Contents/Developer/Platforms/XROS.platform/Developer/usr/bin/swift-plugin-server -plugin-path /Library/Developer/Toolchains/swift-6.0-DEVELOPMENT-SNAPSHOT-2024-05-26-a.xctoolchain/usr/lib/swift/host/plugins -plugin-path /Library/Developer/Toolchains/swift-6.0-DEVELOPMENT-SNAPSHOT-2024-05-26-a.xctoolchain/usr/local/lib/swift/host/plugins -o /Users/admin/builder/spi-builder-workspace/.derivedData/Build/Intermediates.noindex/SwiftyGPIO.build/Debug-xros/SwiftyGPIO.build/Objects-normal/arm64/SPI.o -index-unit-output-path /SwiftyGPIO.build/Debug-xros/SwiftyGPIO.build/Objects-normal/arm64/SPI.o -index-store-path /Users/admin/builder/spi-builder-workspace/.derivedData/Index.noindex/DataStore -index-system-modules
SwiftCompile normal arm64 Compiling\ SunXi.swift /Users/admin/builder/spi-builder-workspace/.dependencies/checkouts/SwiftyGPIO/Sources/SunXi.swift (in target 'SwiftyGPIO' from project 'SwiftyGPIO')
    cd /Users/admin/builder/spi-builder-workspace/.dependencies/checkouts/SwiftyGPIO
    builtin-swiftTaskExecution -- /Library/Developer/Toolchains/swift-6.0-DEVELOPMENT-SNAPSHOT-2024-05-26-a.xctoolchain/usr/bin/swift-frontend -frontend -c /Users/admin/builder/spi-builder-workspace/.dependencies/checkouts/SwiftyGPIO/Sources/1Wire.swift /Users/admin/builder/spi-builder-workspace/.dependencies/checkouts/SwiftyGPIO/Sources/ADC.swift /Users/admin/builder/spi-builder-workspace/.dependencies/checkouts/SwiftyGPIO/Sources/I2C.swift /Users/admin/builder/spi-builder-workspace/.dependencies/checkouts/SwiftyGPIO/Sources/Mailbox.swift /Users/admin/builder/spi-builder-workspace/.dependencies/checkouts/SwiftyGPIO/Sources/PWM.swift /Users/admin/builder/spi-builder-workspace/.dependencies/checkouts/SwiftyGPIO/Sources/Presets.swift /Users/admin/builder/spi-builder-workspace/.dependencies/checkouts/SwiftyGPIO/Sources/SPI.swift -primary-file /Users/admin/builder/spi-builder-workspace/.dependencies/checkouts/SwiftyGPIO/Sources/SunXi.swift /Users/admin/builder/spi-builder-workspace/.dependencies/checkouts/SwiftyGPIO/Sources/SwiftyGPIO.swift /Users/admin/builder/spi-builder-workspace/.dependencies/checkouts/SwiftyGPIO/Sources/UART.swift -emit-dependencies-path /Users/admin/builder/spi-builder-workspace/.derivedData/Build/Intermediates.noindex/SwiftyGPIO.build/Debug-xros/SwiftyGPIO.build/Objects-normal/arm64/SunXi.d -emit-const-values-path /Users/admin/builder/spi-builder-workspace/.derivedData/Build/Intermediates.noindex/SwiftyGPIO.build/Debug-xros/SwiftyGPIO.build/Objects-normal/arm64/SunXi.swiftconstvalues -emit-reference-dependencies-path /Users/admin/builder/spi-builder-workspace/.derivedData/Build/Intermediates.noindex/SwiftyGPIO.build/Debug-xros/SwiftyGPIO.build/Objects-normal/arm64/SunXi.swiftdeps -serialize-diagnostics-path /Users/admin/builder/spi-builder-workspace/.derivedData/Build/Intermediates.noindex/SwiftyGPIO.build/Debug-xros/SwiftyGPIO.build/Objects-normal/arm64/SunXi.dia -target arm64-apple-xros1.0 -Xllvm -aarch64-use-tbi -enable-objc-interop -sdk /Applications/Xcode-15.3.0.app/Contents/Developer/Platforms/XROS.platform/Developer/SDKs/XROS1.1.sdk -I /Users/admin/builder/spi-builder-workspace/.derivedData/Build/Products/Debug-xros -I /Applications/Xcode-15.3.0.app/Contents/Developer/Platforms/XROS.platform/Developer/usr/lib -F /Users/admin/builder/spi-builder-workspace/.derivedData/Build/Products/Debug-xros -F /Applications/Xcode-15.3.0.app/Contents/Developer/Platforms/XROS.platform/Developer/Library/Frameworks -F /Applications/Xcode-15.3.0.app/Contents/Developer/Platforms/XROS.platform/Developer/SDKs/XROS1.1.sdk/Developer/Library/Frameworks -no-color-diagnostics -enable-testing -g -module-cache-path /Users/admin/builder/spi-builder-workspace/.derivedData/ModuleCache.noindex -suppress-warnings -swift-version 5 -enforce-exclusivity\=checked -stats-output-dir /Users/admin/builder/spi-builder-workspace/.dependencies/checkouts/SwiftyGPIO/.stats -Onone -D SWIFT_PACKAGE -D DEBUG -serialize-debugging-options -const-gather-protocols-file /Users/admin/builder/spi-builder-workspace/.derivedData/Build/Intermediates.noindex/SwiftyGPIO.build/Debug-xros/SwiftyGPIO.build/Objects-normal/arm64/SwiftyGPIO_const_extract_protocols.json -strict-concurrency\=complete -empty-abi-descriptor -validate-clang-modules-once -clang-build-session-file /Users/admin/builder/spi-builder-workspace/.derivedData/ModuleCache.noindex/Session.modulevalidation -Xcc -working-directory -Xcc /Users/admin/builder/spi-builder-workspace/.dependencies/checkouts/SwiftyGPIO -resource-dir /Library/Developer/Toolchains/swift-6.0-DEVELOPMENT-SNAPSHOT-2024-05-26-a.xctoolchain/usr/lib/swift -enable-anonymous-context-mangled-names -Xcc -I/Users/admin/builder/spi-builder-workspace/.derivedData/Build/Intermediates.noindex/SwiftyGPIO.build/Debug-xros/SwiftyGPIO.build/swift-overrides.hmap -Xcc -I/Users/admin/builder/spi-builder-workspace/.derivedData/Build/Products/Debug-xros/include -Xcc -I/Users/admin/builder/spi-builder-workspace/.derivedData/Build/Intermediates.noindex/SwiftyGPIO.build/Debug-xros/SwiftyGPIO.build/DerivedSources-normal/arm64 -Xcc -I/Users/admin/builder/spi-builder-workspace/.derivedData/Build/Intermediates.noindex/SwiftyGPIO.build/Debug-xros/SwiftyGPIO.build/DerivedSources/arm64 -Xcc -I/Users/admin/builder/spi-builder-workspace/.derivedData/Build/Intermediates.noindex/SwiftyGPIO.build/Debug-xros/SwiftyGPIO.build/DerivedSources -Xcc -DSWIFT_PACKAGE -Xcc -DDEBUG\=1 -module-name SwiftyGPIO -frontend-parseable-output -disable-clang-spi -target-sdk-version 1.1 -target-sdk-name xros1.1 -external-plugin-path /Applications/Xcode-15.3.0.app/Contents/Developer/Platforms/XROS.platform/Developer/SDKs/XROS1.1.sdk/usr/lib/swift/host/plugins\#/Applications/Xcode-15.3.0.app/Contents/Developer/Platforms/XROS.platform/Developer/SDKs/XROS1.1.sdk/usr/bin/swift-plugin-server -external-plugin-path /Applications/Xcode-15.3.0.app/Contents/Developer/Platforms/XROS.platform/Developer/SDKs/XROS1.1.sdk/usr/local/lib/swift/host/plugins\#/Applications/Xcode-15.3.0.app/Contents/Developer/Platforms/XROS.platform/Developer/SDKs/XROS1.1.sdk/usr/bin/swift-plugin-server -external-plugin-path /Applications/Xcode-15.3.0.app/Contents/Developer/Platforms/XROS.platform/Developer/usr/lib/swift/host/plugins\#/Applications/Xcode-15.3.0.app/Contents/Developer/Platforms/XROS.platform/Developer/usr/bin/swift-plugin-server -external-plugin-path /Applications/Xcode-15.3.0.app/Contents/Developer/Platforms/XROS.platform/Developer/usr/local/lib/swift/host/plugins\#/Applications/Xcode-15.3.0.app/Contents/Developer/Platforms/XROS.platform/Developer/usr/bin/swift-plugin-server -plugin-path /Library/Developer/Toolchains/swift-6.0-DEVELOPMENT-SNAPSHOT-2024-05-26-a.xctoolchain/usr/lib/swift/host/plugins -plugin-path /Library/Developer/Toolchains/swift-6.0-DEVELOPMENT-SNAPSHOT-2024-05-26-a.xctoolchain/usr/local/lib/swift/host/plugins -o /Users/admin/builder/spi-builder-workspace/.derivedData/Build/Intermediates.noindex/SwiftyGPIO.build/Debug-xros/SwiftyGPIO.build/Objects-normal/arm64/SunXi.o -index-unit-output-path /SwiftyGPIO.build/Debug-xros/SwiftyGPIO.build/Objects-normal/arm64/SunXi.o -index-store-path /Users/admin/builder/spi-builder-workspace/.derivedData/Index.noindex/DataStore -index-system-modules
Error opening -stats-output-dir file '/Users/admin/builder/spi-builder-workspace/.dependencies/checkouts/SwiftyGPIO/.stats/stats-1716899262644295-swift-frontend-SwiftyGPIO-SunXi.swift-arm64_apple_xros1.0-o-Onone-2265224111.json' for writing
===-------------------------------------------------------------------------===
                               Swift compilation
===-------------------------------------------------------------------------===
  Total Execution Time: 1.1267 seconds (1.1293 wall clock)
   ---User Time---   --System Time--   --User+System--   ---Wall Time---  --- Name ---
   0.0186 (  4.8%)   0.0913 ( 12.3%)   0.1099 (  9.8%)   0.1107 (  9.8%)  parse-and-resolve-imports
   0.0181 (  4.7%)   0.0905 ( 12.2%)   0.1086 (  9.6%)   0.1094 (  9.7%)  Import resolution
   0.0296 (  7.7%)   0.0581 (  7.8%)   0.0876 (  7.8%)   0.0877 (  7.8%)  perform-sema
   0.0294 (  7.6%)   0.0577 (  7.8%)   0.0870 (  7.7%)   0.0871 (  7.7%)  TypeCheckSourceFileRequest
   0.0293 (  7.6%)   0.0575 (  7.8%)   0.0868 (  7.7%)   0.0868 (  7.7%)  Type checking and Semantic analysis
   0.0237 (  6.1%)   0.0374 (  5.0%)   0.0610 (  5.4%)   0.0610 (  5.4%)  TypeCheckFunctionBodyRequest
   0.0226 (  5.9%)   0.0348 (  4.7%)   0.0574 (  5.1%)   0.0574 (  5.1%)  typecheck-stmt
   0.0178 (  4.6%)   0.0271 (  3.7%)   0.0449 (  4.0%)   0.0450 (  4.0%)  ASTLoweringRequest
   0.0169 (  4.4%)   0.0270 (  3.6%)   0.0439 (  3.9%)   0.0439 (  3.9%)  SILgen-decl
   0.0204 (  5.3%)   0.0215 (  2.9%)   0.0419 (  3.7%)   0.0422 (  3.7%)  verify-all-loaded-modules
   0.0218 (  5.7%)   0.0178 (  2.4%)   0.0396 (  3.5%)   0.0398 (  3.5%)  build-rewrite-system
   0.0110 (  2.8%)   0.0283 (  3.8%)   0.0393 (  3.5%)   0.0393 (  3.5%)  typecheck-decl
   0.0099 (  2.6%)   0.0148 (  2.0%)   0.0248 (  2.2%)   0.0248 (  2.2%)  SILGen-function
   0.0114 (  3.0%)   0.0103 (  1.4%)   0.0216 (  1.9%)   0.0216 (  1.9%)  ExecuteSILPipelineRequest
   0.0062 (  1.6%)   0.0144 (  1.9%)   0.0206 (  1.8%)   0.0206 (  1.8%)  InterfaceTypeRequest
   0.0090 (  2.3%)   0.0100 (  1.4%)   0.0190 (  1.7%)   0.0190 (  1.7%)  precheck-expr
   0.0052 (  1.3%)   0.0124 (  1.7%)   0.0175 (  1.6%)   0.0175 (  1.6%)  ResolveValueWitnessesRequest
   0.0037 (  1.0%)   0.0133 (  1.8%)   0.0170 (  1.5%)   0.0170 (  1.5%)  ActorIsolationRequest
   0.0068 (  1.8%)   0.0091 (  1.2%)   0.0159 (  1.4%)   0.0159 (  1.4%)  IRGenRequest
   0.0059 (  1.5%)   0.0078 (  1.1%)   0.0137 (  1.2%)   0.0137 (  1.2%)  typecheck-expr
   0.0051 (  1.3%)   0.0059 (  0.8%)   0.0110 (  1.0%)   0.0110 (  1.0%)  IRGen
   0.0038 (  1.0%)   0.0060 (  0.8%)   0.0098 (  0.9%)   0.0099 (  0.9%)  UnqualifiedLookupRequest
   0.0048 (  1.2%)   0.0049 (  0.7%)   0.0097 (  0.9%)   0.0097 (  0.9%)  LookupConformanceInModuleRequest
   0.0032 (  0.8%)   0.0064 (  0.9%)   0.0096 (  0.9%)   0.0097 (  0.9%)  DirectLookupRequest
   0.0036 (  0.9%)   0.0051 (  0.7%)   0.0087 (  0.8%)   0.0087 (  0.8%)  performUnqualifiedLookup
   0.0025 (  0.7%)   0.0060 (  0.8%)   0.0085 (  0.8%)   0.0085 (  0.8%)  QualifiedLookupRequest
   0.0016 (  0.4%)   0.0067 (  0.9%)   0.0083 (  0.7%)   0.0084 (  0.7%)  load-stdlib
   0.0036 (  0.9%)   0.0043 (  0.6%)   0.0079 (  0.7%)   0.0079 (  0.7%)  typecheck-expr-pattern
   0.0030 (  0.8%)   0.0042 (  0.6%)   0.0072 (  0.6%)   0.0073 (  0.6%)  OpaqueReadOwnershipRequest
   0.0031 (  0.8%)   0.0034 (  0.5%)   0.0065 (  0.6%)   0.0065 (  0.6%)  LookupInModuleRequest
   0.0016 (  0.4%)   0.0047 (  0.6%)   0.0064 (  0.6%)   0.0064 (  0.6%)  StoredPropertiesRequest
   0.0012 (  0.3%)   0.0042 (  0.6%)   0.0054 (  0.5%)   0.0054 (  0.5%)  AttachedPropertyWrappersRequest
   0.0020 (  0.5%)   0.0026 (  0.3%)   0.0046 (  0.4%)   0.0046 (  0.4%)  PatternBindingEntryRequest
   0.0018 (  0.5%)   0.0027 (  0.4%)   0.0045 (  0.4%)   0.0045 (  0.4%)  ResolveTypeRequest
   0.0019 (  0.5%)   0.0023 (  0.3%)   0.0042 (  0.4%)   0.0042 (  0.4%)  NamingPatternRequest
   0.0037 (  1.0%)   0.0001 (  0.0%)   0.0039 (  0.3%)   0.0039 (  0.3%)  SIL optimization
   0.0009 (  0.2%)   0.0029 (  0.4%)   0.0038 (  0.3%)   0.0038 (  0.3%)  PotentialMacroExpansionsInContextRequest
   0.0027 (  0.7%)   0.0006 (  0.1%)   0.0033 (  0.3%)   0.0033 (  0.3%)  ParseTopLevelDeclsRequest
   0.0013 (  0.3%)   0.0020 (  0.3%)   0.0033 (  0.3%)   0.0033 (  0.3%)  PatternTypeRequest
   0.0026 (  0.7%)   0.0006 (  0.1%)   0.0032 (  0.3%)   0.0032 (  0.3%)  ParseSourceFileRequest
   0.0009 (  0.2%)   0.0023 (  0.3%)   0.0031 (  0.3%)   0.0031 (  0.3%)  EnumRawValuesRequest
   0.0007 (  0.2%)   0.0019 (  0.3%)   0.0026 (  0.2%)   0.0026 (  0.2%)  HasIsolatedSelfRequest
   0.0005 (  0.1%)   0.0019 (  0.2%)   0.0024 (  0.2%)   0.0024 (  0.2%)  ExpandPeerMacroRequest
   0.0007 (  0.2%)   0.0014 (  0.2%)   0.0021 (  0.2%)   0.0021 (  0.2%)  ModuleQualifiedLookupRequest
   0.0005 (  0.1%)   0.0016 (  0.2%)   0.0021 (  0.2%)   0.0021 (  0.2%)  NeedsNewVTableEntryRequest
   0.0005 (  0.1%)   0.0011 (  0.1%)   0.0016 (  0.1%)   0.0016 (  0.1%)  InheritedDeclsReferencedRequest
   0.0004 (  0.1%)   0.0010 (  0.1%)   0.0014 (  0.1%)   0.0014 (  0.1%)  IsObjCRequest
   0.0003 (  0.1%)   0.0009 (  0.1%)   0.0012 (  0.1%)   0.0012 (  0.1%)  HasInitAccessorRequest
   0.0005 (  0.1%)   0.0005 (  0.1%)   0.0010 (  0.1%)   0.0010 (  0.1%)  ExtendedNominalRequest
   0.0003 (  0.1%)   0.0006 (  0.1%)   0.0009 (  0.1%)   0.0009 (  0.1%)  ABIMembersRequest
   0.0003 (  0.1%)   0.0006 (  0.1%)   0.0009 (  0.1%)   0.0009 (  0.1%)  IsDynamicRequest
   0.0005 (  0.1%)   0.0003 (  0.0%)   0.0008 (  0.1%)   0.0008 (  0.1%)  ExpandMemberAttributeMacros
   0.0002 (  0.0%)   0.0005 (  0.1%)   0.0007 (  0.1%)   0.0007 (  0.1%)  CheckRedeclarationRequest
   0.0002 (  0.1%)   0.0005 (  0.1%)   0.0007 (  0.1%)   0.0007 (  0.1%)  ResolveImplicitMemberRequest
   0.0002 (  0.0%)   0.0005 (  0.1%)   0.0007 (  0.1%)   0.0007 (  0.1%)  SynthesizeAccessorRequest
   0.0005 (  0.1%)   0.0002 (  0.0%)   0.0006 (  0.1%)   0.0006 (  0.1%)  USRGenerationRequest
   0.0006 (  0.2%)   0.0000 (  0.0%)   0.0006 (  0.1%)   0.0006 (  0.1%)  SIL verification, pre-optimization
   0.0002 (  0.1%)   0.0004 (  0.1%)   0.0006 (  0.1%)   0.0006 (  0.1%)  ProtocolDependenciesRequest
   0.0001 (  0.0%)   0.0005 (  0.1%)   0.0006 (  0.1%)   0.0006 (  0.1%)  TypeWitnessRequest
   0.0003 (  0.1%)   0.0003 (  0.0%)   0.0006 (  0.1%)   0.0006 (  0.1%)  PublicSymbolsRequest
   0.0002 (  0.0%)   0.0004 (  0.1%)   0.0006 (  0.0%)   0.0006 (  0.0%)  AST verification
   0.0005 (  0.1%)   0.0001 (  0.0%)   0.0005 (  0.0%)   0.0005 (  0.0%)  ParseMembersRequest
   0.0001 (  0.0%)   0.0004 (  0.1%)   0.0005 (  0.0%)   0.0005 (  0.0%)  RequiresOpaqueAccessorsRequest
   0.0002 (  0.1%)   0.0003 (  0.0%)   0.0005 (  0.0%)   0.0005 (  0.0%)  IsActorRequest
   0.0001 (  0.0%)   0.0004 (  0.0%)   0.0005 (  0.0%)   0.0005 (  0.0%)  HasStorageRequest
   0.0001 (  0.0%)   0.0004 (  0.0%)   0.0005 (  0.0%)   0.0005 (  0.0%)  ResolveTypeWitnessesRequest
   0.0001 (  0.0%)   0.0003 (  0.0%)   0.0004 (  0.0%)   0.0004 (  0.0%)  CollectOverriddenDeclsRequest
   0.0001 (  0.0%)   0.0003 (  0.0%)   0.0004 (  0.0%)   0.0004 (  0.0%)  SemanticDeclAttrsRequest
   0.0001 (  0.0%)   0.0003 (  0.0%)   0.0004 (  0.0%)   0.0004 (  0.0%)  StorageImplInfoRequest
   0.0001 (  0.0%)   0.0003 (  0.0%)   0.0004 (  0.0%)   0.0004 (  0.0%)  IsGetterMutatingRequest
   0.0001 (  0.0%)   0.0003 (  0.0%)   0.0004 (  0.0%)   0.0004 (  0.0%)  DefaultTypeRequest
   0.0002 (  0.0%)   0.0002 (  0.0%)   0.0004 (  0.0%)   0.0004 (  0.0%)  import-clang-decl
   0.0001 (  0.0%)   0.0002 (  0.0%)   0.0004 (  0.0%)   0.0003 (  0.0%)  SPIGroupsRequest
   0.0001 (  0.0%)   0.0003 (  0.0%)   0.0003 (  0.0%)   0.0003 (  0.0%)  ImplicitKnownProtocolConformanceRequest
   0.0002 (  0.1%)   0.0001 (  0.0%)   0.0003 (  0.0%)   0.0003 (  0.0%)  GenericParamListRequest
   0.0003 (  0.1%)   0.0000 (  0.0%)   0.0003 (  0.0%)   0.0003 (  0.0%)  SIL verification, post-optimization
   0.0001 (  0.0%)   0.0002 (  0.0%)   0.0003 (  0.0%)   0.0003 (  0.0%)  InheritedTypeRequest
   0.0001 (  0.0%)   0.0002 (  0.0%)   0.0003 (  0.0%)   0.0003 (  0.0%)  PreCheckFunctionBodyRequest
   0.0002 (  0.0%)   0.0002 (  0.0%)   0.0003 (  0.0%)   0.0003 (  0.0%)  IsFinalRequest
   0.0001 (  0.0%)   0.0002 (  0.0%)   0.0003 (  0.0%)   0.0003 (  0.0%)  GenericSignatureRequest
   0.0001 (  0.0%)   0.0002 (  0.0%)   0.0003 (  0.0%)   0.0003 (  0.0%)  CompareDeclSpecializationRequest
   0.0001 (  0.0%)   0.0002 (  0.0%)   0.0003 (  0.0%)   0.0003 (  0.0%)  EnumRawTypeRequest
   0.0002 (  0.0%)   0.0001 (  0.0%)   0.0003 (  0.0%)   0.0003 (  0.0%)  GlobalActorAttributeRequest
   0.0000 (  0.0%)   0.0002 (  0.0%)   0.0003 (  0.0%)   0.0003 (  0.0%)  LookupInfixOperatorRequest
   0.0001 (  0.0%)   0.0001 (  0.0%)   0.0002 (  0.0%)   0.0002 (  0.0%)  ConditionalRequirementsRequest
   0.0001 (  0.0%)   0.0001 (  0.0%)   0.0002 (  0.0%)   0.0002 (  0.0%)  DynamicallyReplacedDeclRequest
   0.0001 (  0.0%)   0.0001 (  0.0%)   0.0002 (  0.0%)   0.0002 (  0.0%)  ParseAbstractFunctionBodyRequest
   0.0001 (  0.0%)   0.0001 (  0.0%)   0.0002 (  0.0%)   0.0002 (  0.0%)  ExpandExtensionMacros
   0.0001 (  0.0%)   0.0001 (  0.0%)   0.0002 (  0.0%)   0.0002 (  0.0%)  LifetimeDependenceInfoRequest
   0.0000 (  0.0%)   0.0001 (  0.0%)   0.0002 (  0.0%)   0.0002 (  0.0%)  AssociatedConformanceRequest
   0.0001 (  0.0%)   0.0000 (  0.0%)   0.0001 (  0.0%)   0.0001 (  0.0%)  RequirementSignatureRequest
   0.0000 (  0.0%)   0.0001 (  0.0%)   0.0001 (  0.0%)   0.0001 (  0.0%)  ParamSpecifierRequest
   0.0000 (  0.0%)   0.0001 (  0.0%)   0.0001 (  0.0%)   0.0001 (  0.0%)  AllMembersRequest
   0.0001 (  0.0%)   0.0000 (  0.0%)   0.0001 (  0.0%)   0.0001 (  0.0%)  AllInheritedProtocolsRequest
   0.0001 (  0.0%)   0.0001 (  0.0%)   0.0001 (  0.0%)   0.0001 (  0.0%)  SemanticUnavailableAttrRequest
   0.0001 (  0.0%)   0.0001 (  0.0%)   0.0001 (  0.0%)   0.0001 (  0.0%)  OverriddenDeclsRequest
   0.0000 (  0.0%)   0.0001 (  0.0%)   0.0001 (  0.0%)   0.0001 (  0.0%)  FunctionOperatorRequest
   0.0000 (  0.0%)   0.0001 (  0.0%)   0.0001 (  0.0%)   0.0001 (  0.0%)  ResultBuilderTypeRequest
   0.0000 (  0.0%)   0.0001 (  0.0%)   0.0001 (  0.0%)   0.0001 (  0.0%)  IsSetterMutatingRequest
   0.0000 (  0.0%)   0.0001 (  0.0%)   0.0001 (  0.0%)   0.0001 (  0.0%)  HasUserDefinedDesignatedInitRequest
   0.0000 (  0.0%)   0.0001 (  0.0%)   0.0001 (  0.0%)   0.0001 (  0.0%)  ExtendedTypeRequest
   0.0000 (  0.0%)   0.0001 (  0.0%)   0.0001 (  0.0%)   0.0001 (  0.0%)  IsSingleValueStmtRequest
   0.0000 (  0.0%)   0.0001 (  0.0%)   0.0001 (  0.0%)   0.0001 (  0.0%)  HasMemberwiseInitRequest
   0.0000 (  0.0%)   0.0001 (  0.0%)   0.0001 (  0.0%)   0.0001 (  0.0%)  CheckInconsistentImplementationOnlyImportsRequest
   0.0000 (  0.0%)   0.0000 (  0.0%)   0.0001 (  0.0%)   0.0001 (  0.0%)  ResultTypeRequest
   0.0000 (  0.0%)   0.0001 (  0.0%)   0.0001 (  0.0%)   0.0001 (  0.0%)  ProtocolRequirementsRequest
   0.0000 (  0.0%)   0.0001 (  0.0%)   0.0001 (  0.0%)   0.0001 (  0.0%)  CheckInconsistentWeakLinkedImportsRequest
   0.0000 (  0.0%)   0.0000 (  0.0%)   0.0001 (  0.0%)   0.0001 (  0.0%)  LocalDiscriminatorsRequest
   0.0000 (  0.0%)   0.0000 (  0.0%)   0.0001 (  0.0%)   0.0001 (  0.0%)  IsDistributedActorRequest
   0.0000 (  0.0%)   0.0000 (  0.0%)   0.0001 (  0.0%)   0.0001 (  0.0%)  AccessLevelRequest
   0.0000 (  0.0%)   0.0000 (  0.0%)   0.0001 (  0.0%)   0.0001 (  0.0%)  ValidatePrecedenceGroupRequest
   0.0000 (  0.0%)   0.0000 (  0.0%)   0.0001 (  0.0%)   0.0001 (  0.0%)  ApplyAccessNoteRequest
   0.0000 (  0.0%)   0.0000 (  0.0%)   0.0001 (  0.0%)   0.0001 (  0.0%)  FragileFunctionKindRequest
   0.0000 (  0.0%)   0.0000 (  0.0%)   0.0000 (  0.0%)   0.0001 (  0.0%)  SelfAccessKindRequest
   0.0000 (  0.0%)   0.0000 (  0.0%)   0.0001 (  0.0%)   0.0001 (  0.0%)  LookupPrecedenceGroupRequest
   0.0000 (  0.0%)   0.0000 (  0.0%)   0.0000 (  0.0%)   0.0001 (  0.0%)  IsImplicitlyUnwrappedOptionalRequest
   0.0000 (  0.0%)   0.0000 (  0.0%)   0.0000 (  0.0%)   0.0000 (  0.0%)  InheritedProtocolsRequest
   0.0000 (  0.0%)   0.0000 (  0.0%)   0.0000 (  0.0%)   0.0000 (  0.0%)  BodyInitKindRequest
   0.0000 (  0.0%)   0.0000 (  0.0%)   0.0000 (  0.0%)   0.0000 (  0.0%)  ExpandChildTypeRefinementContextsRequest
   0.0000 (  0.0%)   0.0000 (  0.0%)   0.0000 (  0.0%)   0.0000 (  0.0%)  HasDynamicMemberLookupAttributeRequest
   0.0000 (  0.0%)   0.0000 (  0.0%)   0.0000 (  0.0%)   0.0000 (  0.0%)  PropertyWrapperMutabilityRequest
   0.0000 (  0.0%)   0.0000 (  0.0%)   0.0000 (  0.0%)   0.0000 (  0.0%)  HasCircularInheritedProtocolsRequest
   0.0000 (  0.0%)   0.0000 (  0.0%)   0.0000 (  0.0%)   0.0000 (  0.0%)  HasDefaultInitRequest
   0.0000 (  0.0%)   0.0000 (  0.0%)   0.0000 (  0.0%)   0.0000 (  0.0%)  ProvideDefaultImplForRequest
   0.0000 (  0.0%)   0.0000 (  0.0%)   0.0000 (  0.0%)   0.0000 (  0.0%)  IsFunctionBodySkippedRequest
   0.0000 (  0.0%)   0.0000 (  0.0%)   0.0000 (  0.0%)   0.0000 (  0.0%)  RawCommentRequest
   0.0000 (  0.0%)   0.0000 (  0.0%)   0.0000 (  0.0%)   0.0000 (  0.0%)  ExprPatternMatchRequest
   0.0000 (  0.0%)   0.0000 (  0.0%)   0.0000 (  0.0%)   0.0000 (  0.0%)  module-populate-cache
   0.0000 (  0.0%)   0.0000 (  0.0%)   0.0000 (  0.0%)   0.0000 (  0.0%)  get-conformance-access-path
   0.0000 (  0.0%)   0.0000 (  0.0%)   0.0000 (  0.0%)   0.0000 (  0.0%)  DirectOperatorLookupRequest
   0.0000 (  0.0%)   0.0000 (  0.0%)   0.0000 (  0.0%)   0.0000 (  0.0%)  InitKindRequest
   0.0000 (  0.0%)   0.0000 (  0.0%)   0.0000 (  0.0%)   0.0000 (  0.0%)  PreCheckReturnStmtRequest
   0.0000 (  0.0%)   0.0000 (  0.0%)   0.0000 (  0.0%)   0.0000 (  0.0%)  LocalTypeDeclsRequest
   0.0000 (  0.0%)   0.0000 (  0.0%)   0.0000 (  0.0%)   0.0000 (  0.0%)  PolymorphicEffectKindRequest
   0.0000 (  0.0%)   0.0000 (  0.0%)   0.0000 (  0.0%)   0.0000 (  0.0%)  SetterAccessLevelRequest
   0.0000 (  0.0%)   0.0000 (  0.0%)   0.0000 (  0.0%)   0.0000 (  0.0%)  IsNonUserModuleRequest
   0.0000 (  0.0%)   0.0000 (  0.0%)   0.0000 (  0.0%)   0.0000 (  0.0%)  ExpandAccessorMacros
   0.0000 (  0.0%)   0.0000 (  0.0%)   0.0000 (  0.0%)   0.0000 (  0.0%)  StoredPropertiesAndMissingMembersRequest
   0.0000 (  0.0%)   0.0000 (  0.0%)   0.0000 (  0.0%)   0.0000 (  0.0%)  InitAccessorPropertiesRequest
   0.0000 (  0.0%)   0.0000 (  0.0%)   0.0000 (  0.0%)   0.0000 (  0.0%)  RequiresOpaqueModifyCoroutineRequest
   0.0000 (  0.0%)   0.0000 (  0.0%)   0.0000 (  0.0%)   0.0000 (  0.0%)  ObjCInterfaceAndImplementationRequest
   0.0000 (  0.0%)   0.0000 (  0.0%)   0.0000 (  0.0%)   0.0000 (  0.0%)  LookupAllConformancesInContextRequest
   0.0000 (  0.0%)   0.0000 (  0.0%)   0.0000 (  0.0%)   0.0000 (  0.0%)  HasImportsMatchingFlagRequest
   0.0000 (  0.0%)   0.0000 (  0.0%)   0.0000 (  0.0%)   0.0000 (  0.0%)  DefaultAndMaxAccessLevelRequest
   0.0000 (  0.0%)   0.0000 (  0.0%)   0.0000 (  0.0%)   0.0000 (  0.0%)  PropertyWrapperAuxiliaryVariablesRequest
   0.0000 (  0.0%)   0.0000 (  0.0%)   0.0000 (  0.0%)   0.0000 (  0.0%)  DefaultInitializerIsolation
   0.0000 (  0.0%)   0.0000 (  0.0%)   0.0000 (  0.0%)   0.0000 (  0.0%)  IsAccessorTransparentRequest
   0.0000 (  0.0%)   0.0000 (  0.0%)   0.0000 (  0.0%)   0.0000 (  0.0%)  AttachedResultBuilderRequest
   0.0000 (  0.0%)   0.0000 (  0.0%)   0.0000 (  0.0%)   0.0000 (  0.0%)  IsStaticRequest
   0.0000 (  0.0%)   0.0000 (  0.0%)   0.0000 (  0.0%)   0.0000 (  0.0%)  IsDeclRefinementOfRequest
   0.0000 (  0.0%)   0.0000 (  0.0%)   0.0000 (  0.0%)   0.0000 (  0.0%)  DirectPrecedenceGroupLookupRequest
   0.0000 (  0.0%)   0.0000 (  0.0%)   0.0000 (  0.0%)   0.0000 (  0.0%)  ConformanceAccessScopeRequest
   0.0000 (  0.0%)   0.0000 (  0.0%)   0.0000 (  0.0%)   0.0000 (  0.0%)  IsABICompatibleOverrideRequest
   0.0000 (  0.0%)   0.0000 (  0.0%)   0.0000 (  0.0%)   0.0000 (  0.0%)  ExpandSynthesizedMemberMacroRequest
   0.0000 (  0.0%)   0.0000 (  0.0%)   0.0000 (  0.0%)   0.0000 (  0.0%)  ExpandPreambleMacroRequest
   0.0000 (  0.0%)   0.0000 (  0.0%)   0.0000 (  0.0%)   0.0000 (  0.0%)  SuppressesConformanceRequest
   0.0000 (  0.0%)   0.0000 (  0.0%)   0.0000 (  0.0%)   0.0000 (  0.0%)  MemberwiseInitPropertiesRequest
   0.0000 (  0.0%)   0.0000 (  0.0%)   0.0000 (  0.0%)   0.0000 (  0.0%)  PropertyWrapperInitializerInfoRequest
   0.0000 (  0.0%)   0.0000 (  0.0%)   0.0000 (  0.0%)   0.0000 (  0.0%)  SimpleDidSetRequest
   0.0000 (  0.0%)   0.0000 (  0.0%)   0.0000 (  0.0%)   0.0000 (  0.0%)  source-file-populate-cache
   0.0000 (  0.0%)   0.0000 (  0.0%)   0.0000 (  0.0%)   0.0000 (  0.0%)  ExpandBodyMacroRequest
   0.0000 (  0.0%)   0.0000 (  0.0%)   0.0000 (  0.0%)   0.0000 (  0.0%)  SelfBoundsFromWhereClauseRequest
   0.0000 (  0.0%)   0.0000 (  0.0%)   0.0000 (  0.0%)   0.0000 (  0.0%)  CheckInconsistentAccessLevelOnImport
   0.0000 (  0.0%)   0.0000 (  0.0%)   0.0000 (  0.0%)   0.0000 (  0.0%)  HasCircularRawValueRequest
   0.0000 (  0.0%)   0.0000 (  0.0%)   0.0000 (  0.0%)   0.0000 (  0.0%)  UnderlyingTypeDeclsReferencedRequest
   0.0000 (  0.0%)   0.0000 (  0.0%)   0.0000 (  0.0%)   0.0000 (  0.0%)  SynthesizeMainFunctionRequest
   0.0000 (  0.0%)   0.0000 (  0.0%)   0.0000 (  0.0%)   0.0000 (  0.0%)  GetDestructorRequest
   0.0000 (  0.0%)   0.0000 (  0.0%)   0.0000 (  0.0%)   0.0000 (  0.0%)  ModuleImplicitImportsRequest
   0.0000 (  0.0%)   0.0000 (  0.0%)   0.0000 (  0.0%)   0.0000 (  0.0%)  populate-source-file-class-member-cache
   0.0000 (  0.0%)   0.0000 (  0.0%)   0.0000 (  0.0%)   0.0000 (  0.0%)  PrimaryAssociatedTypesRequest
   0.0000 (  0.0%)   0.0000 (  0.0%)   0.0000 (  0.0%)   0.0000 (  0.0%)  CheckInconsistentSPIOnlyImportsRequest
   0.0000 (  0.0%)   0.0000 (  0.0%)   0.0000 (  0.0%)   0.0000 (  0.0%)  ExistentialConformsToSelfRequest
   0.0000 (  0.0%)   0.0000 (  0.0%)   0.0000 (  0.0%)   0.0000 (  0.0%)  CheckInconsistentAccessLevelOnImportSameFileRequest
   0.0000 (  0.0%)   0.0000 (  0.0%)   0.0000 (  0.0%)   0.0000 (  0.0%)  perform-whole-module-type-checking
   0.0000 (  0.0%)   0.0000 (  0.0%)   0.0000 (  0.0%)   0.0000 (  0.0%)  PrimarySourceFilesRequest
   0.0000 (  0.0%)   0.0000 (  0.0%)   0.0000 (  0.0%)   0.0000 (  0.0%)  IsDefaultActorRequest
   0.0000 (  0.0%)   0.0000 (  0.0%)   0.0000 (  0.0%)   0.0000 (  0.0%)  SuperclassTypeRequest
   0.0000 (  0.0%)   0.0000 (  0.0%)   0.0000 (  0.0%)   0.0000 (  0.0%)  ClassAncestryFlagsRequest
   0.0000 (  0.0%)   0.0000 (  0.0%)   0.0000 (  0.0%)   0.0000 (  0.0%)  SuperclassDeclRequest
   0.3851 (100.0%)   0.7416 (100.0%)   1.1267 (100.0%)   1.1293 (100.0%)  Total
===-------------------------------------------------------------------------===
                                Running Program
===-------------------------------------------------------------------------===
  Total Execution Time: 0.3506 seconds (0.3525 wall clock)
   ---User Time---   --System Time--   --User+System--   ---Wall Time---  --- Name ---
   0.1223 (100.0%)   0.2283 (100.0%)   0.3506 (100.0%)   0.3525 (100.0%)  Building Target
   0.1223 (100.0%)   0.2283 (100.0%)   0.3506 (100.0%)   0.3525 (100.0%)  Total
SwiftCompile normal arm64 /Users/admin/builder/spi-builder-workspace/.dependencies/checkouts/SwiftyGPIO/Sources/SunXi.swift (in target 'SwiftyGPIO' from project 'SwiftyGPIO')
    cd /Users/admin/builder/spi-builder-workspace/.dependencies/checkouts/SwiftyGPIO
    /Library/Developer/Toolchains/swift-6.0-DEVELOPMENT-SNAPSHOT-2024-05-26-a.xctoolchain/usr/bin/swift-frontend -c /Users/admin/builder/spi-builder-workspace/.dependencies/checkouts/SwiftyGPIO/Sources/1Wire.swift /Users/admin/builder/spi-builder-workspace/.dependencies/checkouts/SwiftyGPIO/Sources/ADC.swift /Users/admin/builder/spi-builder-workspace/.dependencies/checkouts/SwiftyGPIO/Sources/I2C.swift /Users/admin/builder/spi-builder-workspace/.dependencies/checkouts/SwiftyGPIO/Sources/Mailbox.swift /Users/admin/builder/spi-builder-workspace/.dependencies/checkouts/SwiftyGPIO/Sources/PWM.swift /Users/admin/builder/spi-builder-workspace/.dependencies/checkouts/SwiftyGPIO/Sources/Presets.swift /Users/admin/builder/spi-builder-workspace/.dependencies/checkouts/SwiftyGPIO/Sources/SPI.swift -primary-file /Users/admin/builder/spi-builder-workspace/.dependencies/checkouts/SwiftyGPIO/Sources/SunXi.swift /Users/admin/builder/spi-builder-workspace/.dependencies/checkouts/SwiftyGPIO/Sources/SwiftyGPIO.swift /Users/admin/builder/spi-builder-workspace/.dependencies/checkouts/SwiftyGPIO/Sources/UART.swift -emit-dependencies-path /Users/admin/builder/spi-builder-workspace/.derivedData/Build/Intermediates.noindex/SwiftyGPIO.build/Debug-xros/SwiftyGPIO.build/Objects-normal/arm64/SunXi.d -emit-const-values-path /Users/admin/builder/spi-builder-workspace/.derivedData/Build/Intermediates.noindex/SwiftyGPIO.build/Debug-xros/SwiftyGPIO.build/Objects-normal/arm64/SunXi.swiftconstvalues -emit-reference-dependencies-path /Users/admin/builder/spi-builder-workspace/.derivedData/Build/Intermediates.noindex/SwiftyGPIO.build/Debug-xros/SwiftyGPIO.build/Objects-normal/arm64/SunXi.swiftdeps -serialize-diagnostics-path /Users/admin/builder/spi-builder-workspace/.derivedData/Build/Intermediates.noindex/SwiftyGPIO.build/Debug-xros/SwiftyGPIO.build/Objects-normal/arm64/SunXi.dia -target arm64-apple-xros1.0 -Xllvm -aarch64-use-tbi -enable-objc-interop -sdk /Applications/Xcode-15.3.0.app/Contents/Developer/Platforms/XROS.platform/Developer/SDKs/XROS1.1.sdk -I /Users/admin/builder/spi-builder-workspace/.derivedData/Build/Products/Debug-xros -I /Applications/Xcode-15.3.0.app/Contents/Developer/Platforms/XROS.platform/Developer/usr/lib -F /Users/admin/builder/spi-builder-workspace/.derivedData/Build/Products/Debug-xros -F /Applications/Xcode-15.3.0.app/Contents/Developer/Platforms/XROS.platform/Developer/Library/Frameworks -F /Applications/Xcode-15.3.0.app/Contents/Developer/Platforms/XROS.platform/Developer/SDKs/XROS1.1.sdk/Developer/Library/Frameworks -no-color-diagnostics -enable-testing -g -module-cache-path /Users/admin/builder/spi-builder-workspace/.derivedData/ModuleCache.noindex -suppress-warnings -swift-version 5 -enforce-exclusivity\=checked -stats-output-dir /Users/admin/builder/spi-builder-workspace/.dependencies/checkouts/SwiftyGPIO/.stats -Onone -D SWIFT_PACKAGE -D DEBUG -serialize-debugging-options -const-gather-protocols-file /Users/admin/builder/spi-builder-workspace/.derivedData/Build/Intermediates.noindex/SwiftyGPIO.build/Debug-xros/SwiftyGPIO.build/Objects-normal/arm64/SwiftyGPIO_const_extract_protocols.json -strict-concurrency\=complete -empty-abi-descriptor -validate-clang-modules-once -clang-build-session-file /Users/admin/builder/spi-builder-workspace/.derivedData/ModuleCache.noindex/Session.modulevalidation -Xcc -working-directory -Xcc /Users/admin/builder/spi-builder-workspace/.dependencies/checkouts/SwiftyGPIO -resource-dir /Library/Developer/Toolchains/swift-6.0-DEVELOPMENT-SNAPSHOT-2024-05-26-a.xctoolchain/usr/lib/swift -enable-anonymous-context-mangled-names -Xcc -I/Users/admin/builder/spi-builder-workspace/.derivedData/Build/Intermediates.noindex/SwiftyGPIO.build/Debug-xros/SwiftyGPIO.build/swift-overrides.hmap -Xcc -I/Users/admin/builder/spi-builder-workspace/.derivedData/Build/Products/Debug-xros/include -Xcc -I/Users/admin/builder/spi-builder-workspace/.derivedData/Build/Intermediates.noindex/SwiftyGPIO.build/Debug-xros/SwiftyGPIO.build/DerivedSources-normal/arm64 -Xcc -I/Users/admin/builder/spi-builder-workspace/.derivedData/Build/Intermediates.noindex/SwiftyGPIO.build/Debug-xros/SwiftyGPIO.build/DerivedSources/arm64 -Xcc -I/Users/admin/builder/spi-builder-workspace/.derivedData/Build/Intermediates.noindex/SwiftyGPIO.build/Debug-xros/SwiftyGPIO.build/DerivedSources -Xcc -DSWIFT_PACKAGE -Xcc -DDEBUG\=1 -module-name SwiftyGPIO -frontend-parseable-output -disable-clang-spi -target-sdk-version 1.1 -target-sdk-name xros1.1 -external-plugin-path /Applications/Xcode-15.3.0.app/Contents/Developer/Platforms/XROS.platform/Developer/SDKs/XROS1.1.sdk/usr/lib/swift/host/plugins\#/Applications/Xcode-15.3.0.app/Contents/Developer/Platforms/XROS.platform/Developer/SDKs/XROS1.1.sdk/usr/bin/swift-plugin-server -external-plugin-path /Applications/Xcode-15.3.0.app/Contents/Developer/Platforms/XROS.platform/Developer/SDKs/XROS1.1.sdk/usr/local/lib/swift/host/plugins\#/Applications/Xcode-15.3.0.app/Contents/Developer/Platforms/XROS.platform/Developer/SDKs/XROS1.1.sdk/usr/bin/swift-plugin-server -external-plugin-path /Applications/Xcode-15.3.0.app/Contents/Developer/Platforms/XROS.platform/Developer/usr/lib/swift/host/plugins\#/Applications/Xcode-15.3.0.app/Contents/Developer/Platforms/XROS.platform/Developer/usr/bin/swift-plugin-server -external-plugin-path /Applications/Xcode-15.3.0.app/Contents/Developer/Platforms/XROS.platform/Developer/usr/local/lib/swift/host/plugins\#/Applications/Xcode-15.3.0.app/Contents/Developer/Platforms/XROS.platform/Developer/usr/bin/swift-plugin-server -plugin-path /Library/Developer/Toolchains/swift-6.0-DEVELOPMENT-SNAPSHOT-2024-05-26-a.xctoolchain/usr/lib/swift/host/plugins -plugin-path /Library/Developer/Toolchains/swift-6.0-DEVELOPMENT-SNAPSHOT-2024-05-26-a.xctoolchain/usr/local/lib/swift/host/plugins -o /Users/admin/builder/spi-builder-workspace/.derivedData/Build/Intermediates.noindex/SwiftyGPIO.build/Debug-xros/SwiftyGPIO.build/Objects-normal/arm64/SunXi.o -index-unit-output-path /SwiftyGPIO.build/Debug-xros/SwiftyGPIO.build/Objects-normal/arm64/SunXi.o -index-store-path /Users/admin/builder/spi-builder-workspace/.derivedData/Index.noindex/DataStore -index-system-modules
SwiftCompile normal arm64 Compiling\ UART.swift /Users/admin/builder/spi-builder-workspace/.dependencies/checkouts/SwiftyGPIO/Sources/UART.swift (in target 'SwiftyGPIO' from project 'SwiftyGPIO')
    cd /Users/admin/builder/spi-builder-workspace/.dependencies/checkouts/SwiftyGPIO
    builtin-swiftTaskExecution -- /Library/Developer/Toolchains/swift-6.0-DEVELOPMENT-SNAPSHOT-2024-05-26-a.xctoolchain/usr/bin/swift-frontend -frontend -c /Users/admin/builder/spi-builder-workspace/.dependencies/checkouts/SwiftyGPIO/Sources/1Wire.swift /Users/admin/builder/spi-builder-workspace/.dependencies/checkouts/SwiftyGPIO/Sources/ADC.swift /Users/admin/builder/spi-builder-workspace/.dependencies/checkouts/SwiftyGPIO/Sources/I2C.swift /Users/admin/builder/spi-builder-workspace/.dependencies/checkouts/SwiftyGPIO/Sources/Mailbox.swift /Users/admin/builder/spi-builder-workspace/.dependencies/checkouts/SwiftyGPIO/Sources/PWM.swift /Users/admin/builder/spi-builder-workspace/.dependencies/checkouts/SwiftyGPIO/Sources/Presets.swift /Users/admin/builder/spi-builder-workspace/.dependencies/checkouts/SwiftyGPIO/Sources/SPI.swift /Users/admin/builder/spi-builder-workspace/.dependencies/checkouts/SwiftyGPIO/Sources/SunXi.swift /Users/admin/builder/spi-builder-workspace/.dependencies/checkouts/SwiftyGPIO/Sources/SwiftyGPIO.swift -primary-file /Users/admin/builder/spi-builder-workspace/.dependencies/checkouts/SwiftyGPIO/Sources/UART.swift -emit-dependencies-path /Users/admin/builder/spi-builder-workspace/.derivedData/Build/Intermediates.noindex/SwiftyGPIO.build/Debug-xros/SwiftyGPIO.build/Objects-normal/arm64/UART.d -emit-const-values-path /Users/admin/builder/spi-builder-workspace/.derivedData/Build/Intermediates.noindex/SwiftyGPIO.build/Debug-xros/SwiftyGPIO.build/Objects-normal/arm64/UART.swiftconstvalues -emit-reference-dependencies-path /Users/admin/builder/spi-builder-workspace/.derivedData/Build/Intermediates.noindex/SwiftyGPIO.build/Debug-xros/SwiftyGPIO.build/Objects-normal/arm64/UART.swiftdeps -serialize-diagnostics-path /Users/admin/builder/spi-builder-workspace/.derivedData/Build/Intermediates.noindex/SwiftyGPIO.build/Debug-xros/SwiftyGPIO.build/Objects-normal/arm64/UART.dia -target arm64-apple-xros1.0 -Xllvm -aarch64-use-tbi -enable-objc-interop -sdk /Applications/Xcode-15.3.0.app/Contents/Developer/Platforms/XROS.platform/Developer/SDKs/XROS1.1.sdk -I /Users/admin/builder/spi-builder-workspace/.derivedData/Build/Products/Debug-xros -I /Applications/Xcode-15.3.0.app/Contents/Developer/Platforms/XROS.platform/Developer/usr/lib -F /Users/admin/builder/spi-builder-workspace/.derivedData/Build/Products/Debug-xros -F /Applications/Xcode-15.3.0.app/Contents/Developer/Platforms/XROS.platform/Developer/Library/Frameworks -F /Applications/Xcode-15.3.0.app/Contents/Developer/Platforms/XROS.platform/Developer/SDKs/XROS1.1.sdk/Developer/Library/Frameworks -no-color-diagnostics -enable-testing -g -module-cache-path /Users/admin/builder/spi-builder-workspace/.derivedData/ModuleCache.noindex -suppress-warnings -swift-version 5 -enforce-exclusivity\=checked -stats-output-dir /Users/admin/builder/spi-builder-workspace/.dependencies/checkouts/SwiftyGPIO/.stats -Onone -D SWIFT_PACKAGE -D DEBUG -serialize-debugging-options -const-gather-protocols-file /Users/admin/builder/spi-builder-workspace/.derivedData/Build/Intermediates.noindex/SwiftyGPIO.build/Debug-xros/SwiftyGPIO.build/Objects-normal/arm64/SwiftyGPIO_const_extract_protocols.json -strict-concurrency\=complete -empty-abi-descriptor -validate-clang-modules-once -clang-build-session-file /Users/admin/builder/spi-builder-workspace/.derivedData/ModuleCache.noindex/Session.modulevalidation -Xcc -working-directory -Xcc /Users/admin/builder/spi-builder-workspace/.dependencies/checkouts/SwiftyGPIO -resource-dir /Library/Developer/Toolchains/swift-6.0-DEVELOPMENT-SNAPSHOT-2024-05-26-a.xctoolchain/usr/lib/swift -enable-anonymous-context-mangled-names -Xcc -I/Users/admin/builder/spi-builder-workspace/.derivedData/Build/Intermediates.noindex/SwiftyGPIO.build/Debug-xros/SwiftyGPIO.build/swift-overrides.hmap -Xcc -I/Users/admin/builder/spi-builder-workspace/.derivedData/Build/Products/Debug-xros/include -Xcc -I/Users/admin/builder/spi-builder-workspace/.derivedData/Build/Intermediates.noindex/SwiftyGPIO.build/Debug-xros/SwiftyGPIO.build/DerivedSources-normal/arm64 -Xcc -I/Users/admin/builder/spi-builder-workspace/.derivedData/Build/Intermediates.noindex/SwiftyGPIO.build/Debug-xros/SwiftyGPIO.build/DerivedSources/arm64 -Xcc -I/Users/admin/builder/spi-builder-workspace/.derivedData/Build/Intermediates.noindex/SwiftyGPIO.build/Debug-xros/SwiftyGPIO.build/DerivedSources -Xcc -DSWIFT_PACKAGE -Xcc -DDEBUG\=1 -module-name SwiftyGPIO -frontend-parseable-output -disable-clang-spi -target-sdk-version 1.1 -target-sdk-name xros1.1 -external-plugin-path /Applications/Xcode-15.3.0.app/Contents/Developer/Platforms/XROS.platform/Developer/SDKs/XROS1.1.sdk/usr/lib/swift/host/plugins\#/Applications/Xcode-15.3.0.app/Contents/Developer/Platforms/XROS.platform/Developer/SDKs/XROS1.1.sdk/usr/bin/swift-plugin-server -external-plugin-path /Applications/Xcode-15.3.0.app/Contents/Developer/Platforms/XROS.platform/Developer/SDKs/XROS1.1.sdk/usr/local/lib/swift/host/plugins\#/Applications/Xcode-15.3.0.app/Contents/Developer/Platforms/XROS.platform/Developer/SDKs/XROS1.1.sdk/usr/bin/swift-plugin-server -external-plugin-path /Applications/Xcode-15.3.0.app/Contents/Developer/Platforms/XROS.platform/Developer/usr/lib/swift/host/plugins\#/Applications/Xcode-15.3.0.app/Contents/Developer/Platforms/XROS.platform/Developer/usr/bin/swift-plugin-server -external-plugin-path /Applications/Xcode-15.3.0.app/Contents/Developer/Platforms/XROS.platform/Developer/usr/local/lib/swift/host/plugins\#/Applications/Xcode-15.3.0.app/Contents/Developer/Platforms/XROS.platform/Developer/usr/bin/swift-plugin-server -plugin-path /Library/Developer/Toolchains/swift-6.0-DEVELOPMENT-SNAPSHOT-2024-05-26-a.xctoolchain/usr/lib/swift/host/plugins -plugin-path /Library/Developer/Toolchains/swift-6.0-DEVELOPMENT-SNAPSHOT-2024-05-26-a.xctoolchain/usr/local/lib/swift/host/plugins -o /Users/admin/builder/spi-builder-workspace/.derivedData/Build/Intermediates.noindex/SwiftyGPIO.build/Debug-xros/SwiftyGPIO.build/Objects-normal/arm64/UART.o -index-unit-output-path /SwiftyGPIO.build/Debug-xros/SwiftyGPIO.build/Objects-normal/arm64/UART.o -index-store-path /Users/admin/builder/spi-builder-workspace/.derivedData/Index.noindex/DataStore -index-system-modules
Error opening -stats-output-dir file '/Users/admin/builder/spi-builder-workspace/.dependencies/checkouts/SwiftyGPIO/.stats/stats-1716899262645232-swift-frontend-SwiftyGPIO-UART.swift-arm64_apple_xros1.0-o-Onone-2912406978.json' for writing
===-------------------------------------------------------------------------===
                               Swift compilation
===-------------------------------------------------------------------------===
  Total Execution Time: 2.9652 seconds (2.9722 wall clock)
   ---User Time---   --System Time--   --User+System--   ---Wall Time---  --- Name ---
   0.2199 ( 15.0%)   0.1960 ( 13.1%)   0.4159 ( 14.0%)   0.4166 ( 14.0%)  perform-sema
   0.2197 ( 15.0%)   0.1959 ( 13.1%)   0.4156 ( 14.0%)   0.4163 ( 14.0%)  TypeCheckSourceFileRequest
   0.2196 ( 14.9%)   0.1958 ( 13.1%)   0.4154 ( 14.0%)   0.4161 ( 14.0%)  Type checking and Semantic analysis
   0.2047 ( 13.9%)   0.1578 ( 10.5%)   0.3625 ( 12.2%)   0.3631 ( 12.2%)  TypeCheckFunctionBodyRequest
   0.2024 ( 13.8%)   0.1545 ( 10.3%)   0.3569 ( 12.0%)   0.3575 ( 12.0%)  typecheck-stmt
   0.1844 ( 12.5%)   0.1289 (  8.6%)   0.3133 ( 10.6%)   0.3137 ( 10.6%)  typecheck-expr
   0.0188 (  1.3%)   0.0861 (  5.8%)   0.1049 (  3.5%)   0.1061 (  3.6%)  parse-and-resolve-imports
   0.0184 (  1.2%)   0.0855 (  5.7%)   0.1038 (  3.5%)   0.1050 (  3.5%)  Import resolution
   0.0219 (  1.5%)   0.0486 (  3.2%)   0.0705 (  2.4%)   0.0707 (  2.4%)  typecheck-decl
   0.0204 (  1.4%)   0.0286 (  1.9%)   0.0491 (  1.7%)   0.0492 (  1.7%)  precheck-expr
   0.0156 (  1.1%)   0.0328 (  2.2%)   0.0483 (  1.6%)   0.0484 (  1.6%)  QualifiedLookupRequest
   0.0107 (  0.7%)   0.0276 (  1.8%)   0.0383 (  1.3%)   0.0384 (  1.3%)  InterfaceTypeRequest
   0.0110 (  0.7%)   0.0155 (  1.0%)   0.0264 (  0.9%)   0.0265 (  0.9%)  UnqualifiedLookupRequest
   0.0061 (  0.4%)   0.0189 (  1.3%)   0.0250 (  0.8%)   0.0251 (  0.8%)  ActorIsolationRequest
   0.0105 (  0.7%)   0.0136 (  0.9%)   0.0241 (  0.8%)   0.0242 (  0.8%)  performUnqualifiedLookup
   0.0065 (  0.4%)   0.0162 (  1.1%)   0.0227 (  0.8%)   0.0227 (  0.8%)  ResolveValueWitnessesRequest
   0.0092 (  0.6%)   0.0106 (  0.7%)   0.0198 (  0.7%)   0.0199 (  0.7%)  DirectLookupRequest
   0.0106 (  0.7%)   0.0062 (  0.4%)   0.0168 (  0.6%)   0.0168 (  0.6%)  build-rewrite-system
   0.0065 (  0.4%)   0.0095 (  0.6%)   0.0160 (  0.5%)   0.0161 (  0.5%)  PatternBindingEntryRequest
   0.0078 (  0.5%)   0.0060 (  0.4%)   0.0139 (  0.5%)   0.0139 (  0.5%)  LookupInModuleRequest
   0.0066 (  0.4%)   0.0059 (  0.4%)   0.0125 (  0.4%)   0.0125 (  0.4%)  LookupConformanceInModuleRequest
   0.0026 (  0.2%)   0.0083 (  0.6%)   0.0108 (  0.4%)   0.0108 (  0.4%)  AttachedPropertyWrappersRequest
   0.0015 (  0.1%)   0.0073 (  0.5%)   0.0089 (  0.3%)   0.0089 (  0.3%)  load-stdlib
   0.0030 (  0.2%)   0.0036 (  0.2%)   0.0066 (  0.2%)   0.0066 (  0.2%)  ResolveTypeRequest
   0.0035 (  0.2%)   0.0021 (  0.1%)   0.0056 (  0.2%)   0.0056 (  0.2%)  USRGenerationRequest
   0.0013 (  0.1%)   0.0038 (  0.3%)   0.0050 (  0.2%)   0.0050 (  0.2%)  PotentialMacroExpansionsInContextRequest
   0.0016 (  0.1%)   0.0024 (  0.2%)   0.0040 (  0.1%)   0.0039 (  0.1%)  ModuleQualifiedLookupRequest
   0.0030 (  0.2%)   0.0006 (  0.0%)   0.0037 (  0.1%)   0.0037 (  0.1%)  ParseTopLevelDeclsRequest
   0.0018 (  0.1%)   0.0017 (  0.1%)   0.0035 (  0.1%)   0.0035 (  0.1%)  ResultTypeRequest
   0.0029 (  0.2%)   0.0005 (  0.0%)   0.0035 (  0.1%)   0.0035 (  0.1%)  ParseSourceFileRequest
   0.0011 (  0.1%)   0.0019 (  0.1%)   0.0030 (  0.1%)   0.0030 (  0.1%)  HasSelfOrAssociatedTypeRequirementsRequest
   0.0010 (  0.1%)   0.0019 (  0.1%)   0.0030 (  0.1%)   0.0029 (  0.1%)  HasIsolatedSelfRequest
   0.0005 (  0.0%)   0.0022 (  0.1%)   0.0027 (  0.1%)   0.0027 (  0.1%)  StoredPropertiesRequest
   0.0014 (  0.1%)   0.0007 (  0.0%)   0.0021 (  0.1%)   0.0021 (  0.1%)  verify-all-loaded-modules
   0.0007 (  0.0%)   0.0012 (  0.1%)   0.0019 (  0.1%)   0.0019 (  0.1%)  typecheck-for-each
   0.0007 (  0.0%)   0.0010 (  0.1%)   0.0017 (  0.1%)   0.0017 (  0.1%)  ResolveImplicitMemberRequest
   0.0008 (  0.1%)   0.0007 (  0.0%)   0.0015 (  0.1%)   0.0015 (  0.1%)  import-clang-decl
   0.0004 (  0.0%)   0.0011 (  0.1%)   0.0014 (  0.0%)   0.0014 (  0.0%)  HasInitAccessorRequest
   0.0003 (  0.0%)   0.0011 (  0.1%)   0.0014 (  0.0%)   0.0014 (  0.0%)  ExpandPeerMacroRequest
   0.0008 (  0.1%)   0.0005 (  0.0%)   0.0013 (  0.0%)   0.0013 (  0.0%)  ExpandMemberAttributeMacros
   0.0003 (  0.0%)   0.0009 (  0.1%)   0.0012 (  0.0%)   0.0012 (  0.0%)  LookupInfixOperatorRequest
   0.0008 (  0.1%)   0.0004 (  0.0%)   0.0012 (  0.0%)   0.0012 (  0.0%)  ParseMembersRequest
   0.0003 (  0.0%)   0.0008 (  0.1%)   0.0011 (  0.0%)   0.0011 (  0.0%)  SemanticDeclAttrsRequest
   0.0003 (  0.0%)   0.0006 (  0.0%)   0.0009 (  0.0%)   0.0009 (  0.0%)  InheritedDeclsReferencedRequest
   0.0003 (  0.0%)   0.0006 (  0.0%)   0.0009 (  0.0%)   0.0009 (  0.0%)  CheckRedeclarationRequest
   0.0004 (  0.0%)   0.0004 (  0.0%)   0.0008 (  0.0%)   0.0008 (  0.0%)  ExtendedNominalRequest
   0.0002 (  0.0%)   0.0006 (  0.0%)   0.0008 (  0.0%)   0.0008 (  0.0%)  GenericSignatureRequest
   0.0003 (  0.0%)   0.0004 (  0.0%)   0.0007 (  0.0%)   0.0007 (  0.0%)  SPIGroupsRequest
   0.0001 (  0.0%)   0.0005 (  0.0%)   0.0006 (  0.0%)   0.0006 (  0.0%)  ImplicitKnownProtocolConformanceRequest
   0.0002 (  0.0%)   0.0004 (  0.0%)   0.0006 (  0.0%)   0.0006 (  0.0%)  ABIMembersRequest
   0.0003 (  0.0%)   0.0003 (  0.0%)   0.0006 (  0.0%)   0.0006 (  0.0%)  IsActorRequest
   0.0002 (  0.0%)   0.0004 (  0.0%)   0.0006 (  0.0%)   0.0006 (  0.0%)  ProtocolDependenciesRequest
   0.0001 (  0.0%)   0.0004 (  0.0%)   0.0005 (  0.0%)   0.0006 (  0.0%)  CollectOverriddenDeclsRequest
   0.0002 (  0.0%)   0.0004 (  0.0%)   0.0006 (  0.0%)   0.0006 (  0.0%)  IsGetterMutatingRequest
   0.0003 (  0.0%)   0.0002 (  0.0%)   0.0005 (  0.0%)   0.0005 (  0.0%)  GlobalActorAttributeRequest
   0.0003 (  0.0%)   0.0002 (  0.0%)   0.0005 (  0.0%)   0.0005 (  0.0%)  CompareDeclSpecializationRequest
   0.0001 (  0.0%)   0.0003 (  0.0%)   0.0004 (  0.0%)   0.0004 (  0.0%)  LocalDiscriminatorsRequest
   0.0001 (  0.0%)   0.0003 (  0.0%)   0.0004 (  0.0%)   0.0004 (  0.0%)  StorageImplInfoRequest
   0.0002 (  0.0%)   0.0001 (  0.0%)   0.0004 (  0.0%)   0.0004 (  0.0%)  DynamicallyReplacedDeclRequest
   0.0001 (  0.0%)   0.0003 (  0.0%)   0.0004 (  0.0%)   0.0004 (  0.0%)  IsDynamicRequest
   0.0001 (  0.0%)   0.0002 (  0.0%)   0.0004 (  0.0%)   0.0004 (  0.0%)  AbstractGenericSignatureRequest
   0.0002 (  0.0%)   0.0001 (  0.0%)   0.0004 (  0.0%)   0.0004 (  0.0%)  LifetimeDependenceInfoRequest
   0.0002 (  0.0%)   0.0002 (  0.0%)   0.0003 (  0.0%)   0.0003 (  0.0%)  ResultBuilderTypeRequest
   0.0001 (  0.0%)   0.0002 (  0.0%)   0.0003 (  0.0%)   0.0003 (  0.0%)  ExpandExtensionMacros
   0.0002 (  0.0%)   0.0001 (  0.0%)   0.0003 (  0.0%)   0.0003 (  0.0%)  GenericParamListRequest
   0.0001 (  0.0%)   0.0002 (  0.0%)   0.0003 (  0.0%)   0.0003 (  0.0%)  OverriddenDeclsRequest
   0.0001 (  0.0%)   0.0002 (  0.0%)   0.0003 (  0.0%)   0.0003 (  0.0%)  OpaqueReadOwnershipRequest
   0.0001 (  0.0%)   0.0002 (  0.0%)   0.0003 (  0.0%)   0.0003 (  0.0%)  RequiresOpaqueAccessorsRequest
   0.0001 (  0.0%)   0.0002 (  0.0%)   0.0003 (  0.0%)   0.0003 (  0.0%)  PatternTypeRequest
   0.0001 (  0.0%)   0.0001 (  0.0%)   0.0003 (  0.0%)   0.0003 (  0.0%)  RequirementSignatureRequest
   0.0002 (  0.0%)   0.0001 (  0.0%)   0.0003 (  0.0%)   0.0003 (  0.0%)  IsDeclRefinementOfRequest
   0.0001 (  0.0%)   0.0002 (  0.0%)   0.0003 (  0.0%)   0.0003 (  0.0%)  DefaultTypeRequest
   0.0001 (  0.0%)   0.0001 (  0.0%)   0.0002 (  0.0%)   0.0002 (  0.0%)  PreCheckFunctionBodyRequest
   0.0001 (  0.0%)   0.0001 (  0.0%)   0.0002 (  0.0%)   0.0002 (  0.0%)  HasDynamicMemberLookupAttributeRequest
   0.0000 (  0.0%)   0.0002 (  0.0%)   0.0002 (  0.0%)   0.0002 (  0.0%)  AssociatedConformanceRequest
   0.0001 (  0.0%)   0.0002 (  0.0%)   0.0002 (  0.0%)   0.0002 (  0.0%)  LookupAllConformancesInContextRequest
   0.0002 (  0.0%)   0.0001 (  0.0%)   0.0002 (  0.0%)   0.0002 (  0.0%)  AST verification
   0.0001 (  0.0%)   0.0001 (  0.0%)   0.0002 (  0.0%)   0.0002 (  0.0%)  ProtocolRequirementsRequest
   0.0001 (  0.0%)   0.0001 (  0.0%)   0.0002 (  0.0%)   0.0002 (  0.0%)  IsObjCRequest
   0.0000 (  0.0%)   0.0001 (  0.0%)   0.0002 (  0.0%)   0.0002 (  0.0%)  ParseAbstractFunctionBodyRequest
   0.0001 (  0.0%)   0.0001 (  0.0%)   0.0002 (  0.0%)   0.0002 (  0.0%)  InheritedTypeRequest
   0.0000 (  0.0%)   0.0001 (  0.0%)   0.0001 (  0.0%)   0.0001 (  0.0%)  EnumRawTypeRequest
   0.0001 (  0.0%)   0.0001 (  0.0%)   0.0001 (  0.0%)   0.0001 (  0.0%)  ConditionalRequirementsRequest
   0.0000 (  0.0%)   0.0001 (  0.0%)   0.0001 (  0.0%)   0.0001 (  0.0%)  ParamSpecifierRequest
   0.0001 (  0.0%)   0.0001 (  0.0%)   0.0001 (  0.0%)   0.0001 (  0.0%)  StructuralRequirementsRequest
   0.0000 (  0.0%)   0.0001 (  0.0%)   0.0001 (  0.0%)   0.0001 (  0.0%)  ClangRecordMemberLookup
   0.0000 (  0.0%)   0.0001 (  0.0%)   0.0001 (  0.0%)   0.0001 (  0.0%)  PropertyWrapperAuxiliaryVariablesRequest
   0.0001 (  0.0%)   0.0000 (  0.0%)   0.0001 (  0.0%)   0.0001 (  0.0%)  AllInheritedProtocolsRequest
   0.0001 (  0.0%)   0.0000 (  0.0%)   0.0001 (  0.0%)   0.0001 (  0.0%)  DirectOperatorLookupRequest
   0.0000 (  0.0%)   0.0001 (  0.0%)   0.0001 (  0.0%)   0.0001 (  0.0%)  ValidatePrecedenceGroupRequest
   0.0000 (  0.0%)   0.0001 (  0.0%)   0.0001 (  0.0%)   0.0001 (  0.0%)  InheritedProtocolsRequest
   0.0000 (  0.0%)   0.0000 (  0.0%)   0.0001 (  0.0%)   0.0001 (  0.0%)  AccessLevelRequest
   0.0000 (  0.0%)   0.0001 (  0.0%)   0.0001 (  0.0%)   0.0001 (  0.0%)  PropertyWrapperMutabilityRequest
   0.0000 (  0.0%)   0.0000 (  0.0%)   0.0001 (  0.0%)   0.0001 (  0.0%)  IsImplicitlyUnwrappedOptionalRequest
   0.0000 (  0.0%)   0.0000 (  0.0%)   0.0001 (  0.0%)   0.0001 (  0.0%)  CheckInconsistentImplementationOnlyImportsRequest
   0.0000 (  0.0%)   0.0000 (  0.0%)   0.0001 (  0.0%)   0.0001 (  0.0%)  IsDistributedActorRequest
   0.0000 (  0.0%)   0.0000 (  0.0%)   0.0001 (  0.0%)   0.0001 (  0.0%)  HasCircularRawValueRequest
   0.0000 (  0.0%)   0.0001 (  0.0%)   0.0001 (  0.0%)   0.0001 (  0.0%)  LookupPrecedenceGroupRequest
   0.0000 (  0.0%)   0.0000 (  0.0%)   0.0001 (  0.0%)   0.0001 (  0.0%)  SuperclassDeclRequest
   0.0001 (  0.0%)   0.0000 (  0.0%)   0.0001 (  0.0%)   0.0001 (  0.0%)  ExpandChildTypeRefinementContextsRequest
   0.0000 (  0.0%)   0.0001 (  0.0%)   0.0001 (  0.0%)   0.0001 (  0.0%)  SuperclassTypeRequest
   0.0000 (  0.0%)   0.0000 (  0.0%)   0.0001 (  0.0%)   0.0001 (  0.0%)  IsFinalRequest
   0.0000 (  0.0%)   0.0000 (  0.0%)   0.0001 (  0.0%)   0.0001 (  0.0%)  PatternBindingCheckedAndContextualizedInitRequest
   0.0000 (  0.0%)   0.0000 (  0.0%)   0.0001 (  0.0%)   0.0001 (  0.0%)  ExtendedTypeRequest
   0.0000 (  0.0%)   0.0000 (  0.0%)   0.0001 (  0.0%)   0.0001 (  0.0%)  PolymorphicEffectKindRequest
   0.0000 (  0.0%)   0.0000 (  0.0%)   0.0001 (  0.0%)   0.0001 (  0.0%)  HasStorageRequest
   0.0000 (  0.0%)   0.0000 (  0.0%)   0.0001 (  0.0%)   0.0001 (  0.0%)  CheckInconsistentWeakLinkedImportsRequest
   0.0000 (  0.0%)   0.0000 (  0.0%)   0.0000 (  0.0%)   0.0000 (  0.0%)  ApplyAccessNoteRequest
   0.0000 (  0.0%)   0.0000 (  0.0%)   0.0000 (  0.0%)   0.0000 (  0.0%)  ProvideDefaultImplForRequest
   0.0000 (  0.0%)   0.0000 (  0.0%)   0.0000 (  0.0%)   0.0000 (  0.0%)  DefaultInitializerIsolation
   0.0000 (  0.0%)   0.0000 (  0.0%)   0.0000 (  0.0%)   0.0000 (  0.0%)  ClangDirectLookupRequest
   0.0000 (  0.0%)   0.0000 (  0.0%)   0.0000 (  0.0%)   0.0000 (  0.0%)  HasDefaultInitRequest
   0.0000 (  0.0%)   0.0000 (  0.0%)   0.0000 (  0.0%)   0.0000 (  0.0%)  HasImportsMatchingFlagRequest
   0.0000 (  0.0%)   0.0000 (  0.0%)   0.0000 (  0.0%)   0.0000 (  0.0%)  AttachedResultBuilderRequest
   0.0000 (  0.0%)   0.0000 (  0.0%)   0.0000 (  0.0%)   0.0000 (  0.0%)  IsStaticRequest
   0.0000 (  0.0%)   0.0000 (  0.0%)   0.0000 (  0.0%)   0.0000 (  0.0%)  RawCommentRequest
   0.0000 (  0.0%)   0.0000 (  0.0%)   0.0000 (  0.0%)   0.0000 (  0.0%)  FragileFunctionKindRequest
   0.0000 (  0.0%)   0.0000 (  0.0%)   0.0000 (  0.0%)   0.0000 (  0.0%)  module-populate-cache
   0.0000 (  0.0%)   0.0000 (  0.0%)   0.0000 (  0.0%)   0.0000 (  0.0%)  ExpandBodyMacroRequest
   0.0000 (  0.0%)   0.0000 (  0.0%)   0.0000 (  0.0%)   0.0000 (  0.0%)  SetterAccessLevelRequest
   0.0000 (  0.0%)   0.0000 (  0.0%)   0.0000 (  0.0%)   0.0000 (  0.0%)  LocalTypeDeclsRequest
   0.0000 (  0.0%)   0.0000 (  0.0%)   0.0000 (  0.0%)   0.0000 (  0.0%)  HasCircularInheritedProtocolsRequest
   0.0000 (  0.0%)   0.0000 (  0.0%)   0.0000 (  0.0%)   0.0000 (  0.0%)  TypeAliasRequirementsRequest
   0.0000 (  0.0%)   0.0000 (  0.0%)   0.0000 (  0.0%)   0.0000 (  0.0%)  ResolveTypeWitnessesRequest
   0.0000 (  0.0%)   0.0000 (  0.0%)   0.0000 (  0.0%)   0.0000 (  0.0%)  ObjCInterfaceAndImplementationRequest
   0.0000 (  0.0%)   0.0000 (  0.0%)   0.0000 (  0.0%)   0.0000 (  0.0%)  ExpandAccessorMacros
   0.0000 (  0.0%)   0.0000 (  0.0%)   0.0000 (  0.0%)   0.0000 (  0.0%)  HasUserDefinedDesignatedInitRequest
   0.0000 (  0.0%)   0.0000 (  0.0%)   0.0000 (  0.0%)   0.0000 (  0.0%)  SynthesizeAccessorRequest
   0.0000 (  0.0%)   0.0000 (  0.0%)   0.0000 (  0.0%)   0.0000 (  0.0%)  SelfAccessKindRequest
   0.0000 (  0.0%)   0.0000 (  0.0%)   0.0000 (  0.0%)   0.0000 (  0.0%)  ExpandPreambleMacroRequest
   0.0000 (  0.0%)   0.0000 (  0.0%)   0.0000 (  0.0%)   0.0000 (  0.0%)  IsFunctionBodySkippedRequest
   0.0000 (  0.0%)   0.0000 (  0.0%)   0.0000 (  0.0%)   0.0000 (  0.0%)  IsSingleValueStmtRequest
   0.0000 (  0.0%)   0.0000 (  0.0%)   0.0000 (  0.0%)   0.0000 (  0.0%)  ModuleImplicitImportsRequest
   0.0000 (  0.0%)   0.0000 (  0.0%)   0.0000 (  0.0%)   0.0000 (  0.0%)  PreCheckReturnStmtRequest
   0.0000 (  0.0%)   0.0000 (  0.0%)   0.0000 (  0.0%)   0.0000 (  0.0%)  IsNonUserModuleRequest
   0.0000 (  0.0%)   0.0000 (  0.0%)   0.0000 (  0.0%)   0.0000 (  0.0%)  IsSetterMutatingRequest
   0.0000 (  0.0%)   0.0000 (  0.0%)   0.0000 (  0.0%)   0.0000 (  0.0%)  PropertyWrapperInitializerInfoRequest
   0.0000 (  0.0%)   0.0000 (  0.0%)   0.0000 (  0.0%)   0.0000 (  0.0%)  ClosureEffectsRequest
   0.0000 (  0.0%)   0.0000 (  0.0%)   0.0000 (  0.0%)   0.0000 (  0.0%)  ProtocolRequiresClassRequest
   0.0000 (  0.0%)   0.0000 (  0.0%)   0.0000 (  0.0%)   0.0000 (  0.0%)  ContinueTargetRequest
   0.0000 (  0.0%)   0.0000 (  0.0%)   0.0000 (  0.0%)   0.0000 (  0.0%)  CheckInconsistentAccessLevelOnImport
   0.0000 (  0.0%)   0.0000 (  0.0%)   0.0000 (  0.0%)   0.0000 (  0.0%)  ConformanceAccessScopeRequest
   0.0000 (  0.0%)   0.0000 (  0.0%)   0.0000 (  0.0%)   0.0000 (  0.0%)  ExistentialConformsToSelfRequest
   0.0000 (  0.0%)   0.0000 (  0.0%)   0.0000 (  0.0%)   0.0000 (  0.0%)  BodyInitKindRequest
   0.0000 (  0.0%)   0.0000 (  0.0%)   0.0000 (  0.0%)   0.0000 (  0.0%)  SelfBoundsFromWhereClauseRequest
   0.0000 (  0.0%)   0.0000 (  0.0%)   0.0000 (  0.0%)   0.0000 (  0.0%)  DirectPrecedenceGroupLookupRequest
   0.0000 (  0.0%)   0.0000 (  0.0%)   0.0000 (  0.0%)   0.0000 (  0.0%)  PreCheckClosureBodyRequest
   0.0000 (  0.0%)   0.0000 (  0.0%)   0.0000 (  0.0%)   0.0000 (  0.0%)  SimpleDidSetRequest
   0.0000 (  0.0%)   0.0000 (  0.0%)   0.0000 (  0.0%)   0.0000 (  0.0%)  RequiresOpaqueModifyCoroutineRequest
   0.0000 (  0.0%)   0.0000 (  0.0%)   0.0000 (  0.0%)   0.0000 (  0.0%)  EnumRawValuesRequest
   0.0000 (  0.0%)   0.0000 (  0.0%)   0.0000 (  0.0%)   0.0000 (  0.0%)  PrimaryAssociatedTypesRequest
   0.0000 (  0.0%)   0.0000 (  0.0%)   0.0000 (  0.0%)   0.0000 (  0.0%)  ClosureHasResultExprRequest
   0.0000 (  0.0%)   0.0000 (  0.0%)   0.0000 (  0.0%)   0.0000 (  0.0%)  source-file-populate-cache
   0.0000 (  0.0%)   0.0000 (  0.0%)   0.0000 (  0.0%)   0.0000 (  0.0%)  perform-whole-module-type-checking
   0.0000 (  0.0%)   0.0000 (  0.0%)   0.0000 (  0.0%)   0.0000 (  0.0%)  ExpandSynthesizedMemberMacroRequest
   0.0000 (  0.0%)   0.0000 (  0.0%)   0.0000 (  0.0%)   0.0000 (  0.0%)  SynthesizeMainFunctionRequest
   0.0000 (  0.0%)   0.0000 (  0.0%)   0.0000 (  0.0%)   0.0000 (  0.0%)  ClassAncestryFlagsRequest
   0.0000 (  0.0%)   0.0000 (  0.0%)   0.0000 (  0.0%)   0.0000 (  0.0%)  InitKindRequest
   0.0000 (  0.0%)   0.0000 (  0.0%)   0.0000 (  0.0%)   0.0000 (  0.0%)  CheckInconsistentSPIOnlyImportsRequest
   0.0000 (  0.0%)   0.0000 (  0.0%)   0.0000 (  0.0%)   0.0000 (  0.0%)  UnderlyingTypeDeclsReferencedRequest
   0.0000 (  0.0%)   0.0000 (  0.0%)   0.0000 (  0.0%)   0.0000 (  0.0%)  PrimarySourceFilesRequest
   0.0000 (  0.0%)   0.0000 (  0.0%)   0.0000 (  0.0%)   0.0000 (  0.0%)  DefaultAndMaxAccessLevelRequest
   0.0000 (  0.0%)   0.0000 (  0.0%)   0.0000 (  0.0%)   0.0000 (  0.0%)  CheckInconsistentAccessLevelOnImportSameFileRequest
   0.0000 (  0.0%)   0.0000 (  0.0%)   0.0000 (  0.0%)   0.0000 (  0.0%)  CxxRecordSemantics
   1.4693 (100.0%)   1.4959 (100.0%)   2.9652 (100.0%)   2.9722 (100.0%)  Total
===-------------------------------------------------------------------------===
                                Running Program
===-------------------------------------------------------------------------===
  Total Execution Time: 0.5475 seconds (0.5494 wall clock)
   ---User Time---   --System Time--   --User+System--   ---Wall Time---  --- Name ---
   0.2488 (100.0%)   0.2987 (100.0%)   0.5475 (100.0%)   0.5494 (100.0%)  Building Target
   0.2488 (100.0%)   0.2987 (100.0%)   0.5475 (100.0%)   0.5494 (100.0%)  Total
SwiftCompile normal arm64 /Users/admin/builder/spi-builder-workspace/.dependencies/checkouts/SwiftyGPIO/Sources/UART.swift (in target 'SwiftyGPIO' from project 'SwiftyGPIO')
    cd /Users/admin/builder/spi-builder-workspace/.dependencies/checkouts/SwiftyGPIO
    /Library/Developer/Toolchains/swift-6.0-DEVELOPMENT-SNAPSHOT-2024-05-26-a.xctoolchain/usr/bin/swift-frontend -c /Users/admin/builder/spi-builder-workspace/.dependencies/checkouts/SwiftyGPIO/Sources/1Wire.swift /Users/admin/builder/spi-builder-workspace/.dependencies/checkouts/SwiftyGPIO/Sources/ADC.swift /Users/admin/builder/spi-builder-workspace/.dependencies/checkouts/SwiftyGPIO/Sources/I2C.swift /Users/admin/builder/spi-builder-workspace/.dependencies/checkouts/SwiftyGPIO/Sources/Mailbox.swift /Users/admin/builder/spi-builder-workspace/.dependencies/checkouts/SwiftyGPIO/Sources/PWM.swift /Users/admin/builder/spi-builder-workspace/.dependencies/checkouts/SwiftyGPIO/Sources/Presets.swift /Users/admin/builder/spi-builder-workspace/.dependencies/checkouts/SwiftyGPIO/Sources/SPI.swift /Users/admin/builder/spi-builder-workspace/.dependencies/checkouts/SwiftyGPIO/Sources/SunXi.swift /Users/admin/builder/spi-builder-workspace/.dependencies/checkouts/SwiftyGPIO/Sources/SwiftyGPIO.swift -primary-file /Users/admin/builder/spi-builder-workspace/.dependencies/checkouts/SwiftyGPIO/Sources/UART.swift -emit-dependencies-path /Users/admin/builder/spi-builder-workspace/.derivedData/Build/Intermediates.noindex/SwiftyGPIO.build/Debug-xros/SwiftyGPIO.build/Objects-normal/arm64/UART.d -emit-const-values-path /Users/admin/builder/spi-builder-workspace/.derivedData/Build/Intermediates.noindex/SwiftyGPIO.build/Debug-xros/SwiftyGPIO.build/Objects-normal/arm64/UART.swiftconstvalues -emit-reference-dependencies-path /Users/admin/builder/spi-builder-workspace/.derivedData/Build/Intermediates.noindex/SwiftyGPIO.build/Debug-xros/SwiftyGPIO.build/Objects-normal/arm64/UART.swiftdeps -serialize-diagnostics-path /Users/admin/builder/spi-builder-workspace/.derivedData/Build/Intermediates.noindex/SwiftyGPIO.build/Debug-xros/SwiftyGPIO.build/Objects-normal/arm64/UART.dia -target arm64-apple-xros1.0 -Xllvm -aarch64-use-tbi -enable-objc-interop -sdk /Applications/Xcode-15.3.0.app/Contents/Developer/Platforms/XROS.platform/Developer/SDKs/XROS1.1.sdk -I /Users/admin/builder/spi-builder-workspace/.derivedData/Build/Products/Debug-xros -I /Applications/Xcode-15.3.0.app/Contents/Developer/Platforms/XROS.platform/Developer/usr/lib -F /Users/admin/builder/spi-builder-workspace/.derivedData/Build/Products/Debug-xros -F /Applications/Xcode-15.3.0.app/Contents/Developer/Platforms/XROS.platform/Developer/Library/Frameworks -F /Applications/Xcode-15.3.0.app/Contents/Developer/Platforms/XROS.platform/Developer/SDKs/XROS1.1.sdk/Developer/Library/Frameworks -no-color-diagnostics -enable-testing -g -module-cache-path /Users/admin/builder/spi-builder-workspace/.derivedData/ModuleCache.noindex -suppress-warnings -swift-version 5 -enforce-exclusivity\=checked -stats-output-dir /Users/admin/builder/spi-builder-workspace/.dependencies/checkouts/SwiftyGPIO/.stats -Onone -D SWIFT_PACKAGE -D DEBUG -serialize-debugging-options -const-gather-protocols-file /Users/admin/builder/spi-builder-workspace/.derivedData/Build/Intermediates.noindex/SwiftyGPIO.build/Debug-xros/SwiftyGPIO.build/Objects-normal/arm64/SwiftyGPIO_const_extract_protocols.json -strict-concurrency\=complete -empty-abi-descriptor -validate-clang-modules-once -clang-build-session-file /Users/admin/builder/spi-builder-workspace/.derivedData/ModuleCache.noindex/Session.modulevalidation -Xcc -working-directory -Xcc /Users/admin/builder/spi-builder-workspace/.dependencies/checkouts/SwiftyGPIO -resource-dir /Library/Developer/Toolchains/swift-6.0-DEVELOPMENT-SNAPSHOT-2024-05-26-a.xctoolchain/usr/lib/swift -enable-anonymous-context-mangled-names -Xcc -I/Users/admin/builder/spi-builder-workspace/.derivedData/Build/Intermediates.noindex/SwiftyGPIO.build/Debug-xros/SwiftyGPIO.build/swift-overrides.hmap -Xcc -I/Users/admin/builder/spi-builder-workspace/.derivedData/Build/Products/Debug-xros/include -Xcc -I/Users/admin/builder/spi-builder-workspace/.derivedData/Build/Intermediates.noindex/SwiftyGPIO.build/Debug-xros/SwiftyGPIO.build/DerivedSources-normal/arm64 -Xcc -I/Users/admin/builder/spi-builder-workspace/.derivedData/Build/Intermediates.noindex/SwiftyGPIO.build/Debug-xros/SwiftyGPIO.build/DerivedSources/arm64 -Xcc -I/Users/admin/builder/spi-builder-workspace/.derivedData/Build/Intermediates.noindex/SwiftyGPIO.build/Debug-xros/SwiftyGPIO.build/DerivedSources -Xcc -DSWIFT_PACKAGE -Xcc -DDEBUG\=1 -module-name SwiftyGPIO -frontend-parseable-output -disable-clang-spi -target-sdk-version 1.1 -target-sdk-name xros1.1 -external-plugin-path /Applications/Xcode-15.3.0.app/Contents/Developer/Platforms/XROS.platform/Developer/SDKs/XROS1.1.sdk/usr/lib/swift/host/plugins\#/Applications/Xcode-15.3.0.app/Contents/Developer/Platforms/XROS.platform/Developer/SDKs/XROS1.1.sdk/usr/bin/swift-plugin-server -external-plugin-path /Applications/Xcode-15.3.0.app/Contents/Developer/Platforms/XROS.platform/Developer/SDKs/XROS1.1.sdk/usr/local/lib/swift/host/plugins\#/Applications/Xcode-15.3.0.app/Contents/Developer/Platforms/XROS.platform/Developer/SDKs/XROS1.1.sdk/usr/bin/swift-plugin-server -external-plugin-path /Applications/Xcode-15.3.0.app/Contents/Developer/Platforms/XROS.platform/Developer/usr/lib/swift/host/plugins\#/Applications/Xcode-15.3.0.app/Contents/Developer/Platforms/XROS.platform/Developer/usr/bin/swift-plugin-server -external-plugin-path /Applications/Xcode-15.3.0.app/Contents/Developer/Platforms/XROS.platform/Developer/usr/local/lib/swift/host/plugins\#/Applications/Xcode-15.3.0.app/Contents/Developer/Platforms/XROS.platform/Developer/usr/bin/swift-plugin-server -plugin-path /Library/Developer/Toolchains/swift-6.0-DEVELOPMENT-SNAPSHOT-2024-05-26-a.xctoolchain/usr/lib/swift/host/plugins -plugin-path /Library/Developer/Toolchains/swift-6.0-DEVELOPMENT-SNAPSHOT-2024-05-26-a.xctoolchain/usr/local/lib/swift/host/plugins -o /Users/admin/builder/spi-builder-workspace/.derivedData/Build/Intermediates.noindex/SwiftyGPIO.build/Debug-xros/SwiftyGPIO.build/Objects-normal/arm64/UART.o -index-unit-output-path /SwiftyGPIO.build/Debug-xros/SwiftyGPIO.build/Objects-normal/arm64/UART.o -index-store-path /Users/admin/builder/spi-builder-workspace/.derivedData/Index.noindex/DataStore -index-system-modules
/Users/admin/builder/spi-builder-workspace/.dependencies/checkouts/SwiftyGPIO/Sources/UART.swift:72:29: error: cannot convert value of type 'UInt32' to expected argument type 'UInt'
            cfg.c_cflag &= ~UInt32(PARENB | PARODD)
                            ^
                            UInt(                  )
/Users/admin/builder/spi-builder-workspace/.dependencies/checkouts/SwiftyGPIO/Sources/UART.swift:72:28: error: cannot convert value of type 'UInt32' to expected argument type 'UInt'
            cfg.c_cflag &= ~UInt32(PARENB | PARODD)
                           ^
                           UInt(                   )
/Users/admin/builder/spi-builder-workspace/.dependencies/checkouts/SwiftyGPIO/Sources/UART.swift:74:28: error: cannot convert value of type 'UInt32' to expected argument type 'UInt'
            cfg.c_cflag &= ~UInt32(PARENB | PARODD)
                           ^
                           UInt(                   )
/Users/admin/builder/spi-builder-workspace/.dependencies/checkouts/SwiftyGPIO/Sources/UART.swift:74:29: error: cannot convert value of type 'UInt32' to expected argument type 'UInt'
            cfg.c_cflag &= ~UInt32(PARENB | PARODD)
                            ^
                            UInt(                  )
/Users/admin/builder/spi-builder-workspace/.dependencies/checkouts/SwiftyGPIO/Sources/UART.swift:75:28: error: cannot convert value of type 'UInt32' to expected argument type 'UInt'
            cfg.c_cflag |= UInt32(PARENB)
                           ^
                           UInt(         )
/Users/admin/builder/spi-builder-workspace/.dependencies/checkouts/SwiftyGPIO/Sources/UART.swift:77:28: error: cannot convert value of type 'UInt32' to expected argument type 'UInt'
            cfg.c_cflag |= UInt32(PARENB | PARODD)
                           ^
                           UInt(                  )
/Users/admin/builder/spi-builder-workspace/.dependencies/checkouts/SwiftyGPIO/Sources/UART.swift:88:38: error: cannot convert value of type 'UInt32' to expected argument type 'UInt'
        cfg.c_cflag = (cfg.c_cflag & ~UInt32(CSIZE))
                                     ^
                                     UInt(         )
/Users/admin/builder/spi-builder-workspace/.dependencies/checkouts/SwiftyGPIO/Sources/UART.swift:88:39: error: cannot convert value of type 'UInt32' to expected argument type 'UInt'
        cfg.c_cflag = (cfg.c_cflag & ~UInt32(CSIZE))
                                      ^
                                      UInt(        )
/Users/admin/builder/spi-builder-workspace/.dependencies/checkouts/SwiftyGPIO/Sources/UART.swift:91:28: error: cannot convert value of type 'UInt32' to expected argument type 'UInt'
            cfg.c_cflag |= UInt32(CS8)
                           ^
                           UInt(      )
/Users/admin/builder/spi-builder-workspace/.dependencies/checkouts/SwiftyGPIO/Sources/UART.swift:93:28: error: cannot convert value of type 'UInt32' to expected argument type 'UInt'
            cfg.c_cflag |= UInt32(CS7)
                           ^
                           UInt(      )
/Users/admin/builder/spi-builder-workspace/.dependencies/checkouts/SwiftyGPIO/Sources/UART.swift:95:28: error: cannot convert value of type 'UInt32' to expected argument type 'UInt'
            cfg.c_cflag |= UInt32(CS6)
                           ^
                           UInt(      )
/Users/admin/builder/spi-builder-workspace/.dependencies/checkouts/SwiftyGPIO/Sources/UART.swift:107:28: error: cannot convert value of type 'UInt32' to expected argument type 'UInt'
            cfg.c_cflag &= ~UInt32(CSTOPB)
                           ^
                           UInt(          )
/Users/admin/builder/spi-builder-workspace/.dependencies/checkouts/SwiftyGPIO/Sources/UART.swift:107:29: error: cannot convert value of type 'UInt32' to expected argument type 'UInt'
            cfg.c_cflag &= ~UInt32(CSTOPB)
                            ^
                            UInt(         )
/Users/admin/builder/spi-builder-workspace/.dependencies/checkouts/SwiftyGPIO/Sources/UART.swift:109:28: error: cannot convert value of type 'UInt32' to expected argument type 'UInt'
            cfg.c_cflag |= UInt32(CSTOPB)
                           ^
                           UInt(         )
/Users/admin/builder/spi-builder-workspace/.dependencies/checkouts/SwiftyGPIO/Sources/UART.swift:199:25: error: cannot convert value of type 'UInt32' to expected argument type 'UInt'
        tty.c_iflag &= ~UInt32(IGNBRK)      // disable break processing
                        ^
                        UInt(         )
/Users/admin/builder/spi-builder-workspace/.dependencies/checkouts/SwiftyGPIO/Sources/UART.swift:199:24: error: cannot convert value of type 'UInt32' to expected argument type 'UInt'
        tty.c_iflag &= ~UInt32(IGNBRK)      // disable break processing
                       ^
                       UInt(          )
/Users/admin/builder/spi-builder-workspace/.dependencies/checkouts/SwiftyGPIO/Sources/UART.swift:206:24: error: cannot convert value of type 'UInt32' to expected argument type 'UInt'
        tty.c_iflag &= ~UInt32(IXON | IXOFF | IXANY) // Every kind of software flow control off
                       ^
                       UInt(                        )
/Users/admin/builder/spi-builder-workspace/.dependencies/checkouts/SwiftyGPIO/Sources/UART.swift:206:25: error: cannot convert value of type 'UInt32' to expected argument type 'UInt'
        tty.c_iflag &= ~UInt32(IXON | IXOFF | IXANY) // Every kind of software flow control off
                        ^
                        UInt(                       )
/Users/admin/builder/spi-builder-workspace/.dependencies/checkouts/SwiftyGPIO/Sources/UART.swift:207:25: error: cannot convert value of type 'UInt32' to expected argument type 'UInt'
        tty.c_cflag &= ~UInt32(CRTSCTS)  //No hw flow control
                        ^
                        UInt(          )
/Users/admin/builder/spi-builder-workspace/.dependencies/checkouts/SwiftyGPIO/Sources/UART.swift:207:24: error: cannot convert value of type 'UInt32' to expected argument type 'UInt'
        tty.c_cflag &= ~UInt32(CRTSCTS)  //No hw flow control
                       ^
                       UInt(           )
/Users/admin/builder/spi-builder-workspace/.dependencies/checkouts/SwiftyGPIO/Sources/UART.swift:208:24: error: cannot convert value of type 'UInt32' to expected argument type 'UInt'
        tty.c_cflag |= UInt32(CLOCAL | CREAD)        // Ignore modem controls, enable read
                       ^
                       UInt(                 )
/Users/admin/builder/spi-builder-workspace/.dependencies/checkouts/SwiftyGPIO/Sources/UART.swift:217:37: error: cannot find 'FIONREAD' in scope
        let result = ioctl(fd, UInt(FIONREAD), &bytesToRead)
                                    ^~~~~~~~
/Applications/Xcode-15.3.0.app/Contents/Developer/Platforms/XROS.platform/Developer/SDKs/XROS1.1.sdk/usr/include/sys/filio.h:77:9: note: macro 'FIONREAD' unavailable: structure not supported
#define FIONREAD        _IOR('f', 127, int)     /* get # bytes to read */
        ^
SwiftCompile normal arm64 Compiling\ SwiftyGPIO.swift /Users/admin/builder/spi-builder-workspace/.dependencies/checkouts/SwiftyGPIO/Sources/SwiftyGPIO.swift (in target 'SwiftyGPIO' from project 'SwiftyGPIO')
    cd /Users/admin/builder/spi-builder-workspace/.dependencies/checkouts/SwiftyGPIO
    builtin-swiftTaskExecution -- /Library/Developer/Toolchains/swift-6.0-DEVELOPMENT-SNAPSHOT-2024-05-26-a.xctoolchain/usr/bin/swift-frontend -frontend -c /Users/admin/builder/spi-builder-workspace/.dependencies/checkouts/SwiftyGPIO/Sources/1Wire.swift /Users/admin/builder/spi-builder-workspace/.dependencies/checkouts/SwiftyGPIO/Sources/ADC.swift /Users/admin/builder/spi-builder-workspace/.dependencies/checkouts/SwiftyGPIO/Sources/I2C.swift /Users/admin/builder/spi-builder-workspace/.dependencies/checkouts/SwiftyGPIO/Sources/Mailbox.swift /Users/admin/builder/spi-builder-workspace/.dependencies/checkouts/SwiftyGPIO/Sources/PWM.swift /Users/admin/builder/spi-builder-workspace/.dependencies/checkouts/SwiftyGPIO/Sources/Presets.swift /Users/admin/builder/spi-builder-workspace/.dependencies/checkouts/SwiftyGPIO/Sources/SPI.swift /Users/admin/builder/spi-builder-workspace/.dependencies/checkouts/SwiftyGPIO/Sources/SunXi.swift -primary-file /Users/admin/builder/spi-builder-workspace/.dependencies/checkouts/SwiftyGPIO/Sources/SwiftyGPIO.swift /Users/admin/builder/spi-builder-workspace/.dependencies/checkouts/SwiftyGPIO/Sources/UART.swift -emit-dependencies-path /Users/admin/builder/spi-builder-workspace/.derivedData/Build/Intermediates.noindex/SwiftyGPIO.build/Debug-xros/SwiftyGPIO.build/Objects-normal/arm64/SwiftyGPIO.d -emit-const-values-path /Users/admin/builder/spi-builder-workspace/.derivedData/Build/Intermediates.noindex/SwiftyGPIO.build/Debug-xros/SwiftyGPIO.build/Objects-normal/arm64/SwiftyGPIO.swiftconstvalues -emit-reference-dependencies-path /Users/admin/builder/spi-builder-workspace/.derivedData/Build/Intermediates.noindex/SwiftyGPIO.build/Debug-xros/SwiftyGPIO.build/Objects-normal/arm64/SwiftyGPIO.swiftdeps -serialize-diagnostics-path /Users/admin/builder/spi-builder-workspace/.derivedData/Build/Intermediates.noindex/SwiftyGPIO.build/Debug-xros/SwiftyGPIO.build/Objects-normal/arm64/SwiftyGPIO.dia -target arm64-apple-xros1.0 -Xllvm -aarch64-use-tbi -enable-objc-interop -sdk /Applications/Xcode-15.3.0.app/Contents/Developer/Platforms/XROS.platform/Developer/SDKs/XROS1.1.sdk -I /Users/admin/builder/spi-builder-workspace/.derivedData/Build/Products/Debug-xros -I /Applications/Xcode-15.3.0.app/Contents/Developer/Platforms/XROS.platform/Developer/usr/lib -F /Users/admin/builder/spi-builder-workspace/.derivedData/Build/Products/Debug-xros -F /Applications/Xcode-15.3.0.app/Contents/Developer/Platforms/XROS.platform/Developer/Library/Frameworks -F /Applications/Xcode-15.3.0.app/Contents/Developer/Platforms/XROS.platform/Developer/SDKs/XROS1.1.sdk/Developer/Library/Frameworks -no-color-diagnostics -enable-testing -g -module-cache-path /Users/admin/builder/spi-builder-workspace/.derivedData/ModuleCache.noindex -suppress-warnings -swift-version 5 -enforce-exclusivity\=checked -stats-output-dir /Users/admin/builder/spi-builder-workspace/.dependencies/checkouts/SwiftyGPIO/.stats -Onone -D SWIFT_PACKAGE -D DEBUG -serialize-debugging-options -const-gather-protocols-file /Users/admin/builder/spi-builder-workspace/.derivedData/Build/Intermediates.noindex/SwiftyGPIO.build/Debug-xros/SwiftyGPIO.build/Objects-normal/arm64/SwiftyGPIO_const_extract_protocols.json -strict-concurrency\=complete -empty-abi-descriptor -validate-clang-modules-once -clang-build-session-file /Users/admin/builder/spi-builder-workspace/.derivedData/ModuleCache.noindex/Session.modulevalidation -Xcc -working-directory -Xcc /Users/admin/builder/spi-builder-workspace/.dependencies/checkouts/SwiftyGPIO -resource-dir /Library/Developer/Toolchains/swift-6.0-DEVELOPMENT-SNAPSHOT-2024-05-26-a.xctoolchain/usr/lib/swift -enable-anonymous-context-mangled-names -Xcc -I/Users/admin/builder/spi-builder-workspace/.derivedData/Build/Intermediates.noindex/SwiftyGPIO.build/Debug-xros/SwiftyGPIO.build/swift-overrides.hmap -Xcc -I/Users/admin/builder/spi-builder-workspace/.derivedData/Build/Products/Debug-xros/include -Xcc -I/Users/admin/builder/spi-builder-workspace/.derivedData/Build/Intermediates.noindex/SwiftyGPIO.build/Debug-xros/SwiftyGPIO.build/DerivedSources-normal/arm64 -Xcc -I/Users/admin/builder/spi-builder-workspace/.derivedData/Build/Intermediates.noindex/SwiftyGPIO.build/Debug-xros/SwiftyGPIO.build/DerivedSources/arm64 -Xcc -I/Users/admin/builder/spi-builder-workspace/.derivedData/Build/Intermediates.noindex/SwiftyGPIO.build/Debug-xros/SwiftyGPIO.build/DerivedSources -Xcc -DSWIFT_PACKAGE -Xcc -DDEBUG\=1 -module-name SwiftyGPIO -frontend-parseable-output -disable-clang-spi -target-sdk-version 1.1 -target-sdk-name xros1.1 -external-plugin-path /Applications/Xcode-15.3.0.app/Contents/Developer/Platforms/XROS.platform/Developer/SDKs/XROS1.1.sdk/usr/lib/swift/host/plugins\#/Applications/Xcode-15.3.0.app/Contents/Developer/Platforms/XROS.platform/Developer/SDKs/XROS1.1.sdk/usr/bin/swift-plugin-server -external-plugin-path /Applications/Xcode-15.3.0.app/Contents/Developer/Platforms/XROS.platform/Developer/SDKs/XROS1.1.sdk/usr/local/lib/swift/host/plugins\#/Applications/Xcode-15.3.0.app/Contents/Developer/Platforms/XROS.platform/Developer/SDKs/XROS1.1.sdk/usr/bin/swift-plugin-server -external-plugin-path /Applications/Xcode-15.3.0.app/Contents/Developer/Platforms/XROS.platform/Developer/usr/lib/swift/host/plugins\#/Applications/Xcode-15.3.0.app/Contents/Developer/Platforms/XROS.platform/Developer/usr/bin/swift-plugin-server -external-plugin-path /Applications/Xcode-15.3.0.app/Contents/Developer/Platforms/XROS.platform/Developer/usr/local/lib/swift/host/plugins\#/Applications/Xcode-15.3.0.app/Contents/Developer/Platforms/XROS.platform/Developer/usr/bin/swift-plugin-server -plugin-path /Library/Developer/Toolchains/swift-6.0-DEVELOPMENT-SNAPSHOT-2024-05-26-a.xctoolchain/usr/lib/swift/host/plugins -plugin-path /Library/Developer/Toolchains/swift-6.0-DEVELOPMENT-SNAPSHOT-2024-05-26-a.xctoolchain/usr/local/lib/swift/host/plugins -o /Users/admin/builder/spi-builder-workspace/.derivedData/Build/Intermediates.noindex/SwiftyGPIO.build/Debug-xros/SwiftyGPIO.build/Objects-normal/arm64/SwiftyGPIO.o -index-unit-output-path /SwiftyGPIO.build/Debug-xros/SwiftyGPIO.build/Objects-normal/arm64/SwiftyGPIO.o -index-store-path /Users/admin/builder/spi-builder-workspace/.derivedData/Index.noindex/DataStore -index-system-modules
SwiftCompile normal arm64 /Users/admin/builder/spi-builder-workspace/.dependencies/checkouts/SwiftyGPIO/Sources/SwiftyGPIO.swift (in target 'SwiftyGPIO' from project 'SwiftyGPIO')
    cd /Users/admin/builder/spi-builder-workspace/.dependencies/checkouts/SwiftyGPIO
    /Library/Developer/Toolchains/swift-6.0-DEVELOPMENT-SNAPSHOT-2024-05-26-a.xctoolchain/usr/bin/swift-frontend -c /Users/admin/builder/spi-builder-workspace/.dependencies/checkouts/SwiftyGPIO/Sources/1Wire.swift /Users/admin/builder/spi-builder-workspace/.dependencies/checkouts/SwiftyGPIO/Sources/ADC.swift /Users/admin/builder/spi-builder-workspace/.dependencies/checkouts/SwiftyGPIO/Sources/I2C.swift /Users/admin/builder/spi-builder-workspace/.dependencies/checkouts/SwiftyGPIO/Sources/Mailbox.swift /Users/admin/builder/spi-builder-workspace/.dependencies/checkouts/SwiftyGPIO/Sources/PWM.swift /Users/admin/builder/spi-builder-workspace/.dependencies/checkouts/SwiftyGPIO/Sources/Presets.swift /Users/admin/builder/spi-builder-workspace/.dependencies/checkouts/SwiftyGPIO/Sources/SPI.swift /Users/admin/builder/spi-builder-workspace/.dependencies/checkouts/SwiftyGPIO/Sources/SunXi.swift -primary-file /Users/admin/builder/spi-builder-workspace/.dependencies/checkouts/SwiftyGPIO/Sources/SwiftyGPIO.swift /Users/admin/builder/spi-builder-workspace/.dependencies/checkouts/SwiftyGPIO/Sources/UART.swift -emit-dependencies-path /Users/admin/builder/spi-builder-workspace/.derivedData/Build/Intermediates.noindex/SwiftyGPIO.build/Debug-xros/SwiftyGPIO.build/Objects-normal/arm64/SwiftyGPIO.d -emit-const-values-path /Users/admin/builder/spi-builder-workspace/.derivedData/Build/Intermediates.noindex/SwiftyGPIO.build/Debug-xros/SwiftyGPIO.build/Objects-normal/arm64/SwiftyGPIO.swiftconstvalues -emit-reference-dependencies-path /Users/admin/builder/spi-builder-workspace/.derivedData/Build/Intermediates.noindex/SwiftyGPIO.build/Debug-xros/SwiftyGPIO.build/Objects-normal/arm64/SwiftyGPIO.swiftdeps -serialize-diagnostics-path /Users/admin/builder/spi-builder-workspace/.derivedData/Build/Intermediates.noindex/SwiftyGPIO.build/Debug-xros/SwiftyGPIO.build/Objects-normal/arm64/SwiftyGPIO.dia -target arm64-apple-xros1.0 -Xllvm -aarch64-use-tbi -enable-objc-interop -sdk /Applications/Xcode-15.3.0.app/Contents/Developer/Platforms/XROS.platform/Developer/SDKs/XROS1.1.sdk -I /Users/admin/builder/spi-builder-workspace/.derivedData/Build/Products/Debug-xros -I /Applications/Xcode-15.3.0.app/Contents/Developer/Platforms/XROS.platform/Developer/usr/lib -F /Users/admin/builder/spi-builder-workspace/.derivedData/Build/Products/Debug-xros -F /Applications/Xcode-15.3.0.app/Contents/Developer/Platforms/XROS.platform/Developer/Library/Frameworks -F /Applications/Xcode-15.3.0.app/Contents/Developer/Platforms/XROS.platform/Developer/SDKs/XROS1.1.sdk/Developer/Library/Frameworks -no-color-diagnostics -enable-testing -g -module-cache-path /Users/admin/builder/spi-builder-workspace/.derivedData/ModuleCache.noindex -suppress-warnings -swift-version 5 -enforce-exclusivity\=checked -stats-output-dir /Users/admin/builder/spi-builder-workspace/.dependencies/checkouts/SwiftyGPIO/.stats -Onone -D SWIFT_PACKAGE -D DEBUG -serialize-debugging-options -const-gather-protocols-file /Users/admin/builder/spi-builder-workspace/.derivedData/Build/Intermediates.noindex/SwiftyGPIO.build/Debug-xros/SwiftyGPIO.build/Objects-normal/arm64/SwiftyGPIO_const_extract_protocols.json -strict-concurrency\=complete -empty-abi-descriptor -validate-clang-modules-once -clang-build-session-file /Users/admin/builder/spi-builder-workspace/.derivedData/ModuleCache.noindex/Session.modulevalidation -Xcc -working-directory -Xcc /Users/admin/builder/spi-builder-workspace/.dependencies/checkouts/SwiftyGPIO -resource-dir /Library/Developer/Toolchains/swift-6.0-DEVELOPMENT-SNAPSHOT-2024-05-26-a.xctoolchain/usr/lib/swift -enable-anonymous-context-mangled-names -Xcc -I/Users/admin/builder/spi-builder-workspace/.derivedData/Build/Intermediates.noindex/SwiftyGPIO.build/Debug-xros/SwiftyGPIO.build/swift-overrides.hmap -Xcc -I/Users/admin/builder/spi-builder-workspace/.derivedData/Build/Products/Debug-xros/include -Xcc -I/Users/admin/builder/spi-builder-workspace/.derivedData/Build/Intermediates.noindex/SwiftyGPIO.build/Debug-xros/SwiftyGPIO.build/DerivedSources-normal/arm64 -Xcc -I/Users/admin/builder/spi-builder-workspace/.derivedData/Build/Intermediates.noindex/SwiftyGPIO.build/Debug-xros/SwiftyGPIO.build/DerivedSources/arm64 -Xcc -I/Users/admin/builder/spi-builder-workspace/.derivedData/Build/Intermediates.noindex/SwiftyGPIO.build/Debug-xros/SwiftyGPIO.build/DerivedSources -Xcc -DSWIFT_PACKAGE -Xcc -DDEBUG\=1 -module-name SwiftyGPIO -frontend-parseable-output -disable-clang-spi -target-sdk-version 1.1 -target-sdk-name xros1.1 -external-plugin-path /Applications/Xcode-15.3.0.app/Contents/Developer/Platforms/XROS.platform/Developer/SDKs/XROS1.1.sdk/usr/lib/swift/host/plugins\#/Applications/Xcode-15.3.0.app/Contents/Developer/Platforms/XROS.platform/Developer/SDKs/XROS1.1.sdk/usr/bin/swift-plugin-server -external-plugin-path /Applications/Xcode-15.3.0.app/Contents/Developer/Platforms/XROS.platform/Developer/SDKs/XROS1.1.sdk/usr/local/lib/swift/host/plugins\#/Applications/Xcode-15.3.0.app/Contents/Developer/Platforms/XROS.platform/Developer/SDKs/XROS1.1.sdk/usr/bin/swift-plugin-server -external-plugin-path /Applications/Xcode-15.3.0.app/Contents/Developer/Platforms/XROS.platform/Developer/usr/lib/swift/host/plugins\#/Applications/Xcode-15.3.0.app/Contents/Developer/Platforms/XROS.platform/Developer/usr/bin/swift-plugin-server -external-plugin-path /Applications/Xcode-15.3.0.app/Contents/Developer/Platforms/XROS.platform/Developer/usr/local/lib/swift/host/plugins\#/Applications/Xcode-15.3.0.app/Contents/Developer/Platforms/XROS.platform/Developer/usr/bin/swift-plugin-server -plugin-path /Library/Developer/Toolchains/swift-6.0-DEVELOPMENT-SNAPSHOT-2024-05-26-a.xctoolchain/usr/lib/swift/host/plugins -plugin-path /Library/Developer/Toolchains/swift-6.0-DEVELOPMENT-SNAPSHOT-2024-05-26-a.xctoolchain/usr/local/lib/swift/host/plugins -o /Users/admin/builder/spi-builder-workspace/.derivedData/Build/Intermediates.noindex/SwiftyGPIO.build/Debug-xros/SwiftyGPIO.build/Objects-normal/arm64/SwiftyGPIO.o -index-unit-output-path /SwiftyGPIO.build/Debug-xros/SwiftyGPIO.build/Objects-normal/arm64/SwiftyGPIO.o -index-store-path /Users/admin/builder/spi-builder-workspace/.derivedData/Index.noindex/DataStore -index-system-modules
SwiftCompile normal arm64 Compiling\ ADC.swift /Users/admin/builder/spi-builder-workspace/.dependencies/checkouts/SwiftyGPIO/Sources/ADC.swift (in target 'SwiftyGPIO' from project 'SwiftyGPIO')
    cd /Users/admin/builder/spi-builder-workspace/.dependencies/checkouts/SwiftyGPIO
    builtin-swiftTaskExecution -- /Library/Developer/Toolchains/swift-6.0-DEVELOPMENT-SNAPSHOT-2024-05-26-a.xctoolchain/usr/bin/swift-frontend -frontend -c /Users/admin/builder/spi-builder-workspace/.dependencies/checkouts/SwiftyGPIO/Sources/1Wire.swift -primary-file /Users/admin/builder/spi-builder-workspace/.dependencies/checkouts/SwiftyGPIO/Sources/ADC.swift /Users/admin/builder/spi-builder-workspace/.dependencies/checkouts/SwiftyGPIO/Sources/I2C.swift /Users/admin/builder/spi-builder-workspace/.dependencies/checkouts/SwiftyGPIO/Sources/Mailbox.swift /Users/admin/builder/spi-builder-workspace/.dependencies/checkouts/SwiftyGPIO/Sources/PWM.swift /Users/admin/builder/spi-builder-workspace/.dependencies/checkouts/SwiftyGPIO/Sources/Presets.swift /Users/admin/builder/spi-builder-workspace/.dependencies/checkouts/SwiftyGPIO/Sources/SPI.swift /Users/admin/builder/spi-builder-workspace/.dependencies/checkouts/SwiftyGPIO/Sources/SunXi.swift /Users/admin/builder/spi-builder-workspace/.dependencies/checkouts/SwiftyGPIO/Sources/SwiftyGPIO.swift /Users/admin/builder/spi-builder-workspace/.dependencies/checkouts/SwiftyGPIO/Sources/UART.swift -emit-dependencies-path /Users/admin/builder/spi-builder-workspace/.derivedData/Build/Intermediates.noindex/SwiftyGPIO.build/Debug-xros/SwiftyGPIO.build/Objects-normal/arm64/ADC.d -emit-const-values-path /Users/admin/builder/spi-builder-workspace/.derivedData/Build/Intermediates.noindex/SwiftyGPIO.build/Debug-xros/SwiftyGPIO.build/Objects-normal/arm64/ADC.swiftconstvalues -emit-reference-dependencies-path /Users/admin/builder/spi-builder-workspace/.derivedData/Build/Intermediates.noindex/SwiftyGPIO.build/Debug-xros/SwiftyGPIO.build/Objects-normal/arm64/ADC.swiftdeps -serialize-diagnostics-path /Users/admin/builder/spi-builder-workspace/.derivedData/Build/Intermediates.noindex/SwiftyGPIO.build/Debug-xros/SwiftyGPIO.build/Objects-normal/arm64/ADC.dia -target arm64-apple-xros1.0 -Xllvm -aarch64-use-tbi -enable-objc-interop -sdk /Applications/Xcode-15.3.0.app/Contents/Developer/Platforms/XROS.platform/Developer/SDKs/XROS1.1.sdk -I /Users/admin/builder/spi-builder-workspace/.derivedData/Build/Products/Debug-xros -I /Applications/Xcode-15.3.0.app/Contents/Developer/Platforms/XROS.platform/Developer/usr/lib -F /Users/admin/builder/spi-builder-workspace/.derivedData/Build/Products/Debug-xros -F /Applications/Xcode-15.3.0.app/Contents/Developer/Platforms/XROS.platform/Developer/Library/Frameworks -F /Applications/Xcode-15.3.0.app/Contents/Developer/Platforms/XROS.platform/Developer/SDKs/XROS1.1.sdk/Developer/Library/Frameworks -no-color-diagnostics -enable-testing -g -module-cache-path /Users/admin/builder/spi-builder-workspace/.derivedData/ModuleCache.noindex -suppress-warnings -swift-version 5 -enforce-exclusivity\=checked -stats-output-dir /Users/admin/builder/spi-builder-workspace/.dependencies/checkouts/SwiftyGPIO/.stats -Onone -D SWIFT_PACKAGE -D DEBUG -serialize-debugging-options -const-gather-protocols-file /Users/admin/builder/spi-builder-workspace/.derivedData/Build/Intermediates.noindex/SwiftyGPIO.build/Debug-xros/SwiftyGPIO.build/Objects-normal/arm64/SwiftyGPIO_const_extract_protocols.json -strict-concurrency\=complete -empty-abi-descriptor -validate-clang-modules-once -clang-build-session-file /Users/admin/builder/spi-builder-workspace/.derivedData/ModuleCache.noindex/Session.modulevalidation -Xcc -working-directory -Xcc /Users/admin/builder/spi-builder-workspace/.dependencies/checkouts/SwiftyGPIO -resource-dir /Library/Developer/Toolchains/swift-6.0-DEVELOPMENT-SNAPSHOT-2024-05-26-a.xctoolchain/usr/lib/swift -enable-anonymous-context-mangled-names -Xcc -I/Users/admin/builder/spi-builder-workspace/.derivedData/Build/Intermediates.noindex/SwiftyGPIO.build/Debug-xros/SwiftyGPIO.build/swift-overrides.hmap -Xcc -I/Users/admin/builder/spi-builder-workspace/.derivedData/Build/Products/Debug-xros/include -Xcc -I/Users/admin/builder/spi-builder-workspace/.derivedData/Build/Intermediates.noindex/SwiftyGPIO.build/Debug-xros/SwiftyGPIO.build/DerivedSources-normal/arm64 -Xcc -I/Users/admin/builder/spi-builder-workspace/.derivedData/Build/Intermediates.noindex/SwiftyGPIO.build/Debug-xros/SwiftyGPIO.build/DerivedSources/arm64 -Xcc -I/Users/admin/builder/spi-builder-workspace/.derivedData/Build/Intermediates.noindex/SwiftyGPIO.build/Debug-xros/SwiftyGPIO.build/DerivedSources -Xcc -DSWIFT_PACKAGE -Xcc -DDEBUG\=1 -module-name SwiftyGPIO -frontend-parseable-output -disable-clang-spi -target-sdk-version 1.1 -target-sdk-name xros1.1 -external-plugin-path /Applications/Xcode-15.3.0.app/Contents/Developer/Platforms/XROS.platform/Developer/SDKs/XROS1.1.sdk/usr/lib/swift/host/plugins\#/Applications/Xcode-15.3.0.app/Contents/Developer/Platforms/XROS.platform/Developer/SDKs/XROS1.1.sdk/usr/bin/swift-plugin-server -external-plugin-path /Applications/Xcode-15.3.0.app/Contents/Developer/Platforms/XROS.platform/Developer/SDKs/XROS1.1.sdk/usr/local/lib/swift/host/plugins\#/Applications/Xcode-15.3.0.app/Contents/Developer/Platforms/XROS.platform/Developer/SDKs/XROS1.1.sdk/usr/bin/swift-plugin-server -external-plugin-path /Applications/Xcode-15.3.0.app/Contents/Developer/Platforms/XROS.platform/Developer/usr/lib/swift/host/plugins\#/Applications/Xcode-15.3.0.app/Contents/Developer/Platforms/XROS.platform/Developer/usr/bin/swift-plugin-server -external-plugin-path /Applications/Xcode-15.3.0.app/Contents/Developer/Platforms/XROS.platform/Developer/usr/local/lib/swift/host/plugins\#/Applications/Xcode-15.3.0.app/Contents/Developer/Platforms/XROS.platform/Developer/usr/bin/swift-plugin-server -plugin-path /Library/Developer/Toolchains/swift-6.0-DEVELOPMENT-SNAPSHOT-2024-05-26-a.xctoolchain/usr/lib/swift/host/plugins -plugin-path /Library/Developer/Toolchains/swift-6.0-DEVELOPMENT-SNAPSHOT-2024-05-26-a.xctoolchain/usr/local/lib/swift/host/plugins -o /Users/admin/builder/spi-builder-workspace/.derivedData/Build/Intermediates.noindex/SwiftyGPIO.build/Debug-xros/SwiftyGPIO.build/Objects-normal/arm64/ADC.o -index-unit-output-path /SwiftyGPIO.build/Debug-xros/SwiftyGPIO.build/Objects-normal/arm64/ADC.o -index-store-path /Users/admin/builder/spi-builder-workspace/.derivedData/Index.noindex/DataStore -index-system-modules
SwiftCompile normal arm64 /Users/admin/builder/spi-builder-workspace/.dependencies/checkouts/SwiftyGPIO/Sources/ADC.swift (in target 'SwiftyGPIO' from project 'SwiftyGPIO')
    cd /Users/admin/builder/spi-builder-workspace/.dependencies/checkouts/SwiftyGPIO
    /Library/Developer/Toolchains/swift-6.0-DEVELOPMENT-SNAPSHOT-2024-05-26-a.xctoolchain/usr/bin/swift-frontend -c /Users/admin/builder/spi-builder-workspace/.dependencies/checkouts/SwiftyGPIO/Sources/1Wire.swift -primary-file /Users/admin/builder/spi-builder-workspace/.dependencies/checkouts/SwiftyGPIO/Sources/ADC.swift /Users/admin/builder/spi-builder-workspace/.dependencies/checkouts/SwiftyGPIO/Sources/I2C.swift /Users/admin/builder/spi-builder-workspace/.dependencies/checkouts/SwiftyGPIO/Sources/Mailbox.swift /Users/admin/builder/spi-builder-workspace/.dependencies/checkouts/SwiftyGPIO/Sources/PWM.swift /Users/admin/builder/spi-builder-workspace/.dependencies/checkouts/SwiftyGPIO/Sources/Presets.swift /Users/admin/builder/spi-builder-workspace/.dependencies/checkouts/SwiftyGPIO/Sources/SPI.swift /Users/admin/builder/spi-builder-workspace/.dependencies/checkouts/SwiftyGPIO/Sources/SunXi.swift /Users/admin/builder/spi-builder-workspace/.dependencies/checkouts/SwiftyGPIO/Sources/SwiftyGPIO.swift /Users/admin/builder/spi-builder-workspace/.dependencies/checkouts/SwiftyGPIO/Sources/UART.swift -emit-dependencies-path /Users/admin/builder/spi-builder-workspace/.derivedData/Build/Intermediates.noindex/SwiftyGPIO.build/Debug-xros/SwiftyGPIO.build/Objects-normal/arm64/ADC.d -emit-const-values-path /Users/admin/builder/spi-builder-workspace/.derivedData/Build/Intermediates.noindex/SwiftyGPIO.build/Debug-xros/SwiftyGPIO.build/Objects-normal/arm64/ADC.swiftconstvalues -emit-reference-dependencies-path /Users/admin/builder/spi-builder-workspace/.derivedData/Build/Intermediates.noindex/SwiftyGPIO.build/Debug-xros/SwiftyGPIO.build/Objects-normal/arm64/ADC.swiftdeps -serialize-diagnostics-path /Users/admin/builder/spi-builder-workspace/.derivedData/Build/Intermediates.noindex/SwiftyGPIO.build/Debug-xros/SwiftyGPIO.build/Objects-normal/arm64/ADC.dia -target arm64-apple-xros1.0 -Xllvm -aarch64-use-tbi -enable-objc-interop -sdk /Applications/Xcode-15.3.0.app/Contents/Developer/Platforms/XROS.platform/Developer/SDKs/XROS1.1.sdk -I /Users/admin/builder/spi-builder-workspace/.derivedData/Build/Products/Debug-xros -I /Applications/Xcode-15.3.0.app/Contents/Developer/Platforms/XROS.platform/Developer/usr/lib -F /Users/admin/builder/spi-builder-workspace/.derivedData/Build/Products/Debug-xros -F /Applications/Xcode-15.3.0.app/Contents/Developer/Platforms/XROS.platform/Developer/Library/Frameworks -F /Applications/Xcode-15.3.0.app/Contents/Developer/Platforms/XROS.platform/Developer/SDKs/XROS1.1.sdk/Developer/Library/Frameworks -no-color-diagnostics -enable-testing -g -module-cache-path /Users/admin/builder/spi-builder-workspace/.derivedData/ModuleCache.noindex -suppress-warnings -swift-version 5 -enforce-exclusivity\=checked -stats-output-dir /Users/admin/builder/spi-builder-workspace/.dependencies/checkouts/SwiftyGPIO/.stats -Onone -D SWIFT_PACKAGE -D DEBUG -serialize-debugging-options -const-gather-protocols-file /Users/admin/builder/spi-builder-workspace/.derivedData/Build/Intermediates.noindex/SwiftyGPIO.build/Debug-xros/SwiftyGPIO.build/Objects-normal/arm64/SwiftyGPIO_const_extract_protocols.json -strict-concurrency\=complete -empty-abi-descriptor -validate-clang-modules-once -clang-build-session-file /Users/admin/builder/spi-builder-workspace/.derivedData/ModuleCache.noindex/Session.modulevalidation -Xcc -working-directory -Xcc /Users/admin/builder/spi-builder-workspace/.dependencies/checkouts/SwiftyGPIO -resource-dir /Library/Developer/Toolchains/swift-6.0-DEVELOPMENT-SNAPSHOT-2024-05-26-a.xctoolchain/usr/lib/swift -enable-anonymous-context-mangled-names -Xcc -I/Users/admin/builder/spi-builder-workspace/.derivedData/Build/Intermediates.noindex/SwiftyGPIO.build/Debug-xros/SwiftyGPIO.build/swift-overrides.hmap -Xcc -I/Users/admin/builder/spi-builder-workspace/.derivedData/Build/Products/Debug-xros/include -Xcc -I/Users/admin/builder/spi-builder-workspace/.derivedData/Build/Intermediates.noindex/SwiftyGPIO.build/Debug-xros/SwiftyGPIO.build/DerivedSources-normal/arm64 -Xcc -I/Users/admin/builder/spi-builder-workspace/.derivedData/Build/Intermediates.noindex/SwiftyGPIO.build/Debug-xros/SwiftyGPIO.build/DerivedSources/arm64 -Xcc -I/Users/admin/builder/spi-builder-workspace/.derivedData/Build/Intermediates.noindex/SwiftyGPIO.build/Debug-xros/SwiftyGPIO.build/DerivedSources -Xcc -DSWIFT_PACKAGE -Xcc -DDEBUG\=1 -module-name SwiftyGPIO -frontend-parseable-output -disable-clang-spi -target-sdk-version 1.1 -target-sdk-name xros1.1 -external-plugin-path /Applications/Xcode-15.3.0.app/Contents/Developer/Platforms/XROS.platform/Developer/SDKs/XROS1.1.sdk/usr/lib/swift/host/plugins\#/Applications/Xcode-15.3.0.app/Contents/Developer/Platforms/XROS.platform/Developer/SDKs/XROS1.1.sdk/usr/bin/swift-plugin-server -external-plugin-path /Applications/Xcode-15.3.0.app/Contents/Developer/Platforms/XROS.platform/Developer/SDKs/XROS1.1.sdk/usr/local/lib/swift/host/plugins\#/Applications/Xcode-15.3.0.app/Contents/Developer/Platforms/XROS.platform/Developer/SDKs/XROS1.1.sdk/usr/bin/swift-plugin-server -external-plugin-path /Applications/Xcode-15.3.0.app/Contents/Developer/Platforms/XROS.platform/Developer/usr/lib/swift/host/plugins\#/Applications/Xcode-15.3.0.app/Contents/Developer/Platforms/XROS.platform/Developer/usr/bin/swift-plugin-server -external-plugin-path /Applications/Xcode-15.3.0.app/Contents/Developer/Platforms/XROS.platform/Developer/usr/local/lib/swift/host/plugins\#/Applications/Xcode-15.3.0.app/Contents/Developer/Platforms/XROS.platform/Developer/usr/bin/swift-plugin-server -plugin-path /Library/Developer/Toolchains/swift-6.0-DEVELOPMENT-SNAPSHOT-2024-05-26-a.xctoolchain/usr/lib/swift/host/plugins -plugin-path /Library/Developer/Toolchains/swift-6.0-DEVELOPMENT-SNAPSHOT-2024-05-26-a.xctoolchain/usr/local/lib/swift/host/plugins -o /Users/admin/builder/spi-builder-workspace/.derivedData/Build/Intermediates.noindex/SwiftyGPIO.build/Debug-xros/SwiftyGPIO.build/Objects-normal/arm64/ADC.o -index-unit-output-path /SwiftyGPIO.build/Debug-xros/SwiftyGPIO.build/Objects-normal/arm64/ADC.o -index-store-path /Users/admin/builder/spi-builder-workspace/.derivedData/Index.noindex/DataStore -index-system-modules
SwiftCompile normal arm64 Compiling\ PWM.swift /Users/admin/builder/spi-builder-workspace/.dependencies/checkouts/SwiftyGPIO/Sources/PWM.swift (in target 'SwiftyGPIO' from project 'SwiftyGPIO')
    cd /Users/admin/builder/spi-builder-workspace/.dependencies/checkouts/SwiftyGPIO
    builtin-swiftTaskExecution -- /Library/Developer/Toolchains/swift-6.0-DEVELOPMENT-SNAPSHOT-2024-05-26-a.xctoolchain/usr/bin/swift-frontend -frontend -c /Users/admin/builder/spi-builder-workspace/.dependencies/checkouts/SwiftyGPIO/Sources/1Wire.swift /Users/admin/builder/spi-builder-workspace/.dependencies/checkouts/SwiftyGPIO/Sources/ADC.swift /Users/admin/builder/spi-builder-workspace/.dependencies/checkouts/SwiftyGPIO/Sources/I2C.swift /Users/admin/builder/spi-builder-workspace/.dependencies/checkouts/SwiftyGPIO/Sources/Mailbox.swift -primary-file /Users/admin/builder/spi-builder-workspace/.dependencies/checkouts/SwiftyGPIO/Sources/PWM.swift /Users/admin/builder/spi-builder-workspace/.dependencies/checkouts/SwiftyGPIO/Sources/Presets.swift /Users/admin/builder/spi-builder-workspace/.dependencies/checkouts/SwiftyGPIO/Sources/SPI.swift /Users/admin/builder/spi-builder-workspace/.dependencies/checkouts/SwiftyGPIO/Sources/SunXi.swift /Users/admin/builder/spi-builder-workspace/.dependencies/checkouts/SwiftyGPIO/Sources/SwiftyGPIO.swift /Users/admin/builder/spi-builder-workspace/.dependencies/checkouts/SwiftyGPIO/Sources/UART.swift -emit-dependencies-path /Users/admin/builder/spi-builder-workspace/.derivedData/Build/Intermediates.noindex/SwiftyGPIO.build/Debug-xros/SwiftyGPIO.build/Objects-normal/arm64/PWM.d -emit-const-values-path /Users/admin/builder/spi-builder-workspace/.derivedData/Build/Intermediates.noindex/SwiftyGPIO.build/Debug-xros/SwiftyGPIO.build/Objects-normal/arm64/PWM.swiftconstvalues -emit-reference-dependencies-path /Users/admin/builder/spi-builder-workspace/.derivedData/Build/Intermediates.noindex/SwiftyGPIO.build/Debug-xros/SwiftyGPIO.build/Objects-normal/arm64/PWM.swiftdeps -serialize-diagnostics-path /Users/admin/builder/spi-builder-workspace/.derivedData/Build/Intermediates.noindex/SwiftyGPIO.build/Debug-xros/SwiftyGPIO.build/Objects-normal/arm64/PWM.dia -target arm64-apple-xros1.0 -Xllvm -aarch64-use-tbi -enable-objc-interop -sdk /Applications/Xcode-15.3.0.app/Contents/Developer/Platforms/XROS.platform/Developer/SDKs/XROS1.1.sdk -I /Users/admin/builder/spi-builder-workspace/.derivedData/Build/Products/Debug-xros -I /Applications/Xcode-15.3.0.app/Contents/Developer/Platforms/XROS.platform/Developer/usr/lib -F /Users/admin/builder/spi-builder-workspace/.derivedData/Build/Products/Debug-xros -F /Applications/Xcode-15.3.0.app/Contents/Developer/Platforms/XROS.platform/Developer/Library/Frameworks -F /Applications/Xcode-15.3.0.app/Contents/Developer/Platforms/XROS.platform/Developer/SDKs/XROS1.1.sdk/Developer/Library/Frameworks -no-color-diagnostics -enable-testing -g -module-cache-path /Users/admin/builder/spi-builder-workspace/.derivedData/ModuleCache.noindex -suppress-warnings -swift-version 5 -enforce-exclusivity\=checked -stats-output-dir /Users/admin/builder/spi-builder-workspace/.dependencies/checkouts/SwiftyGPIO/.stats -Onone -D SWIFT_PACKAGE -D DEBUG -serialize-debugging-options -const-gather-protocols-file /Users/admin/builder/spi-builder-workspace/.derivedData/Build/Intermediates.noindex/SwiftyGPIO.build/Debug-xros/SwiftyGPIO.build/Objects-normal/arm64/SwiftyGPIO_const_extract_protocols.json -strict-concurrency\=complete -empty-abi-descriptor -validate-clang-modules-once -clang-build-session-file /Users/admin/builder/spi-builder-workspace/.derivedData/ModuleCache.noindex/Session.modulevalidation -Xcc -working-directory -Xcc /Users/admin/builder/spi-builder-workspace/.dependencies/checkouts/SwiftyGPIO -resource-dir /Library/Developer/Toolchains/swift-6.0-DEVELOPMENT-SNAPSHOT-2024-05-26-a.xctoolchain/usr/lib/swift -enable-anonymous-context-mangled-names -Xcc -I/Users/admin/builder/spi-builder-workspace/.derivedData/Build/Intermediates.noindex/SwiftyGPIO.build/Debug-xros/SwiftyGPIO.build/swift-overrides.hmap -Xcc -I/Users/admin/builder/spi-builder-workspace/.derivedData/Build/Products/Debug-xros/include -Xcc -I/Users/admin/builder/spi-builder-workspace/.derivedData/Build/Intermediates.noindex/SwiftyGPIO.build/Debug-xros/SwiftyGPIO.build/DerivedSources-normal/arm64 -Xcc -I/Users/admin/builder/spi-builder-workspace/.derivedData/Build/Intermediates.noindex/SwiftyGPIO.build/Debug-xros/SwiftyGPIO.build/DerivedSources/arm64 -Xcc -I/Users/admin/builder/spi-builder-workspace/.derivedData/Build/Intermediates.noindex/SwiftyGPIO.build/Debug-xros/SwiftyGPIO.build/DerivedSources -Xcc -DSWIFT_PACKAGE -Xcc -DDEBUG\=1 -module-name SwiftyGPIO -frontend-parseable-output -disable-clang-spi -target-sdk-version 1.1 -target-sdk-name xros1.1 -external-plugin-path /Applications/Xcode-15.3.0.app/Contents/Developer/Platforms/XROS.platform/Developer/SDKs/XROS1.1.sdk/usr/lib/swift/host/plugins\#/Applications/Xcode-15.3.0.app/Contents/Developer/Platforms/XROS.platform/Developer/SDKs/XROS1.1.sdk/usr/bin/swift-plugin-server -external-plugin-path /Applications/Xcode-15.3.0.app/Contents/Developer/Platforms/XROS.platform/Developer/SDKs/XROS1.1.sdk/usr/local/lib/swift/host/plugins\#/Applications/Xcode-15.3.0.app/Contents/Developer/Platforms/XROS.platform/Developer/SDKs/XROS1.1.sdk/usr/bin/swift-plugin-server -external-plugin-path /Applications/Xcode-15.3.0.app/Contents/Developer/Platforms/XROS.platform/Developer/usr/lib/swift/host/plugins\#/Applications/Xcode-15.3.0.app/Contents/Developer/Platforms/XROS.platform/Developer/usr/bin/swift-plugin-server -external-plugin-path /Applications/Xcode-15.3.0.app/Contents/Developer/Platforms/XROS.platform/Developer/usr/local/lib/swift/host/plugins\#/Applications/Xcode-15.3.0.app/Contents/Developer/Platforms/XROS.platform/Developer/usr/bin/swift-plugin-server -plugin-path /Library/Developer/Toolchains/swift-6.0-DEVELOPMENT-SNAPSHOT-2024-05-26-a.xctoolchain/usr/lib/swift/host/plugins -plugin-path /Library/Developer/Toolchains/swift-6.0-DEVELOPMENT-SNAPSHOT-2024-05-26-a.xctoolchain/usr/local/lib/swift/host/plugins -o /Users/admin/builder/spi-builder-workspace/.derivedData/Build/Intermediates.noindex/SwiftyGPIO.build/Debug-xros/SwiftyGPIO.build/Objects-normal/arm64/PWM.o -index-unit-output-path /SwiftyGPIO.build/Debug-xros/SwiftyGPIO.build/Objects-normal/arm64/PWM.o -index-store-path /Users/admin/builder/spi-builder-workspace/.derivedData/Index.noindex/DataStore -index-system-modules
SwiftCompile normal arm64 /Users/admin/builder/spi-builder-workspace/.dependencies/checkouts/SwiftyGPIO/Sources/PWM.swift (in target 'SwiftyGPIO' from project 'SwiftyGPIO')
    cd /Users/admin/builder/spi-builder-workspace/.dependencies/checkouts/SwiftyGPIO
    /Library/Developer/Toolchains/swift-6.0-DEVELOPMENT-SNAPSHOT-2024-05-26-a.xctoolchain/usr/bin/swift-frontend -c /Users/admin/builder/spi-builder-workspace/.dependencies/checkouts/SwiftyGPIO/Sources/1Wire.swift /Users/admin/builder/spi-builder-workspace/.dependencies/checkouts/SwiftyGPIO/Sources/ADC.swift /Users/admin/builder/spi-builder-workspace/.dependencies/checkouts/SwiftyGPIO/Sources/I2C.swift /Users/admin/builder/spi-builder-workspace/.dependencies/checkouts/SwiftyGPIO/Sources/Mailbox.swift -primary-file /Users/admin/builder/spi-builder-workspace/.dependencies/checkouts/SwiftyGPIO/Sources/PWM.swift /Users/admin/builder/spi-builder-workspace/.dependencies/checkouts/SwiftyGPIO/Sources/Presets.swift /Users/admin/builder/spi-builder-workspace/.dependencies/checkouts/SwiftyGPIO/Sources/SPI.swift /Users/admin/builder/spi-builder-workspace/.dependencies/checkouts/SwiftyGPIO/Sources/SunXi.swift /Users/admin/builder/spi-builder-workspace/.dependencies/checkouts/SwiftyGPIO/Sources/SwiftyGPIO.swift /Users/admin/builder/spi-builder-workspace/.dependencies/checkouts/SwiftyGPIO/Sources/UART.swift -emit-dependencies-path /Users/admin/builder/spi-builder-workspace/.derivedData/Build/Intermediates.noindex/SwiftyGPIO.build/Debug-xros/SwiftyGPIO.build/Objects-normal/arm64/PWM.d -emit-const-values-path /Users/admin/builder/spi-builder-workspace/.derivedData/Build/Intermediates.noindex/SwiftyGPIO.build/Debug-xros/SwiftyGPIO.build/Objects-normal/arm64/PWM.swiftconstvalues -emit-reference-dependencies-path /Users/admin/builder/spi-builder-workspace/.derivedData/Build/Intermediates.noindex/SwiftyGPIO.build/Debug-xros/SwiftyGPIO.build/Objects-normal/arm64/PWM.swiftdeps -serialize-diagnostics-path /Users/admin/builder/spi-builder-workspace/.derivedData/Build/Intermediates.noindex/SwiftyGPIO.build/Debug-xros/SwiftyGPIO.build/Objects-normal/arm64/PWM.dia -target arm64-apple-xros1.0 -Xllvm -aarch64-use-tbi -enable-objc-interop -sdk /Applications/Xcode-15.3.0.app/Contents/Developer/Platforms/XROS.platform/Developer/SDKs/XROS1.1.sdk -I /Users/admin/builder/spi-builder-workspace/.derivedData/Build/Products/Debug-xros -I /Applications/Xcode-15.3.0.app/Contents/Developer/Platforms/XROS.platform/Developer/usr/lib -F /Users/admin/builder/spi-builder-workspace/.derivedData/Build/Products/Debug-xros -F /Applications/Xcode-15.3.0.app/Contents/Developer/Platforms/XROS.platform/Developer/Library/Frameworks -F /Applications/Xcode-15.3.0.app/Contents/Developer/Platforms/XROS.platform/Developer/SDKs/XROS1.1.sdk/Developer/Library/Frameworks -no-color-diagnostics -enable-testing -g -module-cache-path /Users/admin/builder/spi-builder-workspace/.derivedData/ModuleCache.noindex -suppress-warnings -swift-version 5 -enforce-exclusivity\=checked -stats-output-dir /Users/admin/builder/spi-builder-workspace/.dependencies/checkouts/SwiftyGPIO/.stats -Onone -D SWIFT_PACKAGE -D DEBUG -serialize-debugging-options -const-gather-protocols-file /Users/admin/builder/spi-builder-workspace/.derivedData/Build/Intermediates.noindex/SwiftyGPIO.build/Debug-xros/SwiftyGPIO.build/Objects-normal/arm64/SwiftyGPIO_const_extract_protocols.json -strict-concurrency\=complete -empty-abi-descriptor -validate-clang-modules-once -clang-build-session-file /Users/admin/builder/spi-builder-workspace/.derivedData/ModuleCache.noindex/Session.modulevalidation -Xcc -working-directory -Xcc /Users/admin/builder/spi-builder-workspace/.dependencies/checkouts/SwiftyGPIO -resource-dir /Library/Developer/Toolchains/swift-6.0-DEVELOPMENT-SNAPSHOT-2024-05-26-a.xctoolchain/usr/lib/swift -enable-anonymous-context-mangled-names -Xcc -I/Users/admin/builder/spi-builder-workspace/.derivedData/Build/Intermediates.noindex/SwiftyGPIO.build/Debug-xros/SwiftyGPIO.build/swift-overrides.hmap -Xcc -I/Users/admin/builder/spi-builder-workspace/.derivedData/Build/Products/Debug-xros/include -Xcc -I/Users/admin/builder/spi-builder-workspace/.derivedData/Build/Intermediates.noindex/SwiftyGPIO.build/Debug-xros/SwiftyGPIO.build/DerivedSources-normal/arm64 -Xcc -I/Users/admin/builder/spi-builder-workspace/.derivedData/Build/Intermediates.noindex/SwiftyGPIO.build/Debug-xros/SwiftyGPIO.build/DerivedSources/arm64 -Xcc -I/Users/admin/builder/spi-builder-workspace/.derivedData/Build/Intermediates.noindex/SwiftyGPIO.build/Debug-xros/SwiftyGPIO.build/DerivedSources -Xcc -DSWIFT_PACKAGE -Xcc -DDEBUG\=1 -module-name SwiftyGPIO -frontend-parseable-output -disable-clang-spi -target-sdk-version 1.1 -target-sdk-name xros1.1 -external-plugin-path /Applications/Xcode-15.3.0.app/Contents/Developer/Platforms/XROS.platform/Developer/SDKs/XROS1.1.sdk/usr/lib/swift/host/plugins\#/Applications/Xcode-15.3.0.app/Contents/Developer/Platforms/XROS.platform/Developer/SDKs/XROS1.1.sdk/usr/bin/swift-plugin-server -external-plugin-path /Applications/Xcode-15.3.0.app/Contents/Developer/Platforms/XROS.platform/Developer/SDKs/XROS1.1.sdk/usr/local/lib/swift/host/plugins\#/Applications/Xcode-15.3.0.app/Contents/Developer/Platforms/XROS.platform/Developer/SDKs/XROS1.1.sdk/usr/bin/swift-plugin-server -external-plugin-path /Applications/Xcode-15.3.0.app/Contents/Developer/Platforms/XROS.platform/Developer/usr/lib/swift/host/plugins\#/Applications/Xcode-15.3.0.app/Contents/Developer/Platforms/XROS.platform/Developer/usr/bin/swift-plugin-server -external-plugin-path /Applications/Xcode-15.3.0.app/Contents/Developer/Platforms/XROS.platform/Developer/usr/local/lib/swift/host/plugins\#/Applications/Xcode-15.3.0.app/Contents/Developer/Platforms/XROS.platform/Developer/usr/bin/swift-plugin-server -plugin-path /Library/Developer/Toolchains/swift-6.0-DEVELOPMENT-SNAPSHOT-2024-05-26-a.xctoolchain/usr/lib/swift/host/plugins -plugin-path /Library/Developer/Toolchains/swift-6.0-DEVELOPMENT-SNAPSHOT-2024-05-26-a.xctoolchain/usr/local/lib/swift/host/plugins -o /Users/admin/builder/spi-builder-workspace/.derivedData/Build/Intermediates.noindex/SwiftyGPIO.build/Debug-xros/SwiftyGPIO.build/Objects-normal/arm64/PWM.o -index-unit-output-path /SwiftyGPIO.build/Debug-xros/SwiftyGPIO.build/Objects-normal/arm64/PWM.o -index-store-path /Users/admin/builder/spi-builder-workspace/.derivedData/Index.noindex/DataStore -index-system-modules
SwiftCompile normal arm64 Compiling\ I2C.swift /Users/admin/builder/spi-builder-workspace/.dependencies/checkouts/SwiftyGPIO/Sources/I2C.swift (in target 'SwiftyGPIO' from project 'SwiftyGPIO')
    cd /Users/admin/builder/spi-builder-workspace/.dependencies/checkouts/SwiftyGPIO
    builtin-swiftTaskExecution -- /Library/Developer/Toolchains/swift-6.0-DEVELOPMENT-SNAPSHOT-2024-05-26-a.xctoolchain/usr/bin/swift-frontend -frontend -c /Users/admin/builder/spi-builder-workspace/.dependencies/checkouts/SwiftyGPIO/Sources/1Wire.swift /Users/admin/builder/spi-builder-workspace/.dependencies/checkouts/SwiftyGPIO/Sources/ADC.swift -primary-file /Users/admin/builder/spi-builder-workspace/.dependencies/checkouts/SwiftyGPIO/Sources/I2C.swift /Users/admin/builder/spi-builder-workspace/.dependencies/checkouts/SwiftyGPIO/Sources/Mailbox.swift /Users/admin/builder/spi-builder-workspace/.dependencies/checkouts/SwiftyGPIO/Sources/PWM.swift /Users/admin/builder/spi-builder-workspace/.dependencies/checkouts/SwiftyGPIO/Sources/Presets.swift /Users/admin/builder/spi-builder-workspace/.dependencies/checkouts/SwiftyGPIO/Sources/SPI.swift /Users/admin/builder/spi-builder-workspace/.dependencies/checkouts/SwiftyGPIO/Sources/SunXi.swift /Users/admin/builder/spi-builder-workspace/.dependencies/checkouts/SwiftyGPIO/Sources/SwiftyGPIO.swift /Users/admin/builder/spi-builder-workspace/.dependencies/checkouts/SwiftyGPIO/Sources/UART.swift -emit-dependencies-path /Users/admin/builder/spi-builder-workspace/.derivedData/Build/Intermediates.noindex/SwiftyGPIO.build/Debug-xros/SwiftyGPIO.build/Objects-normal/arm64/I2C.d -emit-const-values-path /Users/admin/builder/spi-builder-workspace/.derivedData/Build/Intermediates.noindex/SwiftyGPIO.build/Debug-xros/SwiftyGPIO.build/Objects-normal/arm64/I2C.swiftconstvalues -emit-reference-dependencies-path /Users/admin/builder/spi-builder-workspace/.derivedData/Build/Intermediates.noindex/SwiftyGPIO.build/Debug-xros/SwiftyGPIO.build/Objects-normal/arm64/I2C.swiftdeps -serialize-diagnostics-path /Users/admin/builder/spi-builder-workspace/.derivedData/Build/Intermediates.noindex/SwiftyGPIO.build/Debug-xros/SwiftyGPIO.build/Objects-normal/arm64/I2C.dia -target arm64-apple-xros1.0 -Xllvm -aarch64-use-tbi -enable-objc-interop -sdk /Applications/Xcode-15.3.0.app/Contents/Developer/Platforms/XROS.platform/Developer/SDKs/XROS1.1.sdk -I /Users/admin/builder/spi-builder-workspace/.derivedData/Build/Products/Debug-xros -I /Applications/Xcode-15.3.0.app/Contents/Developer/Platforms/XROS.platform/Developer/usr/lib -F /Users/admin/builder/spi-builder-workspace/.derivedData/Build/Products/Debug-xros -F /Applications/Xcode-15.3.0.app/Contents/Developer/Platforms/XROS.platform/Developer/Library/Frameworks -F /Applications/Xcode-15.3.0.app/Contents/Developer/Platforms/XROS.platform/Developer/SDKs/XROS1.1.sdk/Developer/Library/Frameworks -no-color-diagnostics -enable-testing -g -module-cache-path /Users/admin/builder/spi-builder-workspace/.derivedData/ModuleCache.noindex -suppress-warnings -swift-version 5 -enforce-exclusivity\=checked -stats-output-dir /Users/admin/builder/spi-builder-workspace/.dependencies/checkouts/SwiftyGPIO/.stats -Onone -D SWIFT_PACKAGE -D DEBUG -serialize-debugging-options -const-gather-protocols-file /Users/admin/builder/spi-builder-workspace/.derivedData/Build/Intermediates.noindex/SwiftyGPIO.build/Debug-xros/SwiftyGPIO.build/Objects-normal/arm64/SwiftyGPIO_const_extract_protocols.json -strict-concurrency\=complete -empty-abi-descriptor -validate-clang-modules-once -clang-build-session-file /Users/admin/builder/spi-builder-workspace/.derivedData/ModuleCache.noindex/Session.modulevalidation -Xcc -working-directory -Xcc /Users/admin/builder/spi-builder-workspace/.dependencies/checkouts/SwiftyGPIO -resource-dir /Library/Developer/Toolchains/swift-6.0-DEVELOPMENT-SNAPSHOT-2024-05-26-a.xctoolchain/usr/lib/swift -enable-anonymous-context-mangled-names -Xcc -I/Users/admin/builder/spi-builder-workspace/.derivedData/Build/Intermediates.noindex/SwiftyGPIO.build/Debug-xros/SwiftyGPIO.build/swift-overrides.hmap -Xcc -I/Users/admin/builder/spi-builder-workspace/.derivedData/Build/Products/Debug-xros/include -Xcc -I/Users/admin/builder/spi-builder-workspace/.derivedData/Build/Intermediates.noindex/SwiftyGPIO.build/Debug-xros/SwiftyGPIO.build/DerivedSources-normal/arm64 -Xcc -I/Users/admin/builder/spi-builder-workspace/.derivedData/Build/Intermediates.noindex/SwiftyGPIO.build/Debug-xros/SwiftyGPIO.build/DerivedSources/arm64 -Xcc -I/Users/admin/builder/spi-builder-workspace/.derivedData/Build/Intermediates.noindex/SwiftyGPIO.build/Debug-xros/SwiftyGPIO.build/DerivedSources -Xcc -DSWIFT_PACKAGE -Xcc -DDEBUG\=1 -module-name SwiftyGPIO -frontend-parseable-output -disable-clang-spi -target-sdk-version 1.1 -target-sdk-name xros1.1 -external-plugin-path /Applications/Xcode-15.3.0.app/Contents/Developer/Platforms/XROS.platform/Developer/SDKs/XROS1.1.sdk/usr/lib/swift/host/plugins\#/Applications/Xcode-15.3.0.app/Contents/Developer/Platforms/XROS.platform/Developer/SDKs/XROS1.1.sdk/usr/bin/swift-plugin-server -external-plugin-path /Applications/Xcode-15.3.0.app/Contents/Developer/Platforms/XROS.platform/Developer/SDKs/XROS1.1.sdk/usr/local/lib/swift/host/plugins\#/Applications/Xcode-15.3.0.app/Contents/Developer/Platforms/XROS.platform/Developer/SDKs/XROS1.1.sdk/usr/bin/swift-plugin-server -external-plugin-path /Applications/Xcode-15.3.0.app/Contents/Developer/Platforms/XROS.platform/Developer/usr/lib/swift/host/plugins\#/Applications/Xcode-15.3.0.app/Contents/Developer/Platforms/XROS.platform/Developer/usr/bin/swift-plugin-server -external-plugin-path /Applications/Xcode-15.3.0.app/Contents/Developer/Platforms/XROS.platform/Developer/usr/local/lib/swift/host/plugins\#/Applications/Xcode-15.3.0.app/Contents/Developer/Platforms/XROS.platform/Developer/usr/bin/swift-plugin-server -plugin-path /Library/Developer/Toolchains/swift-6.0-DEVELOPMENT-SNAPSHOT-2024-05-26-a.xctoolchain/usr/lib/swift/host/plugins -plugin-path /Library/Developer/Toolchains/swift-6.0-DEVELOPMENT-SNAPSHOT-2024-05-26-a.xctoolchain/usr/local/lib/swift/host/plugins -o /Users/admin/builder/spi-builder-workspace/.derivedData/Build/Intermediates.noindex/SwiftyGPIO.build/Debug-xros/SwiftyGPIO.build/Objects-normal/arm64/I2C.o -index-unit-output-path /SwiftyGPIO.build/Debug-xros/SwiftyGPIO.build/Objects-normal/arm64/I2C.o -index-store-path /Users/admin/builder/spi-builder-workspace/.derivedData/Index.noindex/DataStore -index-system-modules
SwiftCompile normal arm64 /Users/admin/builder/spi-builder-workspace/.dependencies/checkouts/SwiftyGPIO/Sources/I2C.swift (in target 'SwiftyGPIO' from project 'SwiftyGPIO')
    cd /Users/admin/builder/spi-builder-workspace/.dependencies/checkouts/SwiftyGPIO
    /Library/Developer/Toolchains/swift-6.0-DEVELOPMENT-SNAPSHOT-2024-05-26-a.xctoolchain/usr/bin/swift-frontend -c /Users/admin/builder/spi-builder-workspace/.dependencies/checkouts/SwiftyGPIO/Sources/1Wire.swift /Users/admin/builder/spi-builder-workspace/.dependencies/checkouts/SwiftyGPIO/Sources/ADC.swift -primary-file /Users/admin/builder/spi-builder-workspace/.dependencies/checkouts/SwiftyGPIO/Sources/I2C.swift /Users/admin/builder/spi-builder-workspace/.dependencies/checkouts/SwiftyGPIO/Sources/Mailbox.swift /Users/admin/builder/spi-builder-workspace/.dependencies/checkouts/SwiftyGPIO/Sources/PWM.swift /Users/admin/builder/spi-builder-workspace/.dependencies/checkouts/SwiftyGPIO/Sources/Presets.swift /Users/admin/builder/spi-builder-workspace/.dependencies/checkouts/SwiftyGPIO/Sources/SPI.swift /Users/admin/builder/spi-builder-workspace/.dependencies/checkouts/SwiftyGPIO/Sources/SunXi.swift /Users/admin/builder/spi-builder-workspace/.dependencies/checkouts/SwiftyGPIO/Sources/SwiftyGPIO.swift /Users/admin/builder/spi-builder-workspace/.dependencies/checkouts/SwiftyGPIO/Sources/UART.swift -emit-dependencies-path /Users/admin/builder/spi-builder-workspace/.derivedData/Build/Intermediates.noindex/SwiftyGPIO.build/Debug-xros/SwiftyGPIO.build/Objects-normal/arm64/I2C.d -emit-const-values-path /Users/admin/builder/spi-builder-workspace/.derivedData/Build/Intermediates.noindex/SwiftyGPIO.build/Debug-xros/SwiftyGPIO.build/Objects-normal/arm64/I2C.swiftconstvalues -emit-reference-dependencies-path /Users/admin/builder/spi-builder-workspace/.derivedData/Build/Intermediates.noindex/SwiftyGPIO.build/Debug-xros/SwiftyGPIO.build/Objects-normal/arm64/I2C.swiftdeps -serialize-diagnostics-path /Users/admin/builder/spi-builder-workspace/.derivedData/Build/Intermediates.noindex/SwiftyGPIO.build/Debug-xros/SwiftyGPIO.build/Objects-normal/arm64/I2C.dia -target arm64-apple-xros1.0 -Xllvm -aarch64-use-tbi -enable-objc-interop -sdk /Applications/Xcode-15.3.0.app/Contents/Developer/Platforms/XROS.platform/Developer/SDKs/XROS1.1.sdk -I /Users/admin/builder/spi-builder-workspace/.derivedData/Build/Products/Debug-xros -I /Applications/Xcode-15.3.0.app/Contents/Developer/Platforms/XROS.platform/Developer/usr/lib -F /Users/admin/builder/spi-builder-workspace/.derivedData/Build/Products/Debug-xros -F /Applications/Xcode-15.3.0.app/Contents/Developer/Platforms/XROS.platform/Developer/Library/Frameworks -F /Applications/Xcode-15.3.0.app/Contents/Developer/Platforms/XROS.platform/Developer/SDKs/XROS1.1.sdk/Developer/Library/Frameworks -no-color-diagnostics -enable-testing -g -module-cache-path /Users/admin/builder/spi-builder-workspace/.derivedData/ModuleCache.noindex -suppress-warnings -swift-version 5 -enforce-exclusivity\=checked -stats-output-dir /Users/admin/builder/spi-builder-workspace/.dependencies/checkouts/SwiftyGPIO/.stats -Onone -D SWIFT_PACKAGE -D DEBUG -serialize-debugging-options -const-gather-protocols-file /Users/admin/builder/spi-builder-workspace/.derivedData/Build/Intermediates.noindex/SwiftyGPIO.build/Debug-xros/SwiftyGPIO.build/Objects-normal/arm64/SwiftyGPIO_const_extract_protocols.json -strict-concurrency\=complete -empty-abi-descriptor -validate-clang-modules-once -clang-build-session-file /Users/admin/builder/spi-builder-workspace/.derivedData/ModuleCache.noindex/Session.modulevalidation -Xcc -working-directory -Xcc /Users/admin/builder/spi-builder-workspace/.dependencies/checkouts/SwiftyGPIO -resource-dir /Library/Developer/Toolchains/swift-6.0-DEVELOPMENT-SNAPSHOT-2024-05-26-a.xctoolchain/usr/lib/swift -enable-anonymous-context-mangled-names -Xcc -I/Users/admin/builder/spi-builder-workspace/.derivedData/Build/Intermediates.noindex/SwiftyGPIO.build/Debug-xros/SwiftyGPIO.build/swift-overrides.hmap -Xcc -I/Users/admin/builder/spi-builder-workspace/.derivedData/Build/Products/Debug-xros/include -Xcc -I/Users/admin/builder/spi-builder-workspace/.derivedData/Build/Intermediates.noindex/SwiftyGPIO.build/Debug-xros/SwiftyGPIO.build/DerivedSources-normal/arm64 -Xcc -I/Users/admin/builder/spi-builder-workspace/.derivedData/Build/Intermediates.noindex/SwiftyGPIO.build/Debug-xros/SwiftyGPIO.build/DerivedSources/arm64 -Xcc -I/Users/admin/builder/spi-builder-workspace/.derivedData/Build/Intermediates.noindex/SwiftyGPIO.build/Debug-xros/SwiftyGPIO.build/DerivedSources -Xcc -DSWIFT_PACKAGE -Xcc -DDEBUG\=1 -module-name SwiftyGPIO -frontend-parseable-output -disable-clang-spi -target-sdk-version 1.1 -target-sdk-name xros1.1 -external-plugin-path /Applications/Xcode-15.3.0.app/Contents/Developer/Platforms/XROS.platform/Developer/SDKs/XROS1.1.sdk/usr/lib/swift/host/plugins\#/Applications/Xcode-15.3.0.app/Contents/Developer/Platforms/XROS.platform/Developer/SDKs/XROS1.1.sdk/usr/bin/swift-plugin-server -external-plugin-path /Applications/Xcode-15.3.0.app/Contents/Developer/Platforms/XROS.platform/Developer/SDKs/XROS1.1.sdk/usr/local/lib/swift/host/plugins\#/Applications/Xcode-15.3.0.app/Contents/Developer/Platforms/XROS.platform/Developer/SDKs/XROS1.1.sdk/usr/bin/swift-plugin-server -external-plugin-path /Applications/Xcode-15.3.0.app/Contents/Developer/Platforms/XROS.platform/Developer/usr/lib/swift/host/plugins\#/Applications/Xcode-15.3.0.app/Contents/Developer/Platforms/XROS.platform/Developer/usr/bin/swift-plugin-server -external-plugin-path /Applications/Xcode-15.3.0.app/Contents/Developer/Platforms/XROS.platform/Developer/usr/local/lib/swift/host/plugins\#/Applications/Xcode-15.3.0.app/Contents/Developer/Platforms/XROS.platform/Developer/usr/bin/swift-plugin-server -plugin-path /Library/Developer/Toolchains/swift-6.0-DEVELOPMENT-SNAPSHOT-2024-05-26-a.xctoolchain/usr/lib/swift/host/plugins -plugin-path /Library/Developer/Toolchains/swift-6.0-DEVELOPMENT-SNAPSHOT-2024-05-26-a.xctoolchain/usr/local/lib/swift/host/plugins -o /Users/admin/builder/spi-builder-workspace/.derivedData/Build/Intermediates.noindex/SwiftyGPIO.build/Debug-xros/SwiftyGPIO.build/Objects-normal/arm64/I2C.o -index-unit-output-path /SwiftyGPIO.build/Debug-xros/SwiftyGPIO.build/Objects-normal/arm64/I2C.o -index-store-path /Users/admin/builder/spi-builder-workspace/.derivedData/Index.noindex/DataStore -index-system-modules
SwiftCompile normal arm64 Compiling\ 1Wire.swift /Users/admin/builder/spi-builder-workspace/.dependencies/checkouts/SwiftyGPIO/Sources/1Wire.swift (in target 'SwiftyGPIO' from project 'SwiftyGPIO')
    cd /Users/admin/builder/spi-builder-workspace/.dependencies/checkouts/SwiftyGPIO
    builtin-swiftTaskExecution -- /Library/Developer/Toolchains/swift-6.0-DEVELOPMENT-SNAPSHOT-2024-05-26-a.xctoolchain/usr/bin/swift-frontend -frontend -c -primary-file /Users/admin/builder/spi-builder-workspace/.dependencies/checkouts/SwiftyGPIO/Sources/1Wire.swift /Users/admin/builder/spi-builder-workspace/.dependencies/checkouts/SwiftyGPIO/Sources/ADC.swift /Users/admin/builder/spi-builder-workspace/.dependencies/checkouts/SwiftyGPIO/Sources/I2C.swift /Users/admin/builder/spi-builder-workspace/.dependencies/checkouts/SwiftyGPIO/Sources/Mailbox.swift /Users/admin/builder/spi-builder-workspace/.dependencies/checkouts/SwiftyGPIO/Sources/PWM.swift /Users/admin/builder/spi-builder-workspace/.dependencies/checkouts/SwiftyGPIO/Sources/Presets.swift /Users/admin/builder/spi-builder-workspace/.dependencies/checkouts/SwiftyGPIO/Sources/SPI.swift /Users/admin/builder/spi-builder-workspace/.dependencies/checkouts/SwiftyGPIO/Sources/SunXi.swift /Users/admin/builder/spi-builder-workspace/.dependencies/checkouts/SwiftyGPIO/Sources/SwiftyGPIO.swift /Users/admin/builder/spi-builder-workspace/.dependencies/checkouts/SwiftyGPIO/Sources/UART.swift -emit-dependencies-path /Users/admin/builder/spi-builder-workspace/.derivedData/Build/Intermediates.noindex/SwiftyGPIO.build/Debug-xros/SwiftyGPIO.build/Objects-normal/arm64/1Wire.d -emit-const-values-path /Users/admin/builder/spi-builder-workspace/.derivedData/Build/Intermediates.noindex/SwiftyGPIO.build/Debug-xros/SwiftyGPIO.build/Objects-normal/arm64/1Wire.swiftconstvalues -emit-reference-dependencies-path /Users/admin/builder/spi-builder-workspace/.derivedData/Build/Intermediates.noindex/SwiftyGPIO.build/Debug-xros/SwiftyGPIO.build/Objects-normal/arm64/1Wire.swiftdeps -serialize-diagnostics-path /Users/admin/builder/spi-builder-workspace/.derivedData/Build/Intermediates.noindex/SwiftyGPIO.build/Debug-xros/SwiftyGPIO.build/Objects-normal/arm64/1Wire.dia -target arm64-apple-xros1.0 -Xllvm -aarch64-use-tbi -enable-objc-interop -sdk /Applications/Xcode-15.3.0.app/Contents/Developer/Platforms/XROS.platform/Developer/SDKs/XROS1.1.sdk -I /Users/admin/builder/spi-builder-workspace/.derivedData/Build/Products/Debug-xros -I /Applications/Xcode-15.3.0.app/Contents/Developer/Platforms/XROS.platform/Developer/usr/lib -F /Users/admin/builder/spi-builder-workspace/.derivedData/Build/Products/Debug-xros -F /Applications/Xcode-15.3.0.app/Contents/Developer/Platforms/XROS.platform/Developer/Library/Frameworks -F /Applications/Xcode-15.3.0.app/Contents/Developer/Platforms/XROS.platform/Developer/SDKs/XROS1.1.sdk/Developer/Library/Frameworks -no-color-diagnostics -enable-testing -g -module-cache-path /Users/admin/builder/spi-builder-workspace/.derivedData/ModuleCache.noindex -suppress-warnings -swift-version 5 -enforce-exclusivity\=checked -stats-output-dir /Users/admin/builder/spi-builder-workspace/.dependencies/checkouts/SwiftyGPIO/.stats -Onone -D SWIFT_PACKAGE -D DEBUG -serialize-debugging-options -const-gather-protocols-file /Users/admin/builder/spi-builder-workspace/.derivedData/Build/Intermediates.noindex/SwiftyGPIO.build/Debug-xros/SwiftyGPIO.build/Objects-normal/arm64/SwiftyGPIO_const_extract_protocols.json -strict-concurrency\=complete -empty-abi-descriptor -validate-clang-modules-once -clang-build-session-file /Users/admin/builder/spi-builder-workspace/.derivedData/ModuleCache.noindex/Session.modulevalidation -Xcc -working-directory -Xcc /Users/admin/builder/spi-builder-workspace/.dependencies/checkouts/SwiftyGPIO -resource-dir /Library/Developer/Toolchains/swift-6.0-DEVELOPMENT-SNAPSHOT-2024-05-26-a.xctoolchain/usr/lib/swift -enable-anonymous-context-mangled-names -Xcc -I/Users/admin/builder/spi-builder-workspace/.derivedData/Build/Intermediates.noindex/SwiftyGPIO.build/Debug-xros/SwiftyGPIO.build/swift-overrides.hmap -Xcc -I/Users/admin/builder/spi-builder-workspace/.derivedData/Build/Products/Debug-xros/include -Xcc -I/Users/admin/builder/spi-builder-workspace/.derivedData/Build/Intermediates.noindex/SwiftyGPIO.build/Debug-xros/SwiftyGPIO.build/DerivedSources-normal/arm64 -Xcc -I/Users/admin/builder/spi-builder-workspace/.derivedData/Build/Intermediates.noindex/SwiftyGPIO.build/Debug-xros/SwiftyGPIO.build/DerivedSources/arm64 -Xcc -I/Users/admin/builder/spi-builder-workspace/.derivedData/Build/Intermediates.noindex/SwiftyGPIO.build/Debug-xros/SwiftyGPIO.build/DerivedSources -Xcc -DSWIFT_PACKAGE -Xcc -DDEBUG\=1 -module-name SwiftyGPIO -frontend-parseable-output -disable-clang-spi -target-sdk-version 1.1 -target-sdk-name xros1.1 -external-plugin-path /Applications/Xcode-15.3.0.app/Contents/Developer/Platforms/XROS.platform/Developer/SDKs/XROS1.1.sdk/usr/lib/swift/host/plugins\#/Applications/Xcode-15.3.0.app/Contents/Developer/Platforms/XROS.platform/Developer/SDKs/XROS1.1.sdk/usr/bin/swift-plugin-server -external-plugin-path /Applications/Xcode-15.3.0.app/Contents/Developer/Platforms/XROS.platform/Developer/SDKs/XROS1.1.sdk/usr/local/lib/swift/host/plugins\#/Applications/Xcode-15.3.0.app/Contents/Developer/Platforms/XROS.platform/Developer/SDKs/XROS1.1.sdk/usr/bin/swift-plugin-server -external-plugin-path /Applications/Xcode-15.3.0.app/Contents/Developer/Platforms/XROS.platform/Developer/usr/lib/swift/host/plugins\#/Applications/Xcode-15.3.0.app/Contents/Developer/Platforms/XROS.platform/Developer/usr/bin/swift-plugin-server -external-plugin-path /Applications/Xcode-15.3.0.app/Contents/Developer/Platforms/XROS.platform/Developer/usr/local/lib/swift/host/plugins\#/Applications/Xcode-15.3.0.app/Contents/Developer/Platforms/XROS.platform/Developer/usr/bin/swift-plugin-server -plugin-path /Library/Developer/Toolchains/swift-6.0-DEVELOPMENT-SNAPSHOT-2024-05-26-a.xctoolchain/usr/lib/swift/host/plugins -plugin-path /Library/Developer/Toolchains/swift-6.0-DEVELOPMENT-SNAPSHOT-2024-05-26-a.xctoolchain/usr/local/lib/swift/host/plugins -o /Users/admin/builder/spi-builder-workspace/.derivedData/Build/Intermediates.noindex/SwiftyGPIO.build/Debug-xros/SwiftyGPIO.build/Objects-normal/arm64/1Wire.o -index-unit-output-path /SwiftyGPIO.build/Debug-xros/SwiftyGPIO.build/Objects-normal/arm64/1Wire.o -index-store-path /Users/admin/builder/spi-builder-workspace/.derivedData/Index.noindex/DataStore -index-system-modules
SwiftCompile normal arm64 /Users/admin/builder/spi-builder-workspace/.dependencies/checkouts/SwiftyGPIO/Sources/1Wire.swift (in target 'SwiftyGPIO' from project 'SwiftyGPIO')
    cd /Users/admin/builder/spi-builder-workspace/.dependencies/checkouts/SwiftyGPIO
    /Library/Developer/Toolchains/swift-6.0-DEVELOPMENT-SNAPSHOT-2024-05-26-a.xctoolchain/usr/bin/swift-frontend -c -primary-file /Users/admin/builder/spi-builder-workspace/.dependencies/checkouts/SwiftyGPIO/Sources/1Wire.swift /Users/admin/builder/spi-builder-workspace/.dependencies/checkouts/SwiftyGPIO/Sources/ADC.swift /Users/admin/builder/spi-builder-workspace/.dependencies/checkouts/SwiftyGPIO/Sources/I2C.swift /Users/admin/builder/spi-builder-workspace/.dependencies/checkouts/SwiftyGPIO/Sources/Mailbox.swift /Users/admin/builder/spi-builder-workspace/.dependencies/checkouts/SwiftyGPIO/Sources/PWM.swift /Users/admin/builder/spi-builder-workspace/.dependencies/checkouts/SwiftyGPIO/Sources/Presets.swift /Users/admin/builder/spi-builder-workspace/.dependencies/checkouts/SwiftyGPIO/Sources/SPI.swift /Users/admin/builder/spi-builder-workspace/.dependencies/checkouts/SwiftyGPIO/Sources/SunXi.swift /Users/admin/builder/spi-builder-workspace/.dependencies/checkouts/SwiftyGPIO/Sources/SwiftyGPIO.swift /Users/admin/builder/spi-builder-workspace/.dependencies/checkouts/SwiftyGPIO/Sources/UART.swift -emit-dependencies-path /Users/admin/builder/spi-builder-workspace/.derivedData/Build/Intermediates.noindex/SwiftyGPIO.build/Debug-xros/SwiftyGPIO.build/Objects-normal/arm64/1Wire.d -emit-const-values-path /Users/admin/builder/spi-builder-workspace/.derivedData/Build/Intermediates.noindex/SwiftyGPIO.build/Debug-xros/SwiftyGPIO.build/Objects-normal/arm64/1Wire.swiftconstvalues -emit-reference-dependencies-path /Users/admin/builder/spi-builder-workspace/.derivedData/Build/Intermediates.noindex/SwiftyGPIO.build/Debug-xros/SwiftyGPIO.build/Objects-normal/arm64/1Wire.swiftdeps -serialize-diagnostics-path /Users/admin/builder/spi-builder-workspace/.derivedData/Build/Intermediates.noindex/SwiftyGPIO.build/Debug-xros/SwiftyGPIO.build/Objects-normal/arm64/1Wire.dia -target arm64-apple-xros1.0 -Xllvm -aarch64-use-tbi -enable-objc-interop -sdk /Applications/Xcode-15.3.0.app/Contents/Developer/Platforms/XROS.platform/Developer/SDKs/XROS1.1.sdk -I /Users/admin/builder/spi-builder-workspace/.derivedData/Build/Products/Debug-xros -I /Applications/Xcode-15.3.0.app/Contents/Developer/Platforms/XROS.platform/Developer/usr/lib -F /Users/admin/builder/spi-builder-workspace/.derivedData/Build/Products/Debug-xros -F /Applications/Xcode-15.3.0.app/Contents/Developer/Platforms/XROS.platform/Developer/Library/Frameworks -F /Applications/Xcode-15.3.0.app/Contents/Developer/Platforms/XROS.platform/Developer/SDKs/XROS1.1.sdk/Developer/Library/Frameworks -no-color-diagnostics -enable-testing -g -module-cache-path /Users/admin/builder/spi-builder-workspace/.derivedData/ModuleCache.noindex -suppress-warnings -swift-version 5 -enforce-exclusivity\=checked -stats-output-dir /Users/admin/builder/spi-builder-workspace/.dependencies/checkouts/SwiftyGPIO/.stats -Onone -D SWIFT_PACKAGE -D DEBUG -serialize-debugging-options -const-gather-protocols-file /Users/admin/builder/spi-builder-workspace/.derivedData/Build/Intermediates.noindex/SwiftyGPIO.build/Debug-xros/SwiftyGPIO.build/Objects-normal/arm64/SwiftyGPIO_const_extract_protocols.json -strict-concurrency\=complete -empty-abi-descriptor -validate-clang-modules-once -clang-build-session-file /Users/admin/builder/spi-builder-workspace/.derivedData/ModuleCache.noindex/Session.modulevalidation -Xcc -working-directory -Xcc /Users/admin/builder/spi-builder-workspace/.dependencies/checkouts/SwiftyGPIO -resource-dir /Library/Developer/Toolchains/swift-6.0-DEVELOPMENT-SNAPSHOT-2024-05-26-a.xctoolchain/usr/lib/swift -enable-anonymous-context-mangled-names -Xcc -I/Users/admin/builder/spi-builder-workspace/.derivedData/Build/Intermediates.noindex/SwiftyGPIO.build/Debug-xros/SwiftyGPIO.build/swift-overrides.hmap -Xcc -I/Users/admin/builder/spi-builder-workspace/.derivedData/Build/Products/Debug-xros/include -Xcc -I/Users/admin/builder/spi-builder-workspace/.derivedData/Build/Intermediates.noindex/SwiftyGPIO.build/Debug-xros/SwiftyGPIO.build/DerivedSources-normal/arm64 -Xcc -I/Users/admin/builder/spi-builder-workspace/.derivedData/Build/Intermediates.noindex/SwiftyGPIO.build/Debug-xros/SwiftyGPIO.build/DerivedSources/arm64 -Xcc -I/Users/admin/builder/spi-builder-workspace/.derivedData/Build/Intermediates.noindex/SwiftyGPIO.build/Debug-xros/SwiftyGPIO.build/DerivedSources -Xcc -DSWIFT_PACKAGE -Xcc -DDEBUG\=1 -module-name SwiftyGPIO -frontend-parseable-output -disable-clang-spi -target-sdk-version 1.1 -target-sdk-name xros1.1 -external-plugin-path /Applications/Xcode-15.3.0.app/Contents/Developer/Platforms/XROS.platform/Developer/SDKs/XROS1.1.sdk/usr/lib/swift/host/plugins\#/Applications/Xcode-15.3.0.app/Contents/Developer/Platforms/XROS.platform/Developer/SDKs/XROS1.1.sdk/usr/bin/swift-plugin-server -external-plugin-path /Applications/Xcode-15.3.0.app/Contents/Developer/Platforms/XROS.platform/Developer/SDKs/XROS1.1.sdk/usr/local/lib/swift/host/plugins\#/Applications/Xcode-15.3.0.app/Contents/Developer/Platforms/XROS.platform/Developer/SDKs/XROS1.1.sdk/usr/bin/swift-plugin-server -external-plugin-path /Applications/Xcode-15.3.0.app/Contents/Developer/Platforms/XROS.platform/Developer/usr/lib/swift/host/plugins\#/Applications/Xcode-15.3.0.app/Contents/Developer/Platforms/XROS.platform/Developer/usr/bin/swift-plugin-server -external-plugin-path /Applications/Xcode-15.3.0.app/Contents/Developer/Platforms/XROS.platform/Developer/usr/local/lib/swift/host/plugins\#/Applications/Xcode-15.3.0.app/Contents/Developer/Platforms/XROS.platform/Developer/usr/bin/swift-plugin-server -plugin-path /Library/Developer/Toolchains/swift-6.0-DEVELOPMENT-SNAPSHOT-2024-05-26-a.xctoolchain/usr/lib/swift/host/plugins -plugin-path /Library/Developer/Toolchains/swift-6.0-DEVELOPMENT-SNAPSHOT-2024-05-26-a.xctoolchain/usr/local/lib/swift/host/plugins -o /Users/admin/builder/spi-builder-workspace/.derivedData/Build/Intermediates.noindex/SwiftyGPIO.build/Debug-xros/SwiftyGPIO.build/Objects-normal/arm64/1Wire.o -index-unit-output-path /SwiftyGPIO.build/Debug-xros/SwiftyGPIO.build/Objects-normal/arm64/1Wire.o -index-store-path /Users/admin/builder/spi-builder-workspace/.derivedData/Index.noindex/DataStore -index-system-modules
SwiftDriverJobDiscovery normal arm64 Compiling SunXi.swift (in target 'SwiftyGPIO' from project 'SwiftyGPIO')
SwiftCompile normal arm64 Compiling\ Mailbox.swift /Users/admin/builder/spi-builder-workspace/.dependencies/checkouts/SwiftyGPIO/Sources/Mailbox.swift (in target 'SwiftyGPIO' from project 'SwiftyGPIO')
    cd /Users/admin/builder/spi-builder-workspace/.dependencies/checkouts/SwiftyGPIO
    builtin-swiftTaskExecution -- /Library/Developer/Toolchains/swift-6.0-DEVELOPMENT-SNAPSHOT-2024-05-26-a.xctoolchain/usr/bin/swift-frontend -frontend -c /Users/admin/builder/spi-builder-workspace/.dependencies/checkouts/SwiftyGPIO/Sources/1Wire.swift /Users/admin/builder/spi-builder-workspace/.dependencies/checkouts/SwiftyGPIO/Sources/ADC.swift /Users/admin/builder/spi-builder-workspace/.dependencies/checkouts/SwiftyGPIO/Sources/I2C.swift -primary-file /Users/admin/builder/spi-builder-workspace/.dependencies/checkouts/SwiftyGPIO/Sources/Mailbox.swift /Users/admin/builder/spi-builder-workspace/.dependencies/checkouts/SwiftyGPIO/Sources/PWM.swift /Users/admin/builder/spi-builder-workspace/.dependencies/checkouts/SwiftyGPIO/Sources/Presets.swift /Users/admin/builder/spi-builder-workspace/.dependencies/checkouts/SwiftyGPIO/Sources/SPI.swift /Users/admin/builder/spi-builder-workspace/.dependencies/checkouts/SwiftyGPIO/Sources/SunXi.swift /Users/admin/builder/spi-builder-workspace/.dependencies/checkouts/SwiftyGPIO/Sources/SwiftyGPIO.swift /Users/admin/builder/spi-builder-workspace/.dependencies/checkouts/SwiftyGPIO/Sources/UART.swift -emit-dependencies-path /Users/admin/builder/spi-builder-workspace/.derivedData/Build/Intermediates.noindex/SwiftyGPIO.build/Debug-xros/SwiftyGPIO.build/Objects-normal/arm64/Mailbox.d -emit-const-values-path /Users/admin/builder/spi-builder-workspace/.derivedData/Build/Intermediates.noindex/SwiftyGPIO.build/Debug-xros/SwiftyGPIO.build/Objects-normal/arm64/Mailbox.swiftconstvalues -emit-reference-dependencies-path /Users/admin/builder/spi-builder-workspace/.derivedData/Build/Intermediates.noindex/SwiftyGPIO.build/Debug-xros/SwiftyGPIO.build/Objects-normal/arm64/Mailbox.swiftdeps -serialize-diagnostics-path /Users/admin/builder/spi-builder-workspace/.derivedData/Build/Intermediates.noindex/SwiftyGPIO.build/Debug-xros/SwiftyGPIO.build/Objects-normal/arm64/Mailbox.dia -target arm64-apple-xros1.0 -Xllvm -aarch64-use-tbi -enable-objc-interop -sdk /Applications/Xcode-15.3.0.app/Contents/Developer/Platforms/XROS.platform/Developer/SDKs/XROS1.1.sdk -I /Users/admin/builder/spi-builder-workspace/.derivedData/Build/Products/Debug-xros -I /Applications/Xcode-15.3.0.app/Contents/Developer/Platforms/XROS.platform/Developer/usr/lib -F /Users/admin/builder/spi-builder-workspace/.derivedData/Build/Products/Debug-xros -F /Applications/Xcode-15.3.0.app/Contents/Developer/Platforms/XROS.platform/Developer/Library/Frameworks -F /Applications/Xcode-15.3.0.app/Contents/Developer/Platforms/XROS.platform/Developer/SDKs/XROS1.1.sdk/Developer/Library/Frameworks -no-color-diagnostics -enable-testing -g -module-cache-path /Users/admin/builder/spi-builder-workspace/.derivedData/ModuleCache.noindex -suppress-warnings -swift-version 5 -enforce-exclusivity\=checked -stats-output-dir /Users/admin/builder/spi-builder-workspace/.dependencies/checkouts/SwiftyGPIO/.stats -Onone -D SWIFT_PACKAGE -D DEBUG -serialize-debugging-options -const-gather-protocols-file /Users/admin/builder/spi-builder-workspace/.derivedData/Build/Intermediates.noindex/SwiftyGPIO.build/Debug-xros/SwiftyGPIO.build/Objects-normal/arm64/SwiftyGPIO_const_extract_protocols.json -strict-concurrency\=complete -empty-abi-descriptor -validate-clang-modules-once -clang-build-session-file /Users/admin/builder/spi-builder-workspace/.derivedData/ModuleCache.noindex/Session.modulevalidation -Xcc -working-directory -Xcc /Users/admin/builder/spi-builder-workspace/.dependencies/checkouts/SwiftyGPIO -resource-dir /Library/Developer/Toolchains/swift-6.0-DEVELOPMENT-SNAPSHOT-2024-05-26-a.xctoolchain/usr/lib/swift -enable-anonymous-context-mangled-names -Xcc -I/Users/admin/builder/spi-builder-workspace/.derivedData/Build/Intermediates.noindex/SwiftyGPIO.build/Debug-xros/SwiftyGPIO.build/swift-overrides.hmap -Xcc -I/Users/admin/builder/spi-builder-workspace/.derivedData/Build/Products/Debug-xros/include -Xcc -I/Users/admin/builder/spi-builder-workspace/.derivedData/Build/Intermediates.noindex/SwiftyGPIO.build/Debug-xros/SwiftyGPIO.build/DerivedSources-normal/arm64 -Xcc -I/Users/admin/builder/spi-builder-workspace/.derivedData/Build/Intermediates.noindex/SwiftyGPIO.build/Debug-xros/SwiftyGPIO.build/DerivedSources/arm64 -Xcc -I/Users/admin/builder/spi-builder-workspace/.derivedData/Build/Intermediates.noindex/SwiftyGPIO.build/Debug-xros/SwiftyGPIO.build/DerivedSources -Xcc -DSWIFT_PACKAGE -Xcc -DDEBUG\=1 -module-name SwiftyGPIO -frontend-parseable-output -disable-clang-spi -target-sdk-version 1.1 -target-sdk-name xros1.1 -external-plugin-path /Applications/Xcode-15.3.0.app/Contents/Developer/Platforms/XROS.platform/Developer/SDKs/XROS1.1.sdk/usr/lib/swift/host/plugins\#/Applications/Xcode-15.3.0.app/Contents/Developer/Platforms/XROS.platform/Developer/SDKs/XROS1.1.sdk/usr/bin/swift-plugin-server -external-plugin-path /Applications/Xcode-15.3.0.app/Contents/Developer/Platforms/XROS.platform/Developer/SDKs/XROS1.1.sdk/usr/local/lib/swift/host/plugins\#/Applications/Xcode-15.3.0.app/Contents/Developer/Platforms/XROS.platform/Developer/SDKs/XROS1.1.sdk/usr/bin/swift-plugin-server -external-plugin-path /Applications/Xcode-15.3.0.app/Contents/Developer/Platforms/XROS.platform/Developer/usr/lib/swift/host/plugins\#/Applications/Xcode-15.3.0.app/Contents/Developer/Platforms/XROS.platform/Developer/usr/bin/swift-plugin-server -external-plugin-path /Applications/Xcode-15.3.0.app/Contents/Developer/Platforms/XROS.platform/Developer/usr/local/lib/swift/host/plugins\#/Applications/Xcode-15.3.0.app/Contents/Developer/Platforms/XROS.platform/Developer/usr/bin/swift-plugin-server -plugin-path /Library/Developer/Toolchains/swift-6.0-DEVELOPMENT-SNAPSHOT-2024-05-26-a.xctoolchain/usr/lib/swift/host/plugins -plugin-path /Library/Developer/Toolchains/swift-6.0-DEVELOPMENT-SNAPSHOT-2024-05-26-a.xctoolchain/usr/local/lib/swift/host/plugins -o /Users/admin/builder/spi-builder-workspace/.derivedData/Build/Intermediates.noindex/SwiftyGPIO.build/Debug-xros/SwiftyGPIO.build/Objects-normal/arm64/Mailbox.o -index-unit-output-path /SwiftyGPIO.build/Debug-xros/SwiftyGPIO.build/Objects-normal/arm64/Mailbox.o -index-store-path /Users/admin/builder/spi-builder-workspace/.derivedData/Index.noindex/DataStore -index-system-modules
SwiftDriverJobDiscovery normal arm64 Compiling Presets.swift (in target 'SwiftyGPIO' from project 'SwiftyGPIO')
note: Using global toolchain override 'Swift 6.0 Development Snapshot 2024-05-26 (a)'. (in target 'SwiftyGPIO' from project 'SwiftyGPIO')
note: Using global toolchain override 'Swift 6.0 Development Snapshot 2024-05-26 (a)'. (in target 'HD44780LCD' from project 'HD44780LCD')
note: Using global toolchain override 'Swift 6.0 Development Snapshot 2024-05-26 (a)'. (in target 'HD44780LCD' from project 'HD44780LCD')
** BUILD FAILED **
The following build commands failed:
	SwiftCompile normal arm64 Compiling\ UART.swift /Users/admin/builder/spi-builder-workspace/.dependencies/checkouts/SwiftyGPIO/Sources/UART.swift (in target 'SwiftyGPIO' from project 'SwiftyGPIO')
	SwiftCompile normal arm64 /Users/admin/builder/spi-builder-workspace/.dependencies/checkouts/SwiftyGPIO/Sources/UART.swift (in target 'SwiftyGPIO' from project 'SwiftyGPIO')
(2 failures)
BUILD FAILURE 6.0 visionOS
This is a staging environment. For live and up-to-date package information, visit swiftpackageindex.com.