This is a staging environment. For live and up-to-date package information, visit swiftpackageindex.com.

The Swift Package Index logo.Swift Package Index

Track the adoption of Swift 6 strict concurrency checks for data race safety. How many packages are Ready for Swift 6?

Build Information

Failed to build auth-scope with Swift 6.0 (beta) for visionOS using Xcode 16.0 at main.

Build Command

env DEVELOPER_DIR=/Applications/Xcode-15.3.0.app xcrun --toolchain org.swift.600202405261a xcodebuild -IDEClonedSourcePackagesDirPathOverride=$workDir/.dependencies -skipMacroValidation -skipPackagePluginValidation -derivedDataPath $workDir/.derivedData build -scheme auth-scope -destination generic/platform=xros OTHER_SWIFT_FLAGS=-stats-output-dir .stats -strict-concurrency=complete

Build Log

========================================
RunAll
========================================
Builder version: 4.40.0
Interrupt handler set up.
========================================
Checkout
========================================
Clone URL: https://github.com/sersoft-gmbh/auth-scope.git
Reference: main
Initialized empty Git repository in /Users/admin/builder/spi-builder-workspace/.git/
From https://github.com/sersoft-gmbh/auth-scope
 * branch            main       -> FETCH_HEAD
 * [new branch]      main       -> origin/main
HEAD is now at d84447e Ignore .swiftpm directory
Cloned https://github.com/sersoft-gmbh/auth-scope.git
Revision (git rev-parse @):
d84447e000c27e8e380a5b2a64099d59453c1a57
SUCCESS checkout https://github.com/sersoft-gmbh/auth-scope.git at main
========================================
Build
========================================
Selected platform:         visionOS
Swift version:             6.0
Building package at path:  $workDir
https://github.com/sersoft-gmbh/auth-scope.git
Command line invocation:
    /Applications/Xcode-15.3.0.app/Contents/Developer/usr/bin/xcodebuild -IDEClonedSourcePackagesDirPathOverride=/Users/admin/builder/spi-builder-workspace/.dependencies -resolvePackageDependencies
User defaults from command line:
    IDEClonedSourcePackagesDirPathOverride = /Users/admin/builder/spi-builder-workspace/.dependencies
    IDEPackageSupportToolchainOverrideForManifestLoading = org.swift.600202405261a
    IDEPackageSupportUseBuiltinSCM = YES
Build settings from command line:
    TOOLCHAINS = org.swift.600202405261a
Resolve Package Graph
Fetching from https://github.com/apple/swift-docc-symbolkit
Fetching from https://github.com/apple/swift-docc-plugin
Creating working copy of package ‘swift-docc-symbolkit’
Checking out 1.0.0 of package ‘swift-docc-symbolkit’
Creating working copy of package ‘swift-docc-plugin’
Checking out 1.3.0 of package ‘swift-docc-plugin’
Resolved source packages:
  SymbolKit: https://github.com/apple/swift-docc-symbolkit @ 1.0.0
  SwiftDocCPlugin: https://github.com/apple/swift-docc-plugin @ 1.3.0
  auth-scope: /Users/admin/builder/spi-builder-workspace
resolved source packages: SymbolKit, SwiftDocCPlugin, auth-scope
{
  "dependencies" : [
    {
      "identity" : "swift-docc-plugin",
      "requirement" : {
        "range" : [
          {
            "lower_bound" : "1.0.0",
            "upper_bound" : "2.0.0"
          }
        ]
      },
      "type" : "sourceControl",
      "url" : "https://github.com/apple/swift-docc-plugin"
    }
  ],
  "manifest_display_name" : "auth-scope",
  "name" : "auth-scope",
  "path" : "/Users/admin/builder/spi-builder-workspace",
  "platforms" : [
  ],
  "products" : [
    {
      "name" : "AuthScope",
      "targets" : [
        "AuthScope"
      ],
      "type" : {
        "library" : [
          "automatic"
        ]
      }
    }
  ],
  "targets" : [
    {
      "c99name" : "AuthScopeTests",
      "module_type" : "SwiftTarget",
      "name" : "AuthScopeTests",
      "path" : "Tests/AuthScopeTests",
      "sources" : [
        "AccessRangeProtocolTests.swift",
        "Scope+CodableTests.swift",
        "Scope+CollectionTests.swift",
        "Scope+CustomStringConvertibleTests.swift",
        "Scope+DefaultsTests.swift",
        "Scope+RegularExpressionsTests.swift",
        "Scope+ScopeStringTests.swift",
        "Scope+SetAlgebraTests.swift",
        "ScopeTests.swift",
        "TestAccessRange.swift"
      ],
      "target_dependencies" : [
        "AuthScope"
      ],
      "type" : "test"
    },
    {
      "c99name" : "AuthScope",
      "module_type" : "SwiftTarget",
      "name" : "AuthScope",
      "path" : "Sources/AuthScope",
      "product_memberships" : [
        "AuthScope"
      ],
      "sources" : [
        "AccessRangeProtocol.swift",
        "Scope+Codable.swift",
        "Scope+Collection.swift",
        "Scope+CustomStringConvertible.swift",
        "Scope+Defaults.swift",
        "Scope+RegularExpressions.swift",
        "Scope+ScopeString.swift",
        "Scope+SetAlgebra.swift",
        "Scope.swift"
      ],
      "type" : "library"
    }
  ],
  "tools_version" : "5.10"
}
{
  "workspace" : {
    "name" : "spi-builder-workspace",
    "schemes" : [
      "auth-scope"
    ]
  }
}
Running build ...
env DEVELOPER_DIR=/Applications/Xcode-15.3.0.app xcrun --toolchain org.swift.600202405261a xcodebuild -IDEClonedSourcePackagesDirPathOverride=$workDir/.dependencies -skipMacroValidation -skipPackagePluginValidation -derivedDataPath $workDir/.derivedData build -scheme auth-scope -destination generic/platform=xros OTHER_SWIFT_FLAGS=-stats-output-dir .stats -strict-concurrency=complete
Command line invocation:
    /Applications/Xcode-15.3.0.app/Contents/Developer/usr/bin/xcodebuild -IDEClonedSourcePackagesDirPathOverride=/Users/admin/builder/spi-builder-workspace/.dependencies -skipMacroValidation -skipPackagePluginValidation -derivedDataPath /Users/admin/builder/spi-builder-workspace/.derivedData build -scheme auth-scope -destination generic/platform=xros "OTHER_SWIFT_FLAGS=-stats-output-dir .stats -strict-concurrency=complete"
User defaults from command line:
    IDEClonedSourcePackagesDirPathOverride = /Users/admin/builder/spi-builder-workspace/.dependencies
    IDEDerivedDataPathOverride = /Users/admin/builder/spi-builder-workspace/.derivedData
    IDEPackageSupportToolchainOverrideForManifestLoading = org.swift.600202405261a
    IDEPackageSupportUseBuiltinSCM = YES
Build settings from command line:
    OTHER_SWIFT_FLAGS = -stats-output-dir .stats -strict-concurrency=complete
    TOOLCHAINS = org.swift.600202405261a
Resolve Package Graph
Resolved source packages:
  auth-scope: /Users/admin/builder/spi-builder-workspace
  SymbolKit: https://github.com/apple/swift-docc-symbolkit @ 1.0.0
  SwiftDocCPlugin: https://github.com/apple/swift-docc-plugin @ 1.3.0
Prepare packages
ComputeTargetDependencyGraph
note: Building targets in dependency order
note: Target dependency graph (2 targets)
    Target 'AuthScope' in project 'auth-scope'
        ➜ Explicit dependency on target 'AuthScope' in project 'auth-scope'
    Target 'AuthScope' in project 'auth-scope' (no dependencies)
GatherProvisioningInputs
CreateBuildDescription
ExecuteExternalTool /Library/Developer/Toolchains/swift-6.0-DEVELOPMENT-SNAPSHOT-2024-05-26-a.xctoolchain/usr/bin/clang -v -E -dM -isysroot /Applications/Xcode-15.3.0.app/Contents/Developer/Platforms/XROS.platform/Developer/SDKs/XROS1.1.sdk -x c -c /dev/null
ExecuteExternalTool /Library/Developer/Toolchains/swift-6.0-DEVELOPMENT-SNAPSHOT-2024-05-26-a.xctoolchain/usr/bin/swiftc -v
ExecuteExternalTool /Library/Developer/Toolchains/swift-6.0-DEVELOPMENT-SNAPSHOT-2024-05-26-a.xctoolchain/usr/bin/ld -version_details
Build description signature: 816bc56e8f647edc246ab8ccace9e599
Build description path: /Users/admin/builder/spi-builder-workspace/.derivedData/Build/Intermediates.noindex/XCBuildData/816bc56e8f647edc246ab8ccace9e599.xcbuilddata
note: Using global toolchain override 'Swift 6.0 Development Snapshot 2024-05-26 (a)'.
CreateBuildDirectory /Users/admin/builder/spi-builder-workspace/.derivedData/Build/Products
    cd /Users/admin/builder/spi-builder-workspace/.swiftpm/xcode
    builtin-create-build-directory /Users/admin/builder/spi-builder-workspace/.derivedData/Build/Products
CreateBuildDirectory /Users/admin/builder/spi-builder-workspace/.derivedData/Build/Intermediates.noindex
    cd /Users/admin/builder/spi-builder-workspace/.swiftpm/xcode
    builtin-create-build-directory /Users/admin/builder/spi-builder-workspace/.derivedData/Build/Intermediates.noindex
CreateBuildDirectory /Users/admin/builder/spi-builder-workspace/.derivedData/Build/Products/Debug-xros
    cd /Users/admin/builder/spi-builder-workspace/.swiftpm/xcode
    builtin-create-build-directory /Users/admin/builder/spi-builder-workspace/.derivedData/Build/Products/Debug-xros
CreateBuildDirectory /Users/admin/builder/spi-builder-workspace/.derivedData/Build/Intermediates.noindex/EagerLinkingTBDs/Debug-xros
    cd /Users/admin/builder/spi-builder-workspace/.swiftpm/xcode
    builtin-create-build-directory /Users/admin/builder/spi-builder-workspace/.derivedData/Build/Intermediates.noindex/EagerLinkingTBDs/Debug-xros
CreateBuildDirectory /Users/admin/builder/spi-builder-workspace/.derivedData/Build/Products/Debug-xros/PackageFrameworks
    cd /Users/admin/builder/spi-builder-workspace/.swiftpm/xcode
    builtin-create-build-directory /Users/admin/builder/spi-builder-workspace/.derivedData/Build/Products/Debug-xros/PackageFrameworks
note: Using global toolchain override 'Swift 6.0 Development Snapshot 2024-05-26 (a)'. (in target 'AuthScope' from project 'auth-scope')
WriteAuxiliaryFile /Users/admin/builder/spi-builder-workspace/.derivedData/Build/Intermediates.noindex/auth-scope.build/Debug-xros/AuthScope.build/AuthScope.modulemap (in target 'AuthScope' from project 'auth-scope')
    cd /Users/admin/builder/spi-builder-workspace
    write-file /Users/admin/builder/spi-builder-workspace/.derivedData/Build/Intermediates.noindex/auth-scope.build/Debug-xros/AuthScope.build/AuthScope.modulemap
Copy /Users/admin/builder/spi-builder-workspace/.derivedData/Build/Intermediates.noindex/GeneratedModuleMaps-xros/AuthScope.modulemap /Users/admin/builder/spi-builder-workspace/.derivedData/Build/Intermediates.noindex/auth-scope.build/Debug-xros/AuthScope.build/AuthScope.modulemap (in target 'AuthScope' from project 'auth-scope')
    cd /Users/admin/builder/spi-builder-workspace
    builtin-copy -exclude .DS_Store -exclude CVS -exclude .svn -exclude .git -exclude .hg -resolve-src-symlinks /Users/admin/builder/spi-builder-workspace/.derivedData/Build/Intermediates.noindex/auth-scope.build/Debug-xros/AuthScope.build/AuthScope.modulemap /Users/admin/builder/spi-builder-workspace/.derivedData/Build/Intermediates.noindex/GeneratedModuleMaps-xros
WriteAuxiliaryFile /Users/admin/builder/spi-builder-workspace/.derivedData/Build/Intermediates.noindex/auth-scope.build/Debug-xros/AuthScope.build/Objects-normal/arm64/AuthScope.LinkFileList (in target 'AuthScope' from project 'auth-scope')
    cd /Users/admin/builder/spi-builder-workspace
    write-file /Users/admin/builder/spi-builder-workspace/.derivedData/Build/Intermediates.noindex/auth-scope.build/Debug-xros/AuthScope.build/Objects-normal/arm64/AuthScope.LinkFileList
WriteAuxiliaryFile /Users/admin/builder/spi-builder-workspace/.derivedData/Build/Intermediates.noindex/auth-scope.build/Debug-xros/AuthScope.build/Objects-normal/arm64/AuthScope-OutputFileMap.json (in target 'AuthScope' from project 'auth-scope')
    cd /Users/admin/builder/spi-builder-workspace
    write-file /Users/admin/builder/spi-builder-workspace/.derivedData/Build/Intermediates.noindex/auth-scope.build/Debug-xros/AuthScope.build/Objects-normal/arm64/AuthScope-OutputFileMap.json
WriteAuxiliaryFile /Users/admin/builder/spi-builder-workspace/.derivedData/Build/Intermediates.noindex/auth-scope.build/Debug-xros/AuthScope.build/Objects-normal/arm64/AuthScope_const_extract_protocols.json (in target 'AuthScope' from project 'auth-scope')
    cd /Users/admin/builder/spi-builder-workspace
    write-file /Users/admin/builder/spi-builder-workspace/.derivedData/Build/Intermediates.noindex/auth-scope.build/Debug-xros/AuthScope.build/Objects-normal/arm64/AuthScope_const_extract_protocols.json
WriteAuxiliaryFile /Users/admin/builder/spi-builder-workspace/.derivedData/Build/Intermediates.noindex/auth-scope.build/Debug-xros/AuthScope.build/Objects-normal/arm64/AuthScope.SwiftFileList (in target 'AuthScope' from project 'auth-scope')
    cd /Users/admin/builder/spi-builder-workspace
    write-file /Users/admin/builder/spi-builder-workspace/.derivedData/Build/Intermediates.noindex/auth-scope.build/Debug-xros/AuthScope.build/Objects-normal/arm64/AuthScope.SwiftFileList
SwiftDriver AuthScope normal arm64 com.apple.xcode.tools.swift.compiler (in target 'AuthScope' from project 'auth-scope')
    cd /Users/admin/builder/spi-builder-workspace
    builtin-SwiftDriver -- /Library/Developer/Toolchains/swift-6.0-DEVELOPMENT-SNAPSHOT-2024-05-26-a.xctoolchain/usr/bin/swiftc -module-name AuthScope -Onone -enforce-exclusivity\=checked @/Users/admin/builder/spi-builder-workspace/.derivedData/Build/Intermediates.noindex/auth-scope.build/Debug-xros/AuthScope.build/Objects-normal/arm64/AuthScope.SwiftFileList -DSWIFT_PACKAGE -DDEBUG -stats-output-dir .stats -strict-concurrency\=complete -sdk /Applications/Xcode-15.3.0.app/Contents/Developer/Platforms/XROS.platform/Developer/SDKs/XROS1.1.sdk -target arm64-apple-xros1.0 -g -module-cache-path /Users/admin/builder/spi-builder-workspace/.derivedData/ModuleCache.noindex -Xfrontend -serialize-debugging-options -profile-coverage-mapping -profile-generate -enable-testing -index-store-path /Users/admin/builder/spi-builder-workspace/.derivedData/Index.noindex/DataStore -swift-version 5 -I /Users/admin/builder/spi-builder-workspace/.derivedData/Build/Products/Debug-xros -I /Applications/Xcode-15.3.0.app/Contents/Developer/Platforms/XROS.platform/Developer/usr/lib -F /Users/admin/builder/spi-builder-workspace/.derivedData/Build/Products/Debug-xros -F /Applications/Xcode-15.3.0.app/Contents/Developer/Platforms/XROS.platform/Developer/Library/Frameworks -F /Applications/Xcode-15.3.0.app/Contents/Developer/Platforms/XROS.platform/Developer/SDKs/XROS1.1.sdk/Developer/Library/Frameworks -c -j10 -enable-batch-mode -incremental -output-file-map /Users/admin/builder/spi-builder-workspace/.derivedData/Build/Intermediates.noindex/auth-scope.build/Debug-xros/AuthScope.build/Objects-normal/arm64/AuthScope-OutputFileMap.json -use-frontend-parseable-output -save-temps -no-color-diagnostics -serialize-diagnostics -emit-dependencies -emit-module -emit-module-path /Users/admin/builder/spi-builder-workspace/.derivedData/Build/Intermediates.noindex/auth-scope.build/Debug-xros/AuthScope.build/Objects-normal/arm64/AuthScope.swiftmodule -validate-clang-modules-once -clang-build-session-file /Users/admin/builder/spi-builder-workspace/.derivedData/ModuleCache.noindex/Session.modulevalidation -Xfrontend -package-name -Xfrontend spi_builder_workspace -Xcc -I/Users/admin/builder/spi-builder-workspace/.derivedData/Build/Intermediates.noindex/auth-scope.build/Debug-xros/AuthScope.build/swift-overrides.hmap -emit-const-values -Xfrontend -const-gather-protocols-file -Xfrontend /Users/admin/builder/spi-builder-workspace/.derivedData/Build/Intermediates.noindex/auth-scope.build/Debug-xros/AuthScope.build/Objects-normal/arm64/AuthScope_const_extract_protocols.json -Xcc -I/Users/admin/builder/spi-builder-workspace/.derivedData/Build/Products/Debug-xros/include -Xcc -I/Users/admin/builder/spi-builder-workspace/.derivedData/Build/Intermediates.noindex/auth-scope.build/Debug-xros/AuthScope.build/DerivedSources-normal/arm64 -Xcc -I/Users/admin/builder/spi-builder-workspace/.derivedData/Build/Intermediates.noindex/auth-scope.build/Debug-xros/AuthScope.build/DerivedSources/arm64 -Xcc -I/Users/admin/builder/spi-builder-workspace/.derivedData/Build/Intermediates.noindex/auth-scope.build/Debug-xros/AuthScope.build/DerivedSources -Xcc -DSWIFT_PACKAGE -Xcc -DDEBUG\=1 -emit-objc-header -emit-objc-header-path /Users/admin/builder/spi-builder-workspace/.derivedData/Build/Intermediates.noindex/auth-scope.build/Debug-xros/AuthScope.build/Objects-normal/arm64/AuthScope-Swift.h -working-directory /Users/admin/builder/spi-builder-workspace -experimental-emit-module-separately -disable-cmo
SwiftEmitModule normal arm64 Emitting\ module\ for\ AuthScope (in target 'AuthScope' from project 'auth-scope')
    cd /Users/admin/builder/spi-builder-workspace
    builtin-swiftTaskExecution -- /Library/Developer/Toolchains/swift-6.0-DEVELOPMENT-SNAPSHOT-2024-05-26-a.xctoolchain/usr/bin/swift-frontend -frontend -emit-module -experimental-skip-non-inlinable-function-bodies-without-types /Users/admin/builder/spi-builder-workspace/Sources/AuthScope/AccessRangeProtocol.swift /Users/admin/builder/spi-builder-workspace/Sources/AuthScope/Scope+Codable.swift /Users/admin/builder/spi-builder-workspace/Sources/AuthScope/Scope+Collection.swift /Users/admin/builder/spi-builder-workspace/Sources/AuthScope/Scope+CustomStringConvertible.swift /Users/admin/builder/spi-builder-workspace/Sources/AuthScope/Scope+Defaults.swift /Users/admin/builder/spi-builder-workspace/Sources/AuthScope/Scope+RegularExpressions.swift /Users/admin/builder/spi-builder-workspace/Sources/AuthScope/Scope+ScopeString.swift /Users/admin/builder/spi-builder-workspace/Sources/AuthScope/Scope+SetAlgebra.swift /Users/admin/builder/spi-builder-workspace/Sources/AuthScope/Scope.swift -target arm64-apple-xros1.0 -Xllvm -aarch64-use-tbi -enable-objc-interop -sdk /Applications/Xcode-15.3.0.app/Contents/Developer/Platforms/XROS.platform/Developer/SDKs/XROS1.1.sdk -I /Users/admin/builder/spi-builder-workspace/.derivedData/Build/Products/Debug-xros -I /Applications/Xcode-15.3.0.app/Contents/Developer/Platforms/XROS.platform/Developer/usr/lib -F /Users/admin/builder/spi-builder-workspace/.derivedData/Build/Products/Debug-xros -F /Applications/Xcode-15.3.0.app/Contents/Developer/Platforms/XROS.platform/Developer/Library/Frameworks -F /Applications/Xcode-15.3.0.app/Contents/Developer/Platforms/XROS.platform/Developer/SDKs/XROS1.1.sdk/Developer/Library/Frameworks -no-color-diagnostics -enable-testing -g -module-cache-path /Users/admin/builder/spi-builder-workspace/.derivedData/ModuleCache.noindex -profile-generate -profile-coverage-mapping -swift-version 5 -enforce-exclusivity\=checked -stats-output-dir /Users/admin/builder/spi-builder-workspace/.stats -Onone -D SWIFT_PACKAGE -D DEBUG -serialize-debugging-options -package-name spi_builder_workspace -const-gather-protocols-file /Users/admin/builder/spi-builder-workspace/.derivedData/Build/Intermediates.noindex/auth-scope.build/Debug-xros/AuthScope.build/Objects-normal/arm64/AuthScope_const_extract_protocols.json -strict-concurrency\=complete -empty-abi-descriptor -validate-clang-modules-once -clang-build-session-file /Users/admin/builder/spi-builder-workspace/.derivedData/ModuleCache.noindex/Session.modulevalidation -Xcc -working-directory -Xcc /Users/admin/builder/spi-builder-workspace -resource-dir /Library/Developer/Toolchains/swift-6.0-DEVELOPMENT-SNAPSHOT-2024-05-26-a.xctoolchain/usr/lib/swift -enable-anonymous-context-mangled-names -Xcc -I/Users/admin/builder/spi-builder-workspace/.derivedData/Build/Intermediates.noindex/auth-scope.build/Debug-xros/AuthScope.build/swift-overrides.hmap -Xcc -I/Users/admin/builder/spi-builder-workspace/.derivedData/Build/Products/Debug-xros/include -Xcc -I/Users/admin/builder/spi-builder-workspace/.derivedData/Build/Intermediates.noindex/auth-scope.build/Debug-xros/AuthScope.build/DerivedSources-normal/arm64 -Xcc -I/Users/admin/builder/spi-builder-workspace/.derivedData/Build/Intermediates.noindex/auth-scope.build/Debug-xros/AuthScope.build/DerivedSources/arm64 -Xcc -I/Users/admin/builder/spi-builder-workspace/.derivedData/Build/Intermediates.noindex/auth-scope.build/Debug-xros/AuthScope.build/DerivedSources -Xcc -DSWIFT_PACKAGE -Xcc -DDEBUG\=1 -module-name AuthScope -disable-clang-spi -target-sdk-version 1.1 -target-sdk-name xros1.1 -external-plugin-path /Applications/Xcode-15.3.0.app/Contents/Developer/Platforms/XROS.platform/Developer/SDKs/XROS1.1.sdk/usr/lib/swift/host/plugins\#/Applications/Xcode-15.3.0.app/Contents/Developer/Platforms/XROS.platform/Developer/SDKs/XROS1.1.sdk/usr/bin/swift-plugin-server -external-plugin-path /Applications/Xcode-15.3.0.app/Contents/Developer/Platforms/XROS.platform/Developer/SDKs/XROS1.1.sdk/usr/local/lib/swift/host/plugins\#/Applications/Xcode-15.3.0.app/Contents/Developer/Platforms/XROS.platform/Developer/SDKs/XROS1.1.sdk/usr/bin/swift-plugin-server -external-plugin-path /Applications/Xcode-15.3.0.app/Contents/Developer/Platforms/XROS.platform/Developer/usr/lib/swift/host/plugins\#/Applications/Xcode-15.3.0.app/Contents/Developer/Platforms/XROS.platform/Developer/usr/bin/swift-plugin-server -external-plugin-path /Applications/Xcode-15.3.0.app/Contents/Developer/Platforms/XROS.platform/Developer/usr/local/lib/swift/host/plugins\#/Applications/Xcode-15.3.0.app/Contents/Developer/Platforms/XROS.platform/Developer/usr/bin/swift-plugin-server -plugin-path /Library/Developer/Toolchains/swift-6.0-DEVELOPMENT-SNAPSHOT-2024-05-26-a.xctoolchain/usr/lib/swift/host/plugins -plugin-path /Library/Developer/Toolchains/swift-6.0-DEVELOPMENT-SNAPSHOT-2024-05-26-a.xctoolchain/usr/local/lib/swift/host/plugins -emit-module-doc-path /Users/admin/builder/spi-builder-workspace/.derivedData/Build/Intermediates.noindex/auth-scope.build/Debug-xros/AuthScope.build/Objects-normal/arm64/AuthScope.swiftdoc -emit-module-source-info-path /Users/admin/builder/spi-builder-workspace/.derivedData/Build/Intermediates.noindex/auth-scope.build/Debug-xros/AuthScope.build/Objects-normal/arm64/AuthScope.swiftsourceinfo -emit-objc-header-path /Users/admin/builder/spi-builder-workspace/.derivedData/Build/Intermediates.noindex/auth-scope.build/Debug-xros/AuthScope.build/Objects-normal/arm64/AuthScope-Swift.h -serialize-diagnostics-path /Users/admin/builder/spi-builder-workspace/.derivedData/Build/Intermediates.noindex/auth-scope.build/Debug-xros/AuthScope.build/Objects-normal/arm64/AuthScope-master-emit-module.dia -emit-dependencies-path /Users/admin/builder/spi-builder-workspace/.derivedData/Build/Intermediates.noindex/auth-scope.build/Debug-xros/AuthScope.build/Objects-normal/arm64/AuthScope-master-emit-module.d -o /Users/admin/builder/spi-builder-workspace/.derivedData/Build/Intermediates.noindex/auth-scope.build/Debug-xros/AuthScope.build/Objects-normal/arm64/AuthScope.swiftmodule -emit-abi-descriptor-path /Users/admin/builder/spi-builder-workspace/.derivedData/Build/Intermediates.noindex/auth-scope.build/Debug-xros/AuthScope.build/Objects-normal/arm64/AuthScope.abi.json
SwiftCompile normal arm64 Compiling\ Scope+CustomStringConvertible.swift /Users/admin/builder/spi-builder-workspace/Sources/AuthScope/Scope+CustomStringConvertible.swift (in target 'AuthScope' from project 'auth-scope')
    cd /Users/admin/builder/spi-builder-workspace
    builtin-swiftTaskExecution -- /Library/Developer/Toolchains/swift-6.0-DEVELOPMENT-SNAPSHOT-2024-05-26-a.xctoolchain/usr/bin/swift-frontend -frontend -c /Users/admin/builder/spi-builder-workspace/Sources/AuthScope/AccessRangeProtocol.swift /Users/admin/builder/spi-builder-workspace/Sources/AuthScope/Scope+Codable.swift /Users/admin/builder/spi-builder-workspace/Sources/AuthScope/Scope+Collection.swift -primary-file /Users/admin/builder/spi-builder-workspace/Sources/AuthScope/Scope+CustomStringConvertible.swift /Users/admin/builder/spi-builder-workspace/Sources/AuthScope/Scope+Defaults.swift /Users/admin/builder/spi-builder-workspace/Sources/AuthScope/Scope+RegularExpressions.swift /Users/admin/builder/spi-builder-workspace/Sources/AuthScope/Scope+ScopeString.swift /Users/admin/builder/spi-builder-workspace/Sources/AuthScope/Scope+SetAlgebra.swift /Users/admin/builder/spi-builder-workspace/Sources/AuthScope/Scope.swift -emit-dependencies-path /Users/admin/builder/spi-builder-workspace/.derivedData/Build/Intermediates.noindex/auth-scope.build/Debug-xros/AuthScope.build/Objects-normal/arm64/Scope+CustomStringConvertible.d -emit-const-values-path /Users/admin/builder/spi-builder-workspace/.derivedData/Build/Intermediates.noindex/auth-scope.build/Debug-xros/AuthScope.build/Objects-normal/arm64/Scope+CustomStringConvertible.swiftconstvalues -emit-reference-dependencies-path /Users/admin/builder/spi-builder-workspace/.derivedData/Build/Intermediates.noindex/auth-scope.build/Debug-xros/AuthScope.build/Objects-normal/arm64/Scope+CustomStringConvertible.swiftdeps -serialize-diagnostics-path /Users/admin/builder/spi-builder-workspace/.derivedData/Build/Intermediates.noindex/auth-scope.build/Debug-xros/AuthScope.build/Objects-normal/arm64/Scope+CustomStringConvertible.dia -target arm64-apple-xros1.0 -Xllvm -aarch64-use-tbi -enable-objc-interop -sdk /Applications/Xcode-15.3.0.app/Contents/Developer/Platforms/XROS.platform/Developer/SDKs/XROS1.1.sdk -I /Users/admin/builder/spi-builder-workspace/.derivedData/Build/Products/Debug-xros -I /Applications/Xcode-15.3.0.app/Contents/Developer/Platforms/XROS.platform/Developer/usr/lib -F /Users/admin/builder/spi-builder-workspace/.derivedData/Build/Products/Debug-xros -F /Applications/Xcode-15.3.0.app/Contents/Developer/Platforms/XROS.platform/Developer/Library/Frameworks -F /Applications/Xcode-15.3.0.app/Contents/Developer/Platforms/XROS.platform/Developer/SDKs/XROS1.1.sdk/Developer/Library/Frameworks -no-color-diagnostics -enable-testing -g -module-cache-path /Users/admin/builder/spi-builder-workspace/.derivedData/ModuleCache.noindex -profile-generate -profile-coverage-mapping -swift-version 5 -enforce-exclusivity\=checked -stats-output-dir /Users/admin/builder/spi-builder-workspace/.stats -Onone -D SWIFT_PACKAGE -D DEBUG -serialize-debugging-options -package-name spi_builder_workspace -const-gather-protocols-file /Users/admin/builder/spi-builder-workspace/.derivedData/Build/Intermediates.noindex/auth-scope.build/Debug-xros/AuthScope.build/Objects-normal/arm64/AuthScope_const_extract_protocols.json -strict-concurrency\=complete -empty-abi-descriptor -validate-clang-modules-once -clang-build-session-file /Users/admin/builder/spi-builder-workspace/.derivedData/ModuleCache.noindex/Session.modulevalidation -Xcc -working-directory -Xcc /Users/admin/builder/spi-builder-workspace -resource-dir /Library/Developer/Toolchains/swift-6.0-DEVELOPMENT-SNAPSHOT-2024-05-26-a.xctoolchain/usr/lib/swift -enable-anonymous-context-mangled-names -Xcc -I/Users/admin/builder/spi-builder-workspace/.derivedData/Build/Intermediates.noindex/auth-scope.build/Debug-xros/AuthScope.build/swift-overrides.hmap -Xcc -I/Users/admin/builder/spi-builder-workspace/.derivedData/Build/Products/Debug-xros/include -Xcc -I/Users/admin/builder/spi-builder-workspace/.derivedData/Build/Intermediates.noindex/auth-scope.build/Debug-xros/AuthScope.build/DerivedSources-normal/arm64 -Xcc -I/Users/admin/builder/spi-builder-workspace/.derivedData/Build/Intermediates.noindex/auth-scope.build/Debug-xros/AuthScope.build/DerivedSources/arm64 -Xcc -I/Users/admin/builder/spi-builder-workspace/.derivedData/Build/Intermediates.noindex/auth-scope.build/Debug-xros/AuthScope.build/DerivedSources -Xcc -DSWIFT_PACKAGE -Xcc -DDEBUG\=1 -module-name AuthScope -frontend-parseable-output -disable-clang-spi -target-sdk-version 1.1 -target-sdk-name xros1.1 -external-plugin-path /Applications/Xcode-15.3.0.app/Contents/Developer/Platforms/XROS.platform/Developer/SDKs/XROS1.1.sdk/usr/lib/swift/host/plugins\#/Applications/Xcode-15.3.0.app/Contents/Developer/Platforms/XROS.platform/Developer/SDKs/XROS1.1.sdk/usr/bin/swift-plugin-server -external-plugin-path /Applications/Xcode-15.3.0.app/Contents/Developer/Platforms/XROS.platform/Developer/SDKs/XROS1.1.sdk/usr/local/lib/swift/host/plugins\#/Applications/Xcode-15.3.0.app/Contents/Developer/Platforms/XROS.platform/Developer/SDKs/XROS1.1.sdk/usr/bin/swift-plugin-server -external-plugin-path /Applications/Xcode-15.3.0.app/Contents/Developer/Platforms/XROS.platform/Developer/usr/lib/swift/host/plugins\#/Applications/Xcode-15.3.0.app/Contents/Developer/Platforms/XROS.platform/Developer/usr/bin/swift-plugin-server -external-plugin-path /Applications/Xcode-15.3.0.app/Contents/Developer/Platforms/XROS.platform/Developer/usr/local/lib/swift/host/plugins\#/Applications/Xcode-15.3.0.app/Contents/Developer/Platforms/XROS.platform/Developer/usr/bin/swift-plugin-server -plugin-path /Library/Developer/Toolchains/swift-6.0-DEVELOPMENT-SNAPSHOT-2024-05-26-a.xctoolchain/usr/lib/swift/host/plugins -plugin-path /Library/Developer/Toolchains/swift-6.0-DEVELOPMENT-SNAPSHOT-2024-05-26-a.xctoolchain/usr/local/lib/swift/host/plugins -o /Users/admin/builder/spi-builder-workspace/.derivedData/Build/Intermediates.noindex/auth-scope.build/Debug-xros/AuthScope.build/Objects-normal/arm64/Scope+CustomStringConvertible.o -index-unit-output-path /auth-scope.build/Debug-xros/AuthScope.build/Objects-normal/arm64/Scope+CustomStringConvertible.o -index-store-path /Users/admin/builder/spi-builder-workspace/.derivedData/Index.noindex/DataStore -index-system-modules
SwiftCompile normal arm64 /Users/admin/builder/spi-builder-workspace/Sources/AuthScope/Scope+CustomStringConvertible.swift (in target 'AuthScope' from project 'auth-scope')
    cd /Users/admin/builder/spi-builder-workspace
    /Library/Developer/Toolchains/swift-6.0-DEVELOPMENT-SNAPSHOT-2024-05-26-a.xctoolchain/usr/bin/swift-frontend -c /Users/admin/builder/spi-builder-workspace/Sources/AuthScope/AccessRangeProtocol.swift /Users/admin/builder/spi-builder-workspace/Sources/AuthScope/Scope+Codable.swift /Users/admin/builder/spi-builder-workspace/Sources/AuthScope/Scope+Collection.swift -primary-file /Users/admin/builder/spi-builder-workspace/Sources/AuthScope/Scope+CustomStringConvertible.swift /Users/admin/builder/spi-builder-workspace/Sources/AuthScope/Scope+Defaults.swift /Users/admin/builder/spi-builder-workspace/Sources/AuthScope/Scope+RegularExpressions.swift /Users/admin/builder/spi-builder-workspace/Sources/AuthScope/Scope+ScopeString.swift /Users/admin/builder/spi-builder-workspace/Sources/AuthScope/Scope+SetAlgebra.swift /Users/admin/builder/spi-builder-workspace/Sources/AuthScope/Scope.swift -emit-dependencies-path /Users/admin/builder/spi-builder-workspace/.derivedData/Build/Intermediates.noindex/auth-scope.build/Debug-xros/AuthScope.build/Objects-normal/arm64/Scope+CustomStringConvertible.d -emit-const-values-path /Users/admin/builder/spi-builder-workspace/.derivedData/Build/Intermediates.noindex/auth-scope.build/Debug-xros/AuthScope.build/Objects-normal/arm64/Scope+CustomStringConvertible.swiftconstvalues -emit-reference-dependencies-path /Users/admin/builder/spi-builder-workspace/.derivedData/Build/Intermediates.noindex/auth-scope.build/Debug-xros/AuthScope.build/Objects-normal/arm64/Scope+CustomStringConvertible.swiftdeps -serialize-diagnostics-path /Users/admin/builder/spi-builder-workspace/.derivedData/Build/Intermediates.noindex/auth-scope.build/Debug-xros/AuthScope.build/Objects-normal/arm64/Scope+CustomStringConvertible.dia -target arm64-apple-xros1.0 -Xllvm -aarch64-use-tbi -enable-objc-interop -sdk /Applications/Xcode-15.3.0.app/Contents/Developer/Platforms/XROS.platform/Developer/SDKs/XROS1.1.sdk -I /Users/admin/builder/spi-builder-workspace/.derivedData/Build/Products/Debug-xros -I /Applications/Xcode-15.3.0.app/Contents/Developer/Platforms/XROS.platform/Developer/usr/lib -F /Users/admin/builder/spi-builder-workspace/.derivedData/Build/Products/Debug-xros -F /Applications/Xcode-15.3.0.app/Contents/Developer/Platforms/XROS.platform/Developer/Library/Frameworks -F /Applications/Xcode-15.3.0.app/Contents/Developer/Platforms/XROS.platform/Developer/SDKs/XROS1.1.sdk/Developer/Library/Frameworks -no-color-diagnostics -enable-testing -g -module-cache-path /Users/admin/builder/spi-builder-workspace/.derivedData/ModuleCache.noindex -profile-generate -profile-coverage-mapping -swift-version 5 -enforce-exclusivity\=checked -stats-output-dir /Users/admin/builder/spi-builder-workspace/.stats -Onone -D SWIFT_PACKAGE -D DEBUG -serialize-debugging-options -package-name spi_builder_workspace -const-gather-protocols-file /Users/admin/builder/spi-builder-workspace/.derivedData/Build/Intermediates.noindex/auth-scope.build/Debug-xros/AuthScope.build/Objects-normal/arm64/AuthScope_const_extract_protocols.json -strict-concurrency\=complete -empty-abi-descriptor -validate-clang-modules-once -clang-build-session-file /Users/admin/builder/spi-builder-workspace/.derivedData/ModuleCache.noindex/Session.modulevalidation -Xcc -working-directory -Xcc /Users/admin/builder/spi-builder-workspace -resource-dir /Library/Developer/Toolchains/swift-6.0-DEVELOPMENT-SNAPSHOT-2024-05-26-a.xctoolchain/usr/lib/swift -enable-anonymous-context-mangled-names -Xcc -I/Users/admin/builder/spi-builder-workspace/.derivedData/Build/Intermediates.noindex/auth-scope.build/Debug-xros/AuthScope.build/swift-overrides.hmap -Xcc -I/Users/admin/builder/spi-builder-workspace/.derivedData/Build/Products/Debug-xros/include -Xcc -I/Users/admin/builder/spi-builder-workspace/.derivedData/Build/Intermediates.noindex/auth-scope.build/Debug-xros/AuthScope.build/DerivedSources-normal/arm64 -Xcc -I/Users/admin/builder/spi-builder-workspace/.derivedData/Build/Intermediates.noindex/auth-scope.build/Debug-xros/AuthScope.build/DerivedSources/arm64 -Xcc -I/Users/admin/builder/spi-builder-workspace/.derivedData/Build/Intermediates.noindex/auth-scope.build/Debug-xros/AuthScope.build/DerivedSources -Xcc -DSWIFT_PACKAGE -Xcc -DDEBUG\=1 -module-name AuthScope -frontend-parseable-output -disable-clang-spi -target-sdk-version 1.1 -target-sdk-name xros1.1 -external-plugin-path /Applications/Xcode-15.3.0.app/Contents/Developer/Platforms/XROS.platform/Developer/SDKs/XROS1.1.sdk/usr/lib/swift/host/plugins\#/Applications/Xcode-15.3.0.app/Contents/Developer/Platforms/XROS.platform/Developer/SDKs/XROS1.1.sdk/usr/bin/swift-plugin-server -external-plugin-path /Applications/Xcode-15.3.0.app/Contents/Developer/Platforms/XROS.platform/Developer/SDKs/XROS1.1.sdk/usr/local/lib/swift/host/plugins\#/Applications/Xcode-15.3.0.app/Contents/Developer/Platforms/XROS.platform/Developer/SDKs/XROS1.1.sdk/usr/bin/swift-plugin-server -external-plugin-path /Applications/Xcode-15.3.0.app/Contents/Developer/Platforms/XROS.platform/Developer/usr/lib/swift/host/plugins\#/Applications/Xcode-15.3.0.app/Contents/Developer/Platforms/XROS.platform/Developer/usr/bin/swift-plugin-server -external-plugin-path /Applications/Xcode-15.3.0.app/Contents/Developer/Platforms/XROS.platform/Developer/usr/local/lib/swift/host/plugins\#/Applications/Xcode-15.3.0.app/Contents/Developer/Platforms/XROS.platform/Developer/usr/bin/swift-plugin-server -plugin-path /Library/Developer/Toolchains/swift-6.0-DEVELOPMENT-SNAPSHOT-2024-05-26-a.xctoolchain/usr/lib/swift/host/plugins -plugin-path /Library/Developer/Toolchains/swift-6.0-DEVELOPMENT-SNAPSHOT-2024-05-26-a.xctoolchain/usr/local/lib/swift/host/plugins -o /Users/admin/builder/spi-builder-workspace/.derivedData/Build/Intermediates.noindex/auth-scope.build/Debug-xros/AuthScope.build/Objects-normal/arm64/Scope+CustomStringConvertible.o -index-unit-output-path /auth-scope.build/Debug-xros/AuthScope.build/Objects-normal/arm64/Scope+CustomStringConvertible.o -index-store-path /Users/admin/builder/spi-builder-workspace/.derivedData/Index.noindex/DataStore -index-system-modules
SwiftCompile normal arm64 Compiling\ Scope+RegularExpressions.swift /Users/admin/builder/spi-builder-workspace/Sources/AuthScope/Scope+RegularExpressions.swift (in target 'AuthScope' from project 'auth-scope')
    cd /Users/admin/builder/spi-builder-workspace
    builtin-swiftTaskExecution -- /Library/Developer/Toolchains/swift-6.0-DEVELOPMENT-SNAPSHOT-2024-05-26-a.xctoolchain/usr/bin/swift-frontend -frontend -c /Users/admin/builder/spi-builder-workspace/Sources/AuthScope/AccessRangeProtocol.swift /Users/admin/builder/spi-builder-workspace/Sources/AuthScope/Scope+Codable.swift /Users/admin/builder/spi-builder-workspace/Sources/AuthScope/Scope+Collection.swift /Users/admin/builder/spi-builder-workspace/Sources/AuthScope/Scope+CustomStringConvertible.swift /Users/admin/builder/spi-builder-workspace/Sources/AuthScope/Scope+Defaults.swift -primary-file /Users/admin/builder/spi-builder-workspace/Sources/AuthScope/Scope+RegularExpressions.swift /Users/admin/builder/spi-builder-workspace/Sources/AuthScope/Scope+ScopeString.swift /Users/admin/builder/spi-builder-workspace/Sources/AuthScope/Scope+SetAlgebra.swift /Users/admin/builder/spi-builder-workspace/Sources/AuthScope/Scope.swift -emit-dependencies-path /Users/admin/builder/spi-builder-workspace/.derivedData/Build/Intermediates.noindex/auth-scope.build/Debug-xros/AuthScope.build/Objects-normal/arm64/Scope+RegularExpressions.d -emit-const-values-path /Users/admin/builder/spi-builder-workspace/.derivedData/Build/Intermediates.noindex/auth-scope.build/Debug-xros/AuthScope.build/Objects-normal/arm64/Scope+RegularExpressions.swiftconstvalues -emit-reference-dependencies-path /Users/admin/builder/spi-builder-workspace/.derivedData/Build/Intermediates.noindex/auth-scope.build/Debug-xros/AuthScope.build/Objects-normal/arm64/Scope+RegularExpressions.swiftdeps -serialize-diagnostics-path /Users/admin/builder/spi-builder-workspace/.derivedData/Build/Intermediates.noindex/auth-scope.build/Debug-xros/AuthScope.build/Objects-normal/arm64/Scope+RegularExpressions.dia -target arm64-apple-xros1.0 -Xllvm -aarch64-use-tbi -enable-objc-interop -sdk /Applications/Xcode-15.3.0.app/Contents/Developer/Platforms/XROS.platform/Developer/SDKs/XROS1.1.sdk -I /Users/admin/builder/spi-builder-workspace/.derivedData/Build/Products/Debug-xros -I /Applications/Xcode-15.3.0.app/Contents/Developer/Platforms/XROS.platform/Developer/usr/lib -F /Users/admin/builder/spi-builder-workspace/.derivedData/Build/Products/Debug-xros -F /Applications/Xcode-15.3.0.app/Contents/Developer/Platforms/XROS.platform/Developer/Library/Frameworks -F /Applications/Xcode-15.3.0.app/Contents/Developer/Platforms/XROS.platform/Developer/SDKs/XROS1.1.sdk/Developer/Library/Frameworks -no-color-diagnostics -enable-testing -g -module-cache-path /Users/admin/builder/spi-builder-workspace/.derivedData/ModuleCache.noindex -profile-generate -profile-coverage-mapping -swift-version 5 -enforce-exclusivity\=checked -stats-output-dir /Users/admin/builder/spi-builder-workspace/.stats -Onone -D SWIFT_PACKAGE -D DEBUG -serialize-debugging-options -package-name spi_builder_workspace -const-gather-protocols-file /Users/admin/builder/spi-builder-workspace/.derivedData/Build/Intermediates.noindex/auth-scope.build/Debug-xros/AuthScope.build/Objects-normal/arm64/AuthScope_const_extract_protocols.json -strict-concurrency\=complete -empty-abi-descriptor -validate-clang-modules-once -clang-build-session-file /Users/admin/builder/spi-builder-workspace/.derivedData/ModuleCache.noindex/Session.modulevalidation -Xcc -working-directory -Xcc /Users/admin/builder/spi-builder-workspace -resource-dir /Library/Developer/Toolchains/swift-6.0-DEVELOPMENT-SNAPSHOT-2024-05-26-a.xctoolchain/usr/lib/swift -enable-anonymous-context-mangled-names -Xcc -I/Users/admin/builder/spi-builder-workspace/.derivedData/Build/Intermediates.noindex/auth-scope.build/Debug-xros/AuthScope.build/swift-overrides.hmap -Xcc -I/Users/admin/builder/spi-builder-workspace/.derivedData/Build/Products/Debug-xros/include -Xcc -I/Users/admin/builder/spi-builder-workspace/.derivedData/Build/Intermediates.noindex/auth-scope.build/Debug-xros/AuthScope.build/DerivedSources-normal/arm64 -Xcc -I/Users/admin/builder/spi-builder-workspace/.derivedData/Build/Intermediates.noindex/auth-scope.build/Debug-xros/AuthScope.build/DerivedSources/arm64 -Xcc -I/Users/admin/builder/spi-builder-workspace/.derivedData/Build/Intermediates.noindex/auth-scope.build/Debug-xros/AuthScope.build/DerivedSources -Xcc -DSWIFT_PACKAGE -Xcc -DDEBUG\=1 -module-name AuthScope -frontend-parseable-output -disable-clang-spi -target-sdk-version 1.1 -target-sdk-name xros1.1 -external-plugin-path /Applications/Xcode-15.3.0.app/Contents/Developer/Platforms/XROS.platform/Developer/SDKs/XROS1.1.sdk/usr/lib/swift/host/plugins\#/Applications/Xcode-15.3.0.app/Contents/Developer/Platforms/XROS.platform/Developer/SDKs/XROS1.1.sdk/usr/bin/swift-plugin-server -external-plugin-path /Applications/Xcode-15.3.0.app/Contents/Developer/Platforms/XROS.platform/Developer/SDKs/XROS1.1.sdk/usr/local/lib/swift/host/plugins\#/Applications/Xcode-15.3.0.app/Contents/Developer/Platforms/XROS.platform/Developer/SDKs/XROS1.1.sdk/usr/bin/swift-plugin-server -external-plugin-path /Applications/Xcode-15.3.0.app/Contents/Developer/Platforms/XROS.platform/Developer/usr/lib/swift/host/plugins\#/Applications/Xcode-15.3.0.app/Contents/Developer/Platforms/XROS.platform/Developer/usr/bin/swift-plugin-server -external-plugin-path /Applications/Xcode-15.3.0.app/Contents/Developer/Platforms/XROS.platform/Developer/usr/local/lib/swift/host/plugins\#/Applications/Xcode-15.3.0.app/Contents/Developer/Platforms/XROS.platform/Developer/usr/bin/swift-plugin-server -plugin-path /Library/Developer/Toolchains/swift-6.0-DEVELOPMENT-SNAPSHOT-2024-05-26-a.xctoolchain/usr/lib/swift/host/plugins -plugin-path /Library/Developer/Toolchains/swift-6.0-DEVELOPMENT-SNAPSHOT-2024-05-26-a.xctoolchain/usr/local/lib/swift/host/plugins -o /Users/admin/builder/spi-builder-workspace/.derivedData/Build/Intermediates.noindex/auth-scope.build/Debug-xros/AuthScope.build/Objects-normal/arm64/Scope+RegularExpressions.o -index-unit-output-path /auth-scope.build/Debug-xros/AuthScope.build/Objects-normal/arm64/Scope+RegularExpressions.o -index-store-path /Users/admin/builder/spi-builder-workspace/.derivedData/Index.noindex/DataStore -index-system-modules
SwiftCompile normal arm64 /Users/admin/builder/spi-builder-workspace/Sources/AuthScope/Scope+RegularExpressions.swift (in target 'AuthScope' from project 'auth-scope')
    cd /Users/admin/builder/spi-builder-workspace
    /Library/Developer/Toolchains/swift-6.0-DEVELOPMENT-SNAPSHOT-2024-05-26-a.xctoolchain/usr/bin/swift-frontend -c /Users/admin/builder/spi-builder-workspace/Sources/AuthScope/AccessRangeProtocol.swift /Users/admin/builder/spi-builder-workspace/Sources/AuthScope/Scope+Codable.swift /Users/admin/builder/spi-builder-workspace/Sources/AuthScope/Scope+Collection.swift /Users/admin/builder/spi-builder-workspace/Sources/AuthScope/Scope+CustomStringConvertible.swift /Users/admin/builder/spi-builder-workspace/Sources/AuthScope/Scope+Defaults.swift -primary-file /Users/admin/builder/spi-builder-workspace/Sources/AuthScope/Scope+RegularExpressions.swift /Users/admin/builder/spi-builder-workspace/Sources/AuthScope/Scope+ScopeString.swift /Users/admin/builder/spi-builder-workspace/Sources/AuthScope/Scope+SetAlgebra.swift /Users/admin/builder/spi-builder-workspace/Sources/AuthScope/Scope.swift -emit-dependencies-path /Users/admin/builder/spi-builder-workspace/.derivedData/Build/Intermediates.noindex/auth-scope.build/Debug-xros/AuthScope.build/Objects-normal/arm64/Scope+RegularExpressions.d -emit-const-values-path /Users/admin/builder/spi-builder-workspace/.derivedData/Build/Intermediates.noindex/auth-scope.build/Debug-xros/AuthScope.build/Objects-normal/arm64/Scope+RegularExpressions.swiftconstvalues -emit-reference-dependencies-path /Users/admin/builder/spi-builder-workspace/.derivedData/Build/Intermediates.noindex/auth-scope.build/Debug-xros/AuthScope.build/Objects-normal/arm64/Scope+RegularExpressions.swiftdeps -serialize-diagnostics-path /Users/admin/builder/spi-builder-workspace/.derivedData/Build/Intermediates.noindex/auth-scope.build/Debug-xros/AuthScope.build/Objects-normal/arm64/Scope+RegularExpressions.dia -target arm64-apple-xros1.0 -Xllvm -aarch64-use-tbi -enable-objc-interop -sdk /Applications/Xcode-15.3.0.app/Contents/Developer/Platforms/XROS.platform/Developer/SDKs/XROS1.1.sdk -I /Users/admin/builder/spi-builder-workspace/.derivedData/Build/Products/Debug-xros -I /Applications/Xcode-15.3.0.app/Contents/Developer/Platforms/XROS.platform/Developer/usr/lib -F /Users/admin/builder/spi-builder-workspace/.derivedData/Build/Products/Debug-xros -F /Applications/Xcode-15.3.0.app/Contents/Developer/Platforms/XROS.platform/Developer/Library/Frameworks -F /Applications/Xcode-15.3.0.app/Contents/Developer/Platforms/XROS.platform/Developer/SDKs/XROS1.1.sdk/Developer/Library/Frameworks -no-color-diagnostics -enable-testing -g -module-cache-path /Users/admin/builder/spi-builder-workspace/.derivedData/ModuleCache.noindex -profile-generate -profile-coverage-mapping -swift-version 5 -enforce-exclusivity\=checked -stats-output-dir /Users/admin/builder/spi-builder-workspace/.stats -Onone -D SWIFT_PACKAGE -D DEBUG -serialize-debugging-options -package-name spi_builder_workspace -const-gather-protocols-file /Users/admin/builder/spi-builder-workspace/.derivedData/Build/Intermediates.noindex/auth-scope.build/Debug-xros/AuthScope.build/Objects-normal/arm64/AuthScope_const_extract_protocols.json -strict-concurrency\=complete -empty-abi-descriptor -validate-clang-modules-once -clang-build-session-file /Users/admin/builder/spi-builder-workspace/.derivedData/ModuleCache.noindex/Session.modulevalidation -Xcc -working-directory -Xcc /Users/admin/builder/spi-builder-workspace -resource-dir /Library/Developer/Toolchains/swift-6.0-DEVELOPMENT-SNAPSHOT-2024-05-26-a.xctoolchain/usr/lib/swift -enable-anonymous-context-mangled-names -Xcc -I/Users/admin/builder/spi-builder-workspace/.derivedData/Build/Intermediates.noindex/auth-scope.build/Debug-xros/AuthScope.build/swift-overrides.hmap -Xcc -I/Users/admin/builder/spi-builder-workspace/.derivedData/Build/Products/Debug-xros/include -Xcc -I/Users/admin/builder/spi-builder-workspace/.derivedData/Build/Intermediates.noindex/auth-scope.build/Debug-xros/AuthScope.build/DerivedSources-normal/arm64 -Xcc -I/Users/admin/builder/spi-builder-workspace/.derivedData/Build/Intermediates.noindex/auth-scope.build/Debug-xros/AuthScope.build/DerivedSources/arm64 -Xcc -I/Users/admin/builder/spi-builder-workspace/.derivedData/Build/Intermediates.noindex/auth-scope.build/Debug-xros/AuthScope.build/DerivedSources -Xcc -DSWIFT_PACKAGE -Xcc -DDEBUG\=1 -module-name AuthScope -frontend-parseable-output -disable-clang-spi -target-sdk-version 1.1 -target-sdk-name xros1.1 -external-plugin-path /Applications/Xcode-15.3.0.app/Contents/Developer/Platforms/XROS.platform/Developer/SDKs/XROS1.1.sdk/usr/lib/swift/host/plugins\#/Applications/Xcode-15.3.0.app/Contents/Developer/Platforms/XROS.platform/Developer/SDKs/XROS1.1.sdk/usr/bin/swift-plugin-server -external-plugin-path /Applications/Xcode-15.3.0.app/Contents/Developer/Platforms/XROS.platform/Developer/SDKs/XROS1.1.sdk/usr/local/lib/swift/host/plugins\#/Applications/Xcode-15.3.0.app/Contents/Developer/Platforms/XROS.platform/Developer/SDKs/XROS1.1.sdk/usr/bin/swift-plugin-server -external-plugin-path /Applications/Xcode-15.3.0.app/Contents/Developer/Platforms/XROS.platform/Developer/usr/lib/swift/host/plugins\#/Applications/Xcode-15.3.0.app/Contents/Developer/Platforms/XROS.platform/Developer/usr/bin/swift-plugin-server -external-plugin-path /Applications/Xcode-15.3.0.app/Contents/Developer/Platforms/XROS.platform/Developer/usr/local/lib/swift/host/plugins\#/Applications/Xcode-15.3.0.app/Contents/Developer/Platforms/XROS.platform/Developer/usr/bin/swift-plugin-server -plugin-path /Library/Developer/Toolchains/swift-6.0-DEVELOPMENT-SNAPSHOT-2024-05-26-a.xctoolchain/usr/lib/swift/host/plugins -plugin-path /Library/Developer/Toolchains/swift-6.0-DEVELOPMENT-SNAPSHOT-2024-05-26-a.xctoolchain/usr/local/lib/swift/host/plugins -o /Users/admin/builder/spi-builder-workspace/.derivedData/Build/Intermediates.noindex/auth-scope.build/Debug-xros/AuthScope.build/Objects-normal/arm64/Scope+RegularExpressions.o -index-unit-output-path /auth-scope.build/Debug-xros/AuthScope.build/Objects-normal/arm64/Scope+RegularExpressions.o -index-store-path /Users/admin/builder/spi-builder-workspace/.derivedData/Index.noindex/DataStore -index-system-modules
/Users/admin/builder/spi-builder-workspace/Sources/AuthScope/Scope+RegularExpressions.swift:49:53: error: '$' is not an identifier; use backticks to escape it
        guard !accessRanges.isEmpty else { return /^$/ }
                                                    ^
                                                    `$`
/Users/admin/builder/spi-builder-workspace/Sources/AuthScope/Scope+RegularExpressions.swift:51:13: error: unary operator cannot be separated from its operand
            /^/
            ^

/Users/admin/builder/spi-builder-workspace/Sources/AuthScope/Scope+RegularExpressions.swift:53:14: error: '$' is not an identifier; use backticks to escape it
            /$/
             ^
             `$`
/Users/admin/builder/spi-builder-workspace/Sources/AuthScope/Scope+RegularExpressions.swift:61:53: error: expected expression after unary operator
        guard !accessRanges.isEmpty else { return /^.*$/ }
                                                    ^
/Users/admin/builder/spi-builder-workspace/Sources/AuthScope/Scope+RegularExpressions.swift:61:55: error: '$' is not an identifier; use backticks to escape it
        guard !accessRanges.isEmpty else { return /^.*$/ }
                                                      ^
                                                      `$`
/Users/admin/builder/spi-builder-workspace/Sources/AuthScope/Scope+RegularExpressions.swift:63:13: error: unary operator cannot be separated from its operand
            /^/
            ^

/Users/admin/builder/spi-builder-workspace/Sources/AuthScope/Scope+RegularExpressions.swift:65:14: error: '$' is not an identifier; use backticks to escape it
            /$/
             ^
             `$`
/Users/admin/builder/spi-builder-workspace/Sources/AuthScope/Scope+RegularExpressions.swift:73:53: error: expected expression after unary operator
        guard !accessRanges.isEmpty else { return /^.*$/ }
                                                    ^
/Users/admin/builder/spi-builder-workspace/Sources/AuthScope/Scope+RegularExpressions.swift:73:55: error: '$' is not an identifier; use backticks to escape it
        guard !accessRanges.isEmpty else { return /^.*$/ }
                                                      ^
                                                      `$`
/Users/admin/builder/spi-builder-workspace/Sources/AuthScope/Scope+RegularExpressions.swift:75:13: error: unary operator cannot be separated from its operand
            /^/
            ^

/Users/admin/builder/spi-builder-workspace/Sources/AuthScope/Scope+RegularExpressions.swift:77:14: error: '$' is not an identifier; use backticks to escape it
            /$/
             ^
             `$`
/Users/admin/builder/spi-builder-workspace/Sources/AuthScope/Scope+RegularExpressions.swift:49:51: error: cannot find operator '/^' in scope
        guard !accessRanges.isEmpty else { return /^$/ }
                                                  ^~
/Users/admin/builder/spi-builder-workspace/Sources/AuthScope/Scope+RegularExpressions.swift:49:54: error: '/' is not a postfix unary operator
        guard !accessRanges.isEmpty else { return /^$/ }
                                                     ^
/Users/admin/builder/spi-builder-workspace/Sources/AuthScope/Scope+RegularExpressions.swift:49:53: error: cannot find '$' in scope
        guard !accessRanges.isEmpty else { return /^$/ }
                                                    ^
/Users/admin/builder/spi-builder-workspace/Sources/AuthScope/Scope+RegularExpressions.swift:51:13: error: cannot find operator '/^/' in scope
            /^/
            ^~~
/Users/admin/builder/spi-builder-workspace/Sources/AuthScope/Scope+RegularExpressions.swift:53:13: error: '/' is not a prefix unary operator
            /$/
            ^
/Users/admin/builder/spi-builder-workspace/Sources/AuthScope/Scope+RegularExpressions.swift:53:15: error: '/' is not a postfix unary operator
            /$/
              ^
/Users/admin/builder/spi-builder-workspace/Sources/AuthScope/Scope+RegularExpressions.swift:53:14: error: cannot find '$' in scope
            /$/
             ^
/Users/admin/builder/spi-builder-workspace/Sources/AuthScope/Scope+RegularExpressions.swift:61:51: error: cannot find operator '/^' in scope
        guard !accessRanges.isEmpty else { return /^.*$/ }
                                                  ^~
/Users/admin/builder/spi-builder-workspace/Sources/AuthScope/Scope+RegularExpressions.swift:61:53: error: cannot find operator '.*' in scope
        guard !accessRanges.isEmpty else { return /^.*$/ }
                                                    ^~
/Users/admin/builder/spi-builder-workspace/Sources/AuthScope/Scope+RegularExpressions.swift:61:56: error: '/' is not a postfix unary operator
        guard !accessRanges.isEmpty else { return /^.*$/ }
                                                       ^
/Users/admin/builder/spi-builder-workspace/Sources/AuthScope/Scope+RegularExpressions.swift:61:55: error: cannot find '$' in scope
        guard !accessRanges.isEmpty else { return /^.*$/ }
                                                      ^
/Users/admin/builder/spi-builder-workspace/Sources/AuthScope/Scope+RegularExpressions.swift:63:13: error: cannot find operator '/^/' in scope
            /^/
            ^~~
/Users/admin/builder/spi-builder-workspace/Sources/AuthScope/Scope+RegularExpressions.swift:65:13: error: '/' is not a prefix unary operator
            /$/
            ^
/Users/admin/builder/spi-builder-workspace/Sources/AuthScope/Scope+RegularExpressions.swift:65:15: error: '/' is not a postfix unary operator
            /$/
              ^
/Users/admin/builder/spi-builder-workspace/Sources/AuthScope/Scope+RegularExpressions.swift:65:14: error: cannot find '$' in scope
            /$/
             ^
/Users/admin/builder/spi-builder-workspace/Sources/AuthScope/Scope+RegularExpressions.swift:73:51: error: cannot find operator '/^' in scope
        guard !accessRanges.isEmpty else { return /^.*$/ }
                                                  ^~
/Users/admin/builder/spi-builder-workspace/Sources/AuthScope/Scope+RegularExpressions.swift:73:53: error: cannot find operator '.*' in scope
        guard !accessRanges.isEmpty else { return /^.*$/ }
                                                    ^~
/Users/admin/builder/spi-builder-workspace/Sources/AuthScope/Scope+RegularExpressions.swift:73:56: error: '/' is not a postfix unary operator
        guard !accessRanges.isEmpty else { return /^.*$/ }
                                                       ^
/Users/admin/builder/spi-builder-workspace/Sources/AuthScope/Scope+RegularExpressions.swift:73:55: error: cannot find '$' in scope
        guard !accessRanges.isEmpty else { return /^.*$/ }
                                                      ^
/Users/admin/builder/spi-builder-workspace/Sources/AuthScope/Scope+RegularExpressions.swift:75:13: error: cannot find operator '/^/' in scope
            /^/
            ^~~
/Users/admin/builder/spi-builder-workspace/Sources/AuthScope/Scope+RegularExpressions.swift:77:13: error: '/' is not a prefix unary operator
            /$/
            ^
/Users/admin/builder/spi-builder-workspace/Sources/AuthScope/Scope+RegularExpressions.swift:77:15: error: '/' is not a postfix unary operator
            /$/
              ^
/Users/admin/builder/spi-builder-workspace/Sources/AuthScope/Scope+RegularExpressions.swift:77:14: error: cannot find '$' in scope
            /$/
             ^
SwiftCompile normal arm64 Compiling\ Scope.swift /Users/admin/builder/spi-builder-workspace/Sources/AuthScope/Scope.swift (in target 'AuthScope' from project 'auth-scope')
    cd /Users/admin/builder/spi-builder-workspace
    builtin-swiftTaskExecution -- /Library/Developer/Toolchains/swift-6.0-DEVELOPMENT-SNAPSHOT-2024-05-26-a.xctoolchain/usr/bin/swift-frontend -frontend -c /Users/admin/builder/spi-builder-workspace/Sources/AuthScope/AccessRangeProtocol.swift /Users/admin/builder/spi-builder-workspace/Sources/AuthScope/Scope+Codable.swift /Users/admin/builder/spi-builder-workspace/Sources/AuthScope/Scope+Collection.swift /Users/admin/builder/spi-builder-workspace/Sources/AuthScope/Scope+CustomStringConvertible.swift /Users/admin/builder/spi-builder-workspace/Sources/AuthScope/Scope+Defaults.swift /Users/admin/builder/spi-builder-workspace/Sources/AuthScope/Scope+RegularExpressions.swift /Users/admin/builder/spi-builder-workspace/Sources/AuthScope/Scope+ScopeString.swift /Users/admin/builder/spi-builder-workspace/Sources/AuthScope/Scope+SetAlgebra.swift -primary-file /Users/admin/builder/spi-builder-workspace/Sources/AuthScope/Scope.swift -emit-dependencies-path /Users/admin/builder/spi-builder-workspace/.derivedData/Build/Intermediates.noindex/auth-scope.build/Debug-xros/AuthScope.build/Objects-normal/arm64/Scope.d -emit-const-values-path /Users/admin/builder/spi-builder-workspace/.derivedData/Build/Intermediates.noindex/auth-scope.build/Debug-xros/AuthScope.build/Objects-normal/arm64/Scope.swiftconstvalues -emit-reference-dependencies-path /Users/admin/builder/spi-builder-workspace/.derivedData/Build/Intermediates.noindex/auth-scope.build/Debug-xros/AuthScope.build/Objects-normal/arm64/Scope.swiftdeps -serialize-diagnostics-path /Users/admin/builder/spi-builder-workspace/.derivedData/Build/Intermediates.noindex/auth-scope.build/Debug-xros/AuthScope.build/Objects-normal/arm64/Scope.dia -target arm64-apple-xros1.0 -Xllvm -aarch64-use-tbi -enable-objc-interop -sdk /Applications/Xcode-15.3.0.app/Contents/Developer/Platforms/XROS.platform/Developer/SDKs/XROS1.1.sdk -I /Users/admin/builder/spi-builder-workspace/.derivedData/Build/Products/Debug-xros -I /Applications/Xcode-15.3.0.app/Contents/Developer/Platforms/XROS.platform/Developer/usr/lib -F /Users/admin/builder/spi-builder-workspace/.derivedData/Build/Products/Debug-xros -F /Applications/Xcode-15.3.0.app/Contents/Developer/Platforms/XROS.platform/Developer/Library/Frameworks -F /Applications/Xcode-15.3.0.app/Contents/Developer/Platforms/XROS.platform/Developer/SDKs/XROS1.1.sdk/Developer/Library/Frameworks -no-color-diagnostics -enable-testing -g -module-cache-path /Users/admin/builder/spi-builder-workspace/.derivedData/ModuleCache.noindex -profile-generate -profile-coverage-mapping -swift-version 5 -enforce-exclusivity\=checked -stats-output-dir /Users/admin/builder/spi-builder-workspace/.stats -Onone -D SWIFT_PACKAGE -D DEBUG -serialize-debugging-options -package-name spi_builder_workspace -const-gather-protocols-file /Users/admin/builder/spi-builder-workspace/.derivedData/Build/Intermediates.noindex/auth-scope.build/Debug-xros/AuthScope.build/Objects-normal/arm64/AuthScope_const_extract_protocols.json -strict-concurrency\=complete -empty-abi-descriptor -validate-clang-modules-once -clang-build-session-file /Users/admin/builder/spi-builder-workspace/.derivedData/ModuleCache.noindex/Session.modulevalidation -Xcc -working-directory -Xcc /Users/admin/builder/spi-builder-workspace -resource-dir /Library/Developer/Toolchains/swift-6.0-DEVELOPMENT-SNAPSHOT-2024-05-26-a.xctoolchain/usr/lib/swift -enable-anonymous-context-mangled-names -Xcc -I/Users/admin/builder/spi-builder-workspace/.derivedData/Build/Intermediates.noindex/auth-scope.build/Debug-xros/AuthScope.build/swift-overrides.hmap -Xcc -I/Users/admin/builder/spi-builder-workspace/.derivedData/Build/Products/Debug-xros/include -Xcc -I/Users/admin/builder/spi-builder-workspace/.derivedData/Build/Intermediates.noindex/auth-scope.build/Debug-xros/AuthScope.build/DerivedSources-normal/arm64 -Xcc -I/Users/admin/builder/spi-builder-workspace/.derivedData/Build/Intermediates.noindex/auth-scope.build/Debug-xros/AuthScope.build/DerivedSources/arm64 -Xcc -I/Users/admin/builder/spi-builder-workspace/.derivedData/Build/Intermediates.noindex/auth-scope.build/Debug-xros/AuthScope.build/DerivedSources -Xcc -DSWIFT_PACKAGE -Xcc -DDEBUG\=1 -module-name AuthScope -frontend-parseable-output -disable-clang-spi -target-sdk-version 1.1 -target-sdk-name xros1.1 -external-plugin-path /Applications/Xcode-15.3.0.app/Contents/Developer/Platforms/XROS.platform/Developer/SDKs/XROS1.1.sdk/usr/lib/swift/host/plugins\#/Applications/Xcode-15.3.0.app/Contents/Developer/Platforms/XROS.platform/Developer/SDKs/XROS1.1.sdk/usr/bin/swift-plugin-server -external-plugin-path /Applications/Xcode-15.3.0.app/Contents/Developer/Platforms/XROS.platform/Developer/SDKs/XROS1.1.sdk/usr/local/lib/swift/host/plugins\#/Applications/Xcode-15.3.0.app/Contents/Developer/Platforms/XROS.platform/Developer/SDKs/XROS1.1.sdk/usr/bin/swift-plugin-server -external-plugin-path /Applications/Xcode-15.3.0.app/Contents/Developer/Platforms/XROS.platform/Developer/usr/lib/swift/host/plugins\#/Applications/Xcode-15.3.0.app/Contents/Developer/Platforms/XROS.platform/Developer/usr/bin/swift-plugin-server -external-plugin-path /Applications/Xcode-15.3.0.app/Contents/Developer/Platforms/XROS.platform/Developer/usr/local/lib/swift/host/plugins\#/Applications/Xcode-15.3.0.app/Contents/Developer/Platforms/XROS.platform/Developer/usr/bin/swift-plugin-server -plugin-path /Library/Developer/Toolchains/swift-6.0-DEVELOPMENT-SNAPSHOT-2024-05-26-a.xctoolchain/usr/lib/swift/host/plugins -plugin-path /Library/Developer/Toolchains/swift-6.0-DEVELOPMENT-SNAPSHOT-2024-05-26-a.xctoolchain/usr/local/lib/swift/host/plugins -o /Users/admin/builder/spi-builder-workspace/.derivedData/Build/Intermediates.noindex/auth-scope.build/Debug-xros/AuthScope.build/Objects-normal/arm64/Scope.o -index-unit-output-path /auth-scope.build/Debug-xros/AuthScope.build/Objects-normal/arm64/Scope.o -index-store-path /Users/admin/builder/spi-builder-workspace/.derivedData/Index.noindex/DataStore -index-system-modules
SwiftCompile normal arm64 /Users/admin/builder/spi-builder-workspace/Sources/AuthScope/Scope.swift (in target 'AuthScope' from project 'auth-scope')
    cd /Users/admin/builder/spi-builder-workspace
    /Library/Developer/Toolchains/swift-6.0-DEVELOPMENT-SNAPSHOT-2024-05-26-a.xctoolchain/usr/bin/swift-frontend -c /Users/admin/builder/spi-builder-workspace/Sources/AuthScope/AccessRangeProtocol.swift /Users/admin/builder/spi-builder-workspace/Sources/AuthScope/Scope+Codable.swift /Users/admin/builder/spi-builder-workspace/Sources/AuthScope/Scope+Collection.swift /Users/admin/builder/spi-builder-workspace/Sources/AuthScope/Scope+CustomStringConvertible.swift /Users/admin/builder/spi-builder-workspace/Sources/AuthScope/Scope+Defaults.swift /Users/admin/builder/spi-builder-workspace/Sources/AuthScope/Scope+RegularExpressions.swift /Users/admin/builder/spi-builder-workspace/Sources/AuthScope/Scope+ScopeString.swift /Users/admin/builder/spi-builder-workspace/Sources/AuthScope/Scope+SetAlgebra.swift -primary-file /Users/admin/builder/spi-builder-workspace/Sources/AuthScope/Scope.swift -emit-dependencies-path /Users/admin/builder/spi-builder-workspace/.derivedData/Build/Intermediates.noindex/auth-scope.build/Debug-xros/AuthScope.build/Objects-normal/arm64/Scope.d -emit-const-values-path /Users/admin/builder/spi-builder-workspace/.derivedData/Build/Intermediates.noindex/auth-scope.build/Debug-xros/AuthScope.build/Objects-normal/arm64/Scope.swiftconstvalues -emit-reference-dependencies-path /Users/admin/builder/spi-builder-workspace/.derivedData/Build/Intermediates.noindex/auth-scope.build/Debug-xros/AuthScope.build/Objects-normal/arm64/Scope.swiftdeps -serialize-diagnostics-path /Users/admin/builder/spi-builder-workspace/.derivedData/Build/Intermediates.noindex/auth-scope.build/Debug-xros/AuthScope.build/Objects-normal/arm64/Scope.dia -target arm64-apple-xros1.0 -Xllvm -aarch64-use-tbi -enable-objc-interop -sdk /Applications/Xcode-15.3.0.app/Contents/Developer/Platforms/XROS.platform/Developer/SDKs/XROS1.1.sdk -I /Users/admin/builder/spi-builder-workspace/.derivedData/Build/Products/Debug-xros -I /Applications/Xcode-15.3.0.app/Contents/Developer/Platforms/XROS.platform/Developer/usr/lib -F /Users/admin/builder/spi-builder-workspace/.derivedData/Build/Products/Debug-xros -F /Applications/Xcode-15.3.0.app/Contents/Developer/Platforms/XROS.platform/Developer/Library/Frameworks -F /Applications/Xcode-15.3.0.app/Contents/Developer/Platforms/XROS.platform/Developer/SDKs/XROS1.1.sdk/Developer/Library/Frameworks -no-color-diagnostics -enable-testing -g -module-cache-path /Users/admin/builder/spi-builder-workspace/.derivedData/ModuleCache.noindex -profile-generate -profile-coverage-mapping -swift-version 5 -enforce-exclusivity\=checked -stats-output-dir /Users/admin/builder/spi-builder-workspace/.stats -Onone -D SWIFT_PACKAGE -D DEBUG -serialize-debugging-options -package-name spi_builder_workspace -const-gather-protocols-file /Users/admin/builder/spi-builder-workspace/.derivedData/Build/Intermediates.noindex/auth-scope.build/Debug-xros/AuthScope.build/Objects-normal/arm64/AuthScope_const_extract_protocols.json -strict-concurrency\=complete -empty-abi-descriptor -validate-clang-modules-once -clang-build-session-file /Users/admin/builder/spi-builder-workspace/.derivedData/ModuleCache.noindex/Session.modulevalidation -Xcc -working-directory -Xcc /Users/admin/builder/spi-builder-workspace -resource-dir /Library/Developer/Toolchains/swift-6.0-DEVELOPMENT-SNAPSHOT-2024-05-26-a.xctoolchain/usr/lib/swift -enable-anonymous-context-mangled-names -Xcc -I/Users/admin/builder/spi-builder-workspace/.derivedData/Build/Intermediates.noindex/auth-scope.build/Debug-xros/AuthScope.build/swift-overrides.hmap -Xcc -I/Users/admin/builder/spi-builder-workspace/.derivedData/Build/Products/Debug-xros/include -Xcc -I/Users/admin/builder/spi-builder-workspace/.derivedData/Build/Intermediates.noindex/auth-scope.build/Debug-xros/AuthScope.build/DerivedSources-normal/arm64 -Xcc -I/Users/admin/builder/spi-builder-workspace/.derivedData/Build/Intermediates.noindex/auth-scope.build/Debug-xros/AuthScope.build/DerivedSources/arm64 -Xcc -I/Users/admin/builder/spi-builder-workspace/.derivedData/Build/Intermediates.noindex/auth-scope.build/Debug-xros/AuthScope.build/DerivedSources -Xcc -DSWIFT_PACKAGE -Xcc -DDEBUG\=1 -module-name AuthScope -frontend-parseable-output -disable-clang-spi -target-sdk-version 1.1 -target-sdk-name xros1.1 -external-plugin-path /Applications/Xcode-15.3.0.app/Contents/Developer/Platforms/XROS.platform/Developer/SDKs/XROS1.1.sdk/usr/lib/swift/host/plugins\#/Applications/Xcode-15.3.0.app/Contents/Developer/Platforms/XROS.platform/Developer/SDKs/XROS1.1.sdk/usr/bin/swift-plugin-server -external-plugin-path /Applications/Xcode-15.3.0.app/Contents/Developer/Platforms/XROS.platform/Developer/SDKs/XROS1.1.sdk/usr/local/lib/swift/host/plugins\#/Applications/Xcode-15.3.0.app/Contents/Developer/Platforms/XROS.platform/Developer/SDKs/XROS1.1.sdk/usr/bin/swift-plugin-server -external-plugin-path /Applications/Xcode-15.3.0.app/Contents/Developer/Platforms/XROS.platform/Developer/usr/lib/swift/host/plugins\#/Applications/Xcode-15.3.0.app/Contents/Developer/Platforms/XROS.platform/Developer/usr/bin/swift-plugin-server -external-plugin-path /Applications/Xcode-15.3.0.app/Contents/Developer/Platforms/XROS.platform/Developer/usr/local/lib/swift/host/plugins\#/Applications/Xcode-15.3.0.app/Contents/Developer/Platforms/XROS.platform/Developer/usr/bin/swift-plugin-server -plugin-path /Library/Developer/Toolchains/swift-6.0-DEVELOPMENT-SNAPSHOT-2024-05-26-a.xctoolchain/usr/lib/swift/host/plugins -plugin-path /Library/Developer/Toolchains/swift-6.0-DEVELOPMENT-SNAPSHOT-2024-05-26-a.xctoolchain/usr/local/lib/swift/host/plugins -o /Users/admin/builder/spi-builder-workspace/.derivedData/Build/Intermediates.noindex/auth-scope.build/Debug-xros/AuthScope.build/Objects-normal/arm64/Scope.o -index-unit-output-path /auth-scope.build/Debug-xros/AuthScope.build/Objects-normal/arm64/Scope.o -index-store-path /Users/admin/builder/spi-builder-workspace/.derivedData/Index.noindex/DataStore -index-system-modules
SwiftCompile normal arm64 Compiling\ Scope+Collection.swift /Users/admin/builder/spi-builder-workspace/Sources/AuthScope/Scope+Collection.swift (in target 'AuthScope' from project 'auth-scope')
    cd /Users/admin/builder/spi-builder-workspace
    builtin-swiftTaskExecution -- /Library/Developer/Toolchains/swift-6.0-DEVELOPMENT-SNAPSHOT-2024-05-26-a.xctoolchain/usr/bin/swift-frontend -frontend -c /Users/admin/builder/spi-builder-workspace/Sources/AuthScope/AccessRangeProtocol.swift /Users/admin/builder/spi-builder-workspace/Sources/AuthScope/Scope+Codable.swift -primary-file /Users/admin/builder/spi-builder-workspace/Sources/AuthScope/Scope+Collection.swift /Users/admin/builder/spi-builder-workspace/Sources/AuthScope/Scope+CustomStringConvertible.swift /Users/admin/builder/spi-builder-workspace/Sources/AuthScope/Scope+Defaults.swift /Users/admin/builder/spi-builder-workspace/Sources/AuthScope/Scope+RegularExpressions.swift /Users/admin/builder/spi-builder-workspace/Sources/AuthScope/Scope+ScopeString.swift /Users/admin/builder/spi-builder-workspace/Sources/AuthScope/Scope+SetAlgebra.swift /Users/admin/builder/spi-builder-workspace/Sources/AuthScope/Scope.swift -emit-dependencies-path /Users/admin/builder/spi-builder-workspace/.derivedData/Build/Intermediates.noindex/auth-scope.build/Debug-xros/AuthScope.build/Objects-normal/arm64/Scope+Collection.d -emit-const-values-path /Users/admin/builder/spi-builder-workspace/.derivedData/Build/Intermediates.noindex/auth-scope.build/Debug-xros/AuthScope.build/Objects-normal/arm64/Scope+Collection.swiftconstvalues -emit-reference-dependencies-path /Users/admin/builder/spi-builder-workspace/.derivedData/Build/Intermediates.noindex/auth-scope.build/Debug-xros/AuthScope.build/Objects-normal/arm64/Scope+Collection.swiftdeps -serialize-diagnostics-path /Users/admin/builder/spi-builder-workspace/.derivedData/Build/Intermediates.noindex/auth-scope.build/Debug-xros/AuthScope.build/Objects-normal/arm64/Scope+Collection.dia -target arm64-apple-xros1.0 -Xllvm -aarch64-use-tbi -enable-objc-interop -sdk /Applications/Xcode-15.3.0.app/Contents/Developer/Platforms/XROS.platform/Developer/SDKs/XROS1.1.sdk -I /Users/admin/builder/spi-builder-workspace/.derivedData/Build/Products/Debug-xros -I /Applications/Xcode-15.3.0.app/Contents/Developer/Platforms/XROS.platform/Developer/usr/lib -F /Users/admin/builder/spi-builder-workspace/.derivedData/Build/Products/Debug-xros -F /Applications/Xcode-15.3.0.app/Contents/Developer/Platforms/XROS.platform/Developer/Library/Frameworks -F /Applications/Xcode-15.3.0.app/Contents/Developer/Platforms/XROS.platform/Developer/SDKs/XROS1.1.sdk/Developer/Library/Frameworks -no-color-diagnostics -enable-testing -g -module-cache-path /Users/admin/builder/spi-builder-workspace/.derivedData/ModuleCache.noindex -profile-generate -profile-coverage-mapping -swift-version 5 -enforce-exclusivity\=checked -stats-output-dir /Users/admin/builder/spi-builder-workspace/.stats -Onone -D SWIFT_PACKAGE -D DEBUG -serialize-debugging-options -package-name spi_builder_workspace -const-gather-protocols-file /Users/admin/builder/spi-builder-workspace/.derivedData/Build/Intermediates.noindex/auth-scope.build/Debug-xros/AuthScope.build/Objects-normal/arm64/AuthScope_const_extract_protocols.json -strict-concurrency\=complete -empty-abi-descriptor -validate-clang-modules-once -clang-build-session-file /Users/admin/builder/spi-builder-workspace/.derivedData/ModuleCache.noindex/Session.modulevalidation -Xcc -working-directory -Xcc /Users/admin/builder/spi-builder-workspace -resource-dir /Library/Developer/Toolchains/swift-6.0-DEVELOPMENT-SNAPSHOT-2024-05-26-a.xctoolchain/usr/lib/swift -enable-anonymous-context-mangled-names -Xcc -I/Users/admin/builder/spi-builder-workspace/.derivedData/Build/Intermediates.noindex/auth-scope.build/Debug-xros/AuthScope.build/swift-overrides.hmap -Xcc -I/Users/admin/builder/spi-builder-workspace/.derivedData/Build/Products/Debug-xros/include -Xcc -I/Users/admin/builder/spi-builder-workspace/.derivedData/Build/Intermediates.noindex/auth-scope.build/Debug-xros/AuthScope.build/DerivedSources-normal/arm64 -Xcc -I/Users/admin/builder/spi-builder-workspace/.derivedData/Build/Intermediates.noindex/auth-scope.build/Debug-xros/AuthScope.build/DerivedSources/arm64 -Xcc -I/Users/admin/builder/spi-builder-workspace/.derivedData/Build/Intermediates.noindex/auth-scope.build/Debug-xros/AuthScope.build/DerivedSources -Xcc -DSWIFT_PACKAGE -Xcc -DDEBUG\=1 -module-name AuthScope -frontend-parseable-output -disable-clang-spi -target-sdk-version 1.1 -target-sdk-name xros1.1 -external-plugin-path /Applications/Xcode-15.3.0.app/Contents/Developer/Platforms/XROS.platform/Developer/SDKs/XROS1.1.sdk/usr/lib/swift/host/plugins\#/Applications/Xcode-15.3.0.app/Contents/Developer/Platforms/XROS.platform/Developer/SDKs/XROS1.1.sdk/usr/bin/swift-plugin-server -external-plugin-path /Applications/Xcode-15.3.0.app/Contents/Developer/Platforms/XROS.platform/Developer/SDKs/XROS1.1.sdk/usr/local/lib/swift/host/plugins\#/Applications/Xcode-15.3.0.app/Contents/Developer/Platforms/XROS.platform/Developer/SDKs/XROS1.1.sdk/usr/bin/swift-plugin-server -external-plugin-path /Applications/Xcode-15.3.0.app/Contents/Developer/Platforms/XROS.platform/Developer/usr/lib/swift/host/plugins\#/Applications/Xcode-15.3.0.app/Contents/Developer/Platforms/XROS.platform/Developer/usr/bin/swift-plugin-server -external-plugin-path /Applications/Xcode-15.3.0.app/Contents/Developer/Platforms/XROS.platform/Developer/usr/local/lib/swift/host/plugins\#/Applications/Xcode-15.3.0.app/Contents/Developer/Platforms/XROS.platform/Developer/usr/bin/swift-plugin-server -plugin-path /Library/Developer/Toolchains/swift-6.0-DEVELOPMENT-SNAPSHOT-2024-05-26-a.xctoolchain/usr/lib/swift/host/plugins -plugin-path /Library/Developer/Toolchains/swift-6.0-DEVELOPMENT-SNAPSHOT-2024-05-26-a.xctoolchain/usr/local/lib/swift/host/plugins -o /Users/admin/builder/spi-builder-workspace/.derivedData/Build/Intermediates.noindex/auth-scope.build/Debug-xros/AuthScope.build/Objects-normal/arm64/Scope+Collection.o -index-unit-output-path /auth-scope.build/Debug-xros/AuthScope.build/Objects-normal/arm64/Scope+Collection.o -index-store-path /Users/admin/builder/spi-builder-workspace/.derivedData/Index.noindex/DataStore -index-system-modules
SwiftCompile normal arm64 /Users/admin/builder/spi-builder-workspace/Sources/AuthScope/Scope+Collection.swift (in target 'AuthScope' from project 'auth-scope')
    cd /Users/admin/builder/spi-builder-workspace
    /Library/Developer/Toolchains/swift-6.0-DEVELOPMENT-SNAPSHOT-2024-05-26-a.xctoolchain/usr/bin/swift-frontend -c /Users/admin/builder/spi-builder-workspace/Sources/AuthScope/AccessRangeProtocol.swift /Users/admin/builder/spi-builder-workspace/Sources/AuthScope/Scope+Codable.swift -primary-file /Users/admin/builder/spi-builder-workspace/Sources/AuthScope/Scope+Collection.swift /Users/admin/builder/spi-builder-workspace/Sources/AuthScope/Scope+CustomStringConvertible.swift /Users/admin/builder/spi-builder-workspace/Sources/AuthScope/Scope+Defaults.swift /Users/admin/builder/spi-builder-workspace/Sources/AuthScope/Scope+RegularExpressions.swift /Users/admin/builder/spi-builder-workspace/Sources/AuthScope/Scope+ScopeString.swift /Users/admin/builder/spi-builder-workspace/Sources/AuthScope/Scope+SetAlgebra.swift /Users/admin/builder/spi-builder-workspace/Sources/AuthScope/Scope.swift -emit-dependencies-path /Users/admin/builder/spi-builder-workspace/.derivedData/Build/Intermediates.noindex/auth-scope.build/Debug-xros/AuthScope.build/Objects-normal/arm64/Scope+Collection.d -emit-const-values-path /Users/admin/builder/spi-builder-workspace/.derivedData/Build/Intermediates.noindex/auth-scope.build/Debug-xros/AuthScope.build/Objects-normal/arm64/Scope+Collection.swiftconstvalues -emit-reference-dependencies-path /Users/admin/builder/spi-builder-workspace/.derivedData/Build/Intermediates.noindex/auth-scope.build/Debug-xros/AuthScope.build/Objects-normal/arm64/Scope+Collection.swiftdeps -serialize-diagnostics-path /Users/admin/builder/spi-builder-workspace/.derivedData/Build/Intermediates.noindex/auth-scope.build/Debug-xros/AuthScope.build/Objects-normal/arm64/Scope+Collection.dia -target arm64-apple-xros1.0 -Xllvm -aarch64-use-tbi -enable-objc-interop -sdk /Applications/Xcode-15.3.0.app/Contents/Developer/Platforms/XROS.platform/Developer/SDKs/XROS1.1.sdk -I /Users/admin/builder/spi-builder-workspace/.derivedData/Build/Products/Debug-xros -I /Applications/Xcode-15.3.0.app/Contents/Developer/Platforms/XROS.platform/Developer/usr/lib -F /Users/admin/builder/spi-builder-workspace/.derivedData/Build/Products/Debug-xros -F /Applications/Xcode-15.3.0.app/Contents/Developer/Platforms/XROS.platform/Developer/Library/Frameworks -F /Applications/Xcode-15.3.0.app/Contents/Developer/Platforms/XROS.platform/Developer/SDKs/XROS1.1.sdk/Developer/Library/Frameworks -no-color-diagnostics -enable-testing -g -module-cache-path /Users/admin/builder/spi-builder-workspace/.derivedData/ModuleCache.noindex -profile-generate -profile-coverage-mapping -swift-version 5 -enforce-exclusivity\=checked -stats-output-dir /Users/admin/builder/spi-builder-workspace/.stats -Onone -D SWIFT_PACKAGE -D DEBUG -serialize-debugging-options -package-name spi_builder_workspace -const-gather-protocols-file /Users/admin/builder/spi-builder-workspace/.derivedData/Build/Intermediates.noindex/auth-scope.build/Debug-xros/AuthScope.build/Objects-normal/arm64/AuthScope_const_extract_protocols.json -strict-concurrency\=complete -empty-abi-descriptor -validate-clang-modules-once -clang-build-session-file /Users/admin/builder/spi-builder-workspace/.derivedData/ModuleCache.noindex/Session.modulevalidation -Xcc -working-directory -Xcc /Users/admin/builder/spi-builder-workspace -resource-dir /Library/Developer/Toolchains/swift-6.0-DEVELOPMENT-SNAPSHOT-2024-05-26-a.xctoolchain/usr/lib/swift -enable-anonymous-context-mangled-names -Xcc -I/Users/admin/builder/spi-builder-workspace/.derivedData/Build/Intermediates.noindex/auth-scope.build/Debug-xros/AuthScope.build/swift-overrides.hmap -Xcc -I/Users/admin/builder/spi-builder-workspace/.derivedData/Build/Products/Debug-xros/include -Xcc -I/Users/admin/builder/spi-builder-workspace/.derivedData/Build/Intermediates.noindex/auth-scope.build/Debug-xros/AuthScope.build/DerivedSources-normal/arm64 -Xcc -I/Users/admin/builder/spi-builder-workspace/.derivedData/Build/Intermediates.noindex/auth-scope.build/Debug-xros/AuthScope.build/DerivedSources/arm64 -Xcc -I/Users/admin/builder/spi-builder-workspace/.derivedData/Build/Intermediates.noindex/auth-scope.build/Debug-xros/AuthScope.build/DerivedSources -Xcc -DSWIFT_PACKAGE -Xcc -DDEBUG\=1 -module-name AuthScope -frontend-parseable-output -disable-clang-spi -target-sdk-version 1.1 -target-sdk-name xros1.1 -external-plugin-path /Applications/Xcode-15.3.0.app/Contents/Developer/Platforms/XROS.platform/Developer/SDKs/XROS1.1.sdk/usr/lib/swift/host/plugins\#/Applications/Xcode-15.3.0.app/Contents/Developer/Platforms/XROS.platform/Developer/SDKs/XROS1.1.sdk/usr/bin/swift-plugin-server -external-plugin-path /Applications/Xcode-15.3.0.app/Contents/Developer/Platforms/XROS.platform/Developer/SDKs/XROS1.1.sdk/usr/local/lib/swift/host/plugins\#/Applications/Xcode-15.3.0.app/Contents/Developer/Platforms/XROS.platform/Developer/SDKs/XROS1.1.sdk/usr/bin/swift-plugin-server -external-plugin-path /Applications/Xcode-15.3.0.app/Contents/Developer/Platforms/XROS.platform/Developer/usr/lib/swift/host/plugins\#/Applications/Xcode-15.3.0.app/Contents/Developer/Platforms/XROS.platform/Developer/usr/bin/swift-plugin-server -external-plugin-path /Applications/Xcode-15.3.0.app/Contents/Developer/Platforms/XROS.platform/Developer/usr/local/lib/swift/host/plugins\#/Applications/Xcode-15.3.0.app/Contents/Developer/Platforms/XROS.platform/Developer/usr/bin/swift-plugin-server -plugin-path /Library/Developer/Toolchains/swift-6.0-DEVELOPMENT-SNAPSHOT-2024-05-26-a.xctoolchain/usr/lib/swift/host/plugins -plugin-path /Library/Developer/Toolchains/swift-6.0-DEVELOPMENT-SNAPSHOT-2024-05-26-a.xctoolchain/usr/local/lib/swift/host/plugins -o /Users/admin/builder/spi-builder-workspace/.derivedData/Build/Intermediates.noindex/auth-scope.build/Debug-xros/AuthScope.build/Objects-normal/arm64/Scope+Collection.o -index-unit-output-path /auth-scope.build/Debug-xros/AuthScope.build/Objects-normal/arm64/Scope+Collection.o -index-store-path /Users/admin/builder/spi-builder-workspace/.derivedData/Index.noindex/DataStore -index-system-modules
SwiftCompile normal arm64 Compiling\ Scope+ScopeString.swift /Users/admin/builder/spi-builder-workspace/Sources/AuthScope/Scope+ScopeString.swift (in target 'AuthScope' from project 'auth-scope')
    cd /Users/admin/builder/spi-builder-workspace
    builtin-swiftTaskExecution -- /Library/Developer/Toolchains/swift-6.0-DEVELOPMENT-SNAPSHOT-2024-05-26-a.xctoolchain/usr/bin/swift-frontend -frontend -c /Users/admin/builder/spi-builder-workspace/Sources/AuthScope/AccessRangeProtocol.swift /Users/admin/builder/spi-builder-workspace/Sources/AuthScope/Scope+Codable.swift /Users/admin/builder/spi-builder-workspace/Sources/AuthScope/Scope+Collection.swift /Users/admin/builder/spi-builder-workspace/Sources/AuthScope/Scope+CustomStringConvertible.swift /Users/admin/builder/spi-builder-workspace/Sources/AuthScope/Scope+Defaults.swift /Users/admin/builder/spi-builder-workspace/Sources/AuthScope/Scope+RegularExpressions.swift -primary-file /Users/admin/builder/spi-builder-workspace/Sources/AuthScope/Scope+ScopeString.swift /Users/admin/builder/spi-builder-workspace/Sources/AuthScope/Scope+SetAlgebra.swift /Users/admin/builder/spi-builder-workspace/Sources/AuthScope/Scope.swift -emit-dependencies-path /Users/admin/builder/spi-builder-workspace/.derivedData/Build/Intermediates.noindex/auth-scope.build/Debug-xros/AuthScope.build/Objects-normal/arm64/Scope+ScopeString.d -emit-const-values-path /Users/admin/builder/spi-builder-workspace/.derivedData/Build/Intermediates.noindex/auth-scope.build/Debug-xros/AuthScope.build/Objects-normal/arm64/Scope+ScopeString.swiftconstvalues -emit-reference-dependencies-path /Users/admin/builder/spi-builder-workspace/.derivedData/Build/Intermediates.noindex/auth-scope.build/Debug-xros/AuthScope.build/Objects-normal/arm64/Scope+ScopeString.swiftdeps -serialize-diagnostics-path /Users/admin/builder/spi-builder-workspace/.derivedData/Build/Intermediates.noindex/auth-scope.build/Debug-xros/AuthScope.build/Objects-normal/arm64/Scope+ScopeString.dia -target arm64-apple-xros1.0 -Xllvm -aarch64-use-tbi -enable-objc-interop -sdk /Applications/Xcode-15.3.0.app/Contents/Developer/Platforms/XROS.platform/Developer/SDKs/XROS1.1.sdk -I /Users/admin/builder/spi-builder-workspace/.derivedData/Build/Products/Debug-xros -I /Applications/Xcode-15.3.0.app/Contents/Developer/Platforms/XROS.platform/Developer/usr/lib -F /Users/admin/builder/spi-builder-workspace/.derivedData/Build/Products/Debug-xros -F /Applications/Xcode-15.3.0.app/Contents/Developer/Platforms/XROS.platform/Developer/Library/Frameworks -F /Applications/Xcode-15.3.0.app/Contents/Developer/Platforms/XROS.platform/Developer/SDKs/XROS1.1.sdk/Developer/Library/Frameworks -no-color-diagnostics -enable-testing -g -module-cache-path /Users/admin/builder/spi-builder-workspace/.derivedData/ModuleCache.noindex -profile-generate -profile-coverage-mapping -swift-version 5 -enforce-exclusivity\=checked -stats-output-dir /Users/admin/builder/spi-builder-workspace/.stats -Onone -D SWIFT_PACKAGE -D DEBUG -serialize-debugging-options -package-name spi_builder_workspace -const-gather-protocols-file /Users/admin/builder/spi-builder-workspace/.derivedData/Build/Intermediates.noindex/auth-scope.build/Debug-xros/AuthScope.build/Objects-normal/arm64/AuthScope_const_extract_protocols.json -strict-concurrency\=complete -empty-abi-descriptor -validate-clang-modules-once -clang-build-session-file /Users/admin/builder/spi-builder-workspace/.derivedData/ModuleCache.noindex/Session.modulevalidation -Xcc -working-directory -Xcc /Users/admin/builder/spi-builder-workspace -resource-dir /Library/Developer/Toolchains/swift-6.0-DEVELOPMENT-SNAPSHOT-2024-05-26-a.xctoolchain/usr/lib/swift -enable-anonymous-context-mangled-names -Xcc -I/Users/admin/builder/spi-builder-workspace/.derivedData/Build/Intermediates.noindex/auth-scope.build/Debug-xros/AuthScope.build/swift-overrides.hmap -Xcc -I/Users/admin/builder/spi-builder-workspace/.derivedData/Build/Products/Debug-xros/include -Xcc -I/Users/admin/builder/spi-builder-workspace/.derivedData/Build/Intermediates.noindex/auth-scope.build/Debug-xros/AuthScope.build/DerivedSources-normal/arm64 -Xcc -I/Users/admin/builder/spi-builder-workspace/.derivedData/Build/Intermediates.noindex/auth-scope.build/Debug-xros/AuthScope.build/DerivedSources/arm64 -Xcc -I/Users/admin/builder/spi-builder-workspace/.derivedData/Build/Intermediates.noindex/auth-scope.build/Debug-xros/AuthScope.build/DerivedSources -Xcc -DSWIFT_PACKAGE -Xcc -DDEBUG\=1 -module-name AuthScope -frontend-parseable-output -disable-clang-spi -target-sdk-version 1.1 -target-sdk-name xros1.1 -external-plugin-path /Applications/Xcode-15.3.0.app/Contents/Developer/Platforms/XROS.platform/Developer/SDKs/XROS1.1.sdk/usr/lib/swift/host/plugins\#/Applications/Xcode-15.3.0.app/Contents/Developer/Platforms/XROS.platform/Developer/SDKs/XROS1.1.sdk/usr/bin/swift-plugin-server -external-plugin-path /Applications/Xcode-15.3.0.app/Contents/Developer/Platforms/XROS.platform/Developer/SDKs/XROS1.1.sdk/usr/local/lib/swift/host/plugins\#/Applications/Xcode-15.3.0.app/Contents/Developer/Platforms/XROS.platform/Developer/SDKs/XROS1.1.sdk/usr/bin/swift-plugin-server -external-plugin-path /Applications/Xcode-15.3.0.app/Contents/Developer/Platforms/XROS.platform/Developer/usr/lib/swift/host/plugins\#/Applications/Xcode-15.3.0.app/Contents/Developer/Platforms/XROS.platform/Developer/usr/bin/swift-plugin-server -external-plugin-path /Applications/Xcode-15.3.0.app/Contents/Developer/Platforms/XROS.platform/Developer/usr/local/lib/swift/host/plugins\#/Applications/Xcode-15.3.0.app/Contents/Developer/Platforms/XROS.platform/Developer/usr/bin/swift-plugin-server -plugin-path /Library/Developer/Toolchains/swift-6.0-DEVELOPMENT-SNAPSHOT-2024-05-26-a.xctoolchain/usr/lib/swift/host/plugins -plugin-path /Library/Developer/Toolchains/swift-6.0-DEVELOPMENT-SNAPSHOT-2024-05-26-a.xctoolchain/usr/local/lib/swift/host/plugins -o /Users/admin/builder/spi-builder-workspace/.derivedData/Build/Intermediates.noindex/auth-scope.build/Debug-xros/AuthScope.build/Objects-normal/arm64/Scope+ScopeString.o -index-unit-output-path /auth-scope.build/Debug-xros/AuthScope.build/Objects-normal/arm64/Scope+ScopeString.o -index-store-path /Users/admin/builder/spi-builder-workspace/.derivedData/Index.noindex/DataStore -index-system-modules
SwiftCompile normal arm64 /Users/admin/builder/spi-builder-workspace/Sources/AuthScope/Scope+ScopeString.swift (in target 'AuthScope' from project 'auth-scope')
    cd /Users/admin/builder/spi-builder-workspace
    /Library/Developer/Toolchains/swift-6.0-DEVELOPMENT-SNAPSHOT-2024-05-26-a.xctoolchain/usr/bin/swift-frontend -c /Users/admin/builder/spi-builder-workspace/Sources/AuthScope/AccessRangeProtocol.swift /Users/admin/builder/spi-builder-workspace/Sources/AuthScope/Scope+Codable.swift /Users/admin/builder/spi-builder-workspace/Sources/AuthScope/Scope+Collection.swift /Users/admin/builder/spi-builder-workspace/Sources/AuthScope/Scope+CustomStringConvertible.swift /Users/admin/builder/spi-builder-workspace/Sources/AuthScope/Scope+Defaults.swift /Users/admin/builder/spi-builder-workspace/Sources/AuthScope/Scope+RegularExpressions.swift -primary-file /Users/admin/builder/spi-builder-workspace/Sources/AuthScope/Scope+ScopeString.swift /Users/admin/builder/spi-builder-workspace/Sources/AuthScope/Scope+SetAlgebra.swift /Users/admin/builder/spi-builder-workspace/Sources/AuthScope/Scope.swift -emit-dependencies-path /Users/admin/builder/spi-builder-workspace/.derivedData/Build/Intermediates.noindex/auth-scope.build/Debug-xros/AuthScope.build/Objects-normal/arm64/Scope+ScopeString.d -emit-const-values-path /Users/admin/builder/spi-builder-workspace/.derivedData/Build/Intermediates.noindex/auth-scope.build/Debug-xros/AuthScope.build/Objects-normal/arm64/Scope+ScopeString.swiftconstvalues -emit-reference-dependencies-path /Users/admin/builder/spi-builder-workspace/.derivedData/Build/Intermediates.noindex/auth-scope.build/Debug-xros/AuthScope.build/Objects-normal/arm64/Scope+ScopeString.swiftdeps -serialize-diagnostics-path /Users/admin/builder/spi-builder-workspace/.derivedData/Build/Intermediates.noindex/auth-scope.build/Debug-xros/AuthScope.build/Objects-normal/arm64/Scope+ScopeString.dia -target arm64-apple-xros1.0 -Xllvm -aarch64-use-tbi -enable-objc-interop -sdk /Applications/Xcode-15.3.0.app/Contents/Developer/Platforms/XROS.platform/Developer/SDKs/XROS1.1.sdk -I /Users/admin/builder/spi-builder-workspace/.derivedData/Build/Products/Debug-xros -I /Applications/Xcode-15.3.0.app/Contents/Developer/Platforms/XROS.platform/Developer/usr/lib -F /Users/admin/builder/spi-builder-workspace/.derivedData/Build/Products/Debug-xros -F /Applications/Xcode-15.3.0.app/Contents/Developer/Platforms/XROS.platform/Developer/Library/Frameworks -F /Applications/Xcode-15.3.0.app/Contents/Developer/Platforms/XROS.platform/Developer/SDKs/XROS1.1.sdk/Developer/Library/Frameworks -no-color-diagnostics -enable-testing -g -module-cache-path /Users/admin/builder/spi-builder-workspace/.derivedData/ModuleCache.noindex -profile-generate -profile-coverage-mapping -swift-version 5 -enforce-exclusivity\=checked -stats-output-dir /Users/admin/builder/spi-builder-workspace/.stats -Onone -D SWIFT_PACKAGE -D DEBUG -serialize-debugging-options -package-name spi_builder_workspace -const-gather-protocols-file /Users/admin/builder/spi-builder-workspace/.derivedData/Build/Intermediates.noindex/auth-scope.build/Debug-xros/AuthScope.build/Objects-normal/arm64/AuthScope_const_extract_protocols.json -strict-concurrency\=complete -empty-abi-descriptor -validate-clang-modules-once -clang-build-session-file /Users/admin/builder/spi-builder-workspace/.derivedData/ModuleCache.noindex/Session.modulevalidation -Xcc -working-directory -Xcc /Users/admin/builder/spi-builder-workspace -resource-dir /Library/Developer/Toolchains/swift-6.0-DEVELOPMENT-SNAPSHOT-2024-05-26-a.xctoolchain/usr/lib/swift -enable-anonymous-context-mangled-names -Xcc -I/Users/admin/builder/spi-builder-workspace/.derivedData/Build/Intermediates.noindex/auth-scope.build/Debug-xros/AuthScope.build/swift-overrides.hmap -Xcc -I/Users/admin/builder/spi-builder-workspace/.derivedData/Build/Products/Debug-xros/include -Xcc -I/Users/admin/builder/spi-builder-workspace/.derivedData/Build/Intermediates.noindex/auth-scope.build/Debug-xros/AuthScope.build/DerivedSources-normal/arm64 -Xcc -I/Users/admin/builder/spi-builder-workspace/.derivedData/Build/Intermediates.noindex/auth-scope.build/Debug-xros/AuthScope.build/DerivedSources/arm64 -Xcc -I/Users/admin/builder/spi-builder-workspace/.derivedData/Build/Intermediates.noindex/auth-scope.build/Debug-xros/AuthScope.build/DerivedSources -Xcc -DSWIFT_PACKAGE -Xcc -DDEBUG\=1 -module-name AuthScope -frontend-parseable-output -disable-clang-spi -target-sdk-version 1.1 -target-sdk-name xros1.1 -external-plugin-path /Applications/Xcode-15.3.0.app/Contents/Developer/Platforms/XROS.platform/Developer/SDKs/XROS1.1.sdk/usr/lib/swift/host/plugins\#/Applications/Xcode-15.3.0.app/Contents/Developer/Platforms/XROS.platform/Developer/SDKs/XROS1.1.sdk/usr/bin/swift-plugin-server -external-plugin-path /Applications/Xcode-15.3.0.app/Contents/Developer/Platforms/XROS.platform/Developer/SDKs/XROS1.1.sdk/usr/local/lib/swift/host/plugins\#/Applications/Xcode-15.3.0.app/Contents/Developer/Platforms/XROS.platform/Developer/SDKs/XROS1.1.sdk/usr/bin/swift-plugin-server -external-plugin-path /Applications/Xcode-15.3.0.app/Contents/Developer/Platforms/XROS.platform/Developer/usr/lib/swift/host/plugins\#/Applications/Xcode-15.3.0.app/Contents/Developer/Platforms/XROS.platform/Developer/usr/bin/swift-plugin-server -external-plugin-path /Applications/Xcode-15.3.0.app/Contents/Developer/Platforms/XROS.platform/Developer/usr/local/lib/swift/host/plugins\#/Applications/Xcode-15.3.0.app/Contents/Developer/Platforms/XROS.platform/Developer/usr/bin/swift-plugin-server -plugin-path /Library/Developer/Toolchains/swift-6.0-DEVELOPMENT-SNAPSHOT-2024-05-26-a.xctoolchain/usr/lib/swift/host/plugins -plugin-path /Library/Developer/Toolchains/swift-6.0-DEVELOPMENT-SNAPSHOT-2024-05-26-a.xctoolchain/usr/local/lib/swift/host/plugins -o /Users/admin/builder/spi-builder-workspace/.derivedData/Build/Intermediates.noindex/auth-scope.build/Debug-xros/AuthScope.build/Objects-normal/arm64/Scope+ScopeString.o -index-unit-output-path /auth-scope.build/Debug-xros/AuthScope.build/Objects-normal/arm64/Scope+ScopeString.o -index-store-path /Users/admin/builder/spi-builder-workspace/.derivedData/Index.noindex/DataStore -index-system-modules
SwiftCompile normal arm64 Compiling\ Scope+Codable.swift /Users/admin/builder/spi-builder-workspace/Sources/AuthScope/Scope+Codable.swift (in target 'AuthScope' from project 'auth-scope')
    cd /Users/admin/builder/spi-builder-workspace
    builtin-swiftTaskExecution -- /Library/Developer/Toolchains/swift-6.0-DEVELOPMENT-SNAPSHOT-2024-05-26-a.xctoolchain/usr/bin/swift-frontend -frontend -c /Users/admin/builder/spi-builder-workspace/Sources/AuthScope/AccessRangeProtocol.swift -primary-file /Users/admin/builder/spi-builder-workspace/Sources/AuthScope/Scope+Codable.swift /Users/admin/builder/spi-builder-workspace/Sources/AuthScope/Scope+Collection.swift /Users/admin/builder/spi-builder-workspace/Sources/AuthScope/Scope+CustomStringConvertible.swift /Users/admin/builder/spi-builder-workspace/Sources/AuthScope/Scope+Defaults.swift /Users/admin/builder/spi-builder-workspace/Sources/AuthScope/Scope+RegularExpressions.swift /Users/admin/builder/spi-builder-workspace/Sources/AuthScope/Scope+ScopeString.swift /Users/admin/builder/spi-builder-workspace/Sources/AuthScope/Scope+SetAlgebra.swift /Users/admin/builder/spi-builder-workspace/Sources/AuthScope/Scope.swift -emit-dependencies-path /Users/admin/builder/spi-builder-workspace/.derivedData/Build/Intermediates.noindex/auth-scope.build/Debug-xros/AuthScope.build/Objects-normal/arm64/Scope+Codable.d -emit-const-values-path /Users/admin/builder/spi-builder-workspace/.derivedData/Build/Intermediates.noindex/auth-scope.build/Debug-xros/AuthScope.build/Objects-normal/arm64/Scope+Codable.swiftconstvalues -emit-reference-dependencies-path /Users/admin/builder/spi-builder-workspace/.derivedData/Build/Intermediates.noindex/auth-scope.build/Debug-xros/AuthScope.build/Objects-normal/arm64/Scope+Codable.swiftdeps -serialize-diagnostics-path /Users/admin/builder/spi-builder-workspace/.derivedData/Build/Intermediates.noindex/auth-scope.build/Debug-xros/AuthScope.build/Objects-normal/arm64/Scope+Codable.dia -target arm64-apple-xros1.0 -Xllvm -aarch64-use-tbi -enable-objc-interop -sdk /Applications/Xcode-15.3.0.app/Contents/Developer/Platforms/XROS.platform/Developer/SDKs/XROS1.1.sdk -I /Users/admin/builder/spi-builder-workspace/.derivedData/Build/Products/Debug-xros -I /Applications/Xcode-15.3.0.app/Contents/Developer/Platforms/XROS.platform/Developer/usr/lib -F /Users/admin/builder/spi-builder-workspace/.derivedData/Build/Products/Debug-xros -F /Applications/Xcode-15.3.0.app/Contents/Developer/Platforms/XROS.platform/Developer/Library/Frameworks -F /Applications/Xcode-15.3.0.app/Contents/Developer/Platforms/XROS.platform/Developer/SDKs/XROS1.1.sdk/Developer/Library/Frameworks -no-color-diagnostics -enable-testing -g -module-cache-path /Users/admin/builder/spi-builder-workspace/.derivedData/ModuleCache.noindex -profile-generate -profile-coverage-mapping -swift-version 5 -enforce-exclusivity\=checked -stats-output-dir /Users/admin/builder/spi-builder-workspace/.stats -Onone -D SWIFT_PACKAGE -D DEBUG -serialize-debugging-options -package-name spi_builder_workspace -const-gather-protocols-file /Users/admin/builder/spi-builder-workspace/.derivedData/Build/Intermediates.noindex/auth-scope.build/Debug-xros/AuthScope.build/Objects-normal/arm64/AuthScope_const_extract_protocols.json -strict-concurrency\=complete -empty-abi-descriptor -validate-clang-modules-once -clang-build-session-file /Users/admin/builder/spi-builder-workspace/.derivedData/ModuleCache.noindex/Session.modulevalidation -Xcc -working-directory -Xcc /Users/admin/builder/spi-builder-workspace -resource-dir /Library/Developer/Toolchains/swift-6.0-DEVELOPMENT-SNAPSHOT-2024-05-26-a.xctoolchain/usr/lib/swift -enable-anonymous-context-mangled-names -Xcc -I/Users/admin/builder/spi-builder-workspace/.derivedData/Build/Intermediates.noindex/auth-scope.build/Debug-xros/AuthScope.build/swift-overrides.hmap -Xcc -I/Users/admin/builder/spi-builder-workspace/.derivedData/Build/Products/Debug-xros/include -Xcc -I/Users/admin/builder/spi-builder-workspace/.derivedData/Build/Intermediates.noindex/auth-scope.build/Debug-xros/AuthScope.build/DerivedSources-normal/arm64 -Xcc -I/Users/admin/builder/spi-builder-workspace/.derivedData/Build/Intermediates.noindex/auth-scope.build/Debug-xros/AuthScope.build/DerivedSources/arm64 -Xcc -I/Users/admin/builder/spi-builder-workspace/.derivedData/Build/Intermediates.noindex/auth-scope.build/Debug-xros/AuthScope.build/DerivedSources -Xcc -DSWIFT_PACKAGE -Xcc -DDEBUG\=1 -module-name AuthScope -frontend-parseable-output -disable-clang-spi -target-sdk-version 1.1 -target-sdk-name xros1.1 -external-plugin-path /Applications/Xcode-15.3.0.app/Contents/Developer/Platforms/XROS.platform/Developer/SDKs/XROS1.1.sdk/usr/lib/swift/host/plugins\#/Applications/Xcode-15.3.0.app/Contents/Developer/Platforms/XROS.platform/Developer/SDKs/XROS1.1.sdk/usr/bin/swift-plugin-server -external-plugin-path /Applications/Xcode-15.3.0.app/Contents/Developer/Platforms/XROS.platform/Developer/SDKs/XROS1.1.sdk/usr/local/lib/swift/host/plugins\#/Applications/Xcode-15.3.0.app/Contents/Developer/Platforms/XROS.platform/Developer/SDKs/XROS1.1.sdk/usr/bin/swift-plugin-server -external-plugin-path /Applications/Xcode-15.3.0.app/Contents/Developer/Platforms/XROS.platform/Developer/usr/lib/swift/host/plugins\#/Applications/Xcode-15.3.0.app/Contents/Developer/Platforms/XROS.platform/Developer/usr/bin/swift-plugin-server -external-plugin-path /Applications/Xcode-15.3.0.app/Contents/Developer/Platforms/XROS.platform/Developer/usr/local/lib/swift/host/plugins\#/Applications/Xcode-15.3.0.app/Contents/Developer/Platforms/XROS.platform/Developer/usr/bin/swift-plugin-server -plugin-path /Library/Developer/Toolchains/swift-6.0-DEVELOPMENT-SNAPSHOT-2024-05-26-a.xctoolchain/usr/lib/swift/host/plugins -plugin-path /Library/Developer/Toolchains/swift-6.0-DEVELOPMENT-SNAPSHOT-2024-05-26-a.xctoolchain/usr/local/lib/swift/host/plugins -o /Users/admin/builder/spi-builder-workspace/.derivedData/Build/Intermediates.noindex/auth-scope.build/Debug-xros/AuthScope.build/Objects-normal/arm64/Scope+Codable.o -index-unit-output-path /auth-scope.build/Debug-xros/AuthScope.build/Objects-normal/arm64/Scope+Codable.o -index-store-path /Users/admin/builder/spi-builder-workspace/.derivedData/Index.noindex/DataStore -index-system-modules
SwiftCompile normal arm64 /Users/admin/builder/spi-builder-workspace/Sources/AuthScope/Scope+Codable.swift (in target 'AuthScope' from project 'auth-scope')
    cd /Users/admin/builder/spi-builder-workspace
    /Library/Developer/Toolchains/swift-6.0-DEVELOPMENT-SNAPSHOT-2024-05-26-a.xctoolchain/usr/bin/swift-frontend -c /Users/admin/builder/spi-builder-workspace/Sources/AuthScope/AccessRangeProtocol.swift -primary-file /Users/admin/builder/spi-builder-workspace/Sources/AuthScope/Scope+Codable.swift /Users/admin/builder/spi-builder-workspace/Sources/AuthScope/Scope+Collection.swift /Users/admin/builder/spi-builder-workspace/Sources/AuthScope/Scope+CustomStringConvertible.swift /Users/admin/builder/spi-builder-workspace/Sources/AuthScope/Scope+Defaults.swift /Users/admin/builder/spi-builder-workspace/Sources/AuthScope/Scope+RegularExpressions.swift /Users/admin/builder/spi-builder-workspace/Sources/AuthScope/Scope+ScopeString.swift /Users/admin/builder/spi-builder-workspace/Sources/AuthScope/Scope+SetAlgebra.swift /Users/admin/builder/spi-builder-workspace/Sources/AuthScope/Scope.swift -emit-dependencies-path /Users/admin/builder/spi-builder-workspace/.derivedData/Build/Intermediates.noindex/auth-scope.build/Debug-xros/AuthScope.build/Objects-normal/arm64/Scope+Codable.d -emit-const-values-path /Users/admin/builder/spi-builder-workspace/.derivedData/Build/Intermediates.noindex/auth-scope.build/Debug-xros/AuthScope.build/Objects-normal/arm64/Scope+Codable.swiftconstvalues -emit-reference-dependencies-path /Users/admin/builder/spi-builder-workspace/.derivedData/Build/Intermediates.noindex/auth-scope.build/Debug-xros/AuthScope.build/Objects-normal/arm64/Scope+Codable.swiftdeps -serialize-diagnostics-path /Users/admin/builder/spi-builder-workspace/.derivedData/Build/Intermediates.noindex/auth-scope.build/Debug-xros/AuthScope.build/Objects-normal/arm64/Scope+Codable.dia -target arm64-apple-xros1.0 -Xllvm -aarch64-use-tbi -enable-objc-interop -sdk /Applications/Xcode-15.3.0.app/Contents/Developer/Platforms/XROS.platform/Developer/SDKs/XROS1.1.sdk -I /Users/admin/builder/spi-builder-workspace/.derivedData/Build/Products/Debug-xros -I /Applications/Xcode-15.3.0.app/Contents/Developer/Platforms/XROS.platform/Developer/usr/lib -F /Users/admin/builder/spi-builder-workspace/.derivedData/Build/Products/Debug-xros -F /Applications/Xcode-15.3.0.app/Contents/Developer/Platforms/XROS.platform/Developer/Library/Frameworks -F /Applications/Xcode-15.3.0.app/Contents/Developer/Platforms/XROS.platform/Developer/SDKs/XROS1.1.sdk/Developer/Library/Frameworks -no-color-diagnostics -enable-testing -g -module-cache-path /Users/admin/builder/spi-builder-workspace/.derivedData/ModuleCache.noindex -profile-generate -profile-coverage-mapping -swift-version 5 -enforce-exclusivity\=checked -stats-output-dir /Users/admin/builder/spi-builder-workspace/.stats -Onone -D SWIFT_PACKAGE -D DEBUG -serialize-debugging-options -package-name spi_builder_workspace -const-gather-protocols-file /Users/admin/builder/spi-builder-workspace/.derivedData/Build/Intermediates.noindex/auth-scope.build/Debug-xros/AuthScope.build/Objects-normal/arm64/AuthScope_const_extract_protocols.json -strict-concurrency\=complete -empty-abi-descriptor -validate-clang-modules-once -clang-build-session-file /Users/admin/builder/spi-builder-workspace/.derivedData/ModuleCache.noindex/Session.modulevalidation -Xcc -working-directory -Xcc /Users/admin/builder/spi-builder-workspace -resource-dir /Library/Developer/Toolchains/swift-6.0-DEVELOPMENT-SNAPSHOT-2024-05-26-a.xctoolchain/usr/lib/swift -enable-anonymous-context-mangled-names -Xcc -I/Users/admin/builder/spi-builder-workspace/.derivedData/Build/Intermediates.noindex/auth-scope.build/Debug-xros/AuthScope.build/swift-overrides.hmap -Xcc -I/Users/admin/builder/spi-builder-workspace/.derivedData/Build/Products/Debug-xros/include -Xcc -I/Users/admin/builder/spi-builder-workspace/.derivedData/Build/Intermediates.noindex/auth-scope.build/Debug-xros/AuthScope.build/DerivedSources-normal/arm64 -Xcc -I/Users/admin/builder/spi-builder-workspace/.derivedData/Build/Intermediates.noindex/auth-scope.build/Debug-xros/AuthScope.build/DerivedSources/arm64 -Xcc -I/Users/admin/builder/spi-builder-workspace/.derivedData/Build/Intermediates.noindex/auth-scope.build/Debug-xros/AuthScope.build/DerivedSources -Xcc -DSWIFT_PACKAGE -Xcc -DDEBUG\=1 -module-name AuthScope -frontend-parseable-output -disable-clang-spi -target-sdk-version 1.1 -target-sdk-name xros1.1 -external-plugin-path /Applications/Xcode-15.3.0.app/Contents/Developer/Platforms/XROS.platform/Developer/SDKs/XROS1.1.sdk/usr/lib/swift/host/plugins\#/Applications/Xcode-15.3.0.app/Contents/Developer/Platforms/XROS.platform/Developer/SDKs/XROS1.1.sdk/usr/bin/swift-plugin-server -external-plugin-path /Applications/Xcode-15.3.0.app/Contents/Developer/Platforms/XROS.platform/Developer/SDKs/XROS1.1.sdk/usr/local/lib/swift/host/plugins\#/Applications/Xcode-15.3.0.app/Contents/Developer/Platforms/XROS.platform/Developer/SDKs/XROS1.1.sdk/usr/bin/swift-plugin-server -external-plugin-path /Applications/Xcode-15.3.0.app/Contents/Developer/Platforms/XROS.platform/Developer/usr/lib/swift/host/plugins\#/Applications/Xcode-15.3.0.app/Contents/Developer/Platforms/XROS.platform/Developer/usr/bin/swift-plugin-server -external-plugin-path /Applications/Xcode-15.3.0.app/Contents/Developer/Platforms/XROS.platform/Developer/usr/local/lib/swift/host/plugins\#/Applications/Xcode-15.3.0.app/Contents/Developer/Platforms/XROS.platform/Developer/usr/bin/swift-plugin-server -plugin-path /Library/Developer/Toolchains/swift-6.0-DEVELOPMENT-SNAPSHOT-2024-05-26-a.xctoolchain/usr/lib/swift/host/plugins -plugin-path /Library/Developer/Toolchains/swift-6.0-DEVELOPMENT-SNAPSHOT-2024-05-26-a.xctoolchain/usr/local/lib/swift/host/plugins -o /Users/admin/builder/spi-builder-workspace/.derivedData/Build/Intermediates.noindex/auth-scope.build/Debug-xros/AuthScope.build/Objects-normal/arm64/Scope+Codable.o -index-unit-output-path /auth-scope.build/Debug-xros/AuthScope.build/Objects-normal/arm64/Scope+Codable.o -index-store-path /Users/admin/builder/spi-builder-workspace/.derivedData/Index.noindex/DataStore -index-system-modules
SwiftCompile normal arm64 Compiling\ Scope+SetAlgebra.swift /Users/admin/builder/spi-builder-workspace/Sources/AuthScope/Scope+SetAlgebra.swift (in target 'AuthScope' from project 'auth-scope')
    cd /Users/admin/builder/spi-builder-workspace
    builtin-swiftTaskExecution -- /Library/Developer/Toolchains/swift-6.0-DEVELOPMENT-SNAPSHOT-2024-05-26-a.xctoolchain/usr/bin/swift-frontend -frontend -c /Users/admin/builder/spi-builder-workspace/Sources/AuthScope/AccessRangeProtocol.swift /Users/admin/builder/spi-builder-workspace/Sources/AuthScope/Scope+Codable.swift /Users/admin/builder/spi-builder-workspace/Sources/AuthScope/Scope+Collection.swift /Users/admin/builder/spi-builder-workspace/Sources/AuthScope/Scope+CustomStringConvertible.swift /Users/admin/builder/spi-builder-workspace/Sources/AuthScope/Scope+Defaults.swift /Users/admin/builder/spi-builder-workspace/Sources/AuthScope/Scope+RegularExpressions.swift /Users/admin/builder/spi-builder-workspace/Sources/AuthScope/Scope+ScopeString.swift -primary-file /Users/admin/builder/spi-builder-workspace/Sources/AuthScope/Scope+SetAlgebra.swift /Users/admin/builder/spi-builder-workspace/Sources/AuthScope/Scope.swift -emit-dependencies-path /Users/admin/builder/spi-builder-workspace/.derivedData/Build/Intermediates.noindex/auth-scope.build/Debug-xros/AuthScope.build/Objects-normal/arm64/Scope+SetAlgebra.d -emit-const-values-path /Users/admin/builder/spi-builder-workspace/.derivedData/Build/Intermediates.noindex/auth-scope.build/Debug-xros/AuthScope.build/Objects-normal/arm64/Scope+SetAlgebra.swiftconstvalues -emit-reference-dependencies-path /Users/admin/builder/spi-builder-workspace/.derivedData/Build/Intermediates.noindex/auth-scope.build/Debug-xros/AuthScope.build/Objects-normal/arm64/Scope+SetAlgebra.swiftdeps -serialize-diagnostics-path /Users/admin/builder/spi-builder-workspace/.derivedData/Build/Intermediates.noindex/auth-scope.build/Debug-xros/AuthScope.build/Objects-normal/arm64/Scope+SetAlgebra.dia -target arm64-apple-xros1.0 -Xllvm -aarch64-use-tbi -enable-objc-interop -sdk /Applications/Xcode-15.3.0.app/Contents/Developer/Platforms/XROS.platform/Developer/SDKs/XROS1.1.sdk -I /Users/admin/builder/spi-builder-workspace/.derivedData/Build/Products/Debug-xros -I /Applications/Xcode-15.3.0.app/Contents/Developer/Platforms/XROS.platform/Developer/usr/lib -F /Users/admin/builder/spi-builder-workspace/.derivedData/Build/Products/Debug-xros -F /Applications/Xcode-15.3.0.app/Contents/Developer/Platforms/XROS.platform/Developer/Library/Frameworks -F /Applications/Xcode-15.3.0.app/Contents/Developer/Platforms/XROS.platform/Developer/SDKs/XROS1.1.sdk/Developer/Library/Frameworks -no-color-diagnostics -enable-testing -g -module-cache-path /Users/admin/builder/spi-builder-workspace/.derivedData/ModuleCache.noindex -profile-generate -profile-coverage-mapping -swift-version 5 -enforce-exclusivity\=checked -stats-output-dir /Users/admin/builder/spi-builder-workspace/.stats -Onone -D SWIFT_PACKAGE -D DEBUG -serialize-debugging-options -package-name spi_builder_workspace -const-gather-protocols-file /Users/admin/builder/spi-builder-workspace/.derivedData/Build/Intermediates.noindex/auth-scope.build/Debug-xros/AuthScope.build/Objects-normal/arm64/AuthScope_const_extract_protocols.json -strict-concurrency\=complete -empty-abi-descriptor -validate-clang-modules-once -clang-build-session-file /Users/admin/builder/spi-builder-workspace/.derivedData/ModuleCache.noindex/Session.modulevalidation -Xcc -working-directory -Xcc /Users/admin/builder/spi-builder-workspace -resource-dir /Library/Developer/Toolchains/swift-6.0-DEVELOPMENT-SNAPSHOT-2024-05-26-a.xctoolchain/usr/lib/swift -enable-anonymous-context-mangled-names -Xcc -I/Users/admin/builder/spi-builder-workspace/.derivedData/Build/Intermediates.noindex/auth-scope.build/Debug-xros/AuthScope.build/swift-overrides.hmap -Xcc -I/Users/admin/builder/spi-builder-workspace/.derivedData/Build/Products/Debug-xros/include -Xcc -I/Users/admin/builder/spi-builder-workspace/.derivedData/Build/Intermediates.noindex/auth-scope.build/Debug-xros/AuthScope.build/DerivedSources-normal/arm64 -Xcc -I/Users/admin/builder/spi-builder-workspace/.derivedData/Build/Intermediates.noindex/auth-scope.build/Debug-xros/AuthScope.build/DerivedSources/arm64 -Xcc -I/Users/admin/builder/spi-builder-workspace/.derivedData/Build/Intermediates.noindex/auth-scope.build/Debug-xros/AuthScope.build/DerivedSources -Xcc -DSWIFT_PACKAGE -Xcc -DDEBUG\=1 -module-name AuthScope -frontend-parseable-output -disable-clang-spi -target-sdk-version 1.1 -target-sdk-name xros1.1 -external-plugin-path /Applications/Xcode-15.3.0.app/Contents/Developer/Platforms/XROS.platform/Developer/SDKs/XROS1.1.sdk/usr/lib/swift/host/plugins\#/Applications/Xcode-15.3.0.app/Contents/Developer/Platforms/XROS.platform/Developer/SDKs/XROS1.1.sdk/usr/bin/swift-plugin-server -external-plugin-path /Applications/Xcode-15.3.0.app/Contents/Developer/Platforms/XROS.platform/Developer/SDKs/XROS1.1.sdk/usr/local/lib/swift/host/plugins\#/Applications/Xcode-15.3.0.app/Contents/Developer/Platforms/XROS.platform/Developer/SDKs/XROS1.1.sdk/usr/bin/swift-plugin-server -external-plugin-path /Applications/Xcode-15.3.0.app/Contents/Developer/Platforms/XROS.platform/Developer/usr/lib/swift/host/plugins\#/Applications/Xcode-15.3.0.app/Contents/Developer/Platforms/XROS.platform/Developer/usr/bin/swift-plugin-server -external-plugin-path /Applications/Xcode-15.3.0.app/Contents/Developer/Platforms/XROS.platform/Developer/usr/local/lib/swift/host/plugins\#/Applications/Xcode-15.3.0.app/Contents/Developer/Platforms/XROS.platform/Developer/usr/bin/swift-plugin-server -plugin-path /Library/Developer/Toolchains/swift-6.0-DEVELOPMENT-SNAPSHOT-2024-05-26-a.xctoolchain/usr/lib/swift/host/plugins -plugin-path /Library/Developer/Toolchains/swift-6.0-DEVELOPMENT-SNAPSHOT-2024-05-26-a.xctoolchain/usr/local/lib/swift/host/plugins -o /Users/admin/builder/spi-builder-workspace/.derivedData/Build/Intermediates.noindex/auth-scope.build/Debug-xros/AuthScope.build/Objects-normal/arm64/Scope+SetAlgebra.o -index-unit-output-path /auth-scope.build/Debug-xros/AuthScope.build/Objects-normal/arm64/Scope+SetAlgebra.o -index-store-path /Users/admin/builder/spi-builder-workspace/.derivedData/Index.noindex/DataStore -index-system-modules
SwiftCompile normal arm64 /Users/admin/builder/spi-builder-workspace/Sources/AuthScope/Scope+SetAlgebra.swift (in target 'AuthScope' from project 'auth-scope')
    cd /Users/admin/builder/spi-builder-workspace
    /Library/Developer/Toolchains/swift-6.0-DEVELOPMENT-SNAPSHOT-2024-05-26-a.xctoolchain/usr/bin/swift-frontend -c /Users/admin/builder/spi-builder-workspace/Sources/AuthScope/AccessRangeProtocol.swift /Users/admin/builder/spi-builder-workspace/Sources/AuthScope/Scope+Codable.swift /Users/admin/builder/spi-builder-workspace/Sources/AuthScope/Scope+Collection.swift /Users/admin/builder/spi-builder-workspace/Sources/AuthScope/Scope+CustomStringConvertible.swift /Users/admin/builder/spi-builder-workspace/Sources/AuthScope/Scope+Defaults.swift /Users/admin/builder/spi-builder-workspace/Sources/AuthScope/Scope+RegularExpressions.swift /Users/admin/builder/spi-builder-workspace/Sources/AuthScope/Scope+ScopeString.swift -primary-file /Users/admin/builder/spi-builder-workspace/Sources/AuthScope/Scope+SetAlgebra.swift /Users/admin/builder/spi-builder-workspace/Sources/AuthScope/Scope.swift -emit-dependencies-path /Users/admin/builder/spi-builder-workspace/.derivedData/Build/Intermediates.noindex/auth-scope.build/Debug-xros/AuthScope.build/Objects-normal/arm64/Scope+SetAlgebra.d -emit-const-values-path /Users/admin/builder/spi-builder-workspace/.derivedData/Build/Intermediates.noindex/auth-scope.build/Debug-xros/AuthScope.build/Objects-normal/arm64/Scope+SetAlgebra.swiftconstvalues -emit-reference-dependencies-path /Users/admin/builder/spi-builder-workspace/.derivedData/Build/Intermediates.noindex/auth-scope.build/Debug-xros/AuthScope.build/Objects-normal/arm64/Scope+SetAlgebra.swiftdeps -serialize-diagnostics-path /Users/admin/builder/spi-builder-workspace/.derivedData/Build/Intermediates.noindex/auth-scope.build/Debug-xros/AuthScope.build/Objects-normal/arm64/Scope+SetAlgebra.dia -target arm64-apple-xros1.0 -Xllvm -aarch64-use-tbi -enable-objc-interop -sdk /Applications/Xcode-15.3.0.app/Contents/Developer/Platforms/XROS.platform/Developer/SDKs/XROS1.1.sdk -I /Users/admin/builder/spi-builder-workspace/.derivedData/Build/Products/Debug-xros -I /Applications/Xcode-15.3.0.app/Contents/Developer/Platforms/XROS.platform/Developer/usr/lib -F /Users/admin/builder/spi-builder-workspace/.derivedData/Build/Products/Debug-xros -F /Applications/Xcode-15.3.0.app/Contents/Developer/Platforms/XROS.platform/Developer/Library/Frameworks -F /Applications/Xcode-15.3.0.app/Contents/Developer/Platforms/XROS.platform/Developer/SDKs/XROS1.1.sdk/Developer/Library/Frameworks -no-color-diagnostics -enable-testing -g -module-cache-path /Users/admin/builder/spi-builder-workspace/.derivedData/ModuleCache.noindex -profile-generate -profile-coverage-mapping -swift-version 5 -enforce-exclusivity\=checked -stats-output-dir /Users/admin/builder/spi-builder-workspace/.stats -Onone -D SWIFT_PACKAGE -D DEBUG -serialize-debugging-options -package-name spi_builder_workspace -const-gather-protocols-file /Users/admin/builder/spi-builder-workspace/.derivedData/Build/Intermediates.noindex/auth-scope.build/Debug-xros/AuthScope.build/Objects-normal/arm64/AuthScope_const_extract_protocols.json -strict-concurrency\=complete -empty-abi-descriptor -validate-clang-modules-once -clang-build-session-file /Users/admin/builder/spi-builder-workspace/.derivedData/ModuleCache.noindex/Session.modulevalidation -Xcc -working-directory -Xcc /Users/admin/builder/spi-builder-workspace -resource-dir /Library/Developer/Toolchains/swift-6.0-DEVELOPMENT-SNAPSHOT-2024-05-26-a.xctoolchain/usr/lib/swift -enable-anonymous-context-mangled-names -Xcc -I/Users/admin/builder/spi-builder-workspace/.derivedData/Build/Intermediates.noindex/auth-scope.build/Debug-xros/AuthScope.build/swift-overrides.hmap -Xcc -I/Users/admin/builder/spi-builder-workspace/.derivedData/Build/Products/Debug-xros/include -Xcc -I/Users/admin/builder/spi-builder-workspace/.derivedData/Build/Intermediates.noindex/auth-scope.build/Debug-xros/AuthScope.build/DerivedSources-normal/arm64 -Xcc -I/Users/admin/builder/spi-builder-workspace/.derivedData/Build/Intermediates.noindex/auth-scope.build/Debug-xros/AuthScope.build/DerivedSources/arm64 -Xcc -I/Users/admin/builder/spi-builder-workspace/.derivedData/Build/Intermediates.noindex/auth-scope.build/Debug-xros/AuthScope.build/DerivedSources -Xcc -DSWIFT_PACKAGE -Xcc -DDEBUG\=1 -module-name AuthScope -frontend-parseable-output -disable-clang-spi -target-sdk-version 1.1 -target-sdk-name xros1.1 -external-plugin-path /Applications/Xcode-15.3.0.app/Contents/Developer/Platforms/XROS.platform/Developer/SDKs/XROS1.1.sdk/usr/lib/swift/host/plugins\#/Applications/Xcode-15.3.0.app/Contents/Developer/Platforms/XROS.platform/Developer/SDKs/XROS1.1.sdk/usr/bin/swift-plugin-server -external-plugin-path /Applications/Xcode-15.3.0.app/Contents/Developer/Platforms/XROS.platform/Developer/SDKs/XROS1.1.sdk/usr/local/lib/swift/host/plugins\#/Applications/Xcode-15.3.0.app/Contents/Developer/Platforms/XROS.platform/Developer/SDKs/XROS1.1.sdk/usr/bin/swift-plugin-server -external-plugin-path /Applications/Xcode-15.3.0.app/Contents/Developer/Platforms/XROS.platform/Developer/usr/lib/swift/host/plugins\#/Applications/Xcode-15.3.0.app/Contents/Developer/Platforms/XROS.platform/Developer/usr/bin/swift-plugin-server -external-plugin-path /Applications/Xcode-15.3.0.app/Contents/Developer/Platforms/XROS.platform/Developer/usr/local/lib/swift/host/plugins\#/Applications/Xcode-15.3.0.app/Contents/Developer/Platforms/XROS.platform/Developer/usr/bin/swift-plugin-server -plugin-path /Library/Developer/Toolchains/swift-6.0-DEVELOPMENT-SNAPSHOT-2024-05-26-a.xctoolchain/usr/lib/swift/host/plugins -plugin-path /Library/Developer/Toolchains/swift-6.0-DEVELOPMENT-SNAPSHOT-2024-05-26-a.xctoolchain/usr/local/lib/swift/host/plugins -o /Users/admin/builder/spi-builder-workspace/.derivedData/Build/Intermediates.noindex/auth-scope.build/Debug-xros/AuthScope.build/Objects-normal/arm64/Scope+SetAlgebra.o -index-unit-output-path /auth-scope.build/Debug-xros/AuthScope.build/Objects-normal/arm64/Scope+SetAlgebra.o -index-store-path /Users/admin/builder/spi-builder-workspace/.derivedData/Index.noindex/DataStore -index-system-modules
SwiftCompile normal arm64 Compiling\ Scope+Defaults.swift /Users/admin/builder/spi-builder-workspace/Sources/AuthScope/Scope+Defaults.swift (in target 'AuthScope' from project 'auth-scope')
    cd /Users/admin/builder/spi-builder-workspace
    builtin-swiftTaskExecution -- /Library/Developer/Toolchains/swift-6.0-DEVELOPMENT-SNAPSHOT-2024-05-26-a.xctoolchain/usr/bin/swift-frontend -frontend -c /Users/admin/builder/spi-builder-workspace/Sources/AuthScope/AccessRangeProtocol.swift /Users/admin/builder/spi-builder-workspace/Sources/AuthScope/Scope+Codable.swift /Users/admin/builder/spi-builder-workspace/Sources/AuthScope/Scope+Collection.swift /Users/admin/builder/spi-builder-workspace/Sources/AuthScope/Scope+CustomStringConvertible.swift -primary-file /Users/admin/builder/spi-builder-workspace/Sources/AuthScope/Scope+Defaults.swift /Users/admin/builder/spi-builder-workspace/Sources/AuthScope/Scope+RegularExpressions.swift /Users/admin/builder/spi-builder-workspace/Sources/AuthScope/Scope+ScopeString.swift /Users/admin/builder/spi-builder-workspace/Sources/AuthScope/Scope+SetAlgebra.swift /Users/admin/builder/spi-builder-workspace/Sources/AuthScope/Scope.swift -emit-dependencies-path /Users/admin/builder/spi-builder-workspace/.derivedData/Build/Intermediates.noindex/auth-scope.build/Debug-xros/AuthScope.build/Objects-normal/arm64/Scope+Defaults.d -emit-const-values-path /Users/admin/builder/spi-builder-workspace/.derivedData/Build/Intermediates.noindex/auth-scope.build/Debug-xros/AuthScope.build/Objects-normal/arm64/Scope+Defaults.swiftconstvalues -emit-reference-dependencies-path /Users/admin/builder/spi-builder-workspace/.derivedData/Build/Intermediates.noindex/auth-scope.build/Debug-xros/AuthScope.build/Objects-normal/arm64/Scope+Defaults.swiftdeps -serialize-diagnostics-path /Users/admin/builder/spi-builder-workspace/.derivedData/Build/Intermediates.noindex/auth-scope.build/Debug-xros/AuthScope.build/Objects-normal/arm64/Scope+Defaults.dia -target arm64-apple-xros1.0 -Xllvm -aarch64-use-tbi -enable-objc-interop -sdk /Applications/Xcode-15.3.0.app/Contents/Developer/Platforms/XROS.platform/Developer/SDKs/XROS1.1.sdk -I /Users/admin/builder/spi-builder-workspace/.derivedData/Build/Products/Debug-xros -I /Applications/Xcode-15.3.0.app/Contents/Developer/Platforms/XROS.platform/Developer/usr/lib -F /Users/admin/builder/spi-builder-workspace/.derivedData/Build/Products/Debug-xros -F /Applications/Xcode-15.3.0.app/Contents/Developer/Platforms/XROS.platform/Developer/Library/Frameworks -F /Applications/Xcode-15.3.0.app/Contents/Developer/Platforms/XROS.platform/Developer/SDKs/XROS1.1.sdk/Developer/Library/Frameworks -no-color-diagnostics -enable-testing -g -module-cache-path /Users/admin/builder/spi-builder-workspace/.derivedData/ModuleCache.noindex -profile-generate -profile-coverage-mapping -swift-version 5 -enforce-exclusivity\=checked -stats-output-dir /Users/admin/builder/spi-builder-workspace/.stats -Onone -D SWIFT_PACKAGE -D DEBUG -serialize-debugging-options -package-name spi_builder_workspace -const-gather-protocols-file /Users/admin/builder/spi-builder-workspace/.derivedData/Build/Intermediates.noindex/auth-scope.build/Debug-xros/AuthScope.build/Objects-normal/arm64/AuthScope_const_extract_protocols.json -strict-concurrency\=complete -empty-abi-descriptor -validate-clang-modules-once -clang-build-session-file /Users/admin/builder/spi-builder-workspace/.derivedData/ModuleCache.noindex/Session.modulevalidation -Xcc -working-directory -Xcc /Users/admin/builder/spi-builder-workspace -resource-dir /Library/Developer/Toolchains/swift-6.0-DEVELOPMENT-SNAPSHOT-2024-05-26-a.xctoolchain/usr/lib/swift -enable-anonymous-context-mangled-names -Xcc -I/Users/admin/builder/spi-builder-workspace/.derivedData/Build/Intermediates.noindex/auth-scope.build/Debug-xros/AuthScope.build/swift-overrides.hmap -Xcc -I/Users/admin/builder/spi-builder-workspace/.derivedData/Build/Products/Debug-xros/include -Xcc -I/Users/admin/builder/spi-builder-workspace/.derivedData/Build/Intermediates.noindex/auth-scope.build/Debug-xros/AuthScope.build/DerivedSources-normal/arm64 -Xcc -I/Users/admin/builder/spi-builder-workspace/.derivedData/Build/Intermediates.noindex/auth-scope.build/Debug-xros/AuthScope.build/DerivedSources/arm64 -Xcc -I/Users/admin/builder/spi-builder-workspace/.derivedData/Build/Intermediates.noindex/auth-scope.build/Debug-xros/AuthScope.build/DerivedSources -Xcc -DSWIFT_PACKAGE -Xcc -DDEBUG\=1 -module-name AuthScope -frontend-parseable-output -disable-clang-spi -target-sdk-version 1.1 -target-sdk-name xros1.1 -external-plugin-path /Applications/Xcode-15.3.0.app/Contents/Developer/Platforms/XROS.platform/Developer/SDKs/XROS1.1.sdk/usr/lib/swift/host/plugins\#/Applications/Xcode-15.3.0.app/Contents/Developer/Platforms/XROS.platform/Developer/SDKs/XROS1.1.sdk/usr/bin/swift-plugin-server -external-plugin-path /Applications/Xcode-15.3.0.app/Contents/Developer/Platforms/XROS.platform/Developer/SDKs/XROS1.1.sdk/usr/local/lib/swift/host/plugins\#/Applications/Xcode-15.3.0.app/Contents/Developer/Platforms/XROS.platform/Developer/SDKs/XROS1.1.sdk/usr/bin/swift-plugin-server -external-plugin-path /Applications/Xcode-15.3.0.app/Contents/Developer/Platforms/XROS.platform/Developer/usr/lib/swift/host/plugins\#/Applications/Xcode-15.3.0.app/Contents/Developer/Platforms/XROS.platform/Developer/usr/bin/swift-plugin-server -external-plugin-path /Applications/Xcode-15.3.0.app/Contents/Developer/Platforms/XROS.platform/Developer/usr/local/lib/swift/host/plugins\#/Applications/Xcode-15.3.0.app/Contents/Developer/Platforms/XROS.platform/Developer/usr/bin/swift-plugin-server -plugin-path /Library/Developer/Toolchains/swift-6.0-DEVELOPMENT-SNAPSHOT-2024-05-26-a.xctoolchain/usr/lib/swift/host/plugins -plugin-path /Library/Developer/Toolchains/swift-6.0-DEVELOPMENT-SNAPSHOT-2024-05-26-a.xctoolchain/usr/local/lib/swift/host/plugins -o /Users/admin/builder/spi-builder-workspace/.derivedData/Build/Intermediates.noindex/auth-scope.build/Debug-xros/AuthScope.build/Objects-normal/arm64/Scope+Defaults.o -index-unit-output-path /auth-scope.build/Debug-xros/AuthScope.build/Objects-normal/arm64/Scope+Defaults.o -index-store-path /Users/admin/builder/spi-builder-workspace/.derivedData/Index.noindex/DataStore -index-system-modules
SwiftCompile normal arm64 /Users/admin/builder/spi-builder-workspace/Sources/AuthScope/Scope+Defaults.swift (in target 'AuthScope' from project 'auth-scope')
    cd /Users/admin/builder/spi-builder-workspace
    /Library/Developer/Toolchains/swift-6.0-DEVELOPMENT-SNAPSHOT-2024-05-26-a.xctoolchain/usr/bin/swift-frontend -c /Users/admin/builder/spi-builder-workspace/Sources/AuthScope/AccessRangeProtocol.swift /Users/admin/builder/spi-builder-workspace/Sources/AuthScope/Scope+Codable.swift /Users/admin/builder/spi-builder-workspace/Sources/AuthScope/Scope+Collection.swift /Users/admin/builder/spi-builder-workspace/Sources/AuthScope/Scope+CustomStringConvertible.swift -primary-file /Users/admin/builder/spi-builder-workspace/Sources/AuthScope/Scope+Defaults.swift /Users/admin/builder/spi-builder-workspace/Sources/AuthScope/Scope+RegularExpressions.swift /Users/admin/builder/spi-builder-workspace/Sources/AuthScope/Scope+ScopeString.swift /Users/admin/builder/spi-builder-workspace/Sources/AuthScope/Scope+SetAlgebra.swift /Users/admin/builder/spi-builder-workspace/Sources/AuthScope/Scope.swift -emit-dependencies-path /Users/admin/builder/spi-builder-workspace/.derivedData/Build/Intermediates.noindex/auth-scope.build/Debug-xros/AuthScope.build/Objects-normal/arm64/Scope+Defaults.d -emit-const-values-path /Users/admin/builder/spi-builder-workspace/.derivedData/Build/Intermediates.noindex/auth-scope.build/Debug-xros/AuthScope.build/Objects-normal/arm64/Scope+Defaults.swiftconstvalues -emit-reference-dependencies-path /Users/admin/builder/spi-builder-workspace/.derivedData/Build/Intermediates.noindex/auth-scope.build/Debug-xros/AuthScope.build/Objects-normal/arm64/Scope+Defaults.swiftdeps -serialize-diagnostics-path /Users/admin/builder/spi-builder-workspace/.derivedData/Build/Intermediates.noindex/auth-scope.build/Debug-xros/AuthScope.build/Objects-normal/arm64/Scope+Defaults.dia -target arm64-apple-xros1.0 -Xllvm -aarch64-use-tbi -enable-objc-interop -sdk /Applications/Xcode-15.3.0.app/Contents/Developer/Platforms/XROS.platform/Developer/SDKs/XROS1.1.sdk -I /Users/admin/builder/spi-builder-workspace/.derivedData/Build/Products/Debug-xros -I /Applications/Xcode-15.3.0.app/Contents/Developer/Platforms/XROS.platform/Developer/usr/lib -F /Users/admin/builder/spi-builder-workspace/.derivedData/Build/Products/Debug-xros -F /Applications/Xcode-15.3.0.app/Contents/Developer/Platforms/XROS.platform/Developer/Library/Frameworks -F /Applications/Xcode-15.3.0.app/Contents/Developer/Platforms/XROS.platform/Developer/SDKs/XROS1.1.sdk/Developer/Library/Frameworks -no-color-diagnostics -enable-testing -g -module-cache-path /Users/admin/builder/spi-builder-workspace/.derivedData/ModuleCache.noindex -profile-generate -profile-coverage-mapping -swift-version 5 -enforce-exclusivity\=checked -stats-output-dir /Users/admin/builder/spi-builder-workspace/.stats -Onone -D SWIFT_PACKAGE -D DEBUG -serialize-debugging-options -package-name spi_builder_workspace -const-gather-protocols-file /Users/admin/builder/spi-builder-workspace/.derivedData/Build/Intermediates.noindex/auth-scope.build/Debug-xros/AuthScope.build/Objects-normal/arm64/AuthScope_const_extract_protocols.json -strict-concurrency\=complete -empty-abi-descriptor -validate-clang-modules-once -clang-build-session-file /Users/admin/builder/spi-builder-workspace/.derivedData/ModuleCache.noindex/Session.modulevalidation -Xcc -working-directory -Xcc /Users/admin/builder/spi-builder-workspace -resource-dir /Library/Developer/Toolchains/swift-6.0-DEVELOPMENT-SNAPSHOT-2024-05-26-a.xctoolchain/usr/lib/swift -enable-anonymous-context-mangled-names -Xcc -I/Users/admin/builder/spi-builder-workspace/.derivedData/Build/Intermediates.noindex/auth-scope.build/Debug-xros/AuthScope.build/swift-overrides.hmap -Xcc -I/Users/admin/builder/spi-builder-workspace/.derivedData/Build/Products/Debug-xros/include -Xcc -I/Users/admin/builder/spi-builder-workspace/.derivedData/Build/Intermediates.noindex/auth-scope.build/Debug-xros/AuthScope.build/DerivedSources-normal/arm64 -Xcc -I/Users/admin/builder/spi-builder-workspace/.derivedData/Build/Intermediates.noindex/auth-scope.build/Debug-xros/AuthScope.build/DerivedSources/arm64 -Xcc -I/Users/admin/builder/spi-builder-workspace/.derivedData/Build/Intermediates.noindex/auth-scope.build/Debug-xros/AuthScope.build/DerivedSources -Xcc -DSWIFT_PACKAGE -Xcc -DDEBUG\=1 -module-name AuthScope -frontend-parseable-output -disable-clang-spi -target-sdk-version 1.1 -target-sdk-name xros1.1 -external-plugin-path /Applications/Xcode-15.3.0.app/Contents/Developer/Platforms/XROS.platform/Developer/SDKs/XROS1.1.sdk/usr/lib/swift/host/plugins\#/Applications/Xcode-15.3.0.app/Contents/Developer/Platforms/XROS.platform/Developer/SDKs/XROS1.1.sdk/usr/bin/swift-plugin-server -external-plugin-path /Applications/Xcode-15.3.0.app/Contents/Developer/Platforms/XROS.platform/Developer/SDKs/XROS1.1.sdk/usr/local/lib/swift/host/plugins\#/Applications/Xcode-15.3.0.app/Contents/Developer/Platforms/XROS.platform/Developer/SDKs/XROS1.1.sdk/usr/bin/swift-plugin-server -external-plugin-path /Applications/Xcode-15.3.0.app/Contents/Developer/Platforms/XROS.platform/Developer/usr/lib/swift/host/plugins\#/Applications/Xcode-15.3.0.app/Contents/Developer/Platforms/XROS.platform/Developer/usr/bin/swift-plugin-server -external-plugin-path /Applications/Xcode-15.3.0.app/Contents/Developer/Platforms/XROS.platform/Developer/usr/local/lib/swift/host/plugins\#/Applications/Xcode-15.3.0.app/Contents/Developer/Platforms/XROS.platform/Developer/usr/bin/swift-plugin-server -plugin-path /Library/Developer/Toolchains/swift-6.0-DEVELOPMENT-SNAPSHOT-2024-05-26-a.xctoolchain/usr/lib/swift/host/plugins -plugin-path /Library/Developer/Toolchains/swift-6.0-DEVELOPMENT-SNAPSHOT-2024-05-26-a.xctoolchain/usr/local/lib/swift/host/plugins -o /Users/admin/builder/spi-builder-workspace/.derivedData/Build/Intermediates.noindex/auth-scope.build/Debug-xros/AuthScope.build/Objects-normal/arm64/Scope+Defaults.o -index-unit-output-path /auth-scope.build/Debug-xros/AuthScope.build/Objects-normal/arm64/Scope+Defaults.o -index-store-path /Users/admin/builder/spi-builder-workspace/.derivedData/Index.noindex/DataStore -index-system-modules
SwiftCompile normal arm64 Compiling\ AccessRangeProtocol.swift /Users/admin/builder/spi-builder-workspace/Sources/AuthScope/AccessRangeProtocol.swift (in target 'AuthScope' from project 'auth-scope')
    cd /Users/admin/builder/spi-builder-workspace
    builtin-swiftTaskExecution -- /Library/Developer/Toolchains/swift-6.0-DEVELOPMENT-SNAPSHOT-2024-05-26-a.xctoolchain/usr/bin/swift-frontend -frontend -c -primary-file /Users/admin/builder/spi-builder-workspace/Sources/AuthScope/AccessRangeProtocol.swift /Users/admin/builder/spi-builder-workspace/Sources/AuthScope/Scope+Codable.swift /Users/admin/builder/spi-builder-workspace/Sources/AuthScope/Scope+Collection.swift /Users/admin/builder/spi-builder-workspace/Sources/AuthScope/Scope+CustomStringConvertible.swift /Users/admin/builder/spi-builder-workspace/Sources/AuthScope/Scope+Defaults.swift /Users/admin/builder/spi-builder-workspace/Sources/AuthScope/Scope+RegularExpressions.swift /Users/admin/builder/spi-builder-workspace/Sources/AuthScope/Scope+ScopeString.swift /Users/admin/builder/spi-builder-workspace/Sources/AuthScope/Scope+SetAlgebra.swift /Users/admin/builder/spi-builder-workspace/Sources/AuthScope/Scope.swift -emit-dependencies-path /Users/admin/builder/spi-builder-workspace/.derivedData/Build/Intermediates.noindex/auth-scope.build/Debug-xros/AuthScope.build/Objects-normal/arm64/AccessRangeProtocol.d -emit-const-values-path /Users/admin/builder/spi-builder-workspace/.derivedData/Build/Intermediates.noindex/auth-scope.build/Debug-xros/AuthScope.build/Objects-normal/arm64/AccessRangeProtocol.swiftconstvalues -emit-reference-dependencies-path /Users/admin/builder/spi-builder-workspace/.derivedData/Build/Intermediates.noindex/auth-scope.build/Debug-xros/AuthScope.build/Objects-normal/arm64/AccessRangeProtocol.swiftdeps -serialize-diagnostics-path /Users/admin/builder/spi-builder-workspace/.derivedData/Build/Intermediates.noindex/auth-scope.build/Debug-xros/AuthScope.build/Objects-normal/arm64/AccessRangeProtocol.dia -target arm64-apple-xros1.0 -Xllvm -aarch64-use-tbi -enable-objc-interop -sdk /Applications/Xcode-15.3.0.app/Contents/Developer/Platforms/XROS.platform/Developer/SDKs/XROS1.1.sdk -I /Users/admin/builder/spi-builder-workspace/.derivedData/Build/Products/Debug-xros -I /Applications/Xcode-15.3.0.app/Contents/Developer/Platforms/XROS.platform/Developer/usr/lib -F /Users/admin/builder/spi-builder-workspace/.derivedData/Build/Products/Debug-xros -F /Applications/Xcode-15.3.0.app/Contents/Developer/Platforms/XROS.platform/Developer/Library/Frameworks -F /Applications/Xcode-15.3.0.app/Contents/Developer/Platforms/XROS.platform/Developer/SDKs/XROS1.1.sdk/Developer/Library/Frameworks -no-color-diagnostics -enable-testing -g -module-cache-path /Users/admin/builder/spi-builder-workspace/.derivedData/ModuleCache.noindex -profile-generate -profile-coverage-mapping -swift-version 5 -enforce-exclusivity\=checked -stats-output-dir /Users/admin/builder/spi-builder-workspace/.stats -Onone -D SWIFT_PACKAGE -D DEBUG -serialize-debugging-options -package-name spi_builder_workspace -const-gather-protocols-file /Users/admin/builder/spi-builder-workspace/.derivedData/Build/Intermediates.noindex/auth-scope.build/Debug-xros/AuthScope.build/Objects-normal/arm64/AuthScope_const_extract_protocols.json -strict-concurrency\=complete -empty-abi-descriptor -validate-clang-modules-once -clang-build-session-file /Users/admin/builder/spi-builder-workspace/.derivedData/ModuleCache.noindex/Session.modulevalidation -Xcc -working-directory -Xcc /Users/admin/builder/spi-builder-workspace -resource-dir /Library/Developer/Toolchains/swift-6.0-DEVELOPMENT-SNAPSHOT-2024-05-26-a.xctoolchain/usr/lib/swift -enable-anonymous-context-mangled-names -Xcc -I/Users/admin/builder/spi-builder-workspace/.derivedData/Build/Intermediates.noindex/auth-scope.build/Debug-xros/AuthScope.build/swift-overrides.hmap -Xcc -I/Users/admin/builder/spi-builder-workspace/.derivedData/Build/Products/Debug-xros/include -Xcc -I/Users/admin/builder/spi-builder-workspace/.derivedData/Build/Intermediates.noindex/auth-scope.build/Debug-xros/AuthScope.build/DerivedSources-normal/arm64 -Xcc -I/Users/admin/builder/spi-builder-workspace/.derivedData/Build/Intermediates.noindex/auth-scope.build/Debug-xros/AuthScope.build/DerivedSources/arm64 -Xcc -I/Users/admin/builder/spi-builder-workspace/.derivedData/Build/Intermediates.noindex/auth-scope.build/Debug-xros/AuthScope.build/DerivedSources -Xcc -DSWIFT_PACKAGE -Xcc -DDEBUG\=1 -module-name AuthScope -frontend-parseable-output -disable-clang-spi -target-sdk-version 1.1 -target-sdk-name xros1.1 -external-plugin-path /Applications/Xcode-15.3.0.app/Contents/Developer/Platforms/XROS.platform/Developer/SDKs/XROS1.1.sdk/usr/lib/swift/host/plugins\#/Applications/Xcode-15.3.0.app/Contents/Developer/Platforms/XROS.platform/Developer/SDKs/XROS1.1.sdk/usr/bin/swift-plugin-server -external-plugin-path /Applications/Xcode-15.3.0.app/Contents/Developer/Platforms/XROS.platform/Developer/SDKs/XROS1.1.sdk/usr/local/lib/swift/host/plugins\#/Applications/Xcode-15.3.0.app/Contents/Developer/Platforms/XROS.platform/Developer/SDKs/XROS1.1.sdk/usr/bin/swift-plugin-server -external-plugin-path /Applications/Xcode-15.3.0.app/Contents/Developer/Platforms/XROS.platform/Developer/usr/lib/swift/host/plugins\#/Applications/Xcode-15.3.0.app/Contents/Developer/Platforms/XROS.platform/Developer/usr/bin/swift-plugin-server -external-plugin-path /Applications/Xcode-15.3.0.app/Contents/Developer/Platforms/XROS.platform/Developer/usr/local/lib/swift/host/plugins\#/Applications/Xcode-15.3.0.app/Contents/Developer/Platforms/XROS.platform/Developer/usr/bin/swift-plugin-server -plugin-path /Library/Developer/Toolchains/swift-6.0-DEVELOPMENT-SNAPSHOT-2024-05-26-a.xctoolchain/usr/lib/swift/host/plugins -plugin-path /Library/Developer/Toolchains/swift-6.0-DEVELOPMENT-SNAPSHOT-2024-05-26-a.xctoolchain/usr/local/lib/swift/host/plugins -o /Users/admin/builder/spi-builder-workspace/.derivedData/Build/Intermediates.noindex/auth-scope.build/Debug-xros/AuthScope.build/Objects-normal/arm64/AccessRangeProtocol.o -index-unit-output-path /auth-scope.build/Debug-xros/AuthScope.build/Objects-normal/arm64/AccessRangeProtocol.o -index-store-path /Users/admin/builder/spi-builder-workspace/.derivedData/Index.noindex/DataStore -index-system-modules
SwiftCompile normal arm64 /Users/admin/builder/spi-builder-workspace/Sources/AuthScope/AccessRangeProtocol.swift (in target 'AuthScope' from project 'auth-scope')
    cd /Users/admin/builder/spi-builder-workspace
    /Library/Developer/Toolchains/swift-6.0-DEVELOPMENT-SNAPSHOT-2024-05-26-a.xctoolchain/usr/bin/swift-frontend -c -primary-file /Users/admin/builder/spi-builder-workspace/Sources/AuthScope/AccessRangeProtocol.swift /Users/admin/builder/spi-builder-workspace/Sources/AuthScope/Scope+Codable.swift /Users/admin/builder/spi-builder-workspace/Sources/AuthScope/Scope+Collection.swift /Users/admin/builder/spi-builder-workspace/Sources/AuthScope/Scope+CustomStringConvertible.swift /Users/admin/builder/spi-builder-workspace/Sources/AuthScope/Scope+Defaults.swift /Users/admin/builder/spi-builder-workspace/Sources/AuthScope/Scope+RegularExpressions.swift /Users/admin/builder/spi-builder-workspace/Sources/AuthScope/Scope+ScopeString.swift /Users/admin/builder/spi-builder-workspace/Sources/AuthScope/Scope+SetAlgebra.swift /Users/admin/builder/spi-builder-workspace/Sources/AuthScope/Scope.swift -emit-dependencies-path /Users/admin/builder/spi-builder-workspace/.derivedData/Build/Intermediates.noindex/auth-scope.build/Debug-xros/AuthScope.build/Objects-normal/arm64/AccessRangeProtocol.d -emit-const-values-path /Users/admin/builder/spi-builder-workspace/.derivedData/Build/Intermediates.noindex/auth-scope.build/Debug-xros/AuthScope.build/Objects-normal/arm64/AccessRangeProtocol.swiftconstvalues -emit-reference-dependencies-path /Users/admin/builder/spi-builder-workspace/.derivedData/Build/Intermediates.noindex/auth-scope.build/Debug-xros/AuthScope.build/Objects-normal/arm64/AccessRangeProtocol.swiftdeps -serialize-diagnostics-path /Users/admin/builder/spi-builder-workspace/.derivedData/Build/Intermediates.noindex/auth-scope.build/Debug-xros/AuthScope.build/Objects-normal/arm64/AccessRangeProtocol.dia -target arm64-apple-xros1.0 -Xllvm -aarch64-use-tbi -enable-objc-interop -sdk /Applications/Xcode-15.3.0.app/Contents/Developer/Platforms/XROS.platform/Developer/SDKs/XROS1.1.sdk -I /Users/admin/builder/spi-builder-workspace/.derivedData/Build/Products/Debug-xros -I /Applications/Xcode-15.3.0.app/Contents/Developer/Platforms/XROS.platform/Developer/usr/lib -F /Users/admin/builder/spi-builder-workspace/.derivedData/Build/Products/Debug-xros -F /Applications/Xcode-15.3.0.app/Contents/Developer/Platforms/XROS.platform/Developer/Library/Frameworks -F /Applications/Xcode-15.3.0.app/Contents/Developer/Platforms/XROS.platform/Developer/SDKs/XROS1.1.sdk/Developer/Library/Frameworks -no-color-diagnostics -enable-testing -g -module-cache-path /Users/admin/builder/spi-builder-workspace/.derivedData/ModuleCache.noindex -profile-generate -profile-coverage-mapping -swift-version 5 -enforce-exclusivity\=checked -stats-output-dir /Users/admin/builder/spi-builder-workspace/.stats -Onone -D SWIFT_PACKAGE -D DEBUG -serialize-debugging-options -package-name spi_builder_workspace -const-gather-protocols-file /Users/admin/builder/spi-builder-workspace/.derivedData/Build/Intermediates.noindex/auth-scope.build/Debug-xros/AuthScope.build/Objects-normal/arm64/AuthScope_const_extract_protocols.json -strict-concurrency\=complete -empty-abi-descriptor -validate-clang-modules-once -clang-build-session-file /Users/admin/builder/spi-builder-workspace/.derivedData/ModuleCache.noindex/Session.modulevalidation -Xcc -working-directory -Xcc /Users/admin/builder/spi-builder-workspace -resource-dir /Library/Developer/Toolchains/swift-6.0-DEVELOPMENT-SNAPSHOT-2024-05-26-a.xctoolchain/usr/lib/swift -enable-anonymous-context-mangled-names -Xcc -I/Users/admin/builder/spi-builder-workspace/.derivedData/Build/Intermediates.noindex/auth-scope.build/Debug-xros/AuthScope.build/swift-overrides.hmap -Xcc -I/Users/admin/builder/spi-builder-workspace/.derivedData/Build/Products/Debug-xros/include -Xcc -I/Users/admin/builder/spi-builder-workspace/.derivedData/Build/Intermediates.noindex/auth-scope.build/Debug-xros/AuthScope.build/DerivedSources-normal/arm64 -Xcc -I/Users/admin/builder/spi-builder-workspace/.derivedData/Build/Intermediates.noindex/auth-scope.build/Debug-xros/AuthScope.build/DerivedSources/arm64 -Xcc -I/Users/admin/builder/spi-builder-workspace/.derivedData/Build/Intermediates.noindex/auth-scope.build/Debug-xros/AuthScope.build/DerivedSources -Xcc -DSWIFT_PACKAGE -Xcc -DDEBUG\=1 -module-name AuthScope -frontend-parseable-output -disable-clang-spi -target-sdk-version 1.1 -target-sdk-name xros1.1 -external-plugin-path /Applications/Xcode-15.3.0.app/Contents/Developer/Platforms/XROS.platform/Developer/SDKs/XROS1.1.sdk/usr/lib/swift/host/plugins\#/Applications/Xcode-15.3.0.app/Contents/Developer/Platforms/XROS.platform/Developer/SDKs/XROS1.1.sdk/usr/bin/swift-plugin-server -external-plugin-path /Applications/Xcode-15.3.0.app/Contents/Developer/Platforms/XROS.platform/Developer/SDKs/XROS1.1.sdk/usr/local/lib/swift/host/plugins\#/Applications/Xcode-15.3.0.app/Contents/Developer/Platforms/XROS.platform/Developer/SDKs/XROS1.1.sdk/usr/bin/swift-plugin-server -external-plugin-path /Applications/Xcode-15.3.0.app/Contents/Developer/Platforms/XROS.platform/Developer/usr/lib/swift/host/plugins\#/Applications/Xcode-15.3.0.app/Contents/Developer/Platforms/XROS.platform/Developer/usr/bin/swift-plugin-server -external-plugin-path /Applications/Xcode-15.3.0.app/Contents/Developer/Platforms/XROS.platform/Developer/usr/local/lib/swift/host/plugins\#/Applications/Xcode-15.3.0.app/Contents/Developer/Platforms/XROS.platform/Developer/usr/bin/swift-plugin-server -plugin-path /Library/Developer/Toolchains/swift-6.0-DEVELOPMENT-SNAPSHOT-2024-05-26-a.xctoolchain/usr/lib/swift/host/plugins -plugin-path /Library/Developer/Toolchains/swift-6.0-DEVELOPMENT-SNAPSHOT-2024-05-26-a.xctoolchain/usr/local/lib/swift/host/plugins -o /Users/admin/builder/spi-builder-workspace/.derivedData/Build/Intermediates.noindex/auth-scope.build/Debug-xros/AuthScope.build/Objects-normal/arm64/AccessRangeProtocol.o -index-unit-output-path /auth-scope.build/Debug-xros/AuthScope.build/Objects-normal/arm64/AccessRangeProtocol.o -index-store-path /Users/admin/builder/spi-builder-workspace/.derivedData/Index.noindex/DataStore -index-system-modules
SwiftDriverJobDiscovery normal arm64 Emitting module for AuthScope (in target 'AuthScope' from project 'auth-scope')
SwiftDriver\ Compilation\ Requirements AuthScope normal arm64 com.apple.xcode.tools.swift.compiler (in target 'AuthScope' from project 'auth-scope')
    cd /Users/admin/builder/spi-builder-workspace
    builtin-Swift-Compilation-Requirements -- /Library/Developer/Toolchains/swift-6.0-DEVELOPMENT-SNAPSHOT-2024-05-26-a.xctoolchain/usr/bin/swiftc -module-name AuthScope -Onone -enforce-exclusivity\=checked @/Users/admin/builder/spi-builder-workspace/.derivedData/Build/Intermediates.noindex/auth-scope.build/Debug-xros/AuthScope.build/Objects-normal/arm64/AuthScope.SwiftFileList -DSWIFT_PACKAGE -DDEBUG -stats-output-dir .stats -strict-concurrency\=complete -sdk /Applications/Xcode-15.3.0.app/Contents/Developer/Platforms/XROS.platform/Developer/SDKs/XROS1.1.sdk -target arm64-apple-xros1.0 -g -module-cache-path /Users/admin/builder/spi-builder-workspace/.derivedData/ModuleCache.noindex -Xfrontend -serialize-debugging-options -profile-coverage-mapping -profile-generate -enable-testing -index-store-path /Users/admin/builder/spi-builder-workspace/.derivedData/Index.noindex/DataStore -swift-version 5 -I /Users/admin/builder/spi-builder-workspace/.derivedData/Build/Products/Debug-xros -I /Applications/Xcode-15.3.0.app/Contents/Developer/Platforms/XROS.platform/Developer/usr/lib -F /Users/admin/builder/spi-builder-workspace/.derivedData/Build/Products/Debug-xros -F /Applications/Xcode-15.3.0.app/Contents/Developer/Platforms/XROS.platform/Developer/Library/Frameworks -F /Applications/Xcode-15.3.0.app/Contents/Developer/Platforms/XROS.platform/Developer/SDKs/XROS1.1.sdk/Developer/Library/Frameworks -c -j10 -enable-batch-mode -incremental -output-file-map /Users/admin/builder/spi-builder-workspace/.derivedData/Build/Intermediates.noindex/auth-scope.build/Debug-xros/AuthScope.build/Objects-normal/arm64/AuthScope-OutputFileMap.json -use-frontend-parseable-output -save-temps -no-color-diagnostics -serialize-diagnostics -emit-dependencies -emit-module -emit-module-path /Users/admin/builder/spi-builder-workspace/.derivedData/Build/Intermediates.noindex/auth-scope.build/Debug-xros/AuthScope.build/Objects-normal/arm64/AuthScope.swiftmodule -validate-clang-modules-once -clang-build-session-file /Users/admin/builder/spi-builder-workspace/.derivedData/ModuleCache.noindex/Session.modulevalidation -Xfrontend -package-name -Xfrontend spi_builder_workspace -Xcc -I/Users/admin/builder/spi-builder-workspace/.derivedData/Build/Intermediates.noindex/auth-scope.build/Debug-xros/AuthScope.build/swift-overrides.hmap -emit-const-values -Xfrontend -const-gather-protocols-file -Xfrontend /Users/admin/builder/spi-builder-workspace/.derivedData/Build/Intermediates.noindex/auth-scope.build/Debug-xros/AuthScope.build/Objects-normal/arm64/AuthScope_const_extract_protocols.json -Xcc -I/Users/admin/builder/spi-builder-workspace/.derivedData/Build/Products/Debug-xros/include -Xcc -I/Users/admin/builder/spi-builder-workspace/.derivedData/Build/Intermediates.noindex/auth-scope.build/Debug-xros/AuthScope.build/DerivedSources-normal/arm64 -Xcc -I/Users/admin/builder/spi-builder-workspace/.derivedData/Build/Intermediates.noindex/auth-scope.build/Debug-xros/AuthScope.build/DerivedSources/arm64 -Xcc -I/Users/admin/builder/spi-builder-workspace/.derivedData/Build/Intermediates.noindex/auth-scope.build/Debug-xros/AuthScope.build/DerivedSources -Xcc -DSWIFT_PACKAGE -Xcc -DDEBUG\=1 -emit-objc-header -emit-objc-header-path /Users/admin/builder/spi-builder-workspace/.derivedData/Build/Intermediates.noindex/auth-scope.build/Debug-xros/AuthScope.build/Objects-normal/arm64/AuthScope-Swift.h -working-directory /Users/admin/builder/spi-builder-workspace -experimental-emit-module-separately -disable-cmo
SwiftDriverJobDiscovery normal arm64 Compiling Scope.swift (in target 'AuthScope' from project 'auth-scope')
SwiftDriverJobDiscovery normal arm64 Compiling Scope+Collection.swift (in target 'AuthScope' from project 'auth-scope')
SwiftDriverJobDiscovery normal arm64 Compiling Scope+Codable.swift (in target 'AuthScope' from project 'auth-scope')
SwiftDriverJobDiscovery normal arm64 Compiling Scope+ScopeString.swift (in target 'AuthScope' from project 'auth-scope')
SwiftDriverJobDiscovery normal arm64 Compiling Scope+CustomStringConvertible.swift (in target 'AuthScope' from project 'auth-scope')
SwiftDriverJobDiscovery normal arm64 Compiling Scope+SetAlgebra.swift (in target 'AuthScope' from project 'auth-scope')
SwiftDriverJobDiscovery normal arm64 Compiling AccessRangeProtocol.swift (in target 'AuthScope' from project 'auth-scope')
SwiftDriverJobDiscovery normal arm64 Compiling Scope+Defaults.swift (in target 'AuthScope' from project 'auth-scope')
SwiftMergeGeneratedHeaders /Users/admin/builder/spi-builder-workspace/.derivedData/Build/Intermediates.noindex/GeneratedModuleMaps-xros/AuthScope-Swift.h /Users/admin/builder/spi-builder-workspace/.derivedData/Build/Intermediates.noindex/auth-scope.build/Debug-xros/AuthScope.build/Objects-normal/arm64/AuthScope-Swift.h (in target 'AuthScope' from project 'auth-scope')
    cd /Users/admin/builder/spi-builder-workspace
    builtin-swiftHeaderTool -arch arm64 /Users/admin/builder/spi-builder-workspace/.derivedData/Build/Intermediates.noindex/auth-scope.build/Debug-xros/AuthScope.build/Objects-normal/arm64/AuthScope-Swift.h -o /Users/admin/builder/spi-builder-workspace/.derivedData/Build/Intermediates.noindex/GeneratedModuleMaps-xros/AuthScope-Swift.h
Copy /Users/admin/builder/spi-builder-workspace/.derivedData/Build/Products/Debug-xros/AuthScope.swiftmodule/arm64-apple-xros.swiftdoc /Users/admin/builder/spi-builder-workspace/.derivedData/Build/Intermediates.noindex/auth-scope.build/Debug-xros/AuthScope.build/Objects-normal/arm64/AuthScope.swiftdoc (in target 'AuthScope' from project 'auth-scope')
    cd /Users/admin/builder/spi-builder-workspace
    builtin-copy -exclude .DS_Store -exclude CVS -exclude .svn -exclude .git -exclude .hg -resolve-src-symlinks -rename /Users/admin/builder/spi-builder-workspace/.derivedData/Build/Intermediates.noindex/auth-scope.build/Debug-xros/AuthScope.build/Objects-normal/arm64/AuthScope.swiftdoc /Users/admin/builder/spi-builder-workspace/.derivedData/Build/Products/Debug-xros/AuthScope.swiftmodule/arm64-apple-xros.swiftdoc
Copy /Users/admin/builder/spi-builder-workspace/.derivedData/Build/Products/Debug-xros/AuthScope.swiftmodule/arm64-apple-xros.abi.json /Users/admin/builder/spi-builder-workspace/.derivedData/Build/Intermediates.noindex/auth-scope.build/Debug-xros/AuthScope.build/Objects-normal/arm64/AuthScope.abi.json (in target 'AuthScope' from project 'auth-scope')
    cd /Users/admin/builder/spi-builder-workspace
    builtin-copy -exclude .DS_Store -exclude CVS -exclude .svn -exclude .git -exclude .hg -resolve-src-symlinks -rename /Users/admin/builder/spi-builder-workspace/.derivedData/Build/Intermediates.noindex/auth-scope.build/Debug-xros/AuthScope.build/Objects-normal/arm64/AuthScope.abi.json /Users/admin/builder/spi-builder-workspace/.derivedData/Build/Products/Debug-xros/AuthScope.swiftmodule/arm64-apple-xros.abi.json
Copy /Users/admin/builder/spi-builder-workspace/.derivedData/Build/Products/Debug-xros/AuthScope.swiftmodule/arm64-apple-xros.swiftmodule /Users/admin/builder/spi-builder-workspace/.derivedData/Build/Intermediates.noindex/auth-scope.build/Debug-xros/AuthScope.build/Objects-normal/arm64/AuthScope.swiftmodule (in target 'AuthScope' from project 'auth-scope')
    cd /Users/admin/builder/spi-builder-workspace
    builtin-copy -exclude .DS_Store -exclude CVS -exclude .svn -exclude .git -exclude .hg -resolve-src-symlinks -rename /Users/admin/builder/spi-builder-workspace/.derivedData/Build/Intermediates.noindex/auth-scope.build/Debug-xros/AuthScope.build/Objects-normal/arm64/AuthScope.swiftmodule /Users/admin/builder/spi-builder-workspace/.derivedData/Build/Products/Debug-xros/AuthScope.swiftmodule/arm64-apple-xros.swiftmodule
Copy /Users/admin/builder/spi-builder-workspace/.derivedData/Build/Products/Debug-xros/AuthScope.swiftmodule/Project/arm64-apple-xros.swiftsourceinfo /Users/admin/builder/spi-builder-workspace/.derivedData/Build/Intermediates.noindex/auth-scope.build/Debug-xros/AuthScope.build/Objects-normal/arm64/AuthScope.swiftsourceinfo (in target 'AuthScope' from project 'auth-scope')
    cd /Users/admin/builder/spi-builder-workspace
    builtin-copy -exclude .DS_Store -exclude CVS -exclude .svn -exclude .git -exclude .hg -resolve-src-symlinks -rename /Users/admin/builder/spi-builder-workspace/.derivedData/Build/Intermediates.noindex/auth-scope.build/Debug-xros/AuthScope.build/Objects-normal/arm64/AuthScope.swiftsourceinfo /Users/admin/builder/spi-builder-workspace/.derivedData/Build/Products/Debug-xros/AuthScope.swiftmodule/Project/arm64-apple-xros.swiftsourceinfo
note: Using global toolchain override 'Swift 6.0 Development Snapshot 2024-05-26 (a)'. (in target 'AuthScope' from project 'auth-scope')
** BUILD FAILED **
The following build commands failed:
	SwiftCompile normal arm64 /Users/admin/builder/spi-builder-workspace/Sources/AuthScope/Scope+RegularExpressions.swift (in target 'AuthScope' from project 'auth-scope')
	SwiftCompile normal arm64 Compiling\ Scope+RegularExpressions.swift /Users/admin/builder/spi-builder-workspace/Sources/AuthScope/Scope+RegularExpressions.swift (in target 'AuthScope' from project 'auth-scope')
(2 failures)
Command line invocation:
    /Applications/Xcode-15.3.0.app/Contents/Developer/usr/bin/xcodebuild -IDEClonedSourcePackagesDirPathOverride=/Users/admin/builder/spi-builder-workspace/.dependencies -skipMacroValidation -skipPackagePluginValidation -derivedDataPath /Users/admin/builder/spi-builder-workspace/.derivedData build -scheme auth-scope -destination generic/platform=xros "OTHER_SWIFT_FLAGS=-stats-output-dir .stats -strict-concurrency=complete"
User defaults from command line:
    IDEClonedSourcePackagesDirPathOverride = /Users/admin/builder/spi-builder-workspace/.dependencies
    IDEDerivedDataPathOverride = /Users/admin/builder/spi-builder-workspace/.derivedData
    IDEPackageSupportToolchainOverrideForManifestLoading = org.swift.600202405261a
    IDEPackageSupportUseBuiltinSCM = YES
Build settings from command line:
    OTHER_SWIFT_FLAGS = -stats-output-dir .stats -strict-concurrency=complete
    TOOLCHAINS = org.swift.600202405261a
Resolve Package Graph
Resolved source packages:
  SwiftDocCPlugin: https://github.com/apple/swift-docc-plugin @ 1.3.0
  auth-scope: /Users/admin/builder/spi-builder-workspace
  SymbolKit: https://github.com/apple/swift-docc-symbolkit @ 1.0.0
Prepare packages
ComputeTargetDependencyGraph
note: Building targets in dependency order
note: Target dependency graph (2 targets)
    Target 'AuthScope' in project 'auth-scope'
        ➜ Explicit dependency on target 'AuthScope' in project 'auth-scope'
    Target 'AuthScope' in project 'auth-scope' (no dependencies)
GatherProvisioningInputs
CreateBuildDescription
note: Using global toolchain override 'Swift 6.0 Development Snapshot 2024-05-26 (a)'.
note: Using global toolchain override 'Swift 6.0 Development Snapshot 2024-05-26 (a)'. (in target 'AuthScope' from project 'auth-scope')
SwiftDriver AuthScope normal arm64 com.apple.xcode.tools.swift.compiler (in target 'AuthScope' from project 'auth-scope')
    cd /Users/admin/builder/spi-builder-workspace
    builtin-SwiftDriver -- /Library/Developer/Toolchains/swift-6.0-DEVELOPMENT-SNAPSHOT-2024-05-26-a.xctoolchain/usr/bin/swiftc -module-name AuthScope -Onone -enforce-exclusivity\=checked @/Users/admin/builder/spi-builder-workspace/.derivedData/Build/Intermediates.noindex/auth-scope.build/Debug-xros/AuthScope.build/Objects-normal/arm64/AuthScope.SwiftFileList -DSWIFT_PACKAGE -DDEBUG -stats-output-dir .stats -strict-concurrency\=complete -sdk /Applications/Xcode-15.3.0.app/Contents/Developer/Platforms/XROS.platform/Developer/SDKs/XROS1.1.sdk -target arm64-apple-xros1.0 -g -module-cache-path /Users/admin/builder/spi-builder-workspace/.derivedData/ModuleCache.noindex -Xfrontend -serialize-debugging-options -profile-coverage-mapping -profile-generate -enable-testing -index-store-path /Users/admin/builder/spi-builder-workspace/.derivedData/Index.noindex/DataStore -swift-version 5 -I /Users/admin/builder/spi-builder-workspace/.derivedData/Build/Products/Debug-xros -I /Applications/Xcode-15.3.0.app/Contents/Developer/Platforms/XROS.platform/Developer/usr/lib -F /Users/admin/builder/spi-builder-workspace/.derivedData/Build/Products/Debug-xros -F /Applications/Xcode-15.3.0.app/Contents/Developer/Platforms/XROS.platform/Developer/Library/Frameworks -F /Applications/Xcode-15.3.0.app/Contents/Developer/Platforms/XROS.platform/Developer/SDKs/XROS1.1.sdk/Developer/Library/Frameworks -c -j10 -enable-batch-mode -incremental -output-file-map /Users/admin/builder/spi-builder-workspace/.derivedData/Build/Intermediates.noindex/auth-scope.build/Debug-xros/AuthScope.build/Objects-normal/arm64/AuthScope-OutputFileMap.json -use-frontend-parseable-output -save-temps -no-color-diagnostics -serialize-diagnostics -emit-dependencies -emit-module -emit-module-path /Users/admin/builder/spi-builder-workspace/.derivedData/Build/Intermediates.noindex/auth-scope.build/Debug-xros/AuthScope.build/Objects-normal/arm64/AuthScope.swiftmodule -validate-clang-modules-once -clang-build-session-file /Users/admin/builder/spi-builder-workspace/.derivedData/ModuleCache.noindex/Session.modulevalidation -Xfrontend -package-name -Xfrontend spi_builder_workspace -Xcc -I/Users/admin/builder/spi-builder-workspace/.derivedData/Build/Intermediates.noindex/auth-scope.build/Debug-xros/AuthScope.build/swift-overrides.hmap -emit-const-values -Xfrontend -const-gather-protocols-file -Xfrontend /Users/admin/builder/spi-builder-workspace/.derivedData/Build/Intermediates.noindex/auth-scope.build/Debug-xros/AuthScope.build/Objects-normal/arm64/AuthScope_const_extract_protocols.json -Xcc -I/Users/admin/builder/spi-builder-workspace/.derivedData/Build/Products/Debug-xros/include -Xcc -I/Users/admin/builder/spi-builder-workspace/.derivedData/Build/Intermediates.noindex/auth-scope.build/Debug-xros/AuthScope.build/DerivedSources-normal/arm64 -Xcc -I/Users/admin/builder/spi-builder-workspace/.derivedData/Build/Intermediates.noindex/auth-scope.build/Debug-xros/AuthScope.build/DerivedSources/arm64 -Xcc -I/Users/admin/builder/spi-builder-workspace/.derivedData/Build/Intermediates.noindex/auth-scope.build/Debug-xros/AuthScope.build/DerivedSources -Xcc -DSWIFT_PACKAGE -Xcc -DDEBUG\=1 -emit-objc-header -emit-objc-header-path /Users/admin/builder/spi-builder-workspace/.derivedData/Build/Intermediates.noindex/auth-scope.build/Debug-xros/AuthScope.build/Objects-normal/arm64/AuthScope-Swift.h -working-directory /Users/admin/builder/spi-builder-workspace -experimental-emit-module-separately -disable-cmo
SwiftEmitModule normal arm64 Emitting\ module\ for\ AuthScope (in target 'AuthScope' from project 'auth-scope')
    cd /Users/admin/builder/spi-builder-workspace
    builtin-swiftTaskExecution -- /Library/Developer/Toolchains/swift-6.0-DEVELOPMENT-SNAPSHOT-2024-05-26-a.xctoolchain/usr/bin/swift-frontend -frontend -emit-module -experimental-skip-non-inlinable-function-bodies-without-types /Users/admin/builder/spi-builder-workspace/Sources/AuthScope/AccessRangeProtocol.swift /Users/admin/builder/spi-builder-workspace/Sources/AuthScope/Scope+Codable.swift /Users/admin/builder/spi-builder-workspace/Sources/AuthScope/Scope+Collection.swift /Users/admin/builder/spi-builder-workspace/Sources/AuthScope/Scope+CustomStringConvertible.swift /Users/admin/builder/spi-builder-workspace/Sources/AuthScope/Scope+Defaults.swift /Users/admin/builder/spi-builder-workspace/Sources/AuthScope/Scope+RegularExpressions.swift /Users/admin/builder/spi-builder-workspace/Sources/AuthScope/Scope+ScopeString.swift /Users/admin/builder/spi-builder-workspace/Sources/AuthScope/Scope+SetAlgebra.swift /Users/admin/builder/spi-builder-workspace/Sources/AuthScope/Scope.swift -target arm64-apple-xros1.0 -Xllvm -aarch64-use-tbi -enable-objc-interop -sdk /Applications/Xcode-15.3.0.app/Contents/Developer/Platforms/XROS.platform/Developer/SDKs/XROS1.1.sdk -I /Users/admin/builder/spi-builder-workspace/.derivedData/Build/Products/Debug-xros -I /Applications/Xcode-15.3.0.app/Contents/Developer/Platforms/XROS.platform/Developer/usr/lib -F /Users/admin/builder/spi-builder-workspace/.derivedData/Build/Products/Debug-xros -F /Applications/Xcode-15.3.0.app/Contents/Developer/Platforms/XROS.platform/Developer/Library/Frameworks -F /Applications/Xcode-15.3.0.app/Contents/Developer/Platforms/XROS.platform/Developer/SDKs/XROS1.1.sdk/Developer/Library/Frameworks -no-color-diagnostics -enable-testing -g -module-cache-path /Users/admin/builder/spi-builder-workspace/.derivedData/ModuleCache.noindex -profile-generate -profile-coverage-mapping -swift-version 5 -enforce-exclusivity\=checked -stats-output-dir /Users/admin/builder/spi-builder-workspace/.stats -Onone -D SWIFT_PACKAGE -D DEBUG -serialize-debugging-options -package-name spi_builder_workspace -const-gather-protocols-file /Users/admin/builder/spi-builder-workspace/.derivedData/Build/Intermediates.noindex/auth-scope.build/Debug-xros/AuthScope.build/Objects-normal/arm64/AuthScope_const_extract_protocols.json -strict-concurrency\=complete -empty-abi-descriptor -validate-clang-modules-once -clang-build-session-file /Users/admin/builder/spi-builder-workspace/.derivedData/ModuleCache.noindex/Session.modulevalidation -Xcc -working-directory -Xcc /Users/admin/builder/spi-builder-workspace -resource-dir /Library/Developer/Toolchains/swift-6.0-DEVELOPMENT-SNAPSHOT-2024-05-26-a.xctoolchain/usr/lib/swift -enable-anonymous-context-mangled-names -Xcc -I/Users/admin/builder/spi-builder-workspace/.derivedData/Build/Intermediates.noindex/auth-scope.build/Debug-xros/AuthScope.build/swift-overrides.hmap -Xcc -I/Users/admin/builder/spi-builder-workspace/.derivedData/Build/Products/Debug-xros/include -Xcc -I/Users/admin/builder/spi-builder-workspace/.derivedData/Build/Intermediates.noindex/auth-scope.build/Debug-xros/AuthScope.build/DerivedSources-normal/arm64 -Xcc -I/Users/admin/builder/spi-builder-workspace/.derivedData/Build/Intermediates.noindex/auth-scope.build/Debug-xros/AuthScope.build/DerivedSources/arm64 -Xcc -I/Users/admin/builder/spi-builder-workspace/.derivedData/Build/Intermediates.noindex/auth-scope.build/Debug-xros/AuthScope.build/DerivedSources -Xcc -DSWIFT_PACKAGE -Xcc -DDEBUG\=1 -module-name AuthScope -disable-clang-spi -target-sdk-version 1.1 -target-sdk-name xros1.1 -external-plugin-path /Applications/Xcode-15.3.0.app/Contents/Developer/Platforms/XROS.platform/Developer/SDKs/XROS1.1.sdk/usr/lib/swift/host/plugins\#/Applications/Xcode-15.3.0.app/Contents/Developer/Platforms/XROS.platform/Developer/SDKs/XROS1.1.sdk/usr/bin/swift-plugin-server -external-plugin-path /Applications/Xcode-15.3.0.app/Contents/Developer/Platforms/XROS.platform/Developer/SDKs/XROS1.1.sdk/usr/local/lib/swift/host/plugins\#/Applications/Xcode-15.3.0.app/Contents/Developer/Platforms/XROS.platform/Developer/SDKs/XROS1.1.sdk/usr/bin/swift-plugin-server -external-plugin-path /Applications/Xcode-15.3.0.app/Contents/Developer/Platforms/XROS.platform/Developer/usr/lib/swift/host/plugins\#/Applications/Xcode-15.3.0.app/Contents/Developer/Platforms/XROS.platform/Developer/usr/bin/swift-plugin-server -external-plugin-path /Applications/Xcode-15.3.0.app/Contents/Developer/Platforms/XROS.platform/Developer/usr/local/lib/swift/host/plugins\#/Applications/Xcode-15.3.0.app/Contents/Developer/Platforms/XROS.platform/Developer/usr/bin/swift-plugin-server -plugin-path /Library/Developer/Toolchains/swift-6.0-DEVELOPMENT-SNAPSHOT-2024-05-26-a.xctoolchain/usr/lib/swift/host/plugins -plugin-path /Library/Developer/Toolchains/swift-6.0-DEVELOPMENT-SNAPSHOT-2024-05-26-a.xctoolchain/usr/local/lib/swift/host/plugins -emit-module-doc-path /Users/admin/builder/spi-builder-workspace/.derivedData/Build/Intermediates.noindex/auth-scope.build/Debug-xros/AuthScope.build/Objects-normal/arm64/AuthScope.swiftdoc -emit-module-source-info-path /Users/admin/builder/spi-builder-workspace/.derivedData/Build/Intermediates.noindex/auth-scope.build/Debug-xros/AuthScope.build/Objects-normal/arm64/AuthScope.swiftsourceinfo -emit-objc-header-path /Users/admin/builder/spi-builder-workspace/.derivedData/Build/Intermediates.noindex/auth-scope.build/Debug-xros/AuthScope.build/Objects-normal/arm64/AuthScope-Swift.h -serialize-diagnostics-path /Users/admin/builder/spi-builder-workspace/.derivedData/Build/Intermediates.noindex/auth-scope.build/Debug-xros/AuthScope.build/Objects-normal/arm64/AuthScope-master-emit-module.dia -emit-dependencies-path /Users/admin/builder/spi-builder-workspace/.derivedData/Build/Intermediates.noindex/auth-scope.build/Debug-xros/AuthScope.build/Objects-normal/arm64/AuthScope-master-emit-module.d -o /Users/admin/builder/spi-builder-workspace/.derivedData/Build/Intermediates.noindex/auth-scope.build/Debug-xros/AuthScope.build/Objects-normal/arm64/AuthScope.swiftmodule -emit-abi-descriptor-path /Users/admin/builder/spi-builder-workspace/.derivedData/Build/Intermediates.noindex/auth-scope.build/Debug-xros/AuthScope.build/Objects-normal/arm64/AuthScope.abi.json
SwiftCompile normal arm64 Compiling\ Scope+RegularExpressions.swift /Users/admin/builder/spi-builder-workspace/Sources/AuthScope/Scope+RegularExpressions.swift (in target 'AuthScope' from project 'auth-scope')
    cd /Users/admin/builder/spi-builder-workspace
    builtin-swiftTaskExecution -- /Library/Developer/Toolchains/swift-6.0-DEVELOPMENT-SNAPSHOT-2024-05-26-a.xctoolchain/usr/bin/swift-frontend -frontend -c /Users/admin/builder/spi-builder-workspace/Sources/AuthScope/AccessRangeProtocol.swift /Users/admin/builder/spi-builder-workspace/Sources/AuthScope/Scope+Codable.swift /Users/admin/builder/spi-builder-workspace/Sources/AuthScope/Scope+Collection.swift /Users/admin/builder/spi-builder-workspace/Sources/AuthScope/Scope+CustomStringConvertible.swift /Users/admin/builder/spi-builder-workspace/Sources/AuthScope/Scope+Defaults.swift -primary-file /Users/admin/builder/spi-builder-workspace/Sources/AuthScope/Scope+RegularExpressions.swift /Users/admin/builder/spi-builder-workspace/Sources/AuthScope/Scope+ScopeString.swift /Users/admin/builder/spi-builder-workspace/Sources/AuthScope/Scope+SetAlgebra.swift /Users/admin/builder/spi-builder-workspace/Sources/AuthScope/Scope.swift -emit-dependencies-path /Users/admin/builder/spi-builder-workspace/.derivedData/Build/Intermediates.noindex/auth-scope.build/Debug-xros/AuthScope.build/Objects-normal/arm64/Scope+RegularExpressions.d -emit-const-values-path /Users/admin/builder/spi-builder-workspace/.derivedData/Build/Intermediates.noindex/auth-scope.build/Debug-xros/AuthScope.build/Objects-normal/arm64/Scope+RegularExpressions.swiftconstvalues -emit-reference-dependencies-path /Users/admin/builder/spi-builder-workspace/.derivedData/Build/Intermediates.noindex/auth-scope.build/Debug-xros/AuthScope.build/Objects-normal/arm64/Scope+RegularExpressions.swiftdeps -serialize-diagnostics-path /Users/admin/builder/spi-builder-workspace/.derivedData/Build/Intermediates.noindex/auth-scope.build/Debug-xros/AuthScope.build/Objects-normal/arm64/Scope+RegularExpressions.dia -target arm64-apple-xros1.0 -Xllvm -aarch64-use-tbi -enable-objc-interop -sdk /Applications/Xcode-15.3.0.app/Contents/Developer/Platforms/XROS.platform/Developer/SDKs/XROS1.1.sdk -I /Users/admin/builder/spi-builder-workspace/.derivedData/Build/Products/Debug-xros -I /Applications/Xcode-15.3.0.app/Contents/Developer/Platforms/XROS.platform/Developer/usr/lib -F /Users/admin/builder/spi-builder-workspace/.derivedData/Build/Products/Debug-xros -F /Applications/Xcode-15.3.0.app/Contents/Developer/Platforms/XROS.platform/Developer/Library/Frameworks -F /Applications/Xcode-15.3.0.app/Contents/Developer/Platforms/XROS.platform/Developer/SDKs/XROS1.1.sdk/Developer/Library/Frameworks -no-color-diagnostics -enable-testing -g -module-cache-path /Users/admin/builder/spi-builder-workspace/.derivedData/ModuleCache.noindex -profile-generate -profile-coverage-mapping -swift-version 5 -enforce-exclusivity\=checked -stats-output-dir /Users/admin/builder/spi-builder-workspace/.stats -Onone -D SWIFT_PACKAGE -D DEBUG -serialize-debugging-options -package-name spi_builder_workspace -const-gather-protocols-file /Users/admin/builder/spi-builder-workspace/.derivedData/Build/Intermediates.noindex/auth-scope.build/Debug-xros/AuthScope.build/Objects-normal/arm64/AuthScope_const_extract_protocols.json -strict-concurrency\=complete -empty-abi-descriptor -validate-clang-modules-once -clang-build-session-file /Users/admin/builder/spi-builder-workspace/.derivedData/ModuleCache.noindex/Session.modulevalidation -Xcc -working-directory -Xcc /Users/admin/builder/spi-builder-workspace -resource-dir /Library/Developer/Toolchains/swift-6.0-DEVELOPMENT-SNAPSHOT-2024-05-26-a.xctoolchain/usr/lib/swift -enable-anonymous-context-mangled-names -Xcc -I/Users/admin/builder/spi-builder-workspace/.derivedData/Build/Intermediates.noindex/auth-scope.build/Debug-xros/AuthScope.build/swift-overrides.hmap -Xcc -I/Users/admin/builder/spi-builder-workspace/.derivedData/Build/Products/Debug-xros/include -Xcc -I/Users/admin/builder/spi-builder-workspace/.derivedData/Build/Intermediates.noindex/auth-scope.build/Debug-xros/AuthScope.build/DerivedSources-normal/arm64 -Xcc -I/Users/admin/builder/spi-builder-workspace/.derivedData/Build/Intermediates.noindex/auth-scope.build/Debug-xros/AuthScope.build/DerivedSources/arm64 -Xcc -I/Users/admin/builder/spi-builder-workspace/.derivedData/Build/Intermediates.noindex/auth-scope.build/Debug-xros/AuthScope.build/DerivedSources -Xcc -DSWIFT_PACKAGE -Xcc -DDEBUG\=1 -module-name AuthScope -frontend-parseable-output -disable-clang-spi -target-sdk-version 1.1 -target-sdk-name xros1.1 -external-plugin-path /Applications/Xcode-15.3.0.app/Contents/Developer/Platforms/XROS.platform/Developer/SDKs/XROS1.1.sdk/usr/lib/swift/host/plugins\#/Applications/Xcode-15.3.0.app/Contents/Developer/Platforms/XROS.platform/Developer/SDKs/XROS1.1.sdk/usr/bin/swift-plugin-server -external-plugin-path /Applications/Xcode-15.3.0.app/Contents/Developer/Platforms/XROS.platform/Developer/SDKs/XROS1.1.sdk/usr/local/lib/swift/host/plugins\#/Applications/Xcode-15.3.0.app/Contents/Developer/Platforms/XROS.platform/Developer/SDKs/XROS1.1.sdk/usr/bin/swift-plugin-server -external-plugin-path /Applications/Xcode-15.3.0.app/Contents/Developer/Platforms/XROS.platform/Developer/usr/lib/swift/host/plugins\#/Applications/Xcode-15.3.0.app/Contents/Developer/Platforms/XROS.platform/Developer/usr/bin/swift-plugin-server -external-plugin-path /Applications/Xcode-15.3.0.app/Contents/Developer/Platforms/XROS.platform/Developer/usr/local/lib/swift/host/plugins\#/Applications/Xcode-15.3.0.app/Contents/Developer/Platforms/XROS.platform/Developer/usr/bin/swift-plugin-server -plugin-path /Library/Developer/Toolchains/swift-6.0-DEVELOPMENT-SNAPSHOT-2024-05-26-a.xctoolchain/usr/lib/swift/host/plugins -plugin-path /Library/Developer/Toolchains/swift-6.0-DEVELOPMENT-SNAPSHOT-2024-05-26-a.xctoolchain/usr/local/lib/swift/host/plugins -o /Users/admin/builder/spi-builder-workspace/.derivedData/Build/Intermediates.noindex/auth-scope.build/Debug-xros/AuthScope.build/Objects-normal/arm64/Scope+RegularExpressions.o -index-unit-output-path /auth-scope.build/Debug-xros/AuthScope.build/Objects-normal/arm64/Scope+RegularExpressions.o -index-store-path /Users/admin/builder/spi-builder-workspace/.derivedData/Index.noindex/DataStore -index-system-modules
SwiftCompile normal arm64 /Users/admin/builder/spi-builder-workspace/Sources/AuthScope/Scope+RegularExpressions.swift (in target 'AuthScope' from project 'auth-scope')
    cd /Users/admin/builder/spi-builder-workspace
    /Library/Developer/Toolchains/swift-6.0-DEVELOPMENT-SNAPSHOT-2024-05-26-a.xctoolchain/usr/bin/swift-frontend -c /Users/admin/builder/spi-builder-workspace/Sources/AuthScope/AccessRangeProtocol.swift /Users/admin/builder/spi-builder-workspace/Sources/AuthScope/Scope+Codable.swift /Users/admin/builder/spi-builder-workspace/Sources/AuthScope/Scope+Collection.swift /Users/admin/builder/spi-builder-workspace/Sources/AuthScope/Scope+CustomStringConvertible.swift /Users/admin/builder/spi-builder-workspace/Sources/AuthScope/Scope+Defaults.swift -primary-file /Users/admin/builder/spi-builder-workspace/Sources/AuthScope/Scope+RegularExpressions.swift /Users/admin/builder/spi-builder-workspace/Sources/AuthScope/Scope+ScopeString.swift /Users/admin/builder/spi-builder-workspace/Sources/AuthScope/Scope+SetAlgebra.swift /Users/admin/builder/spi-builder-workspace/Sources/AuthScope/Scope.swift -emit-dependencies-path /Users/admin/builder/spi-builder-workspace/.derivedData/Build/Intermediates.noindex/auth-scope.build/Debug-xros/AuthScope.build/Objects-normal/arm64/Scope+RegularExpressions.d -emit-const-values-path /Users/admin/builder/spi-builder-workspace/.derivedData/Build/Intermediates.noindex/auth-scope.build/Debug-xros/AuthScope.build/Objects-normal/arm64/Scope+RegularExpressions.swiftconstvalues -emit-reference-dependencies-path /Users/admin/builder/spi-builder-workspace/.derivedData/Build/Intermediates.noindex/auth-scope.build/Debug-xros/AuthScope.build/Objects-normal/arm64/Scope+RegularExpressions.swiftdeps -serialize-diagnostics-path /Users/admin/builder/spi-builder-workspace/.derivedData/Build/Intermediates.noindex/auth-scope.build/Debug-xros/AuthScope.build/Objects-normal/arm64/Scope+RegularExpressions.dia -target arm64-apple-xros1.0 -Xllvm -aarch64-use-tbi -enable-objc-interop -sdk /Applications/Xcode-15.3.0.app/Contents/Developer/Platforms/XROS.platform/Developer/SDKs/XROS1.1.sdk -I /Users/admin/builder/spi-builder-workspace/.derivedData/Build/Products/Debug-xros -I /Applications/Xcode-15.3.0.app/Contents/Developer/Platforms/XROS.platform/Developer/usr/lib -F /Users/admin/builder/spi-builder-workspace/.derivedData/Build/Products/Debug-xros -F /Applications/Xcode-15.3.0.app/Contents/Developer/Platforms/XROS.platform/Developer/Library/Frameworks -F /Applications/Xcode-15.3.0.app/Contents/Developer/Platforms/XROS.platform/Developer/SDKs/XROS1.1.sdk/Developer/Library/Frameworks -no-color-diagnostics -enable-testing -g -module-cache-path /Users/admin/builder/spi-builder-workspace/.derivedData/ModuleCache.noindex -profile-generate -profile-coverage-mapping -swift-version 5 -enforce-exclusivity\=checked -stats-output-dir /Users/admin/builder/spi-builder-workspace/.stats -Onone -D SWIFT_PACKAGE -D DEBUG -serialize-debugging-options -package-name spi_builder_workspace -const-gather-protocols-file /Users/admin/builder/spi-builder-workspace/.derivedData/Build/Intermediates.noindex/auth-scope.build/Debug-xros/AuthScope.build/Objects-normal/arm64/AuthScope_const_extract_protocols.json -strict-concurrency\=complete -empty-abi-descriptor -validate-clang-modules-once -clang-build-session-file /Users/admin/builder/spi-builder-workspace/.derivedData/ModuleCache.noindex/Session.modulevalidation -Xcc -working-directory -Xcc /Users/admin/builder/spi-builder-workspace -resource-dir /Library/Developer/Toolchains/swift-6.0-DEVELOPMENT-SNAPSHOT-2024-05-26-a.xctoolchain/usr/lib/swift -enable-anonymous-context-mangled-names -Xcc -I/Users/admin/builder/spi-builder-workspace/.derivedData/Build/Intermediates.noindex/auth-scope.build/Debug-xros/AuthScope.build/swift-overrides.hmap -Xcc -I/Users/admin/builder/spi-builder-workspace/.derivedData/Build/Products/Debug-xros/include -Xcc -I/Users/admin/builder/spi-builder-workspace/.derivedData/Build/Intermediates.noindex/auth-scope.build/Debug-xros/AuthScope.build/DerivedSources-normal/arm64 -Xcc -I/Users/admin/builder/spi-builder-workspace/.derivedData/Build/Intermediates.noindex/auth-scope.build/Debug-xros/AuthScope.build/DerivedSources/arm64 -Xcc -I/Users/admin/builder/spi-builder-workspace/.derivedData/Build/Intermediates.noindex/auth-scope.build/Debug-xros/AuthScope.build/DerivedSources -Xcc -DSWIFT_PACKAGE -Xcc -DDEBUG\=1 -module-name AuthScope -frontend-parseable-output -disable-clang-spi -target-sdk-version 1.1 -target-sdk-name xros1.1 -external-plugin-path /Applications/Xcode-15.3.0.app/Contents/Developer/Platforms/XROS.platform/Developer/SDKs/XROS1.1.sdk/usr/lib/swift/host/plugins\#/Applications/Xcode-15.3.0.app/Contents/Developer/Platforms/XROS.platform/Developer/SDKs/XROS1.1.sdk/usr/bin/swift-plugin-server -external-plugin-path /Applications/Xcode-15.3.0.app/Contents/Developer/Platforms/XROS.platform/Developer/SDKs/XROS1.1.sdk/usr/local/lib/swift/host/plugins\#/Applications/Xcode-15.3.0.app/Contents/Developer/Platforms/XROS.platform/Developer/SDKs/XROS1.1.sdk/usr/bin/swift-plugin-server -external-plugin-path /Applications/Xcode-15.3.0.app/Contents/Developer/Platforms/XROS.platform/Developer/usr/lib/swift/host/plugins\#/Applications/Xcode-15.3.0.app/Contents/Developer/Platforms/XROS.platform/Developer/usr/bin/swift-plugin-server -external-plugin-path /Applications/Xcode-15.3.0.app/Contents/Developer/Platforms/XROS.platform/Developer/usr/local/lib/swift/host/plugins\#/Applications/Xcode-15.3.0.app/Contents/Developer/Platforms/XROS.platform/Developer/usr/bin/swift-plugin-server -plugin-path /Library/Developer/Toolchains/swift-6.0-DEVELOPMENT-SNAPSHOT-2024-05-26-a.xctoolchain/usr/lib/swift/host/plugins -plugin-path /Library/Developer/Toolchains/swift-6.0-DEVELOPMENT-SNAPSHOT-2024-05-26-a.xctoolchain/usr/local/lib/swift/host/plugins -o /Users/admin/builder/spi-builder-workspace/.derivedData/Build/Intermediates.noindex/auth-scope.build/Debug-xros/AuthScope.build/Objects-normal/arm64/Scope+RegularExpressions.o -index-unit-output-path /auth-scope.build/Debug-xros/AuthScope.build/Objects-normal/arm64/Scope+RegularExpressions.o -index-store-path /Users/admin/builder/spi-builder-workspace/.derivedData/Index.noindex/DataStore -index-system-modules
/Users/admin/builder/spi-builder-workspace/Sources/AuthScope/Scope+RegularExpressions.swift:49:53: error: '$' is not an identifier; use backticks to escape it
        guard !accessRanges.isEmpty else { return /^$/ }
                                                    ^
                                                    `$`
/Users/admin/builder/spi-builder-workspace/Sources/AuthScope/Scope+RegularExpressions.swift:51:13: error: unary operator cannot be separated from its operand
            /^/
            ^

/Users/admin/builder/spi-builder-workspace/Sources/AuthScope/Scope+RegularExpressions.swift:53:14: error: '$' is not an identifier; use backticks to escape it
            /$/
             ^
             `$`
/Users/admin/builder/spi-builder-workspace/Sources/AuthScope/Scope+RegularExpressions.swift:61:53: error: expected expression after unary operator
        guard !accessRanges.isEmpty else { return /^.*$/ }
                                                    ^
/Users/admin/builder/spi-builder-workspace/Sources/AuthScope/Scope+RegularExpressions.swift:61:55: error: '$' is not an identifier; use backticks to escape it
        guard !accessRanges.isEmpty else { return /^.*$/ }
                                                      ^
                                                      `$`
/Users/admin/builder/spi-builder-workspace/Sources/AuthScope/Scope+RegularExpressions.swift:63:13: error: unary operator cannot be separated from its operand
            /^/
            ^

/Users/admin/builder/spi-builder-workspace/Sources/AuthScope/Scope+RegularExpressions.swift:65:14: error: '$' is not an identifier; use backticks to escape it
            /$/
             ^
             `$`
/Users/admin/builder/spi-builder-workspace/Sources/AuthScope/Scope+RegularExpressions.swift:73:53: error: expected expression after unary operator
        guard !accessRanges.isEmpty else { return /^.*$/ }
                                                    ^
/Users/admin/builder/spi-builder-workspace/Sources/AuthScope/Scope+RegularExpressions.swift:73:55: error: '$' is not an identifier; use backticks to escape it
        guard !accessRanges.isEmpty else { return /^.*$/ }
                                                      ^
                                                      `$`
/Users/admin/builder/spi-builder-workspace/Sources/AuthScope/Scope+RegularExpressions.swift:75:13: error: unary operator cannot be separated from its operand
            /^/
            ^

/Users/admin/builder/spi-builder-workspace/Sources/AuthScope/Scope+RegularExpressions.swift:77:14: error: '$' is not an identifier; use backticks to escape it
            /$/
             ^
             `$`
/Users/admin/builder/spi-builder-workspace/Sources/AuthScope/Scope+RegularExpressions.swift:49:51: error: cannot find operator '/^' in scope
        guard !accessRanges.isEmpty else { return /^$/ }
                                                  ^~
/Users/admin/builder/spi-builder-workspace/Sources/AuthScope/Scope+RegularExpressions.swift:49:54: error: '/' is not a postfix unary operator
        guard !accessRanges.isEmpty else { return /^$/ }
                                                     ^
/Users/admin/builder/spi-builder-workspace/Sources/AuthScope/Scope+RegularExpressions.swift:49:53: error: cannot find '$' in scope
        guard !accessRanges.isEmpty else { return /^$/ }
                                                    ^
/Users/admin/builder/spi-builder-workspace/Sources/AuthScope/Scope+RegularExpressions.swift:51:13: error: cannot find operator '/^/' in scope
            /^/
            ^~~
/Users/admin/builder/spi-builder-workspace/Sources/AuthScope/Scope+RegularExpressions.swift:53:13: error: '/' is not a prefix unary operator
            /$/
            ^
/Users/admin/builder/spi-builder-workspace/Sources/AuthScope/Scope+RegularExpressions.swift:53:15: error: '/' is not a postfix unary operator
            /$/
              ^
/Users/admin/builder/spi-builder-workspace/Sources/AuthScope/Scope+RegularExpressions.swift:53:14: error: cannot find '$' in scope
            /$/
             ^
/Users/admin/builder/spi-builder-workspace/Sources/AuthScope/Scope+RegularExpressions.swift:61:51: error: cannot find operator '/^' in scope
        guard !accessRanges.isEmpty else { return /^.*$/ }
                                                  ^~
/Users/admin/builder/spi-builder-workspace/Sources/AuthScope/Scope+RegularExpressions.swift:61:53: error: cannot find operator '.*' in scope
        guard !accessRanges.isEmpty else { return /^.*$/ }
                                                    ^~
/Users/admin/builder/spi-builder-workspace/Sources/AuthScope/Scope+RegularExpressions.swift:61:56: error: '/' is not a postfix unary operator
        guard !accessRanges.isEmpty else { return /^.*$/ }
                                                       ^
/Users/admin/builder/spi-builder-workspace/Sources/AuthScope/Scope+RegularExpressions.swift:61:55: error: cannot find '$' in scope
        guard !accessRanges.isEmpty else { return /^.*$/ }
                                                      ^
/Users/admin/builder/spi-builder-workspace/Sources/AuthScope/Scope+RegularExpressions.swift:63:13: error: cannot find operator '/^/' in scope
            /^/
            ^~~
/Users/admin/builder/spi-builder-workspace/Sources/AuthScope/Scope+RegularExpressions.swift:65:13: error: '/' is not a prefix unary operator
            /$/
            ^
/Users/admin/builder/spi-builder-workspace/Sources/AuthScope/Scope+RegularExpressions.swift:65:15: error: '/' is not a postfix unary operator
            /$/
              ^
/Users/admin/builder/spi-builder-workspace/Sources/AuthScope/Scope+RegularExpressions.swift:65:14: error: cannot find '$' in scope
            /$/
             ^
/Users/admin/builder/spi-builder-workspace/Sources/AuthScope/Scope+RegularExpressions.swift:73:51: error: cannot find operator '/^' in scope
        guard !accessRanges.isEmpty else { return /^.*$/ }
                                                  ^~
/Users/admin/builder/spi-builder-workspace/Sources/AuthScope/Scope+RegularExpressions.swift:73:53: error: cannot find operator '.*' in scope
        guard !accessRanges.isEmpty else { return /^.*$/ }
                                                    ^~
/Users/admin/builder/spi-builder-workspace/Sources/AuthScope/Scope+RegularExpressions.swift:73:56: error: '/' is not a postfix unary operator
        guard !accessRanges.isEmpty else { return /^.*$/ }
                                                       ^
/Users/admin/builder/spi-builder-workspace/Sources/AuthScope/Scope+RegularExpressions.swift:73:55: error: cannot find '$' in scope
        guard !accessRanges.isEmpty else { return /^.*$/ }
                                                      ^
/Users/admin/builder/spi-builder-workspace/Sources/AuthScope/Scope+RegularExpressions.swift:75:13: error: cannot find operator '/^/' in scope
            /^/
            ^~~
/Users/admin/builder/spi-builder-workspace/Sources/AuthScope/Scope+RegularExpressions.swift:77:13: error: '/' is not a prefix unary operator
            /$/
            ^
/Users/admin/builder/spi-builder-workspace/Sources/AuthScope/Scope+RegularExpressions.swift:77:15: error: '/' is not a postfix unary operator
            /$/
              ^
/Users/admin/builder/spi-builder-workspace/Sources/AuthScope/Scope+RegularExpressions.swift:77:14: error: cannot find '$' in scope
            /$/
             ^
note: Using global toolchain override 'Swift 6.0 Development Snapshot 2024-05-26 (a)'. (in target 'AuthScope' from project 'auth-scope')
** BUILD FAILED **
The following build commands failed:
	SwiftCompile normal arm64 /Users/admin/builder/spi-builder-workspace/Sources/AuthScope/Scope+RegularExpressions.swift (in target 'AuthScope' from project 'auth-scope')
	SwiftCompile normal arm64 Compiling\ Scope+RegularExpressions.swift /Users/admin/builder/spi-builder-workspace/Sources/AuthScope/Scope+RegularExpressions.swift (in target 'AuthScope' from project 'auth-scope')
(2 failures)
BUILD FAILURE 6.0 visionOS
This is a staging environment. For live and up-to-date package information, visit swiftpackageindex.com.