Build Information
Failed to build S3Kit with Swift 6.0 for visionOS using Xcode 16.0.
Build Command
env DEVELOPER_DIR=/Applications/Xcode-15.3.0.app xcrun --toolchain org.swift.600202405261a xcodebuild -IDEClonedSourcePackagesDirPathOverride=$workDir/.dependencies -skipMacroValidation -skipPackagePluginValidation -derivedDataPath $workDir/.derivedData build -scheme S3Kit-Package -destination generic/platform=xros OTHER_SWIFT_FLAGS=-stats-output-dir .stats -strict-concurrency=complete
Build Log
CompileC /Users/admin/builder/spi-builder-workspace/.derivedData/Build/Intermediates.noindex/swift-nio-ssl.build/Debug-xros/CNIOBoringSSL.build/Objects-normal/arm64/x_name.o /Users/admin/builder/spi-builder-workspace/.dependencies/checkouts/swift-nio-ssl/Sources/CNIOBoringSSL/crypto/x509/x_name.c normal arm64 c com.apple.compilers.llvm.clang.1_0.compiler (in target 'CNIOBoringSSL' from project 'swift-nio-ssl')
cd /Users/admin/builder/spi-builder-workspace/.dependencies/checkouts/swift-nio-ssl
/Library/Developer/Toolchains/swift-6.0-DEVELOPMENT-SNAPSHOT-2024-05-26-a.xctoolchain/usr/bin/clang -x c -fmessage-length\=0 -fdiagnostics-show-note-include-stack -fmacro-backtrace-limit\=0 -fno-color-diagnostics -fmodules-prune-interval\=86400 -fmodules-prune-after\=345600 -fbuild-session-file\=/Users/admin/builder/spi-builder-workspace/.derivedData/ModuleCache.noindex/Session.modulevalidation -fmodules-validate-once-per-build-session -Wnon-modular-include-in-framework-module -Werror\=non-modular-include-in-framework-module -Wno-trigraphs -Wno-missing-field-initializers -Wno-missing-prototypes -Wno-return-type -Wno-missing-braces -Wparentheses -Wswitch -Wno-unused-function -Wno-unused-label -Wno-unused-parameter -Wno-unused-variable -Wunused-value -Wno-empty-body -Wno-uninitialized -Wno-unknown-pragmas -w -Wno-shadow -Wno-four-char-constants -Wno-conversion -Wno-constant-conversion -Wno-int-conversion -Wno-bool-conversion -Wno-enum-conversion -Wno-float-conversion -Wno-non-literal-null-conversion -Wno-objc-literal-conversion -Wshorten-64-to-32 -Wpointer-sign -Wno-newline-eof -Wno-implicit-fallthrough -fstrict-aliasing -Wdeprecated-declarations -Wno-sign-conversion -Wno-infinite-recursion -Wno-comma -Wno-block-capture-autoreleasing -Wno-strict-prototypes -Wno-semicolon-before-method-body -index-store-path /Users/admin/builder/spi-builder-workspace/.derivedData/Index.noindex/DataStore @/Users/admin/builder/spi-builder-workspace/.derivedData/Build/Intermediates.noindex/swift-nio-ssl.build/Debug-xros/CNIOBoringSSL.build/Objects-normal/arm64/7187679823f38a2a940e0043cdf9d637-common-args.resp -MMD -MT dependencies -MF /Users/admin/builder/spi-builder-workspace/.derivedData/Build/Intermediates.noindex/swift-nio-ssl.build/Debug-xros/CNIOBoringSSL.build/Objects-normal/arm64/x_name.d --serialize-diagnostics /Users/admin/builder/spi-builder-workspace/.derivedData/Build/Intermediates.noindex/swift-nio-ssl.build/Debug-xros/CNIOBoringSSL.build/Objects-normal/arm64/x_name.dia -c /Users/admin/builder/spi-builder-workspace/.dependencies/checkouts/swift-nio-ssl/Sources/CNIOBoringSSL/crypto/x509/x_name.c -o /Users/admin/builder/spi-builder-workspace/.derivedData/Build/Intermediates.noindex/swift-nio-ssl.build/Debug-xros/CNIOBoringSSL.build/Objects-normal/arm64/x_name.o -index-unit-output-path /swift-nio-ssl.build/Debug-xros/CNIOBoringSSL.build/Objects-normal/arm64/x_name.o
CompileC /Users/admin/builder/spi-builder-workspace/.derivedData/Build/Intermediates.noindex/swift-nio-ssl.build/Debug-xros/CNIOBoringSSL.build/Objects-normal/arm64/x_info.o /Users/admin/builder/spi-builder-workspace/.dependencies/checkouts/swift-nio-ssl/Sources/CNIOBoringSSL/crypto/x509/x_info.c normal arm64 c com.apple.compilers.llvm.clang.1_0.compiler (in target 'CNIOBoringSSL' from project 'swift-nio-ssl')
cd /Users/admin/builder/spi-builder-workspace/.dependencies/checkouts/swift-nio-ssl
/Library/Developer/Toolchains/swift-6.0-DEVELOPMENT-SNAPSHOT-2024-05-26-a.xctoolchain/usr/bin/clang -x c -fmessage-length\=0 -fdiagnostics-show-note-include-stack -fmacro-backtrace-limit\=0 -fno-color-diagnostics -fmodules-prune-interval\=86400 -fmodules-prune-after\=345600 -fbuild-session-file\=/Users/admin/builder/spi-builder-workspace/.derivedData/ModuleCache.noindex/Session.modulevalidation -fmodules-validate-once-per-build-session -Wnon-modular-include-in-framework-module -Werror\=non-modular-include-in-framework-module -Wno-trigraphs -Wno-missing-field-initializers -Wno-missing-prototypes -Wno-return-type -Wno-missing-braces -Wparentheses -Wswitch -Wno-unused-function -Wno-unused-label -Wno-unused-parameter -Wno-unused-variable -Wunused-value -Wno-empty-body -Wno-uninitialized -Wno-unknown-pragmas -w -Wno-shadow -Wno-four-char-constants -Wno-conversion -Wno-constant-conversion -Wno-int-conversion -Wno-bool-conversion -Wno-enum-conversion -Wno-float-conversion -Wno-non-literal-null-conversion -Wno-objc-literal-conversion -Wshorten-64-to-32 -Wpointer-sign -Wno-newline-eof -Wno-implicit-fallthrough -fstrict-aliasing -Wdeprecated-declarations -Wno-sign-conversion -Wno-infinite-recursion -Wno-comma -Wno-block-capture-autoreleasing -Wno-strict-prototypes -Wno-semicolon-before-method-body -index-store-path /Users/admin/builder/spi-builder-workspace/.derivedData/Index.noindex/DataStore @/Users/admin/builder/spi-builder-workspace/.derivedData/Build/Intermediates.noindex/swift-nio-ssl.build/Debug-xros/CNIOBoringSSL.build/Objects-normal/arm64/7187679823f38a2a940e0043cdf9d637-common-args.resp -MMD -MT dependencies -MF /Users/admin/builder/spi-builder-workspace/.derivedData/Build/Intermediates.noindex/swift-nio-ssl.build/Debug-xros/CNIOBoringSSL.build/Objects-normal/arm64/x_info.d --serialize-diagnostics /Users/admin/builder/spi-builder-workspace/.derivedData/Build/Intermediates.noindex/swift-nio-ssl.build/Debug-xros/CNIOBoringSSL.build/Objects-normal/arm64/x_info.dia -c /Users/admin/builder/spi-builder-workspace/.dependencies/checkouts/swift-nio-ssl/Sources/CNIOBoringSSL/crypto/x509/x_info.c -o /Users/admin/builder/spi-builder-workspace/.derivedData/Build/Intermediates.noindex/swift-nio-ssl.build/Debug-xros/CNIOBoringSSL.build/Objects-normal/arm64/x_info.o -index-unit-output-path /swift-nio-ssl.build/Debug-xros/CNIOBoringSSL.build/Objects-normal/arm64/x_info.o
SwiftEmitModule normal arm64 Emitting\ module\ for\ HTTPMediaTypes (in target 'HTTPMediaTypes' from project 'HTTPMediaTypes')
cd /Users/admin/builder/spi-builder-workspace/.dependencies/checkouts/HTTPMediaTypes
builtin-swiftTaskExecution -- /Library/Developer/Toolchains/swift-6.0-DEVELOPMENT-SNAPSHOT-2024-05-26-a.xctoolchain/usr/bin/swift-frontend -frontend -emit-module -experimental-skip-non-inlinable-function-bodies-without-types /Users/admin/builder/spi-builder-workspace/.dependencies/checkouts/HTTPMediaTypes/Sources/HTTPMediaTypes/HTTPHeaderValue.swift /Users/admin/builder/spi-builder-workspace/.dependencies/checkouts/HTTPMediaTypes/Sources/HTTPMediaTypes/HTTPMediaType.swift -target arm64-apple-xros1.0 -Xllvm -aarch64-use-tbi -enable-objc-interop -sdk /Applications/Xcode-15.3.0.app/Contents/Developer/Platforms/XROS.platform/Developer/SDKs/XROS1.1.sdk -I /Users/admin/builder/spi-builder-workspace/.derivedData/Build/Products/Debug-xros -I /Applications/Xcode-15.3.0.app/Contents/Developer/Platforms/XROS.platform/Developer/usr/lib -F /Users/admin/builder/spi-builder-workspace/.derivedData/Build/Products/Debug-xros -F /Applications/Xcode-15.3.0.app/Contents/Developer/Platforms/XROS.platform/Developer/Library/Frameworks -F /Applications/Xcode-15.3.0.app/Contents/Developer/Platforms/XROS.platform/Developer/SDKs/XROS1.1.sdk/Developer/Library/Frameworks -no-color-diagnostics -enable-testing -g -module-cache-path /Users/admin/builder/spi-builder-workspace/.derivedData/ModuleCache.noindex -suppress-warnings -swift-version 5 -enforce-exclusivity\=checked -stats-output-dir /Users/admin/builder/spi-builder-workspace/.dependencies/checkouts/HTTPMediaTypes/.stats -Onone -D SWIFT_PACKAGE -D DEBUG -serialize-debugging-options -const-gather-protocols-file /Users/admin/builder/spi-builder-workspace/.derivedData/Build/Intermediates.noindex/HTTPMediaTypes.build/Debug-xros/HTTPMediaTypes.build/Objects-normal/arm64/HTTPMediaTypes_const_extract_protocols.json -strict-concurrency\=complete -empty-abi-descriptor -validate-clang-modules-once -clang-build-session-file /Users/admin/builder/spi-builder-workspace/.derivedData/ModuleCache.noindex/Session.modulevalidation -Xcc -working-directory -Xcc /Users/admin/builder/spi-builder-workspace/.dependencies/checkouts/HTTPMediaTypes -resource-dir /Library/Developer/Toolchains/swift-6.0-DEVELOPMENT-SNAPSHOT-2024-05-26-a.xctoolchain/usr/lib/swift -enable-anonymous-context-mangled-names -Xcc -I/Users/admin/builder/spi-builder-workspace/.derivedData/Build/Intermediates.noindex/HTTPMediaTypes.build/Debug-xros/HTTPMediaTypes.build/swift-overrides.hmap -Xcc -I/Users/admin/builder/spi-builder-workspace/.derivedData/Build/Products/Debug-xros/include -Xcc -I/Users/admin/builder/spi-builder-workspace/.derivedData/Build/Intermediates.noindex/HTTPMediaTypes.build/Debug-xros/HTTPMediaTypes.build/DerivedSources-normal/arm64 -Xcc -I/Users/admin/builder/spi-builder-workspace/.derivedData/Build/Intermediates.noindex/HTTPMediaTypes.build/Debug-xros/HTTPMediaTypes.build/DerivedSources/arm64 -Xcc -I/Users/admin/builder/spi-builder-workspace/.derivedData/Build/Intermediates.noindex/HTTPMediaTypes.build/Debug-xros/HTTPMediaTypes.build/DerivedSources -Xcc -DSWIFT_PACKAGE -Xcc -DDEBUG\=1 -module-name HTTPMediaTypes -disable-clang-spi -target-sdk-version 1.1 -target-sdk-name xros1.1 -external-plugin-path /Applications/Xcode-15.3.0.app/Contents/Developer/Platforms/XROS.platform/Developer/SDKs/XROS1.1.sdk/usr/lib/swift/host/plugins\#/Applications/Xcode-15.3.0.app/Contents/Developer/Platforms/XROS.platform/Developer/SDKs/XROS1.1.sdk/usr/bin/swift-plugin-server -external-plugin-path /Applications/Xcode-15.3.0.app/Contents/Developer/Platforms/XROS.platform/Developer/SDKs/XROS1.1.sdk/usr/local/lib/swift/host/plugins\#/Applications/Xcode-15.3.0.app/Contents/Developer/Platforms/XROS.platform/Developer/SDKs/XROS1.1.sdk/usr/bin/swift-plugin-server -external-plugin-path /Applications/Xcode-15.3.0.app/Contents/Developer/Platforms/XROS.platform/Developer/usr/lib/swift/host/plugins\#/Applications/Xcode-15.3.0.app/Contents/Developer/Platforms/XROS.platform/Developer/usr/bin/swift-plugin-server -external-plugin-path /Applications/Xcode-15.3.0.app/Contents/Developer/Platforms/XROS.platform/Developer/usr/local/lib/swift/host/plugins\#/Applications/Xcode-15.3.0.app/Contents/Developer/Platforms/XROS.platform/Developer/usr/bin/swift-plugin-server -plugin-path /Library/Developer/Toolchains/swift-6.0-DEVELOPMENT-SNAPSHOT-2024-05-26-a.xctoolchain/usr/lib/swift/host/plugins -plugin-path /Library/Developer/Toolchains/swift-6.0-DEVELOPMENT-SNAPSHOT-2024-05-26-a.xctoolchain/usr/local/lib/swift/host/plugins -emit-module-doc-path /Users/admin/builder/spi-builder-workspace/.derivedData/Build/Intermediates.noindex/HTTPMediaTypes.build/Debug-xros/HTTPMediaTypes.build/Objects-normal/arm64/HTTPMediaTypes.swiftdoc -emit-module-source-info-path /Users/admin/builder/spi-builder-workspace/.derivedData/Build/Intermediates.noindex/HTTPMediaTypes.build/Debug-xros/HTTPMediaTypes.build/Objects-normal/arm64/HTTPMediaTypes.swiftsourceinfo -emit-objc-header-path /Users/admin/builder/spi-builder-workspace/.derivedData/Build/Intermediates.noindex/HTTPMediaTypes.build/Debug-xros/HTTPMediaTypes.build/Objects-normal/arm64/HTTPMediaTypes-Swift.h -serialize-diagnostics-path /Users/admin/builder/spi-builder-workspace/.derivedData/Build/Intermediates.noindex/HTTPMediaTypes.build/Debug-xros/HTTPMediaTypes.build/Objects-normal/arm64/HTTPMediaTypes-master-emit-module.dia -emit-dependencies-path /Users/admin/builder/spi-builder-workspace/.derivedData/Build/Intermediates.noindex/HTTPMediaTypes.build/Debug-xros/HTTPMediaTypes.build/Objects-normal/arm64/HTTPMediaTypes-master-emit-module.d -o /Users/admin/builder/spi-builder-workspace/.derivedData/Build/Intermediates.noindex/HTTPMediaTypes.build/Debug-xros/HTTPMediaTypes.build/Objects-normal/arm64/HTTPMediaTypes.swiftmodule -emit-abi-descriptor-path /Users/admin/builder/spi-builder-workspace/.derivedData/Build/Intermediates.noindex/HTTPMediaTypes.build/Debug-xros/HTTPMediaTypes.build/Objects-normal/arm64/HTTPMediaTypes.abi.json
CompileC /Users/admin/builder/spi-builder-workspace/.derivedData/Build/Intermediates.noindex/swift-nio-ssl.build/Debug-xros/CNIOBoringSSL.build/Objects-normal/arm64/x_exten.o /Users/admin/builder/spi-builder-workspace/.dependencies/checkouts/swift-nio-ssl/Sources/CNIOBoringSSL/crypto/x509/x_exten.c normal arm64 c com.apple.compilers.llvm.clang.1_0.compiler (in target 'CNIOBoringSSL' from project 'swift-nio-ssl')
cd /Users/admin/builder/spi-builder-workspace/.dependencies/checkouts/swift-nio-ssl
/Library/Developer/Toolchains/swift-6.0-DEVELOPMENT-SNAPSHOT-2024-05-26-a.xctoolchain/usr/bin/clang -x c -fmessage-length\=0 -fdiagnostics-show-note-include-stack -fmacro-backtrace-limit\=0 -fno-color-diagnostics -fmodules-prune-interval\=86400 -fmodules-prune-after\=345600 -fbuild-session-file\=/Users/admin/builder/spi-builder-workspace/.derivedData/ModuleCache.noindex/Session.modulevalidation -fmodules-validate-once-per-build-session -Wnon-modular-include-in-framework-module -Werror\=non-modular-include-in-framework-module -Wno-trigraphs -Wno-missing-field-initializers -Wno-missing-prototypes -Wno-return-type -Wno-missing-braces -Wparentheses -Wswitch -Wno-unused-function -Wno-unused-label -Wno-unused-parameter -Wno-unused-variable -Wunused-value -Wno-empty-body -Wno-uninitialized -Wno-unknown-pragmas -w -Wno-shadow -Wno-four-char-constants -Wno-conversion -Wno-constant-conversion -Wno-int-conversion -Wno-bool-conversion -Wno-enum-conversion -Wno-float-conversion -Wno-non-literal-null-conversion -Wno-objc-literal-conversion -Wshorten-64-to-32 -Wpointer-sign -Wno-newline-eof -Wno-implicit-fallthrough -fstrict-aliasing -Wdeprecated-declarations -Wno-sign-conversion -Wno-infinite-recursion -Wno-comma -Wno-block-capture-autoreleasing -Wno-strict-prototypes -Wno-semicolon-before-method-body -index-store-path /Users/admin/builder/spi-builder-workspace/.derivedData/Index.noindex/DataStore @/Users/admin/builder/spi-builder-workspace/.derivedData/Build/Intermediates.noindex/swift-nio-ssl.build/Debug-xros/CNIOBoringSSL.build/Objects-normal/arm64/7187679823f38a2a940e0043cdf9d637-common-args.resp -MMD -MT dependencies -MF /Users/admin/builder/spi-builder-workspace/.derivedData/Build/Intermediates.noindex/swift-nio-ssl.build/Debug-xros/CNIOBoringSSL.build/Objects-normal/arm64/x_exten.d --serialize-diagnostics /Users/admin/builder/spi-builder-workspace/.derivedData/Build/Intermediates.noindex/swift-nio-ssl.build/Debug-xros/CNIOBoringSSL.build/Objects-normal/arm64/x_exten.dia -c /Users/admin/builder/spi-builder-workspace/.dependencies/checkouts/swift-nio-ssl/Sources/CNIOBoringSSL/crypto/x509/x_exten.c -o /Users/admin/builder/spi-builder-workspace/.derivedData/Build/Intermediates.noindex/swift-nio-ssl.build/Debug-xros/CNIOBoringSSL.build/Objects-normal/arm64/x_exten.o -index-unit-output-path /swift-nio-ssl.build/Debug-xros/CNIOBoringSSL.build/Objects-normal/arm64/x_exten.o
SwiftEmitModule normal arm64 Emitting\ module\ for\ COperatingSystem (in target 'COperatingSystem' from project 'vapor')
cd /Users/admin/builder/spi-builder-workspace/.dependencies/checkouts/vapor
builtin-swiftTaskExecution -- /Library/Developer/Toolchains/swift-6.0-DEVELOPMENT-SNAPSHOT-2024-05-26-a.xctoolchain/usr/bin/swift-frontend -frontend -emit-module -experimental-skip-non-inlinable-function-bodies-without-types /Users/admin/builder/spi-builder-workspace/.dependencies/checkouts/vapor/Sources/COperatingSystem/Exports.swift -target arm64-apple-xros1.0 -Xllvm -aarch64-use-tbi -enable-objc-interop -sdk /Applications/Xcode-15.3.0.app/Contents/Developer/Platforms/XROS.platform/Developer/SDKs/XROS1.1.sdk -I /Users/admin/builder/spi-builder-workspace/.derivedData/Build/Products/Debug-xros -I /Applications/Xcode-15.3.0.app/Contents/Developer/Platforms/XROS.platform/Developer/usr/lib -F /Users/admin/builder/spi-builder-workspace/.derivedData/Build/Products/Debug-xros -F /Applications/Xcode-15.3.0.app/Contents/Developer/Platforms/XROS.platform/Developer/Library/Frameworks -F /Applications/Xcode-15.3.0.app/Contents/Developer/Platforms/XROS.platform/Developer/SDKs/XROS1.1.sdk/Developer/Library/Frameworks -no-color-diagnostics -enable-testing -g -module-cache-path /Users/admin/builder/spi-builder-workspace/.derivedData/ModuleCache.noindex -suppress-warnings -swift-version 5 -enforce-exclusivity\=checked -stats-output-dir /Users/admin/builder/spi-builder-workspace/.dependencies/checkouts/vapor/.stats -Onone -D SWIFT_PACKAGE -D DEBUG -serialize-debugging-options -const-gather-protocols-file /Users/admin/builder/spi-builder-workspace/.derivedData/Build/Intermediates.noindex/vapor.build/Debug-xros/COperatingSystem.build/Objects-normal/arm64/COperatingSystem_const_extract_protocols.json -strict-concurrency\=complete -empty-abi-descriptor -validate-clang-modules-once -clang-build-session-file /Users/admin/builder/spi-builder-workspace/.derivedData/ModuleCache.noindex/Session.modulevalidation -Xcc -working-directory -Xcc /Users/admin/builder/spi-builder-workspace/.dependencies/checkouts/vapor -resource-dir /Library/Developer/Toolchains/swift-6.0-DEVELOPMENT-SNAPSHOT-2024-05-26-a.xctoolchain/usr/lib/swift -enable-anonymous-context-mangled-names -Xcc -I/Users/admin/builder/spi-builder-workspace/.derivedData/Build/Intermediates.noindex/vapor.build/Debug-xros/COperatingSystem.build/swift-overrides.hmap -Xcc -I/Users/admin/builder/spi-builder-workspace/.derivedData/Build/Products/Debug-xros/include -Xcc -I/Users/admin/builder/spi-builder-workspace/.derivedData/Build/Intermediates.noindex/vapor.build/Debug-xros/COperatingSystem.build/DerivedSources-normal/arm64 -Xcc -I/Users/admin/builder/spi-builder-workspace/.derivedData/Build/Intermediates.noindex/vapor.build/Debug-xros/COperatingSystem.build/DerivedSources/arm64 -Xcc -I/Users/admin/builder/spi-builder-workspace/.derivedData/Build/Intermediates.noindex/vapor.build/Debug-xros/COperatingSystem.build/DerivedSources -Xcc -DSWIFT_PACKAGE -Xcc -DDEBUG\=1 -module-name COperatingSystem -disable-clang-spi -target-sdk-version 1.1 -target-sdk-name xros1.1 -external-plugin-path /Applications/Xcode-15.3.0.app/Contents/Developer/Platforms/XROS.platform/Developer/SDKs/XROS1.1.sdk/usr/lib/swift/host/plugins\#/Applications/Xcode-15.3.0.app/Contents/Developer/Platforms/XROS.platform/Developer/SDKs/XROS1.1.sdk/usr/bin/swift-plugin-server -external-plugin-path /Applications/Xcode-15.3.0.app/Contents/Developer/Platforms/XROS.platform/Developer/SDKs/XROS1.1.sdk/usr/local/lib/swift/host/plugins\#/Applications/Xcode-15.3.0.app/Contents/Developer/Platforms/XROS.platform/Developer/SDKs/XROS1.1.sdk/usr/bin/swift-plugin-server -external-plugin-path /Applications/Xcode-15.3.0.app/Contents/Developer/Platforms/XROS.platform/Developer/usr/lib/swift/host/plugins\#/Applications/Xcode-15.3.0.app/Contents/Developer/Platforms/XROS.platform/Developer/usr/bin/swift-plugin-server -external-plugin-path /Applications/Xcode-15.3.0.app/Contents/Developer/Platforms/XROS.platform/Developer/usr/local/lib/swift/host/plugins\#/Applications/Xcode-15.3.0.app/Contents/Developer/Platforms/XROS.platform/Developer/usr/bin/swift-plugin-server -plugin-path /Library/Developer/Toolchains/swift-6.0-DEVELOPMENT-SNAPSHOT-2024-05-26-a.xctoolchain/usr/lib/swift/host/plugins -plugin-path /Library/Developer/Toolchains/swift-6.0-DEVELOPMENT-SNAPSHOT-2024-05-26-a.xctoolchain/usr/local/lib/swift/host/plugins -emit-module-doc-path /Users/admin/builder/spi-builder-workspace/.derivedData/Build/Intermediates.noindex/vapor.build/Debug-xros/COperatingSystem.build/Objects-normal/arm64/COperatingSystem.swiftdoc -emit-module-source-info-path /Users/admin/builder/spi-builder-workspace/.derivedData/Build/Intermediates.noindex/vapor.build/Debug-xros/COperatingSystem.build/Objects-normal/arm64/COperatingSystem.swiftsourceinfo -emit-objc-header-path /Users/admin/builder/spi-builder-workspace/.derivedData/Build/Intermediates.noindex/vapor.build/Debug-xros/COperatingSystem.build/Objects-normal/arm64/COperatingSystem-Swift.h -serialize-diagnostics-path /Users/admin/builder/spi-builder-workspace/.derivedData/Build/Intermediates.noindex/vapor.build/Debug-xros/COperatingSystem.build/Objects-normal/arm64/COperatingSystem-master-emit-module.dia -emit-dependencies-path /Users/admin/builder/spi-builder-workspace/.derivedData/Build/Intermediates.noindex/vapor.build/Debug-xros/COperatingSystem.build/Objects-normal/arm64/COperatingSystem-master-emit-module.d -parse-as-library -o /Users/admin/builder/spi-builder-workspace/.derivedData/Build/Intermediates.noindex/vapor.build/Debug-xros/COperatingSystem.build/Objects-normal/arm64/COperatingSystem.swiftmodule -emit-abi-descriptor-path /Users/admin/builder/spi-builder-workspace/.derivedData/Build/Intermediates.noindex/vapor.build/Debug-xros/COperatingSystem.build/Objects-normal/arm64/COperatingSystem.abi.json
CompileC /Users/admin/builder/spi-builder-workspace/.derivedData/Build/Intermediates.noindex/swift-nio-ssl.build/Debug-xros/CNIOBoringSSL.build/Objects-normal/arm64/x_crl.o /Users/admin/builder/spi-builder-workspace/.dependencies/checkouts/swift-nio-ssl/Sources/CNIOBoringSSL/crypto/x509/x_crl.c normal arm64 c com.apple.compilers.llvm.clang.1_0.compiler (in target 'CNIOBoringSSL' from project 'swift-nio-ssl')
cd /Users/admin/builder/spi-builder-workspace/.dependencies/checkouts/swift-nio-ssl
/Library/Developer/Toolchains/swift-6.0-DEVELOPMENT-SNAPSHOT-2024-05-26-a.xctoolchain/usr/bin/clang -x c -fmessage-length\=0 -fdiagnostics-show-note-include-stack -fmacro-backtrace-limit\=0 -fno-color-diagnostics -fmodules-prune-interval\=86400 -fmodules-prune-after\=345600 -fbuild-session-file\=/Users/admin/builder/spi-builder-workspace/.derivedData/ModuleCache.noindex/Session.modulevalidation -fmodules-validate-once-per-build-session -Wnon-modular-include-in-framework-module -Werror\=non-modular-include-in-framework-module -Wno-trigraphs -Wno-missing-field-initializers -Wno-missing-prototypes -Wno-return-type -Wno-missing-braces -Wparentheses -Wswitch -Wno-unused-function -Wno-unused-label -Wno-unused-parameter -Wno-unused-variable -Wunused-value -Wno-empty-body -Wno-uninitialized -Wno-unknown-pragmas -w -Wno-shadow -Wno-four-char-constants -Wno-conversion -Wno-constant-conversion -Wno-int-conversion -Wno-bool-conversion -Wno-enum-conversion -Wno-float-conversion -Wno-non-literal-null-conversion -Wno-objc-literal-conversion -Wshorten-64-to-32 -Wpointer-sign -Wno-newline-eof -Wno-implicit-fallthrough -fstrict-aliasing -Wdeprecated-declarations -Wno-sign-conversion -Wno-infinite-recursion -Wno-comma -Wno-block-capture-autoreleasing -Wno-strict-prototypes -Wno-semicolon-before-method-body -index-store-path /Users/admin/builder/spi-builder-workspace/.derivedData/Index.noindex/DataStore @/Users/admin/builder/spi-builder-workspace/.derivedData/Build/Intermediates.noindex/swift-nio-ssl.build/Debug-xros/CNIOBoringSSL.build/Objects-normal/arm64/7187679823f38a2a940e0043cdf9d637-common-args.resp -MMD -MT dependencies -MF /Users/admin/builder/spi-builder-workspace/.derivedData/Build/Intermediates.noindex/swift-nio-ssl.build/Debug-xros/CNIOBoringSSL.build/Objects-normal/arm64/x_crl.d --serialize-diagnostics /Users/admin/builder/spi-builder-workspace/.derivedData/Build/Intermediates.noindex/swift-nio-ssl.build/Debug-xros/CNIOBoringSSL.build/Objects-normal/arm64/x_crl.dia -c /Users/admin/builder/spi-builder-workspace/.dependencies/checkouts/swift-nio-ssl/Sources/CNIOBoringSSL/crypto/x509/x_crl.c -o /Users/admin/builder/spi-builder-workspace/.derivedData/Build/Intermediates.noindex/swift-nio-ssl.build/Debug-xros/CNIOBoringSSL.build/Objects-normal/arm64/x_crl.o -index-unit-output-path /swift-nio-ssl.build/Debug-xros/CNIOBoringSSL.build/Objects-normal/arm64/x_crl.o
CompileC /Users/admin/builder/spi-builder-workspace/.derivedData/Build/Intermediates.noindex/swift-nio-ssl.build/Debug-xros/CNIOBoringSSL.build/Objects-normal/arm64/x_attrib.o /Users/admin/builder/spi-builder-workspace/.dependencies/checkouts/swift-nio-ssl/Sources/CNIOBoringSSL/crypto/x509/x_attrib.c normal arm64 c com.apple.compilers.llvm.clang.1_0.compiler (in target 'CNIOBoringSSL' from project 'swift-nio-ssl')
cd /Users/admin/builder/spi-builder-workspace/.dependencies/checkouts/swift-nio-ssl
/Library/Developer/Toolchains/swift-6.0-DEVELOPMENT-SNAPSHOT-2024-05-26-a.xctoolchain/usr/bin/clang -x c -fmessage-length\=0 -fdiagnostics-show-note-include-stack -fmacro-backtrace-limit\=0 -fno-color-diagnostics -fmodules-prune-interval\=86400 -fmodules-prune-after\=345600 -fbuild-session-file\=/Users/admin/builder/spi-builder-workspace/.derivedData/ModuleCache.noindex/Session.modulevalidation -fmodules-validate-once-per-build-session -Wnon-modular-include-in-framework-module -Werror\=non-modular-include-in-framework-module -Wno-trigraphs -Wno-missing-field-initializers -Wno-missing-prototypes -Wno-return-type -Wno-missing-braces -Wparentheses -Wswitch -Wno-unused-function -Wno-unused-label -Wno-unused-parameter -Wno-unused-variable -Wunused-value -Wno-empty-body -Wno-uninitialized -Wno-unknown-pragmas -w -Wno-shadow -Wno-four-char-constants -Wno-conversion -Wno-constant-conversion -Wno-int-conversion -Wno-bool-conversion -Wno-enum-conversion -Wno-float-conversion -Wno-non-literal-null-conversion -Wno-objc-literal-conversion -Wshorten-64-to-32 -Wpointer-sign -Wno-newline-eof -Wno-implicit-fallthrough -fstrict-aliasing -Wdeprecated-declarations -Wno-sign-conversion -Wno-infinite-recursion -Wno-comma -Wno-block-capture-autoreleasing -Wno-strict-prototypes -Wno-semicolon-before-method-body -index-store-path /Users/admin/builder/spi-builder-workspace/.derivedData/Index.noindex/DataStore @/Users/admin/builder/spi-builder-workspace/.derivedData/Build/Intermediates.noindex/swift-nio-ssl.build/Debug-xros/CNIOBoringSSL.build/Objects-normal/arm64/7187679823f38a2a940e0043cdf9d637-common-args.resp -MMD -MT dependencies -MF /Users/admin/builder/spi-builder-workspace/.derivedData/Build/Intermediates.noindex/swift-nio-ssl.build/Debug-xros/CNIOBoringSSL.build/Objects-normal/arm64/x_attrib.d --serialize-diagnostics /Users/admin/builder/spi-builder-workspace/.derivedData/Build/Intermediates.noindex/swift-nio-ssl.build/Debug-xros/CNIOBoringSSL.build/Objects-normal/arm64/x_attrib.dia -c /Users/admin/builder/spi-builder-workspace/.dependencies/checkouts/swift-nio-ssl/Sources/CNIOBoringSSL/crypto/x509/x_attrib.c -o /Users/admin/builder/spi-builder-workspace/.derivedData/Build/Intermediates.noindex/swift-nio-ssl.build/Debug-xros/CNIOBoringSSL.build/Objects-normal/arm64/x_attrib.o -index-unit-output-path /swift-nio-ssl.build/Debug-xros/CNIOBoringSSL.build/Objects-normal/arm64/x_attrib.o
note: Using global toolchain override 'Swift 6.0 Development Snapshot 2024-05-26 (a)'. (in target 'S3DemoRun' from project 'S3Kit')
note: Using global toolchain override 'Swift 6.0 Development Snapshot 2024-05-26 (a)'. (in target 'NIOHTTPCompression' from project 'swift-nio-extras')
note: Using global toolchain override 'Swift 6.0 Development Snapshot 2024-05-26 (a)'. (in target 'NIOHTTP2' from project 'swift-nio-http2')
note: Using global toolchain override 'Swift 6.0 Development Snapshot 2024-05-26 (a)'. (in target 'NIO' from project 'swift-nio')
note: Using global toolchain override 'Swift 6.0 Development Snapshot 2024-05-26 (a)'. (in target 'Vapor' from project 'vapor')
note: Using global toolchain override 'Swift 6.0 Development Snapshot 2024-05-26 (a)'. (in target 'NIOHTTP1' from project 'swift-nio')
note: Using global toolchain override 'Swift 6.0 Development Snapshot 2024-05-26 (a)'. (in target 'NIOExtras' from project 'swift-nio-extras')
note: Using global toolchain override 'Swift 6.0 Development Snapshot 2024-05-26 (a)'. (in target 'Vapor' from project 'vapor')
note: Using global toolchain override 'Swift 6.0 Development Snapshot 2024-05-26 (a)'. (in target 'CNIOBoringSSLShims' from project 'swift-nio-ssl')
note: Using global toolchain override 'Swift 6.0 Development Snapshot 2024-05-26 (a)'. (in target 'WebErrorKit' from project 'WebError')
note: Using global toolchain override 'Swift 6.0 Development Snapshot 2024-05-26 (a)'. (in target 'ConsoleKit' from project 'console-kit')
note: Using global toolchain override 'Swift 6.0 Development Snapshot 2024-05-26 (a)'. (in target 'NIOConcurrencyHelpers' from project 'swift-nio')
note: Using global toolchain override 'Swift 6.0 Development Snapshot 2024-05-26 (a)'. (in target 'HTTPMediaTypes' from project 'HTTPMediaTypes')
note: Using global toolchain override 'Swift 6.0 Development Snapshot 2024-05-26 (a)'. (in target 'NIOHTTPCompression' from project 'swift-nio-extras')
note: Using global toolchain override 'Swift 6.0 Development Snapshot 2024-05-26 (a)'. (in target 'NIOWebSocket' from project 'swift-nio')
note: Using global toolchain override 'Swift 6.0 Development Snapshot 2024-05-26 (a)'. (in target 'NIOTLS' from project 'swift-nio')
note: Using global toolchain override 'Swift 6.0 Development Snapshot 2024-05-26 (a)'. (in target 'OpenCrypto' from project 'open-crypto')
note: Using global toolchain override 'Swift 6.0 Development Snapshot 2024-05-26 (a)'. (in target 'NIOHTTP2' from project 'swift-nio-http2')
note: Using global toolchain override 'Swift 6.0 Development Snapshot 2024-05-26 (a)'. (in target 'COpenCryptoOpenSSL' from project 'open-crypto')
note: Using global toolchain override 'Swift 6.0 Development Snapshot 2024-05-26 (a)'. (in target 'NIOWebSocket' from project 'swift-nio')
note: Using global toolchain override 'Swift 6.0 Development Snapshot 2024-05-26 (a)'. (in target 'AsyncKit' from project 'async-kit')
note: Using global toolchain override 'Swift 6.0 Development Snapshot 2024-05-26 (a)'. (in target 'XMLCoding' from project 'XMLCoding')
note: Using global toolchain override 'Swift 6.0 Development Snapshot 2024-05-26 (a)'. (in target 'S3Kit' from project 'S3Kit')
note: Using global toolchain override 'Swift 6.0 Development Snapshot 2024-05-26 (a)'. (in target 'S3Kit' from project 'S3Kit')
note: Using global toolchain override 'Swift 6.0 Development Snapshot 2024-05-26 (a)'. (in target 'NIOFoundationCompat' from project 'swift-nio')
note: Using global toolchain override 'Swift 6.0 Development Snapshot 2024-05-26 (a)'. (in target 'NIOFoundationCompat' from project 'swift-nio')
note: Using global toolchain override 'Swift 6.0 Development Snapshot 2024-05-26 (a)'. (in target 'NIOSSL' from project 'swift-nio-ssl')
note: Using global toolchain override 'Swift 6.0 Development Snapshot 2024-05-26 (a)'. (in target 'NIOHTTP1' from project 'swift-nio')
note: Using global toolchain override 'Swift 6.0 Development Snapshot 2024-05-26 (a)'. (in target 'AsyncKit' from project 'async-kit')
note: Using global toolchain override 'Swift 6.0 Development Snapshot 2024-05-26 (a)'. (in target 'AsyncHTTPClient' from project 'async-http-client')
note: Using global toolchain override 'Swift 6.0 Development Snapshot 2024-05-26 (a)'. (in target 'NIO' from project 'swift-nio')
note: Using global toolchain override 'Swift 6.0 Development Snapshot 2024-05-26 (a)'. (in target 'Logging' from project 'swift-log')
note: Using global toolchain override 'Swift 6.0 Development Snapshot 2024-05-26 (a)'. (in target 'S3Signer' from project 'S3Kit')
note: Using global toolchain override 'Swift 6.0 Development Snapshot 2024-05-26 (a)'. (in target 'ConsoleKit' from project 'console-kit')
note: Using global toolchain override 'Swift 6.0 Development Snapshot 2024-05-26 (a)'. (in target 'S3Provider' from project 'S3Kit')
note: Using global toolchain override 'Swift 6.0 Development Snapshot 2024-05-26 (a)'. (in target 'NIOTLS' from project 'swift-nio')
note: Using global toolchain override 'Swift 6.0 Development Snapshot 2024-05-26 (a)'. (in target 'RoutingKit' from project 'routing-kit')
note: Using global toolchain override 'Swift 6.0 Development Snapshot 2024-05-26 (a)'. (in target 'NIOConcurrencyHelpers' from project 'swift-nio')
note: Using global toolchain override 'Swift 6.0 Development Snapshot 2024-05-26 (a)'. (in target 'NIOHPACK' from project 'swift-nio-http2')
note: Using global toolchain override 'Swift 6.0 Development Snapshot 2024-05-26 (a)'. (in target 'AsyncHTTPClient' from project 'async-http-client')
note: Using global toolchain override 'Swift 6.0 Development Snapshot 2024-05-26 (a)'. (in target 'OpenCrypto' from project 'open-crypto')
note: Using global toolchain override 'Swift 6.0 Development Snapshot 2024-05-26 (a)'. (in target 'S3Signer' from project 'S3Kit')
note: Using global toolchain override 'Swift 6.0 Development Snapshot 2024-05-26 (a)'. (in target 'NIOExtras' from project 'swift-nio-extras')
note: Using global toolchain override 'Swift 6.0 Development Snapshot 2024-05-26 (a)'. (in target 'NIOSSL' from project 'swift-nio-ssl')
note: Using global toolchain override 'Swift 6.0 Development Snapshot 2024-05-26 (a)'. (in target 'HTTPMediaTypes' from project 'HTTPMediaTypes')
note: Using global toolchain override 'Swift 6.0 Development Snapshot 2024-05-26 (a)'. (in target 'CMultipartParser' from project 'vapor')
note: Using global toolchain override 'Swift 6.0 Development Snapshot 2024-05-26 (a)'. (in target 'COperatingSystem' from project 'vapor')
note: Using global toolchain override 'Swift 6.0 Development Snapshot 2024-05-26 (a)'. (in target 'CNIOBoringSSL' from project 'swift-nio-ssl')
note: Using global toolchain override 'Swift 6.0 Development Snapshot 2024-05-26 (a)'. (in target 'CNIOLinux' from project 'swift-nio')
note: Using global toolchain override 'Swift 6.0 Development Snapshot 2024-05-26 (a)'. (in target 'CNIODarwin' from project 'swift-nio')
note: Using global toolchain override 'Swift 6.0 Development Snapshot 2024-05-26 (a)'. (in target 'CNIOSHA1' from project 'swift-nio')
note: Using global toolchain override 'Swift 6.0 Development Snapshot 2024-05-26 (a)'. (in target 'CNIOHTTPParser' from project 'swift-nio')
note: Using global toolchain override 'Swift 6.0 Development Snapshot 2024-05-26 (a)'. (in target 'RoutingKit' from project 'routing-kit')
note: Using global toolchain override 'Swift 6.0 Development Snapshot 2024-05-26 (a)'. (in target 'CURLParser' from project 'vapor')
note: Using global toolchain override 'Swift 6.0 Development Snapshot 2024-05-26 (a)'. (in target 'Logging' from project 'swift-log')
note: Using global toolchain override 'Swift 6.0 Development Snapshot 2024-05-26 (a)'. (in target 'COpenCrypto' from project 'open-crypto')
note: Using global toolchain override 'Swift 6.0 Development Snapshot 2024-05-26 (a)'. (in target 'CNIOAtomics' from project 'swift-nio')
note: Using global toolchain override 'Swift 6.0 Development Snapshot 2024-05-26 (a)'. (in target 'CNIOExtrasZlib' from project 'swift-nio-extras')
note: Using global toolchain override 'Swift 6.0 Development Snapshot 2024-05-26 (a)'. (in target 'CBcrypt' from project 'vapor')
** BUILD FAILED **
The following build commands failed:
SwiftEmitModule normal arm64 Emitting\ module\ for\ Logging (in target 'Logging' from project 'swift-log')
(1 failure)
Command line invocation:
/Applications/Xcode-15.3.0.app/Contents/Developer/usr/bin/xcodebuild -IDEClonedSourcePackagesDirPathOverride=/Users/admin/builder/spi-builder-workspace/.dependencies -skipMacroValidation -skipPackagePluginValidation -derivedDataPath /Users/admin/builder/spi-builder-workspace/.derivedData build -scheme S3Kit-Package -destination generic/platform=xros "OTHER_SWIFT_FLAGS=-stats-output-dir .stats -strict-concurrency=complete"
User defaults from command line:
IDEClonedSourcePackagesDirPathOverride = /Users/admin/builder/spi-builder-workspace/.dependencies
IDEDerivedDataPathOverride = /Users/admin/builder/spi-builder-workspace/.derivedData
IDEPackageSupportToolchainOverrideForManifestLoading = org.swift.600202405261a
IDEPackageSupportUseBuiltinSCM = YES
Build settings from command line:
OTHER_SWIFT_FLAGS = -stats-output-dir .stats -strict-concurrency=complete
TOOLCHAINS = org.swift.600202405261a
Resolve Package Graph
Resolved source packages:
swift-nio-http2: https://github.com/apple/swift-nio-http2.git @ 1.5.0
console-kit: https://github.com/vapor/console-kit.git @ 4.0.0-alpha.2
XMLCoding: https://github.com/LiveUI/XMLCoding.git @ 0.4.0
routing-kit: https://github.com/vapor/routing-kit.git @ 4.0.0-alpha.1
swift-nio: https://github.com/apple/swift-nio.git @ 2.7.1
S3Kit: /Users/admin/builder/spi-builder-workspace
WebError: https://github.com/Einstore/WebErrorKit.git @ 0.0.1
swift-nio-extras: https://github.com/apple/swift-nio-extras.git @ 1.2.0
async-http-client: https://github.com/swift-server/async-http-client.git @ 1.0.0-alpha.2
async-kit: https://github.com/vapor/async-kit.git @ 1.0.0-alpha.1
open-crypto: https://github.com/vapor/open-crypto.git @ 4.0.0-alpha.2
swift-log: https://github.com/apple/swift-log.git @ 1.1.1
swift-nio-ssl: https://github.com/apple/swift-nio-ssl.git @ 2.4.0
HTTPMediaTypes: https://github.com/Einstore/HTTPMediaTypes.git @ 0.0.1
vapor: https://github.com/vapor/vapor.git @ 4.0.0-alpha.3.1
Prepare packages
ComputeTargetDependencyGraph
note: Building targets in dependency order
note: Target dependency graph (61 targets)
Target 'S3DemoRun' in project 'S3Kit'
➜ Explicit dependency on target 'S3Signer' in project 'S3Kit'
➜ Explicit dependency on target 'S3Kit' in project 'S3Kit'
➜ Explicit dependency on target 'S3Provider' in project 'S3Kit'
➜ Explicit dependency on target 'OpenCrypto' in project 'open-crypto'
➜ Explicit dependency on target 'NIOHTTP1' in project 'swift-nio'
➜ Explicit dependency on target 'HTTPMediaTypes' in project 'HTTPMediaTypes'
➜ Explicit dependency on target 'WebErrorKit' in project 'WebError'
➜ Explicit dependency on target 'AsyncHTTPClient' in project 'async-http-client'
➜ Explicit dependency on target 'XMLCoding' in project 'XMLCoding'
➜ Explicit dependency on target 'Vapor' in project 'vapor'
Target 'S3Provider' in project 'S3Kit'
➜ Explicit dependency on target 'S3Signer' in project 'S3Kit'
➜ Explicit dependency on target 'S3Kit' in project 'S3Kit'
➜ Explicit dependency on target 'OpenCrypto' in project 'open-crypto'
➜ Explicit dependency on target 'NIOHTTP1' in project 'swift-nio'
➜ Explicit dependency on target 'HTTPMediaTypes' in project 'HTTPMediaTypes'
➜ Explicit dependency on target 'WebErrorKit' in project 'WebError'
➜ Explicit dependency on target 'AsyncHTTPClient' in project 'async-http-client'
➜ Explicit dependency on target 'XMLCoding' in project 'XMLCoding'
➜ Explicit dependency on target 'Vapor' in project 'vapor'
Target 'Vapor' in project 'vapor'
➜ Explicit dependency on target 'Vapor' in project 'vapor'
➜ Explicit dependency on target 'CBcrypt' in project 'vapor'
➜ Explicit dependency on target 'CMultipartParser' in project 'vapor'
➜ Explicit dependency on target 'COperatingSystem' in project 'vapor'
➜ Explicit dependency on target 'CURLParser' in project 'vapor'
➜ Explicit dependency on target 'AsyncKit' in project 'async-kit'
➜ Explicit dependency on target 'ConsoleKit' in project 'console-kit'
➜ Explicit dependency on target 'Logging' in project 'swift-log'
➜ Explicit dependency on target 'NIO' in project 'swift-nio'
➜ Explicit dependency on target 'NIOExtras' in project 'swift-nio-extras'
➜ Explicit dependency on target 'NIOFoundationCompat' in project 'swift-nio'
➜ Explicit dependency on target 'NIOHTTPCompression' in project 'swift-nio-extras'
➜ Explicit dependency on target 'NIOHTTP1' in project 'swift-nio'
➜ Explicit dependency on target 'NIOHTTP2' in project 'swift-nio-http2'
➜ Explicit dependency on target 'AsyncHTTPClient' in project 'async-http-client'
➜ Explicit dependency on target 'NIOSSL' in project 'swift-nio-ssl'
➜ Explicit dependency on target 'NIOWebSocket' in project 'swift-nio'
➜ Explicit dependency on target 'OpenCrypto' in project 'open-crypto'
➜ Explicit dependency on target 'RoutingKit' in project 'routing-kit'
Target 'Vapor' in project 'vapor'
➜ Explicit dependency on target 'CBcrypt' in project 'vapor'
➜ Explicit dependency on target 'CMultipartParser' in project 'vapor'
➜ Explicit dependency on target 'COperatingSystem' in project 'vapor'
➜ Explicit dependency on target 'CURLParser' in project 'vapor'
➜ Explicit dependency on target 'AsyncKit' in project 'async-kit'
➜ Explicit dependency on target 'ConsoleKit' in project 'console-kit'
➜ Explicit dependency on target 'Logging' in project 'swift-log'
➜ Explicit dependency on target 'NIO' in project 'swift-nio'
➜ Explicit dependency on target 'NIOExtras' in project 'swift-nio-extras'
➜ Explicit dependency on target 'NIOFoundationCompat' in project 'swift-nio'
➜ Explicit dependency on target 'NIOHTTPCompression' in project 'swift-nio-extras'
➜ Explicit dependency on target 'NIOHTTP1' in project 'swift-nio'
➜ Explicit dependency on target 'NIOHTTP2' in project 'swift-nio-http2'
➜ Explicit dependency on target 'AsyncHTTPClient' in project 'async-http-client'
➜ Explicit dependency on target 'NIOSSL' in project 'swift-nio-ssl'
➜ Explicit dependency on target 'NIOWebSocket' in project 'swift-nio'
➜ Explicit dependency on target 'OpenCrypto' in project 'open-crypto'
➜ Explicit dependency on target 'RoutingKit' in project 'routing-kit'
Target 'RoutingKit' in project 'routing-kit'
➜ Explicit dependency on target 'RoutingKit' in project 'routing-kit'
Target 'RoutingKit' in project 'routing-kit' (no dependencies)
Target 'NIOWebSocket' in project 'swift-nio'
➜ Explicit dependency on target 'NIOWebSocket' in project 'swift-nio'
➜ Explicit dependency on target 'CNIOLinux' in project 'swift-nio'
➜ Explicit dependency on target 'CNIODarwin' in project 'swift-nio'
➜ Explicit dependency on target 'CNIOAtomics' in project 'swift-nio'
➜ Explicit dependency on target 'NIOConcurrencyHelpers' in project 'swift-nio'
➜ Explicit dependency on target 'CNIOSHA1' in project 'swift-nio'
➜ Explicit dependency on target 'NIO' in project 'swift-nio'
➜ Explicit dependency on target 'CNIOHTTPParser' in project 'swift-nio'
➜ Explicit dependency on target 'NIOHTTP1' in project 'swift-nio'
Target 'NIOWebSocket' in project 'swift-nio'
➜ Explicit dependency on target 'CNIOLinux' in project 'swift-nio'
➜ Explicit dependency on target 'CNIODarwin' in project 'swift-nio'
➜ Explicit dependency on target 'CNIOAtomics' in project 'swift-nio'
➜ Explicit dependency on target 'NIOConcurrencyHelpers' in project 'swift-nio'
➜ Explicit dependency on target 'CNIOSHA1' in project 'swift-nio'
➜ Explicit dependency on target 'NIO' in project 'swift-nio'
➜ Explicit dependency on target 'CNIOHTTPParser' in project 'swift-nio'
➜ Explicit dependency on target 'NIOHTTP1' in project 'swift-nio'
Target 'NIOHTTP2' in project 'swift-nio-http2'
➜ Explicit dependency on target 'NIOHTTP2' in project 'swift-nio-http2'
➜ Explicit dependency on target 'NIOHPACK' in project 'swift-nio-http2'
➜ Explicit dependency on target 'NIO' in project 'swift-nio'
➜ Explicit dependency on target 'NIOConcurrencyHelpers' in project 'swift-nio'
➜ Explicit dependency on target 'NIOHTTP1' in project 'swift-nio'
➜ Explicit dependency on target 'NIOTLS' in project 'swift-nio'
Target 'NIOHTTP2' in project 'swift-nio-http2'
➜ Explicit dependency on target 'NIOHPACK' in project 'swift-nio-http2'
➜ Explicit dependency on target 'NIO' in project 'swift-nio'
➜ Explicit dependency on target 'NIOConcurrencyHelpers' in project 'swift-nio'
➜ Explicit dependency on target 'NIOHTTP1' in project 'swift-nio'
➜ Explicit dependency on target 'NIOTLS' in project 'swift-nio'
Target 'NIOHPACK' in project 'swift-nio-http2'
➜ Explicit dependency on target 'NIO' in project 'swift-nio'
➜ Explicit dependency on target 'NIOConcurrencyHelpers' in project 'swift-nio'
➜ Explicit dependency on target 'NIOHTTP1' in project 'swift-nio'
Target 'NIOHTTPCompression' in project 'swift-nio-extras'
➜ Explicit dependency on target 'NIOHTTPCompression' in project 'swift-nio-extras'
➜ Explicit dependency on target 'CNIOExtrasZlib' in project 'swift-nio-extras'
➜ Explicit dependency on target 'NIO' in project 'swift-nio'
➜ Explicit dependency on target 'NIOHTTP1' in project 'swift-nio'
Target 'NIOHTTPCompression' in project 'swift-nio-extras'
➜ Explicit dependency on target 'CNIOExtrasZlib' in project 'swift-nio-extras'
➜ Explicit dependency on target 'NIO' in project 'swift-nio'
➜ Explicit dependency on target 'NIOHTTP1' in project 'swift-nio'
Target 'CNIOExtrasZlib' in project 'swift-nio-extras' (no dependencies)
Target 'NIOFoundationCompat' in project 'swift-nio'
➜ Explicit dependency on target 'NIOFoundationCompat' in project 'swift-nio'
➜ Explicit dependency on target 'CNIOLinux' in project 'swift-nio'
➜ Explicit dependency on target 'CNIODarwin' in project 'swift-nio'
➜ Explicit dependency on target 'CNIOAtomics' in project 'swift-nio'
➜ Explicit dependency on target 'NIOConcurrencyHelpers' in project 'swift-nio'
➜ Explicit dependency on target 'CNIOSHA1' in project 'swift-nio'
➜ Explicit dependency on target 'NIO' in project 'swift-nio'
Target 'NIOFoundationCompat' in project 'swift-nio'
➜ Explicit dependency on target 'CNIOLinux' in project 'swift-nio'
➜ Explicit dependency on target 'CNIODarwin' in project 'swift-nio'
➜ Explicit dependency on target 'CNIOAtomics' in project 'swift-nio'
➜ Explicit dependency on target 'NIOConcurrencyHelpers' in project 'swift-nio'
➜ Explicit dependency on target 'CNIOSHA1' in project 'swift-nio'
➜ Explicit dependency on target 'NIO' in project 'swift-nio'
Target 'NIOExtras' in project 'swift-nio-extras'
➜ Explicit dependency on target 'NIOExtras' in project 'swift-nio-extras'
➜ Explicit dependency on target 'NIO' in project 'swift-nio'
Target 'NIOExtras' in project 'swift-nio-extras'
➜ Explicit dependency on target 'NIO' in project 'swift-nio'
Target 'ConsoleKit' in project 'console-kit'
➜ Explicit dependency on target 'ConsoleKit' in project 'console-kit'
➜ Explicit dependency on target 'Logging' in project 'swift-log'
Target 'ConsoleKit' in project 'console-kit'
➜ Explicit dependency on target 'Logging' in project 'swift-log'
Target 'Logging' in project 'swift-log'
➜ Explicit dependency on target 'Logging' in project 'swift-log'
Target 'Logging' in project 'swift-log' (no dependencies)
Target 'AsyncKit' in project 'async-kit'
➜ Explicit dependency on target 'AsyncKit' in project 'async-kit'
➜ Explicit dependency on target 'NIO' in project 'swift-nio'
Target 'AsyncKit' in project 'async-kit'
➜ Explicit dependency on target 'NIO' in project 'swift-nio'
Target 'CURLParser' in project 'vapor' (no dependencies)
Target 'COperatingSystem' in project 'vapor' (no dependencies)
Target 'CMultipartParser' in project 'vapor' (no dependencies)
Target 'CBcrypt' in project 'vapor' (no dependencies)
Target 'S3Signer' in project 'S3Kit'
➜ Explicit dependency on target 'S3Signer' in project 'S3Kit'
➜ Explicit dependency on target 'OpenCrypto' in project 'open-crypto'
➜ Explicit dependency on target 'NIOHTTP1' in project 'swift-nio'
➜ Explicit dependency on target 'HTTPMediaTypes' in project 'HTTPMediaTypes'
➜ Explicit dependency on target 'WebErrorKit' in project 'WebError'
Target 'S3Kit' in project 'S3Kit'
➜ Explicit dependency on target 'S3Kit' in project 'S3Kit'
➜ Explicit dependency on target 'S3Signer' in project 'S3Kit'
➜ Explicit dependency on target 'OpenCrypto' in project 'open-crypto'
➜ Explicit dependency on target 'NIOHTTP1' in project 'swift-nio'
➜ Explicit dependency on target 'HTTPMediaTypes' in project 'HTTPMediaTypes'
➜ Explicit dependency on target 'WebErrorKit' in project 'WebError'
➜ Explicit dependency on target 'AsyncHTTPClient' in project 'async-http-client'
➜ Explicit dependency on target 'XMLCoding' in project 'XMLCoding'
Target 'S3Kit' in project 'S3Kit'
➜ Explicit dependency on target 'S3Signer' in project 'S3Kit'
➜ Explicit dependency on target 'OpenCrypto' in project 'open-crypto'
➜ Explicit dependency on target 'NIOHTTP1' in project 'swift-nio'
➜ Explicit dependency on target 'HTTPMediaTypes' in project 'HTTPMediaTypes'
➜ Explicit dependency on target 'WebErrorKit' in project 'WebError'
➜ Explicit dependency on target 'AsyncHTTPClient' in project 'async-http-client'
➜ Explicit dependency on target 'XMLCoding' in project 'XMLCoding'
Target 'XMLCoding' in project 'XMLCoding'
➜ Explicit dependency on target 'XMLCoding' in project 'XMLCoding'
Target 'XMLCoding' in project 'XMLCoding' (no dependencies)
Target 'AsyncHTTPClient' in project 'async-http-client'
➜ Explicit dependency on target 'AsyncHTTPClient' in project 'async-http-client'
➜ Explicit dependency on target 'NIO' in project 'swift-nio'
➜ Explicit dependency on target 'NIOHTTP1' in project 'swift-nio'
➜ Explicit dependency on target 'NIOSSL' in project 'swift-nio-ssl'
➜ Explicit dependency on target 'NIOConcurrencyHelpers' in project 'swift-nio'
Target 'AsyncHTTPClient' in project 'async-http-client'
➜ Explicit dependency on target 'NIO' in project 'swift-nio'
➜ Explicit dependency on target 'NIOHTTP1' in project 'swift-nio'
➜ Explicit dependency on target 'NIOSSL' in project 'swift-nio-ssl'
➜ Explicit dependency on target 'NIOConcurrencyHelpers' in project 'swift-nio'
Target 'NIOSSL' in project 'swift-nio-ssl'
➜ Explicit dependency on target 'NIOSSL' in project 'swift-nio-ssl'
➜ Explicit dependency on target 'CNIOBoringSSL' in project 'swift-nio-ssl'
➜ Explicit dependency on target 'CNIOBoringSSLShims' in project 'swift-nio-ssl'
➜ Explicit dependency on target 'NIO' in project 'swift-nio'
➜ Explicit dependency on target 'NIOConcurrencyHelpers' in project 'swift-nio'
➜ Explicit dependency on target 'NIOTLS' in project 'swift-nio'
Target 'NIOSSL' in project 'swift-nio-ssl'
➜ Explicit dependency on target 'CNIOBoringSSL' in project 'swift-nio-ssl'
➜ Explicit dependency on target 'CNIOBoringSSLShims' in project 'swift-nio-ssl'
➜ Explicit dependency on target 'NIO' in project 'swift-nio'
➜ Explicit dependency on target 'NIOConcurrencyHelpers' in project 'swift-nio'
➜ Explicit dependency on target 'NIOTLS' in project 'swift-nio'
Target 'NIOTLS' in project 'swift-nio'
➜ Explicit dependency on target 'NIOTLS' in project 'swift-nio'
➜ Explicit dependency on target 'CNIOLinux' in project 'swift-nio'
➜ Explicit dependency on target 'CNIODarwin' in project 'swift-nio'
➜ Explicit dependency on target 'CNIOAtomics' in project 'swift-nio'
➜ Explicit dependency on target 'NIOConcurrencyHelpers' in project 'swift-nio'
➜ Explicit dependency on target 'CNIOSHA1' in project 'swift-nio'
➜ Explicit dependency on target 'NIO' in project 'swift-nio'
Target 'NIOTLS' in project 'swift-nio'
➜ Explicit dependency on target 'CNIOLinux' in project 'swift-nio'
➜ Explicit dependency on target 'CNIODarwin' in project 'swift-nio'
➜ Explicit dependency on target 'CNIOAtomics' in project 'swift-nio'
➜ Explicit dependency on target 'NIOConcurrencyHelpers' in project 'swift-nio'
➜ Explicit dependency on target 'CNIOSHA1' in project 'swift-nio'
➜ Explicit dependency on target 'NIO' in project 'swift-nio'
Target 'NIOConcurrencyHelpers' in project 'swift-nio'
➜ Explicit dependency on target 'NIOConcurrencyHelpers' in project 'swift-nio'
➜ Explicit dependency on target 'CNIOAtomics' in project 'swift-nio'
Target 'CNIOBoringSSLShims' in project 'swift-nio-ssl'
➜ Explicit dependency on target 'CNIOBoringSSL' in project 'swift-nio-ssl'
Target 'CNIOBoringSSL' in project 'swift-nio-ssl' (no dependencies)
Target 'NIO' in project 'swift-nio'
➜ Explicit dependency on target 'NIO' in project 'swift-nio'
➜ Explicit dependency on target 'CNIOLinux' in project 'swift-nio'
➜ Explicit dependency on target 'CNIODarwin' in project 'swift-nio'
➜ Explicit dependency on target 'CNIOAtomics' in project 'swift-nio'
➜ Explicit dependency on target 'NIOConcurrencyHelpers' in project 'swift-nio'
➜ Explicit dependency on target 'CNIOSHA1' in project 'swift-nio'
Target 'S3Signer' in project 'S3Kit'
➜ Explicit dependency on target 'OpenCrypto' in project 'open-crypto'
➜ Explicit dependency on target 'NIOHTTP1' in project 'swift-nio'
➜ Explicit dependency on target 'HTTPMediaTypes' in project 'HTTPMediaTypes'
➜ Explicit dependency on target 'WebErrorKit' in project 'WebError'
Target 'WebErrorKit' in project 'WebError'
➜ Explicit dependency on target 'WebErrorKit' in project 'WebError'
Target 'WebErrorKit' in project 'WebError' (no dependencies)
Target 'HTTPMediaTypes' in project 'HTTPMediaTypes'
➜ Explicit dependency on target 'HTTPMediaTypes' in project 'HTTPMediaTypes'
Target 'HTTPMediaTypes' in project 'HTTPMediaTypes' (no dependencies)
Target 'NIOHTTP1' in project 'swift-nio'
➜ Explicit dependency on target 'NIOHTTP1' in project 'swift-nio'
➜ Explicit dependency on target 'CNIOLinux' in project 'swift-nio'
➜ Explicit dependency on target 'CNIODarwin' in project 'swift-nio'
➜ Explicit dependency on target 'CNIOAtomics' in project 'swift-nio'
➜ Explicit dependency on target 'NIOConcurrencyHelpers' in project 'swift-nio'
➜ Explicit dependency on target 'CNIOSHA1' in project 'swift-nio'
➜ Explicit dependency on target 'NIO' in project 'swift-nio'
➜ Explicit dependency on target 'CNIOHTTPParser' in project 'swift-nio'
Target 'NIOHTTP1' in project 'swift-nio'
➜ Explicit dependency on target 'CNIOLinux' in project 'swift-nio'
➜ Explicit dependency on target 'CNIODarwin' in project 'swift-nio'
➜ Explicit dependency on target 'CNIOAtomics' in project 'swift-nio'
➜ Explicit dependency on target 'NIOConcurrencyHelpers' in project 'swift-nio'
➜ Explicit dependency on target 'CNIOSHA1' in project 'swift-nio'
➜ Explicit dependency on target 'NIO' in project 'swift-nio'
➜ Explicit dependency on target 'CNIOHTTPParser' in project 'swift-nio'
Target 'CNIOHTTPParser' in project 'swift-nio' (no dependencies)
Target 'NIO' in project 'swift-nio'
➜ Explicit dependency on target 'CNIOLinux' in project 'swift-nio'
➜ Explicit dependency on target 'CNIODarwin' in project 'swift-nio'
➜ Explicit dependency on target 'CNIOAtomics' in project 'swift-nio'
➜ Explicit dependency on target 'NIOConcurrencyHelpers' in project 'swift-nio'
➜ Explicit dependency on target 'CNIOSHA1' in project 'swift-nio'
Target 'CNIOSHA1' in project 'swift-nio' (no dependencies)
Target 'NIOConcurrencyHelpers' in project 'swift-nio'
➜ Explicit dependency on target 'CNIOAtomics' in project 'swift-nio'
Target 'CNIOAtomics' in project 'swift-nio' (no dependencies)
Target 'CNIODarwin' in project 'swift-nio' (no dependencies)
Target 'CNIOLinux' in project 'swift-nio' (no dependencies)
Target 'OpenCrypto' in project 'open-crypto'
➜ Explicit dependency on target 'OpenCrypto' in project 'open-crypto'
➜ Explicit dependency on target 'COpenCrypto' in project 'open-crypto'
Target 'OpenCrypto' in project 'open-crypto'
➜ Explicit dependency on target 'COpenCryptoOpenSSL' in project 'open-crypto'
➜ Explicit dependency on target 'COpenCrypto' in project 'open-crypto'
Target 'COpenCrypto' in project 'open-crypto'
➜ Explicit dependency on target 'COpenCryptoOpenSSL' in project 'open-crypto'
Target 'COpenCryptoOpenSSL' in project 'open-crypto' (no dependencies)
GatherProvisioningInputs
CreateBuildDescription
note: Using global toolchain override 'Swift 6.0 Development Snapshot 2024-05-26 (a)'.
note: Using global toolchain override 'Swift 6.0 Development Snapshot 2024-05-26 (a)'. (in target 'CMultipartParser' from project 'vapor')
CompileC /Users/admin/builder/spi-builder-workspace/.derivedData/Build/Intermediates.noindex/vapor.build/Debug-xros/CMultipartParser.build/Objects-normal/arm64/multipartparser.o /Users/admin/builder/spi-builder-workspace/.dependencies/checkouts/vapor/Sources/CMultipartParser/multipartparser.c normal arm64 c com.apple.compilers.llvm.clang.1_0.compiler (in target 'CMultipartParser' from project 'vapor')
cd /Users/admin/builder/spi-builder-workspace/.dependencies/checkouts/vapor
/Library/Developer/Toolchains/swift-6.0-DEVELOPMENT-SNAPSHOT-2024-05-26-a.xctoolchain/usr/bin/clang -x c -fmessage-length\=0 -fdiagnostics-show-note-include-stack -fmacro-backtrace-limit\=0 -fno-color-diagnostics -fmodules-prune-interval\=86400 -fmodules-prune-after\=345600 -fbuild-session-file\=/Users/admin/builder/spi-builder-workspace/.derivedData/ModuleCache.noindex/Session.modulevalidation -fmodules-validate-once-per-build-session -Wnon-modular-include-in-framework-module -Werror\=non-modular-include-in-framework-module -Wno-trigraphs -Wno-missing-field-initializers -Wno-missing-prototypes -Wno-return-type -Wno-missing-braces -Wparentheses -Wswitch -Wno-unused-function -Wno-unused-label -Wno-unused-parameter -Wno-unused-variable -Wunused-value -Wno-empty-body -Wno-uninitialized -Wno-unknown-pragmas -w -Wno-shadow -Wno-four-char-constants -Wno-conversion -Wno-constant-conversion -Wno-int-conversion -Wno-bool-conversion -Wno-enum-conversion -Wno-float-conversion -Wno-non-literal-null-conversion -Wno-objc-literal-conversion -Wshorten-64-to-32 -Wpointer-sign -Wno-newline-eof -Wno-implicit-fallthrough -fstrict-aliasing -Wdeprecated-declarations -Wno-sign-conversion -Wno-infinite-recursion -Wno-comma -Wno-block-capture-autoreleasing -Wno-strict-prototypes -Wno-semicolon-before-method-body -index-store-path /Users/admin/builder/spi-builder-workspace/.derivedData/Index.noindex/DataStore @/Users/admin/builder/spi-builder-workspace/.derivedData/Build/Intermediates.noindex/vapor.build/Debug-xros/CMultipartParser.build/Objects-normal/arm64/7187679823f38a2a940e0043cdf9d637-common-args.resp -MMD -MT dependencies -MF /Users/admin/builder/spi-builder-workspace/.derivedData/Build/Intermediates.noindex/vapor.build/Debug-xros/CMultipartParser.build/Objects-normal/arm64/multipartparser.d --serialize-diagnostics /Users/admin/builder/spi-builder-workspace/.derivedData/Build/Intermediates.noindex/vapor.build/Debug-xros/CMultipartParser.build/Objects-normal/arm64/multipartparser.dia -c /Users/admin/builder/spi-builder-workspace/.dependencies/checkouts/vapor/Sources/CMultipartParser/multipartparser.c -o /Users/admin/builder/spi-builder-workspace/.derivedData/Build/Intermediates.noindex/vapor.build/Debug-xros/CMultipartParser.build/Objects-normal/arm64/multipartparser.o -index-unit-output-path /vapor.build/Debug-xros/CMultipartParser.build/Objects-normal/arm64/multipartparser.o
CompileC /Users/admin/builder/spi-builder-workspace/.derivedData/Build/Intermediates.noindex/swift-nio.build/Debug-xros/CNIOAtomics.build/Objects-normal/arm64/c-atomics.o /Users/admin/builder/spi-builder-workspace/.dependencies/checkouts/swift-nio/Sources/CNIOAtomics/src/c-atomics.c normal arm64 c com.apple.compilers.llvm.clang.1_0.compiler (in target 'CNIOAtomics' from project 'swift-nio')
cd /Users/admin/builder/spi-builder-workspace/.dependencies/checkouts/swift-nio
/Library/Developer/Toolchains/swift-6.0-DEVELOPMENT-SNAPSHOT-2024-05-26-a.xctoolchain/usr/bin/clang -x c -fmessage-length\=0 -fdiagnostics-show-note-include-stack -fmacro-backtrace-limit\=0 -fno-color-diagnostics -fmodules-prune-interval\=86400 -fmodules-prune-after\=345600 -fbuild-session-file\=/Users/admin/builder/spi-builder-workspace/.derivedData/ModuleCache.noindex/Session.modulevalidation -fmodules-validate-once-per-build-session -Wnon-modular-include-in-framework-module -Werror\=non-modular-include-in-framework-module -Wno-trigraphs -Wno-missing-field-initializers -Wno-missing-prototypes -Wno-return-type -Wno-missing-braces -Wparentheses -Wswitch -Wno-unused-function -Wno-unused-label -Wno-unused-parameter -Wno-unused-variable -Wunused-value -Wno-empty-body -Wno-uninitialized -Wno-unknown-pragmas -w -Wno-shadow -Wno-four-char-constants -Wno-conversion -Wno-constant-conversion -Wno-int-conversion -Wno-bool-conversion -Wno-enum-conversion -Wno-float-conversion -Wno-non-literal-null-conversion -Wno-objc-literal-conversion -Wshorten-64-to-32 -Wpointer-sign -Wno-newline-eof -Wno-implicit-fallthrough -fstrict-aliasing -Wdeprecated-declarations -Wno-sign-conversion -Wno-infinite-recursion -Wno-comma -Wno-block-capture-autoreleasing -Wno-strict-prototypes -Wno-semicolon-before-method-body -index-store-path /Users/admin/builder/spi-builder-workspace/.derivedData/Index.noindex/DataStore @/Users/admin/builder/spi-builder-workspace/.derivedData/Build/Intermediates.noindex/swift-nio.build/Debug-xros/CNIOAtomics.build/Objects-normal/arm64/7187679823f38a2a940e0043cdf9d637-common-args.resp -MMD -MT dependencies -MF /Users/admin/builder/spi-builder-workspace/.derivedData/Build/Intermediates.noindex/swift-nio.build/Debug-xros/CNIOAtomics.build/Objects-normal/arm64/c-atomics.d --serialize-diagnostics /Users/admin/builder/spi-builder-workspace/.derivedData/Build/Intermediates.noindex/swift-nio.build/Debug-xros/CNIOAtomics.build/Objects-normal/arm64/c-atomics.dia -c /Users/admin/builder/spi-builder-workspace/.dependencies/checkouts/swift-nio/Sources/CNIOAtomics/src/c-atomics.c -o /Users/admin/builder/spi-builder-workspace/.derivedData/Build/Intermediates.noindex/swift-nio.build/Debug-xros/CNIOAtomics.build/Objects-normal/arm64/c-atomics.o -index-unit-output-path /swift-nio.build/Debug-xros/CNIOAtomics.build/Objects-normal/arm64/c-atomics.o
CompileC /Users/admin/builder/spi-builder-workspace/.derivedData/Build/Intermediates.noindex/swift-nio-ssl.build/Debug-xros/CNIOBoringSSL.build/Objects-normal/arm64/tls_record.o /Users/admin/builder/spi-builder-workspace/.dependencies/checkouts/swift-nio-ssl/Sources/CNIOBoringSSL/ssl/tls_record.cc normal arm64 c++ com.apple.compilers.llvm.clang.1_0.compiler (in target 'CNIOBoringSSL' from project 'swift-nio-ssl')
cd /Users/admin/builder/spi-builder-workspace/.dependencies/checkouts/swift-nio-ssl
/Library/Developer/Toolchains/swift-6.0-DEVELOPMENT-SNAPSHOT-2024-05-26-a.xctoolchain/usr/bin/clang -x c++ -fmessage-length\=0 -fdiagnostics-show-note-include-stack -fmacro-backtrace-limit\=0 -fno-color-diagnostics -fmodules-prune-interval\=86400 -fmodules-prune-after\=345600 -fbuild-session-file\=/Users/admin/builder/spi-builder-workspace/.derivedData/ModuleCache.noindex/Session.modulevalidation -fmodules-validate-once-per-build-session -Wnon-modular-include-in-framework-module -Werror\=non-modular-include-in-framework-module -Wno-trigraphs -Wno-missing-field-initializers -Wno-missing-prototypes -Wno-return-type -Wno-non-virtual-dtor -Wno-overloaded-virtual -Wno-exit-time-destructors -Wno-missing-braces -Wparentheses -Wswitch -Wno-unused-function -Wno-unused-label -Wno-unused-parameter -Wno-unused-variable -Wunused-value -Wno-empty-body -Wno-uninitialized -Wno-unknown-pragmas -w -Wno-shadow -Wno-four-char-constants -Wno-conversion -Wno-constant-conversion -Wno-int-conversion -Wno-bool-conversion -Wno-enum-conversion -Wno-float-conversion -Wno-non-literal-null-conversion -Wno-objc-literal-conversion -Wshorten-64-to-32 -Wno-newline-eof -Wno-c++11-extensions -Wno-implicit-fallthrough -fstrict-aliasing -Wdeprecated-declarations -Winvalid-offsetof -Wno-sign-conversion -Wno-infinite-recursion -Wno-move -Wno-comma -Wno-block-capture-autoreleasing -Wno-strict-prototypes -Wno-range-loop-analysis -Wno-semicolon-before-method-body -index-store-path /Users/admin/builder/spi-builder-workspace/.derivedData/Index.noindex/DataStore @/Users/admin/builder/spi-builder-workspace/.derivedData/Build/Intermediates.noindex/swift-nio-ssl.build/Debug-xros/CNIOBoringSSL.build/Objects-normal/arm64/82b82416624d2658e5098eb0a28c15c5-common-args.resp -MMD -MT dependencies -MF /Users/admin/builder/spi-builder-workspace/.derivedData/Build/Intermediates.noindex/swift-nio-ssl.build/Debug-xros/CNIOBoringSSL.build/Objects-normal/arm64/tls_record.d --serialize-diagnostics /Users/admin/builder/spi-builder-workspace/.derivedData/Build/Intermediates.noindex/swift-nio-ssl.build/Debug-xros/CNIOBoringSSL.build/Objects-normal/arm64/tls_record.dia -c /Users/admin/builder/spi-builder-workspace/.dependencies/checkouts/swift-nio-ssl/Sources/CNIOBoringSSL/ssl/tls_record.cc -o /Users/admin/builder/spi-builder-workspace/.derivedData/Build/Intermediates.noindex/swift-nio-ssl.build/Debug-xros/CNIOBoringSSL.build/Objects-normal/arm64/tls_record.o -index-unit-output-path /swift-nio-ssl.build/Debug-xros/CNIOBoringSSL.build/Objects-normal/arm64/tls_record.o
CompileC /Users/admin/builder/spi-builder-workspace/.derivedData/Build/Intermediates.noindex/swift-nio-ssl.build/Debug-xros/CNIOBoringSSL.build/Objects-normal/arm64/x_name.o /Users/admin/builder/spi-builder-workspace/.dependencies/checkouts/swift-nio-ssl/Sources/CNIOBoringSSL/crypto/x509/x_name.c normal arm64 c com.apple.compilers.llvm.clang.1_0.compiler (in target 'CNIOBoringSSL' from project 'swift-nio-ssl')
cd /Users/admin/builder/spi-builder-workspace/.dependencies/checkouts/swift-nio-ssl
/Library/Developer/Toolchains/swift-6.0-DEVELOPMENT-SNAPSHOT-2024-05-26-a.xctoolchain/usr/bin/clang -x c -fmessage-length\=0 -fdiagnostics-show-note-include-stack -fmacro-backtrace-limit\=0 -fno-color-diagnostics -fmodules-prune-interval\=86400 -fmodules-prune-after\=345600 -fbuild-session-file\=/Users/admin/builder/spi-builder-workspace/.derivedData/ModuleCache.noindex/Session.modulevalidation -fmodules-validate-once-per-build-session -Wnon-modular-include-in-framework-module -Werror\=non-modular-include-in-framework-module -Wno-trigraphs -Wno-missing-field-initializers -Wno-missing-prototypes -Wno-return-type -Wno-missing-braces -Wparentheses -Wswitch -Wno-unused-function -Wno-unused-label -Wno-unused-parameter -Wno-unused-variable -Wunused-value -Wno-empty-body -Wno-uninitialized -Wno-unknown-pragmas -w -Wno-shadow -Wno-four-char-constants -Wno-conversion -Wno-constant-conversion -Wno-int-conversion -Wno-bool-conversion -Wno-enum-conversion -Wno-float-conversion -Wno-non-literal-null-conversion -Wno-objc-literal-conversion -Wshorten-64-to-32 -Wpointer-sign -Wno-newline-eof -Wno-implicit-fallthrough -fstrict-aliasing -Wdeprecated-declarations -Wno-sign-conversion -Wno-infinite-recursion -Wno-comma -Wno-block-capture-autoreleasing -Wno-strict-prototypes -Wno-semicolon-before-method-body -index-store-path /Users/admin/builder/spi-builder-workspace/.derivedData/Index.noindex/DataStore @/Users/admin/builder/spi-builder-workspace/.derivedData/Build/Intermediates.noindex/swift-nio-ssl.build/Debug-xros/CNIOBoringSSL.build/Objects-normal/arm64/7187679823f38a2a940e0043cdf9d637-common-args.resp -MMD -MT dependencies -MF /Users/admin/builder/spi-builder-workspace/.derivedData/Build/Intermediates.noindex/swift-nio-ssl.build/Debug-xros/CNIOBoringSSL.build/Objects-normal/arm64/x_name.d --serialize-diagnostics /Users/admin/builder/spi-builder-workspace/.derivedData/Build/Intermediates.noindex/swift-nio-ssl.build/Debug-xros/CNIOBoringSSL.build/Objects-normal/arm64/x_name.dia -c /Users/admin/builder/spi-builder-workspace/.dependencies/checkouts/swift-nio-ssl/Sources/CNIOBoringSSL/crypto/x509/x_name.c -o /Users/admin/builder/spi-builder-workspace/.derivedData/Build/Intermediates.noindex/swift-nio-ssl.build/Debug-xros/CNIOBoringSSL.build/Objects-normal/arm64/x_name.o -index-unit-output-path /swift-nio-ssl.build/Debug-xros/CNIOBoringSSL.build/Objects-normal/arm64/x_name.o
CompileC /Users/admin/builder/spi-builder-workspace/.derivedData/Build/Intermediates.noindex/swift-nio-ssl.build/Debug-xros/CNIOBoringSSL.build/Objects-normal/arm64/x_info.o /Users/admin/builder/spi-builder-workspace/.dependencies/checkouts/swift-nio-ssl/Sources/CNIOBoringSSL/crypto/x509/x_info.c normal arm64 c com.apple.compilers.llvm.clang.1_0.compiler (in target 'CNIOBoringSSL' from project 'swift-nio-ssl')
cd /Users/admin/builder/spi-builder-workspace/.dependencies/checkouts/swift-nio-ssl
/Library/Developer/Toolchains/swift-6.0-DEVELOPMENT-SNAPSHOT-2024-05-26-a.xctoolchain/usr/bin/clang -x c -fmessage-length\=0 -fdiagnostics-show-note-include-stack -fmacro-backtrace-limit\=0 -fno-color-diagnostics -fmodules-prune-interval\=86400 -fmodules-prune-after\=345600 -fbuild-session-file\=/Users/admin/builder/spi-builder-workspace/.derivedData/ModuleCache.noindex/Session.modulevalidation -fmodules-validate-once-per-build-session -Wnon-modular-include-in-framework-module -Werror\=non-modular-include-in-framework-module -Wno-trigraphs -Wno-missing-field-initializers -Wno-missing-prototypes -Wno-return-type -Wno-missing-braces -Wparentheses -Wswitch -Wno-unused-function -Wno-unused-label -Wno-unused-parameter -Wno-unused-variable -Wunused-value -Wno-empty-body -Wno-uninitialized -Wno-unknown-pragmas -w -Wno-shadow -Wno-four-char-constants -Wno-conversion -Wno-constant-conversion -Wno-int-conversion -Wno-bool-conversion -Wno-enum-conversion -Wno-float-conversion -Wno-non-literal-null-conversion -Wno-objc-literal-conversion -Wshorten-64-to-32 -Wpointer-sign -Wno-newline-eof -Wno-implicit-fallthrough -fstrict-aliasing -Wdeprecated-declarations -Wno-sign-conversion -Wno-infinite-recursion -Wno-comma -Wno-block-capture-autoreleasing -Wno-strict-prototypes -Wno-semicolon-before-method-body -index-store-path /Users/admin/builder/spi-builder-workspace/.derivedData/Index.noindex/DataStore @/Users/admin/builder/spi-builder-workspace/.derivedData/Build/Intermediates.noindex/swift-nio-ssl.build/Debug-xros/CNIOBoringSSL.build/Objects-normal/arm64/7187679823f38a2a940e0043cdf9d637-common-args.resp -MMD -MT dependencies -MF /Users/admin/builder/spi-builder-workspace/.derivedData/Build/Intermediates.noindex/swift-nio-ssl.build/Debug-xros/CNIOBoringSSL.build/Objects-normal/arm64/x_info.d --serialize-diagnostics /Users/admin/builder/spi-builder-workspace/.derivedData/Build/Intermediates.noindex/swift-nio-ssl.build/Debug-xros/CNIOBoringSSL.build/Objects-normal/arm64/x_info.dia -c /Users/admin/builder/spi-builder-workspace/.dependencies/checkouts/swift-nio-ssl/Sources/CNIOBoringSSL/crypto/x509/x_info.c -o /Users/admin/builder/spi-builder-workspace/.derivedData/Build/Intermediates.noindex/swift-nio-ssl.build/Debug-xros/CNIOBoringSSL.build/Objects-normal/arm64/x_info.o -index-unit-output-path /swift-nio-ssl.build/Debug-xros/CNIOBoringSSL.build/Objects-normal/arm64/x_info.o
CompileC /Users/admin/builder/spi-builder-workspace/.derivedData/Build/Intermediates.noindex/swift-nio-ssl.build/Debug-xros/CNIOBoringSSL.build/Objects-normal/arm64/x_exten.o /Users/admin/builder/spi-builder-workspace/.dependencies/checkouts/swift-nio-ssl/Sources/CNIOBoringSSL/crypto/x509/x_exten.c normal arm64 c com.apple.compilers.llvm.clang.1_0.compiler (in target 'CNIOBoringSSL' from project 'swift-nio-ssl')
cd /Users/admin/builder/spi-builder-workspace/.dependencies/checkouts/swift-nio-ssl
/Library/Developer/Toolchains/swift-6.0-DEVELOPMENT-SNAPSHOT-2024-05-26-a.xctoolchain/usr/bin/clang -x c -fmessage-length\=0 -fdiagnostics-show-note-include-stack -fmacro-backtrace-limit\=0 -fno-color-diagnostics -fmodules-prune-interval\=86400 -fmodules-prune-after\=345600 -fbuild-session-file\=/Users/admin/builder/spi-builder-workspace/.derivedData/ModuleCache.noindex/Session.modulevalidation -fmodules-validate-once-per-build-session -Wnon-modular-include-in-framework-module -Werror\=non-modular-include-in-framework-module -Wno-trigraphs -Wno-missing-field-initializers -Wno-missing-prototypes -Wno-return-type -Wno-missing-braces -Wparentheses -Wswitch -Wno-unused-function -Wno-unused-label -Wno-unused-parameter -Wno-unused-variable -Wunused-value -Wno-empty-body -Wno-uninitialized -Wno-unknown-pragmas -w -Wno-shadow -Wno-four-char-constants -Wno-conversion -Wno-constant-conversion -Wno-int-conversion -Wno-bool-conversion -Wno-enum-conversion -Wno-float-conversion -Wno-non-literal-null-conversion -Wno-objc-literal-conversion -Wshorten-64-to-32 -Wpointer-sign -Wno-newline-eof -Wno-implicit-fallthrough -fstrict-aliasing -Wdeprecated-declarations -Wno-sign-conversion -Wno-infinite-recursion -Wno-comma -Wno-block-capture-autoreleasing -Wno-strict-prototypes -Wno-semicolon-before-method-body -index-store-path /Users/admin/builder/spi-builder-workspace/.derivedData/Index.noindex/DataStore @/Users/admin/builder/spi-builder-workspace/.derivedData/Build/Intermediates.noindex/swift-nio-ssl.build/Debug-xros/CNIOBoringSSL.build/Objects-normal/arm64/7187679823f38a2a940e0043cdf9d637-common-args.resp -MMD -MT dependencies -MF /Users/admin/builder/spi-builder-workspace/.derivedData/Build/Intermediates.noindex/swift-nio-ssl.build/Debug-xros/CNIOBoringSSL.build/Objects-normal/arm64/x_exten.d --serialize-diagnostics /Users/admin/builder/spi-builder-workspace/.derivedData/Build/Intermediates.noindex/swift-nio-ssl.build/Debug-xros/CNIOBoringSSL.build/Objects-normal/arm64/x_exten.dia -c /Users/admin/builder/spi-builder-workspace/.dependencies/checkouts/swift-nio-ssl/Sources/CNIOBoringSSL/crypto/x509/x_exten.c -o /Users/admin/builder/spi-builder-workspace/.derivedData/Build/Intermediates.noindex/swift-nio-ssl.build/Debug-xros/CNIOBoringSSL.build/Objects-normal/arm64/x_exten.o -index-unit-output-path /swift-nio-ssl.build/Debug-xros/CNIOBoringSSL.build/Objects-normal/arm64/x_exten.o
CompileC /Users/admin/builder/spi-builder-workspace/.derivedData/Build/Intermediates.noindex/swift-nio-ssl.build/Debug-xros/CNIOBoringSSL.build/Objects-normal/arm64/x_crl.o /Users/admin/builder/spi-builder-workspace/.dependencies/checkouts/swift-nio-ssl/Sources/CNIOBoringSSL/crypto/x509/x_crl.c normal arm64 c com.apple.compilers.llvm.clang.1_0.compiler (in target 'CNIOBoringSSL' from project 'swift-nio-ssl')
cd /Users/admin/builder/spi-builder-workspace/.dependencies/checkouts/swift-nio-ssl
/Library/Developer/Toolchains/swift-6.0-DEVELOPMENT-SNAPSHOT-2024-05-26-a.xctoolchain/usr/bin/clang -x c -fmessage-length\=0 -fdiagnostics-show-note-include-stack -fmacro-backtrace-limit\=0 -fno-color-diagnostics -fmodules-prune-interval\=86400 -fmodules-prune-after\=345600 -fbuild-session-file\=/Users/admin/builder/spi-builder-workspace/.derivedData/ModuleCache.noindex/Session.modulevalidation -fmodules-validate-once-per-build-session -Wnon-modular-include-in-framework-module -Werror\=non-modular-include-in-framework-module -Wno-trigraphs -Wno-missing-field-initializers -Wno-missing-prototypes -Wno-return-type -Wno-missing-braces -Wparentheses -Wswitch -Wno-unused-function -Wno-unused-label -Wno-unused-parameter -Wno-unused-variable -Wunused-value -Wno-empty-body -Wno-uninitialized -Wno-unknown-pragmas -w -Wno-shadow -Wno-four-char-constants -Wno-conversion -Wno-constant-conversion -Wno-int-conversion -Wno-bool-conversion -Wno-enum-conversion -Wno-float-conversion -Wno-non-literal-null-conversion -Wno-objc-literal-conversion -Wshorten-64-to-32 -Wpointer-sign -Wno-newline-eof -Wno-implicit-fallthrough -fstrict-aliasing -Wdeprecated-declarations -Wno-sign-conversion -Wno-infinite-recursion -Wno-comma -Wno-block-capture-autoreleasing -Wno-strict-prototypes -Wno-semicolon-before-method-body -index-store-path /Users/admin/builder/spi-builder-workspace/.derivedData/Index.noindex/DataStore @/Users/admin/builder/spi-builder-workspace/.derivedData/Build/Intermediates.noindex/swift-nio-ssl.build/Debug-xros/CNIOBoringSSL.build/Objects-normal/arm64/7187679823f38a2a940e0043cdf9d637-common-args.resp -MMD -MT dependencies -MF /Users/admin/builder/spi-builder-workspace/.derivedData/Build/Intermediates.noindex/swift-nio-ssl.build/Debug-xros/CNIOBoringSSL.build/Objects-normal/arm64/x_crl.d --serialize-diagnostics /Users/admin/builder/spi-builder-workspace/.derivedData/Build/Intermediates.noindex/swift-nio-ssl.build/Debug-xros/CNIOBoringSSL.build/Objects-normal/arm64/x_crl.dia -c /Users/admin/builder/spi-builder-workspace/.dependencies/checkouts/swift-nio-ssl/Sources/CNIOBoringSSL/crypto/x509/x_crl.c -o /Users/admin/builder/spi-builder-workspace/.derivedData/Build/Intermediates.noindex/swift-nio-ssl.build/Debug-xros/CNIOBoringSSL.build/Objects-normal/arm64/x_crl.o -index-unit-output-path /swift-nio-ssl.build/Debug-xros/CNIOBoringSSL.build/Objects-normal/arm64/x_crl.o
CompileC /Users/admin/builder/spi-builder-workspace/.derivedData/Build/Intermediates.noindex/swift-nio-ssl.build/Debug-xros/CNIOBoringSSL.build/Objects-normal/arm64/x_attrib.o /Users/admin/builder/spi-builder-workspace/.dependencies/checkouts/swift-nio-ssl/Sources/CNIOBoringSSL/crypto/x509/x_attrib.c normal arm64 c com.apple.compilers.llvm.clang.1_0.compiler (in target 'CNIOBoringSSL' from project 'swift-nio-ssl')
cd /Users/admin/builder/spi-builder-workspace/.dependencies/checkouts/swift-nio-ssl
/Library/Developer/Toolchains/swift-6.0-DEVELOPMENT-SNAPSHOT-2024-05-26-a.xctoolchain/usr/bin/clang -x c -fmessage-length\=0 -fdiagnostics-show-note-include-stack -fmacro-backtrace-limit\=0 -fno-color-diagnostics -fmodules-prune-interval\=86400 -fmodules-prune-after\=345600 -fbuild-session-file\=/Users/admin/builder/spi-builder-workspace/.derivedData/ModuleCache.noindex/Session.modulevalidation -fmodules-validate-once-per-build-session -Wnon-modular-include-in-framework-module -Werror\=non-modular-include-in-framework-module -Wno-trigraphs -Wno-missing-field-initializers -Wno-missing-prototypes -Wno-return-type -Wno-missing-braces -Wparentheses -Wswitch -Wno-unused-function -Wno-unused-label -Wno-unused-parameter -Wno-unused-variable -Wunused-value -Wno-empty-body -Wno-uninitialized -Wno-unknown-pragmas -w -Wno-shadow -Wno-four-char-constants -Wno-conversion -Wno-constant-conversion -Wno-int-conversion -Wno-bool-conversion -Wno-enum-conversion -Wno-float-conversion -Wno-non-literal-null-conversion -Wno-objc-literal-conversion -Wshorten-64-to-32 -Wpointer-sign -Wno-newline-eof -Wno-implicit-fallthrough -fstrict-aliasing -Wdeprecated-declarations -Wno-sign-conversion -Wno-infinite-recursion -Wno-comma -Wno-block-capture-autoreleasing -Wno-strict-prototypes -Wno-semicolon-before-method-body -index-store-path /Users/admin/builder/spi-builder-workspace/.derivedData/Index.noindex/DataStore @/Users/admin/builder/spi-builder-workspace/.derivedData/Build/Intermediates.noindex/swift-nio-ssl.build/Debug-xros/CNIOBoringSSL.build/Objects-normal/arm64/7187679823f38a2a940e0043cdf9d637-common-args.resp -MMD -MT dependencies -MF /Users/admin/builder/spi-builder-workspace/.derivedData/Build/Intermediates.noindex/swift-nio-ssl.build/Debug-xros/CNIOBoringSSL.build/Objects-normal/arm64/x_attrib.d --serialize-diagnostics /Users/admin/builder/spi-builder-workspace/.derivedData/Build/Intermediates.noindex/swift-nio-ssl.build/Debug-xros/CNIOBoringSSL.build/Objects-normal/arm64/x_attrib.dia -c /Users/admin/builder/spi-builder-workspace/.dependencies/checkouts/swift-nio-ssl/Sources/CNIOBoringSSL/crypto/x509/x_attrib.c -o /Users/admin/builder/spi-builder-workspace/.derivedData/Build/Intermediates.noindex/swift-nio-ssl.build/Debug-xros/CNIOBoringSSL.build/Objects-normal/arm64/x_attrib.o -index-unit-output-path /swift-nio-ssl.build/Debug-xros/CNIOBoringSSL.build/Objects-normal/arm64/x_attrib.o
CompileC /Users/admin/builder/spi-builder-workspace/.derivedData/Build/Intermediates.noindex/swift-nio-ssl.build/Debug-xros/CNIOBoringSSL.build/Objects-normal/arm64/x_all.o /Users/admin/builder/spi-builder-workspace/.dependencies/checkouts/swift-nio-ssl/Sources/CNIOBoringSSL/crypto/x509/x_all.c normal arm64 c com.apple.compilers.llvm.clang.1_0.compiler (in target 'CNIOBoringSSL' from project 'swift-nio-ssl')
cd /Users/admin/builder/spi-builder-workspace/.dependencies/checkouts/swift-nio-ssl
/Library/Developer/Toolchains/swift-6.0-DEVELOPMENT-SNAPSHOT-2024-05-26-a.xctoolchain/usr/bin/clang -x c -fmessage-length\=0 -fdiagnostics-show-note-include-stack -fmacro-backtrace-limit\=0 -fno-color-diagnostics -fmodules-prune-interval\=86400 -fmodules-prune-after\=345600 -fbuild-session-file\=/Users/admin/builder/spi-builder-workspace/.derivedData/ModuleCache.noindex/Session.modulevalidation -fmodules-validate-once-per-build-session -Wnon-modular-include-in-framework-module -Werror\=non-modular-include-in-framework-module -Wno-trigraphs -Wno-missing-field-initializers -Wno-missing-prototypes -Wno-return-type -Wno-missing-braces -Wparentheses -Wswitch -Wno-unused-function -Wno-unused-label -Wno-unused-parameter -Wno-unused-variable -Wunused-value -Wno-empty-body -Wno-uninitialized -Wno-unknown-pragmas -w -Wno-shadow -Wno-four-char-constants -Wno-conversion -Wno-constant-conversion -Wno-int-conversion -Wno-bool-conversion -Wno-enum-conversion -Wno-float-conversion -Wno-non-literal-null-conversion -Wno-objc-literal-conversion -Wshorten-64-to-32 -Wpointer-sign -Wno-newline-eof -Wno-implicit-fallthrough -fstrict-aliasing -Wdeprecated-declarations -Wno-sign-conversion -Wno-infinite-recursion -Wno-comma -Wno-block-capture-autoreleasing -Wno-strict-prototypes -Wno-semicolon-before-method-body -index-store-path /Users/admin/builder/spi-builder-workspace/.derivedData/Index.noindex/DataStore @/Users/admin/builder/spi-builder-workspace/.derivedData/Build/Intermediates.noindex/swift-nio-ssl.build/Debug-xros/CNIOBoringSSL.build/Objects-normal/arm64/7187679823f38a2a940e0043cdf9d637-common-args.resp -MMD -MT dependencies -MF /Users/admin/builder/spi-builder-workspace/.derivedData/Build/Intermediates.noindex/swift-nio-ssl.build/Debug-xros/CNIOBoringSSL.build/Objects-normal/arm64/x_all.d --serialize-diagnostics /Users/admin/builder/spi-builder-workspace/.derivedData/Build/Intermediates.noindex/swift-nio-ssl.build/Debug-xros/CNIOBoringSSL.build/Objects-normal/arm64/x_all.dia -c /Users/admin/builder/spi-builder-workspace/.dependencies/checkouts/swift-nio-ssl/Sources/CNIOBoringSSL/crypto/x509/x_all.c -o /Users/admin/builder/spi-builder-workspace/.derivedData/Build/Intermediates.noindex/swift-nio-ssl.build/Debug-xros/CNIOBoringSSL.build/Objects-normal/arm64/x_all.o -index-unit-output-path /swift-nio-ssl.build/Debug-xros/CNIOBoringSSL.build/Objects-normal/arm64/x_all.o
CompileC /Users/admin/builder/spi-builder-workspace/.derivedData/Build/Intermediates.noindex/swift-nio-ssl.build/Debug-xros/CNIOBoringSSL.build/Objects-normal/arm64/x_algor.o /Users/admin/builder/spi-builder-workspace/.dependencies/checkouts/swift-nio-ssl/Sources/CNIOBoringSSL/crypto/x509/x_algor.c normal arm64 c com.apple.compilers.llvm.clang.1_0.compiler (in target 'CNIOBoringSSL' from project 'swift-nio-ssl')
cd /Users/admin/builder/spi-builder-workspace/.dependencies/checkouts/swift-nio-ssl
/Library/Developer/Toolchains/swift-6.0-DEVELOPMENT-SNAPSHOT-2024-05-26-a.xctoolchain/usr/bin/clang -x c -fmessage-length\=0 -fdiagnostics-show-note-include-stack -fmacro-backtrace-limit\=0 -fno-color-diagnostics -fmodules-prune-interval\=86400 -fmodules-prune-after\=345600 -fbuild-session-file\=/Users/admin/builder/spi-builder-workspace/.derivedData/ModuleCache.noindex/Session.modulevalidation -fmodules-validate-once-per-build-session -Wnon-modular-include-in-framework-module -Werror\=non-modular-include-in-framework-module -Wno-trigraphs -Wno-missing-field-initializers -Wno-missing-prototypes -Wno-return-type -Wno-missing-braces -Wparentheses -Wswitch -Wno-unused-function -Wno-unused-label -Wno-unused-parameter -Wno-unused-variable -Wunused-value -Wno-empty-body -Wno-uninitialized -Wno-unknown-pragmas -w -Wno-shadow -Wno-four-char-constants -Wno-conversion -Wno-constant-conversion -Wno-int-conversion -Wno-bool-conversion -Wno-enum-conversion -Wno-float-conversion -Wno-non-literal-null-conversion -Wno-objc-literal-conversion -Wshorten-64-to-32 -Wpointer-sign -Wno-newline-eof -Wno-implicit-fallthrough -fstrict-aliasing -Wdeprecated-declarations -Wno-sign-conversion -Wno-infinite-recursion -Wno-comma -Wno-block-capture-autoreleasing -Wno-strict-prototypes -Wno-semicolon-before-method-body -index-store-path /Users/admin/builder/spi-builder-workspace/.derivedData/Index.noindex/DataStore @/Users/admin/builder/spi-builder-workspace/.derivedData/Build/Intermediates.noindex/swift-nio-ssl.build/Debug-xros/CNIOBoringSSL.build/Objects-normal/arm64/7187679823f38a2a940e0043cdf9d637-common-args.resp -MMD -MT dependencies -MF /Users/admin/builder/spi-builder-workspace/.derivedData/Build/Intermediates.noindex/swift-nio-ssl.build/Debug-xros/CNIOBoringSSL.build/Objects-normal/arm64/x_algor.d --serialize-diagnostics /Users/admin/builder/spi-builder-workspace/.derivedData/Build/Intermediates.noindex/swift-nio-ssl.build/Debug-xros/CNIOBoringSSL.build/Objects-normal/arm64/x_algor.dia -c /Users/admin/builder/spi-builder-workspace/.dependencies/checkouts/swift-nio-ssl/Sources/CNIOBoringSSL/crypto/x509/x_algor.c -o /Users/admin/builder/spi-builder-workspace/.derivedData/Build/Intermediates.noindex/swift-nio-ssl.build/Debug-xros/CNIOBoringSSL.build/Objects-normal/arm64/x_algor.o -index-unit-output-path /swift-nio-ssl.build/Debug-xros/CNIOBoringSSL.build/Objects-normal/arm64/x_algor.o
SwiftDriver XMLCoding normal arm64 com.apple.xcode.tools.swift.compiler (in target 'XMLCoding' from project 'XMLCoding')
cd /Users/admin/builder/spi-builder-workspace/.dependencies/checkouts/XMLCoding
builtin-SwiftDriver -- /Library/Developer/Toolchains/swift-6.0-DEVELOPMENT-SNAPSHOT-2024-05-26-a.xctoolchain/usr/bin/swiftc -module-name XMLCoding -Onone -enforce-exclusivity\=checked @/Users/admin/builder/spi-builder-workspace/.derivedData/Build/Intermediates.noindex/XMLCoding.build/Debug-xros/XMLCoding.build/Objects-normal/arm64/XMLCoding.SwiftFileList -DSWIFT_PACKAGE -DDEBUG -stats-output-dir .stats -strict-concurrency\=complete -sdk /Applications/Xcode-15.3.0.app/Contents/Developer/Platforms/XROS.platform/Developer/SDKs/XROS1.1.sdk -target arm64-apple-xros1.0 -g -module-cache-path /Users/admin/builder/spi-builder-workspace/.derivedData/ModuleCache.noindex -Xfrontend -serialize-debugging-options -enable-testing -suppress-warnings -index-store-path /Users/admin/builder/spi-builder-workspace/.derivedData/Index.noindex/DataStore -swift-version 4 -I /Users/admin/builder/spi-builder-workspace/.derivedData/Build/Products/Debug-xros -I /Applications/Xcode-15.3.0.app/Contents/Developer/Platforms/XROS.platform/Developer/usr/lib -F /Users/admin/builder/spi-builder-workspace/.derivedData/Build/Products/Debug-xros -F /Applications/Xcode-15.3.0.app/Contents/Developer/Platforms/XROS.platform/Developer/Library/Frameworks -F /Applications/Xcode-15.3.0.app/Contents/Developer/Platforms/XROS.platform/Developer/SDKs/XROS1.1.sdk/Developer/Library/Frameworks -c -j10 -enable-batch-mode -incremental -output-file-map /Users/admin/builder/spi-builder-workspace/.derivedData/Build/Intermediates.noindex/XMLCoding.build/Debug-xros/XMLCoding.build/Objects-normal/arm64/XMLCoding-OutputFileMap.json -use-frontend-parseable-output -save-temps -no-color-diagnostics -serialize-diagnostics -emit-dependencies -emit-module -emit-module-path /Users/admin/builder/spi-builder-workspace/.derivedData/Build/Intermediates.noindex/XMLCoding.build/Debug-xros/XMLCoding.build/Objects-normal/arm64/XMLCoding.swiftmodule -validate-clang-modules-once -clang-build-session-file /Users/admin/builder/spi-builder-workspace/.derivedData/ModuleCache.noindex/Session.modulevalidation -Xcc -I/Users/admin/builder/spi-builder-workspace/.derivedData/Build/Intermediates.noindex/XMLCoding.build/Debug-xros/XMLCoding.build/swift-overrides.hmap -emit-const-values -Xfrontend -const-gather-protocols-file -Xfrontend /Users/admin/builder/spi-builder-workspace/.derivedData/Build/Intermediates.noindex/XMLCoding.build/Debug-xros/XMLCoding.build/Objects-normal/arm64/XMLCoding_const_extract_protocols.json -Xcc -I/Users/admin/builder/spi-builder-workspace/.derivedData/Build/Products/Debug-xros/include -Xcc -I/Users/admin/builder/spi-builder-workspace/.derivedData/Build/Intermediates.noindex/XMLCoding.build/Debug-xros/XMLCoding.build/DerivedSources-normal/arm64 -Xcc -I/Users/admin/builder/spi-builder-workspace/.derivedData/Build/Intermediates.noindex/XMLCoding.build/Debug-xros/XMLCoding.build/DerivedSources/arm64 -Xcc -I/Users/admin/builder/spi-builder-workspace/.derivedData/Build/Intermediates.noindex/XMLCoding.build/Debug-xros/XMLCoding.build/DerivedSources -Xcc -DSWIFT_PACKAGE -Xcc -DDEBUG\=1 -emit-objc-header -emit-objc-header-path /Users/admin/builder/spi-builder-workspace/.derivedData/Build/Intermediates.noindex/XMLCoding.build/Debug-xros/XMLCoding.build/Objects-normal/arm64/XMLCoding-Swift.h -working-directory /Users/admin/builder/spi-builder-workspace/.dependencies/checkouts/XMLCoding -experimental-emit-module-separately -disable-cmo
SwiftDriver WebErrorKit normal arm64 com.apple.xcode.tools.swift.compiler (in target 'WebErrorKit' from project 'WebError')
cd /Users/admin/builder/spi-builder-workspace/.dependencies/checkouts/WebErrorKit
builtin-SwiftDriver -- /Library/Developer/Toolchains/swift-6.0-DEVELOPMENT-SNAPSHOT-2024-05-26-a.xctoolchain/usr/bin/swiftc -module-name WebErrorKit -Onone -enforce-exclusivity\=checked @/Users/admin/builder/spi-builder-workspace/.derivedData/Build/Intermediates.noindex/WebError.build/Debug-xros/WebErrorKit.build/Objects-normal/arm64/WebErrorKit.SwiftFileList -DSWIFT_PACKAGE -DDEBUG -stats-output-dir .stats -strict-concurrency\=complete -sdk /Applications/Xcode-15.3.0.app/Contents/Developer/Platforms/XROS.platform/Developer/SDKs/XROS1.1.sdk -target arm64-apple-xros1.0 -g -module-cache-path /Users/admin/builder/spi-builder-workspace/.derivedData/ModuleCache.noindex -Xfrontend -serialize-debugging-options -enable-testing -suppress-warnings -index-store-path /Users/admin/builder/spi-builder-workspace/.derivedData/Index.noindex/DataStore -swift-version 5 -I /Users/admin/builder/spi-builder-workspace/.derivedData/Build/Products/Debug-xros -I /Applications/Xcode-15.3.0.app/Contents/Developer/Platforms/XROS.platform/Developer/usr/lib -F /Users/admin/builder/spi-builder-workspace/.derivedData/Build/Products/Debug-xros -F /Applications/Xcode-15.3.0.app/Contents/Developer/Platforms/XROS.platform/Developer/Library/Frameworks -F /Applications/Xcode-15.3.0.app/Contents/Developer/Platforms/XROS.platform/Developer/SDKs/XROS1.1.sdk/Developer/Library/Frameworks -c -j10 -enable-batch-mode -incremental -output-file-map /Users/admin/builder/spi-builder-workspace/.derivedData/Build/Intermediates.noindex/WebError.build/Debug-xros/WebErrorKit.build/Objects-normal/arm64/WebErrorKit-OutputFileMap.json -use-frontend-parseable-output -save-temps -no-color-diagnostics -serialize-diagnostics -emit-dependencies -emit-module -emit-module-path /Users/admin/builder/spi-builder-workspace/.derivedData/Build/Intermediates.noindex/WebError.build/Debug-xros/WebErrorKit.build/Objects-normal/arm64/WebErrorKit.swiftmodule -validate-clang-modules-once -clang-build-session-file /Users/admin/builder/spi-builder-workspace/.derivedData/ModuleCache.noindex/Session.modulevalidation -Xcc -I/Users/admin/builder/spi-builder-workspace/.derivedData/Build/Intermediates.noindex/WebError.build/Debug-xros/WebErrorKit.build/swift-overrides.hmap -emit-const-values -Xfrontend -const-gather-protocols-file -Xfrontend /Users/admin/builder/spi-builder-workspace/.derivedData/Build/Intermediates.noindex/WebError.build/Debug-xros/WebErrorKit.build/Objects-normal/arm64/WebErrorKit_const_extract_protocols.json -Xcc -I/Users/admin/builder/spi-builder-workspace/.derivedData/Build/Products/Debug-xros/include -Xcc -I/Users/admin/builder/spi-builder-workspace/.derivedData/Build/Intermediates.noindex/WebError.build/Debug-xros/WebErrorKit.build/DerivedSources-normal/arm64 -Xcc -I/Users/admin/builder/spi-builder-workspace/.derivedData/Build/Intermediates.noindex/WebError.build/Debug-xros/WebErrorKit.build/DerivedSources/arm64 -Xcc -I/Users/admin/builder/spi-builder-workspace/.derivedData/Build/Intermediates.noindex/WebError.build/Debug-xros/WebErrorKit.build/DerivedSources -Xcc -DSWIFT_PACKAGE -Xcc -DDEBUG\=1 -emit-objc-header -emit-objc-header-path /Users/admin/builder/spi-builder-workspace/.derivedData/Build/Intermediates.noindex/WebError.build/Debug-xros/WebErrorKit.build/Objects-normal/arm64/WebErrorKit-Swift.h -working-directory /Users/admin/builder/spi-builder-workspace/.dependencies/checkouts/WebErrorKit -experimental-emit-module-separately -disable-cmo
SwiftDriver RoutingKit normal arm64 com.apple.xcode.tools.swift.compiler (in target 'RoutingKit' from project 'routing-kit')
cd /Users/admin/builder/spi-builder-workspace/.dependencies/checkouts/routing-kit
builtin-SwiftDriver -- /Library/Developer/Toolchains/swift-6.0-DEVELOPMENT-SNAPSHOT-2024-05-26-a.xctoolchain/usr/bin/swiftc -module-name RoutingKit -Onone -enforce-exclusivity\=checked @/Users/admin/builder/spi-builder-workspace/.derivedData/Build/Intermediates.noindex/routing-kit.build/Debug-xros/RoutingKit.build/Objects-normal/arm64/RoutingKit.SwiftFileList -DSWIFT_PACKAGE -DDEBUG -stats-output-dir .stats -strict-concurrency\=complete -sdk /Applications/Xcode-15.3.0.app/Contents/Developer/Platforms/XROS.platform/Developer/SDKs/XROS1.1.sdk -target arm64-apple-xros1.0 -g -module-cache-path /Users/admin/builder/spi-builder-workspace/.derivedData/ModuleCache.noindex -Xfrontend -serialize-debugging-options -enable-testing -suppress-warnings -index-store-path /Users/admin/builder/spi-builder-workspace/.derivedData/Index.noindex/DataStore -swift-version 5 -I /Users/admin/builder/spi-builder-workspace/.derivedData/Build/Products/Debug-xros -I /Applications/Xcode-15.3.0.app/Contents/Developer/Platforms/XROS.platform/Developer/usr/lib -F /Users/admin/builder/spi-builder-workspace/.derivedData/Build/Products/Debug-xros -F /Applications/Xcode-15.3.0.app/Contents/Developer/Platforms/XROS.platform/Developer/Library/Frameworks -F /Applications/Xcode-15.3.0.app/Contents/Developer/Platforms/XROS.platform/Developer/SDKs/XROS1.1.sdk/Developer/Library/Frameworks -c -j10 -enable-batch-mode -incremental -output-file-map /Users/admin/builder/spi-builder-workspace/.derivedData/Build/Intermediates.noindex/routing-kit.build/Debug-xros/RoutingKit.build/Objects-normal/arm64/RoutingKit-OutputFileMap.json -use-frontend-parseable-output -save-temps -no-color-diagnostics -serialize-diagnostics -emit-dependencies -emit-module -emit-module-path /Users/admin/builder/spi-builder-workspace/.derivedData/Build/Intermediates.noindex/routing-kit.build/Debug-xros/RoutingKit.build/Objects-normal/arm64/RoutingKit.swiftmodule -validate-clang-modules-once -clang-build-session-file /Users/admin/builder/spi-builder-workspace/.derivedData/ModuleCache.noindex/Session.modulevalidation -Xcc -I/Users/admin/builder/spi-builder-workspace/.derivedData/Build/Intermediates.noindex/routing-kit.build/Debug-xros/RoutingKit.build/swift-overrides.hmap -emit-const-values -Xfrontend -const-gather-protocols-file -Xfrontend /Users/admin/builder/spi-builder-workspace/.derivedData/Build/Intermediates.noindex/routing-kit.build/Debug-xros/RoutingKit.build/Objects-normal/arm64/RoutingKit_const_extract_protocols.json -Xcc -I/Users/admin/builder/spi-builder-workspace/.derivedData/Build/Products/Debug-xros/include -Xcc -I/Users/admin/builder/spi-builder-workspace/.derivedData/Build/Intermediates.noindex/routing-kit.build/Debug-xros/RoutingKit.build/DerivedSources-normal/arm64 -Xcc -I/Users/admin/builder/spi-builder-workspace/.derivedData/Build/Intermediates.noindex/routing-kit.build/Debug-xros/RoutingKit.build/DerivedSources/arm64 -Xcc -I/Users/admin/builder/spi-builder-workspace/.derivedData/Build/Intermediates.noindex/routing-kit.build/Debug-xros/RoutingKit.build/DerivedSources -Xcc -DSWIFT_PACKAGE -Xcc -DDEBUG\=1 -emit-objc-header -emit-objc-header-path /Users/admin/builder/spi-builder-workspace/.derivedData/Build/Intermediates.noindex/routing-kit.build/Debug-xros/RoutingKit.build/Objects-normal/arm64/RoutingKit-Swift.h -working-directory /Users/admin/builder/spi-builder-workspace/.dependencies/checkouts/routing-kit -experimental-emit-module-separately -disable-cmo
SwiftDriver Logging normal arm64 com.apple.xcode.tools.swift.compiler (in target 'Logging' from project 'swift-log')
cd /Users/admin/builder/spi-builder-workspace/.dependencies/checkouts/swift-log
builtin-SwiftDriver -- /Library/Developer/Toolchains/swift-6.0-DEVELOPMENT-SNAPSHOT-2024-05-26-a.xctoolchain/usr/bin/swiftc -module-name Logging -Onone -enforce-exclusivity\=checked @/Users/admin/builder/spi-builder-workspace/.derivedData/Build/Intermediates.noindex/swift-log.build/Debug-xros/Logging.build/Objects-normal/arm64/Logging.SwiftFileList -DSWIFT_PACKAGE -DDEBUG -stats-output-dir .stats -strict-concurrency\=complete -sdk /Applications/Xcode-15.3.0.app/Contents/Developer/Platforms/XROS.platform/Developer/SDKs/XROS1.1.sdk -target arm64-apple-xros1.0 -g -module-cache-path /Users/admin/builder/spi-builder-workspace/.derivedData/ModuleCache.noindex -Xfrontend -serialize-debugging-options -enable-testing -suppress-warnings -index-store-path /Users/admin/builder/spi-builder-workspace/.derivedData/Index.noindex/DataStore -swift-version 5 -I /Users/admin/builder/spi-builder-workspace/.derivedData/Build/Products/Debug-xros -I /Applications/Xcode-15.3.0.app/Contents/Developer/Platforms/XROS.platform/Developer/usr/lib -F /Users/admin/builder/spi-builder-workspace/.derivedData/Build/Products/Debug-xros -F /Applications/Xcode-15.3.0.app/Contents/Developer/Platforms/XROS.platform/Developer/Library/Frameworks -F /Applications/Xcode-15.3.0.app/Contents/Developer/Platforms/XROS.platform/Developer/SDKs/XROS1.1.sdk/Developer/Library/Frameworks -c -j10 -enable-batch-mode -incremental -output-file-map /Users/admin/builder/spi-builder-workspace/.derivedData/Build/Intermediates.noindex/swift-log.build/Debug-xros/Logging.build/Objects-normal/arm64/Logging-OutputFileMap.json -use-frontend-parseable-output -save-temps -no-color-diagnostics -serialize-diagnostics -emit-dependencies -emit-module -emit-module-path /Users/admin/builder/spi-builder-workspace/.derivedData/Build/Intermediates.noindex/swift-log.build/Debug-xros/Logging.build/Objects-normal/arm64/Logging.swiftmodule -validate-clang-modules-once -clang-build-session-file /Users/admin/builder/spi-builder-workspace/.derivedData/ModuleCache.noindex/Session.modulevalidation -Xcc -I/Users/admin/builder/spi-builder-workspace/.derivedData/Build/Intermediates.noindex/swift-log.build/Debug-xros/Logging.build/swift-overrides.hmap -emit-const-values -Xfrontend -const-gather-protocols-file -Xfrontend /Users/admin/builder/spi-builder-workspace/.derivedData/Build/Intermediates.noindex/swift-log.build/Debug-xros/Logging.build/Objects-normal/arm64/Logging_const_extract_protocols.json -Xcc -I/Users/admin/builder/spi-builder-workspace/.derivedData/Build/Products/Debug-xros/include -Xcc -I/Users/admin/builder/spi-builder-workspace/.derivedData/Build/Intermediates.noindex/swift-log.build/Debug-xros/Logging.build/DerivedSources-normal/arm64 -Xcc -I/Users/admin/builder/spi-builder-workspace/.derivedData/Build/Intermediates.noindex/swift-log.build/Debug-xros/Logging.build/DerivedSources/arm64 -Xcc -I/Users/admin/builder/spi-builder-workspace/.derivedData/Build/Intermediates.noindex/swift-log.build/Debug-xros/Logging.build/DerivedSources -Xcc -DSWIFT_PACKAGE -Xcc -DDEBUG\=1 -emit-objc-header -emit-objc-header-path /Users/admin/builder/spi-builder-workspace/.derivedData/Build/Intermediates.noindex/swift-log.build/Debug-xros/Logging.build/Objects-normal/arm64/Logging-Swift.h -working-directory /Users/admin/builder/spi-builder-workspace/.dependencies/checkouts/swift-log -experimental-emit-module-separately -disable-cmo
SwiftDriver HTTPMediaTypes normal arm64 com.apple.xcode.tools.swift.compiler (in target 'HTTPMediaTypes' from project 'HTTPMediaTypes')
cd /Users/admin/builder/spi-builder-workspace/.dependencies/checkouts/HTTPMediaTypes
builtin-SwiftDriver -- /Library/Developer/Toolchains/swift-6.0-DEVELOPMENT-SNAPSHOT-2024-05-26-a.xctoolchain/usr/bin/swiftc -module-name HTTPMediaTypes -Onone -enforce-exclusivity\=checked @/Users/admin/builder/spi-builder-workspace/.derivedData/Build/Intermediates.noindex/HTTPMediaTypes.build/Debug-xros/HTTPMediaTypes.build/Objects-normal/arm64/HTTPMediaTypes.SwiftFileList -DSWIFT_PACKAGE -DDEBUG -stats-output-dir .stats -strict-concurrency\=complete -sdk /Applications/Xcode-15.3.0.app/Contents/Developer/Platforms/XROS.platform/Developer/SDKs/XROS1.1.sdk -target arm64-apple-xros1.0 -g -module-cache-path /Users/admin/builder/spi-builder-workspace/.derivedData/ModuleCache.noindex -Xfrontend -serialize-debugging-options -enable-testing -suppress-warnings -index-store-path /Users/admin/builder/spi-builder-workspace/.derivedData/Index.noindex/DataStore -swift-version 5 -I /Users/admin/builder/spi-builder-workspace/.derivedData/Build/Products/Debug-xros -I /Applications/Xcode-15.3.0.app/Contents/Developer/Platforms/XROS.platform/Developer/usr/lib -F /Users/admin/builder/spi-builder-workspace/.derivedData/Build/Products/Debug-xros -F /Applications/Xcode-15.3.0.app/Contents/Developer/Platforms/XROS.platform/Developer/Library/Frameworks -F /Applications/Xcode-15.3.0.app/Contents/Developer/Platforms/XROS.platform/Developer/SDKs/XROS1.1.sdk/Developer/Library/Frameworks -c -j10 -enable-batch-mode -incremental -output-file-map /Users/admin/builder/spi-builder-workspace/.derivedData/Build/Intermediates.noindex/HTTPMediaTypes.build/Debug-xros/HTTPMediaTypes.build/Objects-normal/arm64/HTTPMediaTypes-OutputFileMap.json -use-frontend-parseable-output -save-temps -no-color-diagnostics -serialize-diagnostics -emit-dependencies -emit-module -emit-module-path /Users/admin/builder/spi-builder-workspace/.derivedData/Build/Intermediates.noindex/HTTPMediaTypes.build/Debug-xros/HTTPMediaTypes.build/Objects-normal/arm64/HTTPMediaTypes.swiftmodule -validate-clang-modules-once -clang-build-session-file /Users/admin/builder/spi-builder-workspace/.derivedData/ModuleCache.noindex/Session.modulevalidation -Xcc -I/Users/admin/builder/spi-builder-workspace/.derivedData/Build/Intermediates.noindex/HTTPMediaTypes.build/Debug-xros/HTTPMediaTypes.build/swift-overrides.hmap -emit-const-values -Xfrontend -const-gather-protocols-file -Xfrontend /Users/admin/builder/spi-builder-workspace/.derivedData/Build/Intermediates.noindex/HTTPMediaTypes.build/Debug-xros/HTTPMediaTypes.build/Objects-normal/arm64/HTTPMediaTypes_const_extract_protocols.json -Xcc -I/Users/admin/builder/spi-builder-workspace/.derivedData/Build/Products/Debug-xros/include -Xcc -I/Users/admin/builder/spi-builder-workspace/.derivedData/Build/Intermediates.noindex/HTTPMediaTypes.build/Debug-xros/HTTPMediaTypes.build/DerivedSources-normal/arm64 -Xcc -I/Users/admin/builder/spi-builder-workspace/.derivedData/Build/Intermediates.noindex/HTTPMediaTypes.build/Debug-xros/HTTPMediaTypes.build/DerivedSources/arm64 -Xcc -I/Users/admin/builder/spi-builder-workspace/.derivedData/Build/Intermediates.noindex/HTTPMediaTypes.build/Debug-xros/HTTPMediaTypes.build/DerivedSources -Xcc -DSWIFT_PACKAGE -Xcc -DDEBUG\=1 -emit-objc-header -emit-objc-header-path /Users/admin/builder/spi-builder-workspace/.derivedData/Build/Intermediates.noindex/HTTPMediaTypes.build/Debug-xros/HTTPMediaTypes.build/Objects-normal/arm64/HTTPMediaTypes-Swift.h -working-directory /Users/admin/builder/spi-builder-workspace/.dependencies/checkouts/HTTPMediaTypes -experimental-emit-module-separately -disable-cmo
SwiftDriver COperatingSystem normal arm64 com.apple.xcode.tools.swift.compiler (in target 'COperatingSystem' from project 'vapor')
cd /Users/admin/builder/spi-builder-workspace/.dependencies/checkouts/vapor
builtin-SwiftDriver -- /Library/Developer/Toolchains/swift-6.0-DEVELOPMENT-SNAPSHOT-2024-05-26-a.xctoolchain/usr/bin/swiftc -module-name COperatingSystem -Onone -enforce-exclusivity\=checked @/Users/admin/builder/spi-builder-workspace/.derivedData/Build/Intermediates.noindex/vapor.build/Debug-xros/COperatingSystem.build/Objects-normal/arm64/COperatingSystem.SwiftFileList -DSWIFT_PACKAGE -DDEBUG -stats-output-dir .stats -strict-concurrency\=complete -sdk /Applications/Xcode-15.3.0.app/Contents/Developer/Platforms/XROS.platform/Developer/SDKs/XROS1.1.sdk -target arm64-apple-xros1.0 -g -module-cache-path /Users/admin/builder/spi-builder-workspace/.derivedData/ModuleCache.noindex -Xfrontend -serialize-debugging-options -enable-testing -suppress-warnings -index-store-path /Users/admin/builder/spi-builder-workspace/.derivedData/Index.noindex/DataStore -swift-version 5 -I /Users/admin/builder/spi-builder-workspace/.derivedData/Build/Products/Debug-xros -I /Applications/Xcode-15.3.0.app/Contents/Developer/Platforms/XROS.platform/Developer/usr/lib -F /Users/admin/builder/spi-builder-workspace/.derivedData/Build/Products/Debug-xros -F /Applications/Xcode-15.3.0.app/Contents/Developer/Platforms/XROS.platform/Developer/Library/Frameworks -F /Applications/Xcode-15.3.0.app/Contents/Developer/Platforms/XROS.platform/Developer/SDKs/XROS1.1.sdk/Developer/Library/Frameworks -parse-as-library -c -j10 -enable-batch-mode -incremental -output-file-map /Users/admin/builder/spi-builder-workspace/.derivedData/Build/Intermediates.noindex/vapor.build/Debug-xros/COperatingSystem.build/Objects-normal/arm64/COperatingSystem-OutputFileMap.json -use-frontend-parseable-output -save-temps -no-color-diagnostics -serialize-diagnostics -emit-dependencies -emit-module -emit-module-path /Users/admin/builder/spi-builder-workspace/.derivedData/Build/Intermediates.noindex/vapor.build/Debug-xros/COperatingSystem.build/Objects-normal/arm64/COperatingSystem.swiftmodule -validate-clang-modules-once -clang-build-session-file /Users/admin/builder/spi-builder-workspace/.derivedData/ModuleCache.noindex/Session.modulevalidation -Xcc -I/Users/admin/builder/spi-builder-workspace/.derivedData/Build/Intermediates.noindex/vapor.build/Debug-xros/COperatingSystem.build/swift-overrides.hmap -emit-const-values -Xfrontend -const-gather-protocols-file -Xfrontend /Users/admin/builder/spi-builder-workspace/.derivedData/Build/Intermediates.noindex/vapor.build/Debug-xros/COperatingSystem.build/Objects-normal/arm64/COperatingSystem_const_extract_protocols.json -Xcc -I/Users/admin/builder/spi-builder-workspace/.derivedData/Build/Products/Debug-xros/include -Xcc -I/Users/admin/builder/spi-builder-workspace/.derivedData/Build/Intermediates.noindex/vapor.build/Debug-xros/COperatingSystem.build/DerivedSources-normal/arm64 -Xcc -I/Users/admin/builder/spi-builder-workspace/.derivedData/Build/Intermediates.noindex/vapor.build/Debug-xros/COperatingSystem.build/DerivedSources/arm64 -Xcc -I/Users/admin/builder/spi-builder-workspace/.derivedData/Build/Intermediates.noindex/vapor.build/Debug-xros/COperatingSystem.build/DerivedSources -Xcc -DSWIFT_PACKAGE -Xcc -DDEBUG\=1 -emit-objc-header -emit-objc-header-path /Users/admin/builder/spi-builder-workspace/.derivedData/Build/Intermediates.noindex/vapor.build/Debug-xros/COperatingSystem.build/Objects-normal/arm64/COperatingSystem-Swift.h -working-directory /Users/admin/builder/spi-builder-workspace/.dependencies/checkouts/vapor -experimental-emit-module-separately -disable-cmo
Ld /Users/admin/builder/spi-builder-workspace/.derivedData/Build/Products/Debug-xros/CMultipartParser.o normal (in target 'CMultipartParser' from project 'vapor')
cd /Users/admin/builder/spi-builder-workspace/.dependencies/checkouts/vapor
/Library/Developer/Toolchains/swift-6.0-DEVELOPMENT-SNAPSHOT-2024-05-26-a.xctoolchain/usr/bin/clang -Xlinker -reproducible -target arm64-apple-xros1.0 -r -isysroot /Applications/Xcode-15.3.0.app/Contents/Developer/Platforms/XROS.platform/Developer/SDKs/XROS1.1.sdk -O0 -w -L/Users/admin/builder/spi-builder-workspace/.derivedData/Build/Intermediates.noindex/EagerLinkingTBDs/Debug-xros -L/Users/admin/builder/spi-builder-workspace/.derivedData/Build/Products/Debug-xros -L/Applications/Xcode-15.3.0.app/Contents/Developer/Platforms/XROS.platform/Developer/usr/lib -F/Users/admin/builder/spi-builder-workspace/.derivedData/Build/Intermediates.noindex/EagerLinkingTBDs/Debug-xros -F/Users/admin/builder/spi-builder-workspace/.derivedData/Build/Products/Debug-xros -iframework /Applications/Xcode-15.3.0.app/Contents/Developer/Platforms/XROS.platform/Developer/Library/Frameworks -iframework /Applications/Xcode-15.3.0.app/Contents/Developer/Platforms/XROS.platform/Developer/SDKs/XROS1.1.sdk/Developer/Library/Frameworks -filelist /Users/admin/builder/spi-builder-workspace/.derivedData/Build/Intermediates.noindex/vapor.build/Debug-xros/CMultipartParser.build/Objects-normal/arm64/CMultipartParser.LinkFileList -nostdlib -Xlinker -object_path_lto -Xlinker /Users/admin/builder/spi-builder-workspace/.derivedData/Build/Intermediates.noindex/vapor.build/Debug-xros/CMultipartParser.build/Objects-normal/arm64/CMultipartParser_lto.o -Xlinker -export_dynamic -Xlinker -no_deduplicate -Xlinker -dependency_info -Xlinker /Users/admin/builder/spi-builder-workspace/.derivedData/Build/Intermediates.noindex/vapor.build/Debug-xros/CMultipartParser.build/Objects-normal/arm64/CMultipartParser_dependency_info.dat -o /Users/admin/builder/spi-builder-workspace/.derivedData/Build/Products/Debug-xros/CMultipartParser.o
CompileC /Users/admin/builder/spi-builder-workspace/.derivedData/Build/Intermediates.noindex/swift-nio-ssl.build/Debug-xros/CNIOBoringSSL.build/Objects-normal/arm64/x86_64-mont5.mac.x86_64.o /Users/admin/builder/spi-builder-workspace/.dependencies/checkouts/swift-nio-ssl/Sources/CNIOBoringSSL/crypto/fipsmodule/x86_64-mont5.mac.x86_64.S normal arm64 assembler-with-cpp com.apple.compilers.llvm.clang.1_0.compiler (in target 'CNIOBoringSSL' from project 'swift-nio-ssl')
cd /Users/admin/builder/spi-builder-workspace/.dependencies/checkouts/swift-nio-ssl
/Library/Developer/Toolchains/swift-6.0-DEVELOPMENT-SNAPSHOT-2024-05-26-a.xctoolchain/usr/bin/clang -x assembler-with-cpp -fmessage-length\=0 -fdiagnostics-show-note-include-stack -fmacro-backtrace-limit\=0 -fno-color-diagnostics -fmodules-prune-interval\=86400 -fmodules-prune-after\=345600 -fbuild-session-file\=/Users/admin/builder/spi-builder-workspace/.derivedData/ModuleCache.noindex/Session.modulevalidation -fmodules-validate-once-per-build-session -Wnon-modular-include-in-framework-module -Werror\=non-modular-include-in-framework-module -Wno-trigraphs -Wno-missing-field-initializers -Wno-missing-prototypes -Wno-return-type -Wno-missing-braces -Wparentheses -Wswitch -Wno-unused-function -Wno-unused-label -Wno-unused-parameter -Wno-unused-variable -Wunused-value -Wno-empty-body -Wno-uninitialized -Wno-unknown-pragmas -w -Wno-shadow -Wno-four-char-constants -Wno-conversion -Wno-constant-conversion -Wno-int-conversion -Wno-bool-conversion -Wno-enum-conversion -Wno-float-conversion -Wno-non-literal-null-conversion -Wno-objc-literal-conversion -Wshorten-64-to-32 -Wno-newline-eof -Wno-implicit-fallthrough -fstrict-aliasing -Wdeprecated-declarations -Wno-sign-conversion -Wno-infinite-recursion -Wno-comma -Wno-block-capture-autoreleasing -Wno-strict-prototypes -Wno-semicolon-before-method-body -index-store-path /Users/admin/builder/spi-builder-workspace/.derivedData/Index.noindex/DataStore @/Users/admin/builder/spi-builder-workspace/.derivedData/Build/Intermediates.noindex/swift-nio-ssl.build/Debug-xros/CNIOBoringSSL.build/Objects-normal/arm64/533656923a283fa776881f304837ed9e-common-args.resp -MMD -MT dependencies -MF /Users/admin/builder/spi-builder-workspace/.derivedData/Build/Intermediates.noindex/swift-nio-ssl.build/Debug-xros/CNIOBoringSSL.build/Objects-normal/arm64/x86_64-mont5.mac.x86_64.d --serialize-diagnostics /Users/admin/builder/spi-builder-workspace/.derivedData/Build/Intermediates.noindex/swift-nio-ssl.build/Debug-xros/CNIOBoringSSL.build/Objects-normal/arm64/x86_64-mont5.mac.x86_64.dia -c /Users/admin/builder/spi-builder-workspace/.dependencies/checkouts/swift-nio-ssl/Sources/CNIOBoringSSL/crypto/fipsmodule/x86_64-mont5.mac.x86_64.S -o /Users/admin/builder/spi-builder-workspace/.derivedData/Build/Intermediates.noindex/swift-nio-ssl.build/Debug-xros/CNIOBoringSSL.build/Objects-normal/arm64/x86_64-mont5.mac.x86_64.o -index-unit-output-path /swift-nio-ssl.build/Debug-xros/CNIOBoringSSL.build/Objects-normal/arm64/x86_64-mont5.mac.x86_64.o
SwiftEmitModule normal arm64 Emitting\ module\ for\ COperatingSystem (in target 'COperatingSystem' from project 'vapor')
cd /Users/admin/builder/spi-builder-workspace/.dependencies/checkouts/vapor
builtin-swiftTaskExecution -- /Library/Developer/Toolchains/swift-6.0-DEVELOPMENT-SNAPSHOT-2024-05-26-a.xctoolchain/usr/bin/swift-frontend -frontend -emit-module -experimental-skip-non-inlinable-function-bodies-without-types /Users/admin/builder/spi-builder-workspace/.dependencies/checkouts/vapor/Sources/COperatingSystem/Exports.swift -target arm64-apple-xros1.0 -Xllvm -aarch64-use-tbi -enable-objc-interop -sdk /Applications/Xcode-15.3.0.app/Contents/Developer/Platforms/XROS.platform/Developer/SDKs/XROS1.1.sdk -I /Users/admin/builder/spi-builder-workspace/.derivedData/Build/Products/Debug-xros -I /Applications/Xcode-15.3.0.app/Contents/Developer/Platforms/XROS.platform/Developer/usr/lib -F /Users/admin/builder/spi-builder-workspace/.derivedData/Build/Products/Debug-xros -F /Applications/Xcode-15.3.0.app/Contents/Developer/Platforms/XROS.platform/Developer/Library/Frameworks -F /Applications/Xcode-15.3.0.app/Contents/Developer/Platforms/XROS.platform/Developer/SDKs/XROS1.1.sdk/Developer/Library/Frameworks -no-color-diagnostics -enable-testing -g -module-cache-path /Users/admin/builder/spi-builder-workspace/.derivedData/ModuleCache.noindex -suppress-warnings -swift-version 5 -enforce-exclusivity\=checked -stats-output-dir /Users/admin/builder/spi-builder-workspace/.dependencies/checkouts/vapor/.stats -Onone -D SWIFT_PACKAGE -D DEBUG -serialize-debugging-options -const-gather-protocols-file /Users/admin/builder/spi-builder-workspace/.derivedData/Build/Intermediates.noindex/vapor.build/Debug-xros/COperatingSystem.build/Objects-normal/arm64/COperatingSystem_const_extract_protocols.json -strict-concurrency\=complete -empty-abi-descriptor -validate-clang-modules-once -clang-build-session-file /Users/admin/builder/spi-builder-workspace/.derivedData/ModuleCache.noindex/Session.modulevalidation -Xcc -working-directory -Xcc /Users/admin/builder/spi-builder-workspace/.dependencies/checkouts/vapor -resource-dir /Library/Developer/Toolchains/swift-6.0-DEVELOPMENT-SNAPSHOT-2024-05-26-a.xctoolchain/usr/lib/swift -enable-anonymous-context-mangled-names -Xcc -I/Users/admin/builder/spi-builder-workspace/.derivedData/Build/Intermediates.noindex/vapor.build/Debug-xros/COperatingSystem.build/swift-overrides.hmap -Xcc -I/Users/admin/builder/spi-builder-workspace/.derivedData/Build/Products/Debug-xros/include -Xcc -I/Users/admin/builder/spi-builder-workspace/.derivedData/Build/Intermediates.noindex/vapor.build/Debug-xros/COperatingSystem.build/DerivedSources-normal/arm64 -Xcc -I/Users/admin/builder/spi-builder-workspace/.derivedData/Build/Intermediates.noindex/vapor.build/Debug-xros/COperatingSystem.build/DerivedSources/arm64 -Xcc -I/Users/admin/builder/spi-builder-workspace/.derivedData/Build/Intermediates.noindex/vapor.build/Debug-xros/COperatingSystem.build/DerivedSources -Xcc -DSWIFT_PACKAGE -Xcc -DDEBUG\=1 -module-name COperatingSystem -disable-clang-spi -target-sdk-version 1.1 -target-sdk-name xros1.1 -external-plugin-path /Applications/Xcode-15.3.0.app/Contents/Developer/Platforms/XROS.platform/Developer/SDKs/XROS1.1.sdk/usr/lib/swift/host/plugins\#/Applications/Xcode-15.3.0.app/Contents/Developer/Platforms/XROS.platform/Developer/SDKs/XROS1.1.sdk/usr/bin/swift-plugin-server -external-plugin-path /Applications/Xcode-15.3.0.app/Contents/Developer/Platforms/XROS.platform/Developer/SDKs/XROS1.1.sdk/usr/local/lib/swift/host/plugins\#/Applications/Xcode-15.3.0.app/Contents/Developer/Platforms/XROS.platform/Developer/SDKs/XROS1.1.sdk/usr/bin/swift-plugin-server -external-plugin-path /Applications/Xcode-15.3.0.app/Contents/Developer/Platforms/XROS.platform/Developer/usr/lib/swift/host/plugins\#/Applications/Xcode-15.3.0.app/Contents/Developer/Platforms/XROS.platform/Developer/usr/bin/swift-plugin-server -external-plugin-path /Applications/Xcode-15.3.0.app/Contents/Developer/Platforms/XROS.platform/Developer/usr/local/lib/swift/host/plugins\#/Applications/Xcode-15.3.0.app/Contents/Developer/Platforms/XROS.platform/Developer/usr/bin/swift-plugin-server -plugin-path /Library/Developer/Toolchains/swift-6.0-DEVELOPMENT-SNAPSHOT-2024-05-26-a.xctoolchain/usr/lib/swift/host/plugins -plugin-path /Library/Developer/Toolchains/swift-6.0-DEVELOPMENT-SNAPSHOT-2024-05-26-a.xctoolchain/usr/local/lib/swift/host/plugins -emit-module-doc-path /Users/admin/builder/spi-builder-workspace/.derivedData/Build/Intermediates.noindex/vapor.build/Debug-xros/COperatingSystem.build/Objects-normal/arm64/COperatingSystem.swiftdoc -emit-module-source-info-path /Users/admin/builder/spi-builder-workspace/.derivedData/Build/Intermediates.noindex/vapor.build/Debug-xros/COperatingSystem.build/Objects-normal/arm64/COperatingSystem.swiftsourceinfo -emit-objc-header-path /Users/admin/builder/spi-builder-workspace/.derivedData/Build/Intermediates.noindex/vapor.build/Debug-xros/COperatingSystem.build/Objects-normal/arm64/COperatingSystem-Swift.h -serialize-diagnostics-path /Users/admin/builder/spi-builder-workspace/.derivedData/Build/Intermediates.noindex/vapor.build/Debug-xros/COperatingSystem.build/Objects-normal/arm64/COperatingSystem-master-emit-module.dia -emit-dependencies-path /Users/admin/builder/spi-builder-workspace/.derivedData/Build/Intermediates.noindex/vapor.build/Debug-xros/COperatingSystem.build/Objects-normal/arm64/COperatingSystem-master-emit-module.d -parse-as-library -o /Users/admin/builder/spi-builder-workspace/.derivedData/Build/Intermediates.noindex/vapor.build/Debug-xros/COperatingSystem.build/Objects-normal/arm64/COperatingSystem.swiftmodule -emit-abi-descriptor-path /Users/admin/builder/spi-builder-workspace/.derivedData/Build/Intermediates.noindex/vapor.build/Debug-xros/COperatingSystem.build/Objects-normal/arm64/COperatingSystem.abi.json
CompileC /Users/admin/builder/spi-builder-workspace/.derivedData/Build/Intermediates.noindex/swift-nio-ssl.build/Debug-xros/CNIOBoringSSL.build/Objects-normal/arm64/x86_64-mont5.linux.x86_64.o /Users/admin/builder/spi-builder-workspace/.dependencies/checkouts/swift-nio-ssl/Sources/CNIOBoringSSL/crypto/fipsmodule/x86_64-mont5.linux.x86_64.S normal arm64 assembler-with-cpp com.apple.compilers.llvm.clang.1_0.compiler (in target 'CNIOBoringSSL' from project 'swift-nio-ssl')
cd /Users/admin/builder/spi-builder-workspace/.dependencies/checkouts/swift-nio-ssl
/Library/Developer/Toolchains/swift-6.0-DEVELOPMENT-SNAPSHOT-2024-05-26-a.xctoolchain/usr/bin/clang -x assembler-with-cpp -fmessage-length\=0 -fdiagnostics-show-note-include-stack -fmacro-backtrace-limit\=0 -fno-color-diagnostics -fmodules-prune-interval\=86400 -fmodules-prune-after\=345600 -fbuild-session-file\=/Users/admin/builder/spi-builder-workspace/.derivedData/ModuleCache.noindex/Session.modulevalidation -fmodules-validate-once-per-build-session -Wnon-modular-include-in-framework-module -Werror\=non-modular-include-in-framework-module -Wno-trigraphs -Wno-missing-field-initializers -Wno-missing-prototypes -Wno-return-type -Wno-missing-braces -Wparentheses -Wswitch -Wno-unused-function -Wno-unused-label -Wno-unused-parameter -Wno-unused-variable -Wunused-value -Wno-empty-body -Wno-uninitialized -Wno-unknown-pragmas -w -Wno-shadow -Wno-four-char-constants -Wno-conversion -Wno-constant-conversion -Wno-int-conversion -Wno-bool-conversion -Wno-enum-conversion -Wno-float-conversion -Wno-non-literal-null-conversion -Wno-objc-literal-conversion -Wshorten-64-to-32 -Wno-newline-eof -Wno-implicit-fallthrough -fstrict-aliasing -Wdeprecated-declarations -Wno-sign-conversion -Wno-infinite-recursion -Wno-comma -Wno-block-capture-autoreleasing -Wno-strict-prototypes -Wno-semicolon-before-method-body -index-store-path /Users/admin/builder/spi-builder-workspace/.derivedData/Index.noindex/DataStore @/Users/admin/builder/spi-builder-workspace/.derivedData/Build/Intermediates.noindex/swift-nio-ssl.build/Debug-xros/CNIOBoringSSL.build/Objects-normal/arm64/533656923a283fa776881f304837ed9e-common-args.resp -MMD -MT dependencies -MF /Users/admin/builder/spi-builder-workspace/.derivedData/Build/Intermediates.noindex/swift-nio-ssl.build/Debug-xros/CNIOBoringSSL.build/Objects-normal/arm64/x86_64-mont5.linux.x86_64.d --serialize-diagnostics /Users/admin/builder/spi-builder-workspace/.derivedData/Build/Intermediates.noindex/swift-nio-ssl.build/Debug-xros/CNIOBoringSSL.build/Objects-normal/arm64/x86_64-mont5.linux.x86_64.dia -c /Users/admin/builder/spi-builder-workspace/.dependencies/checkouts/swift-nio-ssl/Sources/CNIOBoringSSL/crypto/fipsmodule/x86_64-mont5.linux.x86_64.S -o /Users/admin/builder/spi-builder-workspace/.derivedData/Build/Intermediates.noindex/swift-nio-ssl.build/Debug-xros/CNIOBoringSSL.build/Objects-normal/arm64/x86_64-mont5.linux.x86_64.o -index-unit-output-path /swift-nio-ssl.build/Debug-xros/CNIOBoringSSL.build/Objects-normal/arm64/x86_64-mont5.linux.x86_64.o
SwiftEmitModule normal arm64 Emitting\ module\ for\ Logging (in target 'Logging' from project 'swift-log')
cd /Users/admin/builder/spi-builder-workspace/.dependencies/checkouts/swift-log
builtin-swiftTaskExecution -- /Library/Developer/Toolchains/swift-6.0-DEVELOPMENT-SNAPSHOT-2024-05-26-a.xctoolchain/usr/bin/swift-frontend -frontend -emit-module -experimental-skip-non-inlinable-function-bodies-without-types /Users/admin/builder/spi-builder-workspace/.dependencies/checkouts/swift-log/Sources/Logging/Locks.swift /Users/admin/builder/spi-builder-workspace/.dependencies/checkouts/swift-log/Sources/Logging/LogHandler.swift /Users/admin/builder/spi-builder-workspace/.dependencies/checkouts/swift-log/Sources/Logging/Logging.swift -target arm64-apple-xros1.0 -Xllvm -aarch64-use-tbi -enable-objc-interop -sdk /Applications/Xcode-15.3.0.app/Contents/Developer/Platforms/XROS.platform/Developer/SDKs/XROS1.1.sdk -I /Users/admin/builder/spi-builder-workspace/.derivedData/Build/Products/Debug-xros -I /Applications/Xcode-15.3.0.app/Contents/Developer/Platforms/XROS.platform/Developer/usr/lib -F /Users/admin/builder/spi-builder-workspace/.derivedData/Build/Products/Debug-xros -F /Applications/Xcode-15.3.0.app/Contents/Developer/Platforms/XROS.platform/Developer/Library/Frameworks -F /Applications/Xcode-15.3.0.app/Contents/Developer/Platforms/XROS.platform/Developer/SDKs/XROS1.1.sdk/Developer/Library/Frameworks -no-color-diagnostics -enable-testing -g -module-cache-path /Users/admin/builder/spi-builder-workspace/.derivedData/ModuleCache.noindex -suppress-warnings -swift-version 5 -enforce-exclusivity\=checked -stats-output-dir /Users/admin/builder/spi-builder-workspace/.dependencies/checkouts/swift-log/.stats -Onone -D SWIFT_PACKAGE -D DEBUG -serialize-debugging-options -const-gather-protocols-file /Users/admin/builder/spi-builder-workspace/.derivedData/Build/Intermediates.noindex/swift-log.build/Debug-xros/Logging.build/Objects-normal/arm64/Logging_const_extract_protocols.json -strict-concurrency\=complete -empty-abi-descriptor -validate-clang-modules-once -clang-build-session-file /Users/admin/builder/spi-builder-workspace/.derivedData/ModuleCache.noindex/Session.modulevalidation -Xcc -working-directory -Xcc /Users/admin/builder/spi-builder-workspace/.dependencies/checkouts/swift-log -resource-dir /Library/Developer/Toolchains/swift-6.0-DEVELOPMENT-SNAPSHOT-2024-05-26-a.xctoolchain/usr/lib/swift -enable-anonymous-context-mangled-names -Xcc -I/Users/admin/builder/spi-builder-workspace/.derivedData/Build/Intermediates.noindex/swift-log.build/Debug-xros/Logging.build/swift-overrides.hmap -Xcc -I/Users/admin/builder/spi-builder-workspace/.derivedData/Build/Products/Debug-xros/include -Xcc -I/Users/admin/builder/spi-builder-workspace/.derivedData/Build/Intermediates.noindex/swift-log.build/Debug-xros/Logging.build/DerivedSources-normal/arm64 -Xcc -I/Users/admin/builder/spi-builder-workspace/.derivedData/Build/Intermediates.noindex/swift-log.build/Debug-xros/Logging.build/DerivedSources/arm64 -Xcc -I/Users/admin/builder/spi-builder-workspace/.derivedData/Build/Intermediates.noindex/swift-log.build/Debug-xros/Logging.build/DerivedSources -Xcc -DSWIFT_PACKAGE -Xcc -DDEBUG\=1 -module-name Logging -disable-clang-spi -target-sdk-version 1.1 -target-sdk-name xros1.1 -external-plugin-path /Applications/Xcode-15.3.0.app/Contents/Developer/Platforms/XROS.platform/Developer/SDKs/XROS1.1.sdk/usr/lib/swift/host/plugins\#/Applications/Xcode-15.3.0.app/Contents/Developer/Platforms/XROS.platform/Developer/SDKs/XROS1.1.sdk/usr/bin/swift-plugin-server -external-plugin-path /Applications/Xcode-15.3.0.app/Contents/Developer/Platforms/XROS.platform/Developer/SDKs/XROS1.1.sdk/usr/local/lib/swift/host/plugins\#/Applications/Xcode-15.3.0.app/Contents/Developer/Platforms/XROS.platform/Developer/SDKs/XROS1.1.sdk/usr/bin/swift-plugin-server -external-plugin-path /Applications/Xcode-15.3.0.app/Contents/Developer/Platforms/XROS.platform/Developer/usr/lib/swift/host/plugins\#/Applications/Xcode-15.3.0.app/Contents/Developer/Platforms/XROS.platform/Developer/usr/bin/swift-plugin-server -external-plugin-path /Applications/Xcode-15.3.0.app/Contents/Developer/Platforms/XROS.platform/Developer/usr/local/lib/swift/host/plugins\#/Applications/Xcode-15.3.0.app/Contents/Developer/Platforms/XROS.platform/Developer/usr/bin/swift-plugin-server -plugin-path /Library/Developer/Toolchains/swift-6.0-DEVELOPMENT-SNAPSHOT-2024-05-26-a.xctoolchain/usr/lib/swift/host/plugins -plugin-path /Library/Developer/Toolchains/swift-6.0-DEVELOPMENT-SNAPSHOT-2024-05-26-a.xctoolchain/usr/local/lib/swift/host/plugins -emit-module-doc-path /Users/admin/builder/spi-builder-workspace/.derivedData/Build/Intermediates.noindex/swift-log.build/Debug-xros/Logging.build/Objects-normal/arm64/Logging.swiftdoc -emit-module-source-info-path /Users/admin/builder/spi-builder-workspace/.derivedData/Build/Intermediates.noindex/swift-log.build/Debug-xros/Logging.build/Objects-normal/arm64/Logging.swiftsourceinfo -emit-objc-header-path /Users/admin/builder/spi-builder-workspace/.derivedData/Build/Intermediates.noindex/swift-log.build/Debug-xros/Logging.build/Objects-normal/arm64/Logging-Swift.h -serialize-diagnostics-path /Users/admin/builder/spi-builder-workspace/.derivedData/Build/Intermediates.noindex/swift-log.build/Debug-xros/Logging.build/Objects-normal/arm64/Logging-master-emit-module.dia -emit-dependencies-path /Users/admin/builder/spi-builder-workspace/.derivedData/Build/Intermediates.noindex/swift-log.build/Debug-xros/Logging.build/Objects-normal/arm64/Logging-master-emit-module.d -o /Users/admin/builder/spi-builder-workspace/.derivedData/Build/Intermediates.noindex/swift-log.build/Debug-xros/Logging.build/Objects-normal/arm64/Logging.swiftmodule -emit-abi-descriptor-path /Users/admin/builder/spi-builder-workspace/.derivedData/Build/Intermediates.noindex/swift-log.build/Debug-xros/Logging.build/Objects-normal/arm64/Logging.abi.json
/Users/admin/builder/spi-builder-workspace/.dependencies/checkouts/swift-log/Sources/Logging/Locks.swift:32:8: error: no such module 'Glibc'
30 | import Darwin
31 | #else
32 | import Glibc
| `- error: no such module 'Glibc'
33 | #endif
34 |
Error opening -stats-output-dir file '/Users/admin/builder/spi-builder-workspace/.dependencies/checkouts/swift-log/.stats/stats-1717228027811632-swift-frontend-Logging-all-arm64_apple_xros1.0-swiftmodule-Onone-85091848.json' for writing
===-------------------------------------------------------------------------===
Swift compilation
===-------------------------------------------------------------------------===
Total Execution Time: 0.5346 seconds (0.5360 wall clock)
---User Time--- --System Time-- --User+System-- ---Wall Time--- --- Name ---
0.0413 ( 15.1%) 0.0361 ( 13.9%) 0.0774 ( 14.5%) 0.0775 ( 14.5%) perform-sema
0.0411 ( 15.0%) 0.0360 ( 13.9%) 0.0771 ( 14.4%) 0.0772 ( 14.4%) TypeCheckSourceFileRequest
0.0410 ( 14.9%) 0.0360 ( 13.8%) 0.0770 ( 14.4%) 0.0771 ( 14.4%) Type checking and Semantic analysis
0.0372 ( 13.6%) 0.0330 ( 12.7%) 0.0702 ( 13.1%) 0.0703 ( 13.1%) typecheck-decl
0.0110 ( 4.0%) 0.0186 ( 7.2%) 0.0296 ( 5.5%) 0.0300 ( 5.6%) parse-and-resolve-imports
0.0106 ( 3.9%) 0.0183 ( 7.0%) 0.0289 ( 5.4%) 0.0293 ( 5.5%) Import resolution
0.0101 ( 3.7%) 0.0100 ( 3.8%) 0.0200 ( 3.7%) 0.0200 ( 3.7%) InterfaceTypeRequest
0.0102 ( 3.7%) 0.0090 ( 3.5%) 0.0193 ( 3.6%) 0.0194 ( 3.6%) ResolveValueWitnessesRequest
0.0062 ( 2.2%) 0.0048 ( 1.8%) 0.0109 ( 2.0%) 0.0109 ( 2.0%) typecheck-expr
0.0014 ( 0.5%) 0.0077 ( 3.0%) 0.0092 ( 1.7%) 0.0092 ( 1.7%) load-stdlib
0.0044 ( 1.6%) 0.0045 ( 1.7%) 0.0089 ( 1.7%) 0.0089 ( 1.7%) QualifiedLookupRequest
0.0048 ( 1.8%) 0.0040 ( 1.5%) 0.0088 ( 1.6%) 0.0088 ( 1.6%) ResolveTypeRequest
0.0049 ( 1.8%) 0.0037 ( 1.4%) 0.0086 ( 1.6%) 0.0087 ( 1.6%) UnqualifiedLookupRequest
0.0046 ( 1.7%) 0.0033 ( 1.3%) 0.0078 ( 1.5%) 0.0079 ( 1.5%) performUnqualifiedLookup
0.0037 ( 1.4%) 0.0029 ( 1.1%) 0.0066 ( 1.2%) 0.0066 ( 1.2%) TypeCheckFunctionBodyRequest
0.0024 ( 0.9%) 0.0027 ( 1.0%) 0.0050 ( 0.9%) 0.0050 ( 0.9%) ActorIsolationRequest
0.0032 ( 1.2%) 0.0018 ( 0.7%) 0.0050 ( 0.9%) 0.0050 ( 0.9%) LookupInModuleRequest
0.0027 ( 1.0%) 0.0021 ( 0.8%) 0.0048 ( 0.9%) 0.0048 ( 0.9%) PatternBindingEntryRequest
0.0027 ( 1.0%) 0.0020 ( 0.8%) 0.0047 ( 0.9%) 0.0047 ( 0.9%) typecheck-stmt
0.0025 ( 0.9%) 0.0021 ( 0.8%) 0.0046 ( 0.9%) 0.0046 ( 0.9%) ResolveTypeWitnessesRequest
0.0027 ( 1.0%) 0.0015 ( 0.6%) 0.0042 ( 0.8%) 0.0041 ( 0.8%) LookupConformanceInModuleRequest
0.0025 ( 0.9%) 0.0015 ( 0.6%) 0.0040 ( 0.8%) 0.0040 ( 0.8%) DirectLookupRequest
0.0017 ( 0.6%) 0.0016 ( 0.6%) 0.0032 ( 0.6%) 0.0032 ( 0.6%) build-rewrite-system
0.0011 ( 0.4%) 0.0015 ( 0.6%) 0.0026 ( 0.5%) 0.0026 ( 0.5%) AttachedPropertyWrappersRequest
0.0013 ( 0.5%) 0.0012 ( 0.5%) 0.0025 ( 0.5%) 0.0025 ( 0.5%) StoredPropertiesRequest
0.0014 ( 0.5%) 0.0011 ( 0.4%) 0.0024 ( 0.5%) 0.0024 ( 0.5%) DefaultArgumentExprRequest
0.0011 ( 0.4%) 0.0011 ( 0.4%) 0.0023 ( 0.4%) 0.0023 ( 0.4%) ResultTypeRequest
0.0008 ( 0.3%) 0.0005 ( 0.2%) 0.0013 ( 0.2%) 0.0013 ( 0.2%) PatternTypeRequest
0.0006 ( 0.2%) 0.0006 ( 0.2%) 0.0012 ( 0.2%) 0.0012 ( 0.2%) UnderlyingTypeRequest
0.0006 ( 0.2%) 0.0004 ( 0.2%) 0.0010 ( 0.2%) 0.0010 ( 0.2%) SimpleDidSetRequest
0.0005 ( 0.2%) 0.0005 ( 0.2%) 0.0010 ( 0.2%) 0.0010 ( 0.2%) ExpandPeerMacroRequest
0.0005 ( 0.2%) 0.0005 ( 0.2%) 0.0010 ( 0.2%) 0.0010 ( 0.2%) InheritedDeclsReferencedRequest
0.0004 ( 0.2%) 0.0005 ( 0.2%) 0.0010 ( 0.2%) 0.0010 ( 0.2%) GenericSignatureRequest
0.0005 ( 0.2%) 0.0005 ( 0.2%) 0.0010 ( 0.2%) 0.0009 ( 0.2%) IsFunctionBodySkippedRequest
0.0006 ( 0.2%) 0.0003 ( 0.1%) 0.0009 ( 0.2%) 0.0009 ( 0.2%) ParseTopLevelDeclsRequest
0.0007 ( 0.2%) 0.0002 ( 0.1%) 0.0009 ( 0.2%) 0.0009 ( 0.2%) ParseMembersRequest
0.0006 ( 0.2%) 0.0003 ( 0.1%) 0.0009 ( 0.2%) 0.0009 ( 0.2%) ParseSourceFileRequest
0.0004 ( 0.2%) 0.0004 ( 0.2%) 0.0008 ( 0.2%) 0.0008 ( 0.2%) NamingPatternRequest
0.0004 ( 0.1%) 0.0004 ( 0.2%) 0.0008 ( 0.1%) 0.0008 ( 0.1%) PotentialMacroExpansionsInContextRequest
0.0005 ( 0.2%) 0.0002 ( 0.1%) 0.0008 ( 0.1%) 0.0007 ( 0.1%) CheckRedeclarationRequest
0.0004 ( 0.1%) 0.0003 ( 0.1%) 0.0007 ( 0.1%) 0.0007 ( 0.1%) ABIMembersRequest
0.0004 ( 0.2%) 0.0003 ( 0.1%) 0.0007 ( 0.1%) 0.0007 ( 0.1%) precheck-expr
0.0003 ( 0.1%) 0.0003 ( 0.1%) 0.0006 ( 0.1%) 0.0006 ( 0.1%) FragileFunctionKindRequest
0.0006 ( 0.2%) 0.0001 ( 0.0%) 0.0006 ( 0.1%) 0.0006 ( 0.1%) verify-all-loaded-modules
0.0004 ( 0.1%) 0.0002 ( 0.1%) 0.0006 ( 0.1%) 0.0006 ( 0.1%) ExpandMemberAttributeMacros
0.0003 ( 0.1%) 0.0002 ( 0.1%) 0.0006 ( 0.1%) 0.0005 ( 0.1%) HasIsolatedSelfRequest
0.0003 ( 0.1%) 0.0002 ( 0.1%) 0.0005 ( 0.1%) 0.0005 ( 0.1%) ExtendedNominalRequest
0.0003 ( 0.1%) 0.0002 ( 0.1%) 0.0005 ( 0.1%) 0.0005 ( 0.1%) IsGetterMutatingRequest
0.0004 ( 0.1%) 0.0001 ( 0.1%) 0.0005 ( 0.1%) 0.0005 ( 0.1%) ExpandChildTypeRefinementContextsRequest
0.0003 ( 0.1%) 0.0002 ( 0.1%) 0.0005 ( 0.1%) 0.0005 ( 0.1%) ResolveImplicitMemberRequest
0.0002 ( 0.1%) 0.0003 ( 0.1%) 0.0005 ( 0.1%) 0.0005 ( 0.1%) RequirementSignatureRequest
0.0002 ( 0.1%) 0.0002 ( 0.1%) 0.0004 ( 0.1%) 0.0004 ( 0.1%) IsDynamicRequest
0.0002 ( 0.1%) 0.0002 ( 0.1%) 0.0004 ( 0.1%) 0.0004 ( 0.1%) SynthesizeMemberwiseInitRequest
0.0002 ( 0.1%) 0.0002 ( 0.1%) 0.0004 ( 0.1%) 0.0004 ( 0.1%) ModuleQualifiedLookupRequest
0.0001 ( 0.1%) 0.0002 ( 0.1%) 0.0004 ( 0.1%) 0.0004 ( 0.1%) InferredGenericSignatureRequest
0.0002 ( 0.1%) 0.0001 ( 0.1%) 0.0004 ( 0.1%) 0.0004 ( 0.1%) InheritedTypeRequest
0.0002 ( 0.1%) 0.0002 ( 0.1%) 0.0003 ( 0.1%) 0.0003 ( 0.1%) ImplicitKnownProtocolConformanceRequest
0.0002 ( 0.1%) 0.0002 ( 0.1%) 0.0003 ( 0.1%) 0.0003 ( 0.1%) ExtendedTypeRequest
0.0002 ( 0.1%) 0.0001 ( 0.0%) 0.0003 ( 0.1%) 0.0003 ( 0.1%) ParseAbstractFunctionBodyRequest
0.0002 ( 0.1%) 0.0001 ( 0.0%) 0.0003 ( 0.1%) 0.0003 ( 0.1%) StorageImplInfoRequest
0.0002 ( 0.1%) 0.0000 ( 0.0%) 0.0003 ( 0.0%) 0.0003 ( 0.0%) AST verification
0.0002 ( 0.1%) 0.0001 ( 0.0%) 0.0003 ( 0.0%) 0.0003 ( 0.0%) LookupAllConformancesInContextRequest
0.0001 ( 0.0%) 0.0001 ( 0.1%) 0.0003 ( 0.0%) 0.0003 ( 0.0%) ProtocolDependenciesRequest
0.0001 ( 0.0%) 0.0001 ( 0.1%) 0.0003 ( 0.0%) 0.0003 ( 0.0%) RequiresOpaqueAccessorsRequest
0.0001 ( 0.1%) 0.0001 ( 0.0%) 0.0002 ( 0.0%) 0.0003 ( 0.0%) AssociatedConformanceRequest
0.0001 ( 0.0%) 0.0001 ( 0.0%) 0.0002 ( 0.0%) 0.0002 ( 0.0%) SPIGroupsRequest
0.0001 ( 0.0%) 0.0001 ( 0.0%) 0.0002 ( 0.0%) 0.0002 ( 0.0%) OpaqueReadOwnershipRequest
0.0001 ( 0.1%) 0.0001 ( 0.0%) 0.0002 ( 0.0%) 0.0002 ( 0.0%) GenericParamListRequest
0.0001 ( 0.0%) 0.0001 ( 0.0%) 0.0002 ( 0.0%) 0.0002 ( 0.0%) ProtocolRequirementsRequest
0.0001 ( 0.0%) 0.0001 ( 0.0%) 0.0002 ( 0.0%) 0.0002 ( 0.0%) OverriddenDeclsRequest
0.0001 ( 0.0%) 0.0001 ( 0.0%) 0.0002 ( 0.0%) 0.0002 ( 0.0%) DefaultInitializerIsolation
0.0001 ( 0.0%) 0.0001 ( 0.0%) 0.0002 ( 0.0%) 0.0002 ( 0.0%) LifetimeDependenceInfoRequest
0.0001 ( 0.0%) 0.0001 ( 0.0%) 0.0002 ( 0.0%) 0.0002 ( 0.0%) GlobalActorAttributeRequest
0.0001 ( 0.0%) 0.0001 ( 0.0%) 0.0002 ( 0.0%) 0.0002 ( 0.0%) CompareDeclSpecializationRequest
0.0001 ( 0.0%) 0.0001 ( 0.0%) 0.0002 ( 0.0%) 0.0002 ( 0.0%) IsActorRequest
0.0001 ( 0.0%) 0.0000 ( 0.0%) 0.0001 ( 0.0%) 0.0002 ( 0.0%) IsObjCRequest
0.0001 ( 0.0%) 0.0001 ( 0.0%) 0.0001 ( 0.0%) 0.0001 ( 0.0%) HasInitAccessorRequest
0.0001 ( 0.0%) 0.0001 ( 0.0%) 0.0002 ( 0.0%) 0.0001 ( 0.0%) DynamicallyReplacedDeclRequest
0.0001 ( 0.0%) 0.0001 ( 0.0%) 0.0001 ( 0.0%) 0.0001 ( 0.0%) AccessLevelRequest
0.0001 ( 0.0%) 0.0001 ( 0.0%) 0.0001 ( 0.0%) 0.0001 ( 0.0%) ApplyAccessNoteRequest
0.0001 ( 0.0%) 0.0001 ( 0.0%) 0.0001 ( 0.0%) 0.0001 ( 0.0%) HasMemberwiseInitRequest
0.0001 ( 0.0%) 0.0001 ( 0.0%) 0.0001 ( 0.0%) 0.0001 ( 0.0%) IsSetterMutatingRequest
0.0001 ( 0.0%) 0.0000 ( 0.0%) 0.0001 ( 0.0%) 0.0001 ( 0.0%) associated-type-inference
0.0001 ( 0.0%) 0.0000 ( 0.0%) 0.0001 ( 0.0%) 0.0001 ( 0.0%) ParamSpecifierRequest
0.0001 ( 0.0%) 0.0001 ( 0.0%) 0.0001 ( 0.0%) 0.0001 ( 0.0%) StructuralRequirementsRequest
0.0001 ( 0.0%) 0.0001 ( 0.0%) 0.0001 ( 0.0%) 0.0001 ( 0.0%) HasSelfOrAssociatedTypeRequirementsRequest
0.0001 ( 0.0%) 0.0000 ( 0.0%) 0.0001 ( 0.0%) 0.0001 ( 0.0%) SynthesizeAccessorRequest
0.0001 ( 0.0%) 0.0000 ( 0.0%) 0.0001 ( 0.0%) 0.0001 ( 0.0%) PreCheckFunctionBodyRequest
0.0001 ( 0.0%) 0.0000 ( 0.0%) 0.0001 ( 0.0%) 0.0001 ( 0.0%) DefaultTypeRequest
0.0001 ( 0.0%) 0.0000 ( 0.0%) 0.0001 ( 0.0%) 0.0001 ( 0.0%) ConditionalRequirementsRequest
0.0001 ( 0.0%) 0.0000 ( 0.0%) 0.0001 ( 0.0%) 0.0001 ( 0.0%) ValueWitnessRequest
0.0000 ( 0.0%) 0.0000 ( 0.0%) 0.0001 ( 0.0%) 0.0001 ( 0.0%) AbstractGenericSignatureRequest
0.0000 ( 0.0%) 0.0000 ( 0.0%) 0.0001 ( 0.0%) 0.0001 ( 0.0%) module-populate-cache
0.0000 ( 0.0%) 0.0000 ( 0.0%) 0.0001 ( 0.0%) 0.0001 ( 0.0%) HasUserDefinedDesignatedInitRequest
0.0000 ( 0.0%) 0.0000 ( 0.0%) 0.0001 ( 0.0%) 0.0001 ( 0.0%) ObjCInterfaceAndImplementationRequest
0.0000 ( 0.0%) 0.0000 ( 0.0%) 0.0001 ( 0.0%) 0.0001 ( 0.0%) AttachedResultBuilderRequest
0.0000 ( 0.0%) 0.0000 ( 0.0%) 0.0001 ( 0.0%) 0.0001 ( 0.0%) PatternBindingCheckedAndContextualizedInitRequest
0.0000 ( 0.0%) 0.0000 ( 0.0%) 0.0001 ( 0.0%) 0.0001 ( 0.0%) IsFinalRequest
0.0001 ( 0.0%) 0.0000 ( 0.0%) 0.0001 ( 0.0%) 0.0001 ( 0.0%) EnumRawTypeRequest
0.0000 ( 0.0%) 0.0000 ( 0.0%) 0.0001 ( 0.0%) 0.0001 ( 0.0%) IsImplicitlyUnwrappedOptionalRequest
0.0000 ( 0.0%) 0.0000 ( 0.0%) 0.0001 ( 0.0%) 0.0001 ( 0.0%) LookupInfixOperatorRequest
0.0000 ( 0.0%) 0.0000 ( 0.0%) 0.0001 ( 0.0%) 0.0001 ( 0.0%) FunctionOperatorRequest
0.0000 ( 0.0%) 0.0000 ( 0.0%) 0.0001 ( 0.0%) 0.0001 ( 0.0%) SelfAccessKindRequest
0.0000 ( 0.0%) 0.0000 ( 0.0%) 0.0000 ( 0.0%) 0.0001 ( 0.0%) IsStaticRequest
0.0000 ( 0.0%) 0.0000 ( 0.0%) 0.0000 ( 0.0%) 0.0000 ( 0.0%) ResultBuilderTypeRequest
0.0000 ( 0.0%) 0.0000 ( 0.0%) 0.0000 ( 0.0%) 0.0000 ( 0.0%) ExpandExtensionMacros
0.0000 ( 0.0%) 0.0000 ( 0.0%) 0.0001 ( 0.0%) 0.0000 ( 0.0%) PropertyWrapperMutabilityRequest
0.0000 ( 0.0%) 0.0000 ( 0.0%) 0.0000 ( 0.0%) 0.0000 ( 0.0%) HasStorageRequest
0.0000 ( 0.0%) 0.0000 ( 0.0%) 0.0000 ( 0.0%) 0.0000 ( 0.0%) HasDefaultInitRequest
0.0000 ( 0.0%) 0.0000 ( 0.0%) 0.0000 ( 0.0%) 0.0000 ( 0.0%) AllInheritedProtocolsRequest
0.0000 ( 0.0%) 0.0000 ( 0.0%) 0.0000 ( 0.0%) 0.0000 ( 0.0%) ValidatePrecedenceGroupRequest
0.0000 ( 0.0%) 0.0000 ( 0.0%) 0.0000 ( 0.0%) 0.0000 ( 0.0%) PropertyWrapperBackingPropertyTypeRequest
0.0000 ( 0.0%) 0.0000 ( 0.0%) 0.0000 ( 0.0%) 0.0000 ( 0.0%) IsDistributedActorRequest
0.0000 ( 0.0%) 0.0000 ( 0.0%) 0.0000 ( 0.0%) 0.0000 ( 0.0%) LookupPrecedenceGroupRequest
0.0000 ( 0.0%) 0.0000 ( 0.0%) 0.0000 ( 0.0%) 0.0000 ( 0.0%) IsAccessorTransparentRequest
0.0000 ( 0.0%) 0.0000 ( 0.0%) 0.0000 ( 0.0%) 0.0000 ( 0.0%) InitAccessorPropertiesRequest
0.0000 ( 0.0%) 0.0000 ( 0.0%) 0.0000 ( 0.0%) 0.0000 ( 0.0%) ExpandAccessorMacros
0.0000 ( 0.0%) 0.0000 ( 0.0%) 0.0000 ( 0.0%) 0.0000 ( 0.0%) LocalTypeDeclsRequest
0.0000 ( 0.0%) 0.0000 ( 0.0%) 0.0000 ( 0.0%) 0.0000 ( 0.0%) ConformanceAccessScopeRequest
0.0000 ( 0.0%) 0.0000 ( 0.0%) 0.0000 ( 0.0%) 0.0000 ( 0.0%) DirectOperatorLookupRequest
0.0000 ( 0.0%) 0.0000 ( 0.0%) 0.0000 ( 0.0%) 0.0000 ( 0.0%) PropertyWrapperAuxiliaryVariablesRequest
0.0000 ( 0.0%) 0.0000 ( 0.0%) 0.0000 ( 0.0%) 0.0000 ( 0.0%) MemberwiseInitPropertiesRequest
0.0000 ( 0.0%) 0.0000 ( 0.0%) 0.0000 ( 0.0%) 0.0000 ( 0.0%) PropertyWrapperInitializerInfoRequest
0.0000 ( 0.0%) 0.0000 ( 0.0%) 0.0000 ( 0.0%) 0.0000 ( 0.0%) RequiresOpaqueModifyCoroutineRequest
0.0000 ( 0.0%) 0.0000 ( 0.0%) 0.0000 ( 0.0%) 0.0000 ( 0.0%) TypeAliasRequirementsRequest
0.0000 ( 0.0%) 0.0000 ( 0.0%) 0.0000 ( 0.0%) 0.0000 ( 0.0%) HasCircularInheritedProtocolsRequest
0.0000 ( 0.0%) 0.0000 ( 0.0%) 0.0000 ( 0.0%) 0.0000 ( 0.0%) PrimaryAssociatedTypesRequest
0.0000 ( 0.0%) 0.0000 ( 0.0%) 0.0000 ( 0.0%) 0.0000 ( 0.0%) CheckInconsistentImplementationOnlyImportsRequest
0.0000 ( 0.0%) 0.0000 ( 0.0%) 0.0000 ( 0.0%) 0.0000 ( 0.0%) InitKindRequest
0.0000 ( 0.0%) 0.0000 ( 0.0%) 0.0000 ( 0.0%) 0.0000 ( 0.0%) HasCircularRawValueRequest
0.0000 ( 0.0%) 0.0000 ( 0.0%) 0.0000 ( 0.0%) 0.0000 ( 0.0%) DirectPrecedenceGroupLookupRequest
0.0000 ( 0.0%) 0.0000 ( 0.0%) 0.0000 ( 0.0%) 0.0000 ( 0.0%) CheckInconsistentWeakLinkedImportsRequest
0.0000 ( 0.0%) 0.0000 ( 0.0%) 0.0000 ( 0.0%) 0.0000 ( 0.0%) SetterAccessLevelRequest
0.0000 ( 0.0%) 0.0000 ( 0.0%) 0.0000 ( 0.0%) 0.0000 ( 0.0%) PolymorphicEffectKindRequest
0.0000 ( 0.0%) 0.0000 ( 0.0%) 0.0000 ( 0.0%) 0.0000 ( 0.0%) ExpandBodyMacroRequest
0.0000 ( 0.0%) 0.0000 ( 0.0%) 0.0000 ( 0.0%) 0.0000 ( 0.0%) InheritedProtocolsRequest
0.0000 ( 0.0%) 0.0000 ( 0.0%) 0.0000 ( 0.0%) 0.0000 ( 0.0%) source-file-populate-cache
0.0000 ( 0.0%) 0.0000 ( 0.0%) 0.0000 ( 0.0%) 0.0000 ( 0.0%) HasDynamicMemberLookupAttributeRequest
0.0000 ( 0.0%) 0.0000 ( 0.0%) 0.0000 ( 0.0%) 0.0000 ( 0.0%) SuperclassDeclRequest
0.0000 ( 0.0%) 0.0000 ( 0.0%) 0.0000 ( 0.0%) 0.0000 ( 0.0%) perform-whole-module-type-checking
0.0000 ( 0.0%) 0.0000 ( 0.0%) 0.0000 ( 0.0%) 0.0000 ( 0.0%) ReferencedAssociatedTypesRequest
0.0000 ( 0.0%) 0.0000 ( 0.0%) 0.0000 ( 0.0%) 0.0000 ( 0.0%) ExistentialConformsToSelfRequest
0.0000 ( 0.0%) 0.0000 ( 0.0%) 0.0000 ( 0.0%) 0.0000 ( 0.0%) DefaultAndMaxAccessLevelRequest
0.0000 ( 0.0%) 0.0000 ( 0.0%) 0.0000 ( 0.0%) 0.0000 ( 0.0%) ExpandSynthesizedMemberMacroRequest
0.0000 ( 0.0%) 0.0000 ( 0.0%) 0.0000 ( 0.0%) 0.0000 ( 0.0%) CheckInconsistentAccessLevelOnImport
0.0000 ( 0.0%) 0.0000 ( 0.0%) 0.0000 ( 0.0%) 0.0000 ( 0.0%) CheckInconsistentAccessLevelOnImportSameFileRequest
0.0000 ( 0.0%) 0.0000 ( 0.0%) 0.0000 ( 0.0%) 0.0000 ( 0.0%) SelfBoundsFromGenericSignatureRequest
0.0000 ( 0.0%) 0.0000 ( 0.0%) 0.0000 ( 0.0%) 0.0000 ( 0.0%) ExpandPreambleMacroRequest
0.0000 ( 0.0%) 0.0000 ( 0.0%) 0.0000 ( 0.0%) 0.0000 ( 0.0%) SuppressesConformanceRequest
0.0000 ( 0.0%) 0.0000 ( 0.0%) 0.0000 ( 0.0%) 0.0000 ( 0.0%) HasImportsMatchingFlagRequest
0.0000 ( 0.0%) 0.0000 ( 0.0%) 0.0000 ( 0.0%) 0.0000 ( 0.0%) CheckInconsistentSPIOnlyImportsRequest
0.0000 ( 0.0%) 0.0000 ( 0.0%) 0.0000 ( 0.0%) 0.0000 ( 0.0%) ProtocolRequiresClassRequest
0.0000 ( 0.0%) 0.0000 ( 0.0%) 0.0000 ( 0.0%) 0.0000 ( 0.0%) AreAllStoredPropertiesDefaultInitableRequest
0.0000 ( 0.0%) 0.0000 ( 0.0%) 0.0000 ( 0.0%) 0.0000 ( 0.0%) AttachedPropertyWrapperTypeRequest
0.0000 ( 0.0%) 0.0000 ( 0.0%) 0.0000 ( 0.0%) 0.0000 ( 0.0%) SelfBoundsFromWhereClauseRequest
0.0000 ( 0.0%) 0.0000 ( 0.0%) 0.0000 ( 0.0%) 0.0000 ( 0.0%) SynthesizeMainFunctionRequest
0.0000 ( 0.0%) 0.0000 ( 0.0%) 0.0000 ( 0.0%) 0.0000 ( 0.0%) ClassAncestryFlagsRequest
0.0000 ( 0.0%) 0.0000 ( 0.0%) 0.0000 ( 0.0%) 0.0000 ( 0.0%) EnumRawValuesRequest
0.0000 ( 0.0%) 0.0000 ( 0.0%) 0.0000 ( 0.0%) 0.0000 ( 0.0%) PreCheckReturnStmtRequest
0.0000 ( 0.0%) 0.0000 ( 0.0%) 0.0000 ( 0.0%) 0.0000 ( 0.0%) ModuleImplicitImportsRequest
0.0000 ( 0.0%) 0.0000 ( 0.0%) 0.0000 ( 0.0%) 0.0000 ( 0.0%) IsSingleValueStmtRequest
0.0000 ( 0.0%) 0.0000 ( 0.0%) 0.0000 ( 0.0%) 0.0000 ( 0.0%) PrimarySourceFilesRequest
0.0000 ( 0.0%) 0.0000 ( 0.0%) 0.0000 ( 0.0%) 0.0000 ( 0.0%) DefaultArgumentTypeRequest
0.0000 ( 0.0%) 0.0000 ( 0.0%) 0.0000 ( 0.0%) 0.0000 ( 0.0%) SuperclassTypeRequest
0.2744 (100.0%) 0.2601 (100.0%) 0.5346 (100.0%) 0.5360 (100.0%) Total
===-------------------------------------------------------------------------===
Running Program
===-------------------------------------------------------------------------===
Total Execution Time: 0.1204 seconds (0.1209 wall clock)
---User Time--- --System Time-- --User+System-- ---Wall Time--- --- Name ---
0.0552 (100.0%) 0.0651 (100.0%) 0.1204 (100.0%) 0.1209 (100.0%) Building Target
0.0552 (100.0%) 0.0651 (100.0%) 0.1204 (100.0%) 0.1209 (100.0%) Total
SwiftEmitModule normal arm64 Emitting\ module\ for\ HTTPMediaTypes (in target 'HTTPMediaTypes' from project 'HTTPMediaTypes')
cd /Users/admin/builder/spi-builder-workspace/.dependencies/checkouts/HTTPMediaTypes
builtin-swiftTaskExecution -- /Library/Developer/Toolchains/swift-6.0-DEVELOPMENT-SNAPSHOT-2024-05-26-a.xctoolchain/usr/bin/swift-frontend -frontend -emit-module -experimental-skip-non-inlinable-function-bodies-without-types /Users/admin/builder/spi-builder-workspace/.dependencies/checkouts/HTTPMediaTypes/Sources/HTTPMediaTypes/HTTPHeaderValue.swift /Users/admin/builder/spi-builder-workspace/.dependencies/checkouts/HTTPMediaTypes/Sources/HTTPMediaTypes/HTTPMediaType.swift -target arm64-apple-xros1.0 -Xllvm -aarch64-use-tbi -enable-objc-interop -sdk /Applications/Xcode-15.3.0.app/Contents/Developer/Platforms/XROS.platform/Developer/SDKs/XROS1.1.sdk -I /Users/admin/builder/spi-builder-workspace/.derivedData/Build/Products/Debug-xros -I /Applications/Xcode-15.3.0.app/Contents/Developer/Platforms/XROS.platform/Developer/usr/lib -F /Users/admin/builder/spi-builder-workspace/.derivedData/Build/Products/Debug-xros -F /Applications/Xcode-15.3.0.app/Contents/Developer/Platforms/XROS.platform/Developer/Library/Frameworks -F /Applications/Xcode-15.3.0.app/Contents/Developer/Platforms/XROS.platform/Developer/SDKs/XROS1.1.sdk/Developer/Library/Frameworks -no-color-diagnostics -enable-testing -g -module-cache-path /Users/admin/builder/spi-builder-workspace/.derivedData/ModuleCache.noindex -suppress-warnings -swift-version 5 -enforce-exclusivity\=checked -stats-output-dir /Users/admin/builder/spi-builder-workspace/.dependencies/checkouts/HTTPMediaTypes/.stats -Onone -D SWIFT_PACKAGE -D DEBUG -serialize-debugging-options -const-gather-protocols-file /Users/admin/builder/spi-builder-workspace/.derivedData/Build/Intermediates.noindex/HTTPMediaTypes.build/Debug-xros/HTTPMediaTypes.build/Objects-normal/arm64/HTTPMediaTypes_const_extract_protocols.json -strict-concurrency\=complete -empty-abi-descriptor -validate-clang-modules-once -clang-build-session-file /Users/admin/builder/spi-builder-workspace/.derivedData/ModuleCache.noindex/Session.modulevalidation -Xcc -working-directory -Xcc /Users/admin/builder/spi-builder-workspace/.dependencies/checkouts/HTTPMediaTypes -resource-dir /Library/Developer/Toolchains/swift-6.0-DEVELOPMENT-SNAPSHOT-2024-05-26-a.xctoolchain/usr/lib/swift -enable-anonymous-context-mangled-names -Xcc -I/Users/admin/builder/spi-builder-workspace/.derivedData/Build/Intermediates.noindex/HTTPMediaTypes.build/Debug-xros/HTTPMediaTypes.build/swift-overrides.hmap -Xcc -I/Users/admin/builder/spi-builder-workspace/.derivedData/Build/Products/Debug-xros/include -Xcc -I/Users/admin/builder/spi-builder-workspace/.derivedData/Build/Intermediates.noindex/HTTPMediaTypes.build/Debug-xros/HTTPMediaTypes.build/DerivedSources-normal/arm64 -Xcc -I/Users/admin/builder/spi-builder-workspace/.derivedData/Build/Intermediates.noindex/HTTPMediaTypes.build/Debug-xros/HTTPMediaTypes.build/DerivedSources/arm64 -Xcc -I/Users/admin/builder/spi-builder-workspace/.derivedData/Build/Intermediates.noindex/HTTPMediaTypes.build/Debug-xros/HTTPMediaTypes.build/DerivedSources -Xcc -DSWIFT_PACKAGE -Xcc -DDEBUG\=1 -module-name HTTPMediaTypes -disable-clang-spi -target-sdk-version 1.1 -target-sdk-name xros1.1 -external-plugin-path /Applications/Xcode-15.3.0.app/Contents/Developer/Platforms/XROS.platform/Developer/SDKs/XROS1.1.sdk/usr/lib/swift/host/plugins\#/Applications/Xcode-15.3.0.app/Contents/Developer/Platforms/XROS.platform/Developer/SDKs/XROS1.1.sdk/usr/bin/swift-plugin-server -external-plugin-path /Applications/Xcode-15.3.0.app/Contents/Developer/Platforms/XROS.platform/Developer/SDKs/XROS1.1.sdk/usr/local/lib/swift/host/plugins\#/Applications/Xcode-15.3.0.app/Contents/Developer/Platforms/XROS.platform/Developer/SDKs/XROS1.1.sdk/usr/bin/swift-plugin-server -external-plugin-path /Applications/Xcode-15.3.0.app/Contents/Developer/Platforms/XROS.platform/Developer/usr/lib/swift/host/plugins\#/Applications/Xcode-15.3.0.app/Contents/Developer/Platforms/XROS.platform/Developer/usr/bin/swift-plugin-server -external-plugin-path /Applications/Xcode-15.3.0.app/Contents/Developer/Platforms/XROS.platform/Developer/usr/local/lib/swift/host/plugins\#/Applications/Xcode-15.3.0.app/Contents/Developer/Platforms/XROS.platform/Developer/usr/bin/swift-plugin-server -plugin-path /Library/Developer/Toolchains/swift-6.0-DEVELOPMENT-SNAPSHOT-2024-05-26-a.xctoolchain/usr/lib/swift/host/plugins -plugin-path /Library/Developer/Toolchains/swift-6.0-DEVELOPMENT-SNAPSHOT-2024-05-26-a.xctoolchain/usr/local/lib/swift/host/plugins -emit-module-doc-path /Users/admin/builder/spi-builder-workspace/.derivedData/Build/Intermediates.noindex/HTTPMediaTypes.build/Debug-xros/HTTPMediaTypes.build/Objects-normal/arm64/HTTPMediaTypes.swiftdoc -emit-module-source-info-path /Users/admin/builder/spi-builder-workspace/.derivedData/Build/Intermediates.noindex/HTTPMediaTypes.build/Debug-xros/HTTPMediaTypes.build/Objects-normal/arm64/HTTPMediaTypes.swiftsourceinfo -emit-objc-header-path /Users/admin/builder/spi-builder-workspace/.derivedData/Build/Intermediates.noindex/HTTPMediaTypes.build/Debug-xros/HTTPMediaTypes.build/Objects-normal/arm64/HTTPMediaTypes-Swift.h -serialize-diagnostics-path /Users/admin/builder/spi-builder-workspace/.derivedData/Build/Intermediates.noindex/HTTPMediaTypes.build/Debug-xros/HTTPMediaTypes.build/Objects-normal/arm64/HTTPMediaTypes-master-emit-module.dia -emit-dependencies-path /Users/admin/builder/spi-builder-workspace/.derivedData/Build/Intermediates.noindex/HTTPMediaTypes.build/Debug-xros/HTTPMediaTypes.build/Objects-normal/arm64/HTTPMediaTypes-master-emit-module.d -o /Users/admin/builder/spi-builder-workspace/.derivedData/Build/Intermediates.noindex/HTTPMediaTypes.build/Debug-xros/HTTPMediaTypes.build/Objects-normal/arm64/HTTPMediaTypes.swiftmodule -emit-abi-descriptor-path /Users/admin/builder/spi-builder-workspace/.derivedData/Build/Intermediates.noindex/HTTPMediaTypes.build/Debug-xros/HTTPMediaTypes.build/Objects-normal/arm64/HTTPMediaTypes.abi.json
CompileC /Users/admin/builder/spi-builder-workspace/.derivedData/Build/Intermediates.noindex/swift-nio-ssl.build/Debug-xros/CNIOBoringSSL.build/Objects-normal/arm64/x86_64-mont.mac.x86_64.o /Users/admin/builder/spi-builder-workspace/.dependencies/checkouts/swift-nio-ssl/Sources/CNIOBoringSSL/crypto/fipsmodule/x86_64-mont.mac.x86_64.S normal arm64 assembler-with-cpp com.apple.compilers.llvm.clang.1_0.compiler (in target 'CNIOBoringSSL' from project 'swift-nio-ssl')
cd /Users/admin/builder/spi-builder-workspace/.dependencies/checkouts/swift-nio-ssl
/Library/Developer/Toolchains/swift-6.0-DEVELOPMENT-SNAPSHOT-2024-05-26-a.xctoolchain/usr/bin/clang -x assembler-with-cpp -fmessage-length\=0 -fdiagnostics-show-note-include-stack -fmacro-backtrace-limit\=0 -fno-color-diagnostics -fmodules-prune-interval\=86400 -fmodules-prune-after\=345600 -fbuild-session-file\=/Users/admin/builder/spi-builder-workspace/.derivedData/ModuleCache.noindex/Session.modulevalidation -fmodules-validate-once-per-build-session -Wnon-modular-include-in-framework-module -Werror\=non-modular-include-in-framework-module -Wno-trigraphs -Wno-missing-field-initializers -Wno-missing-prototypes -Wno-return-type -Wno-missing-braces -Wparentheses -Wswitch -Wno-unused-function -Wno-unused-label -Wno-unused-parameter -Wno-unused-variable -Wunused-value -Wno-empty-body -Wno-uninitialized -Wno-unknown-pragmas -w -Wno-shadow -Wno-four-char-constants -Wno-conversion -Wno-constant-conversion -Wno-int-conversion -Wno-bool-conversion -Wno-enum-conversion -Wno-float-conversion -Wno-non-literal-null-conversion -Wno-objc-literal-conversion -Wshorten-64-to-32 -Wno-newline-eof -Wno-implicit-fallthrough -fstrict-aliasing -Wdeprecated-declarations -Wno-sign-conversion -Wno-infinite-recursion -Wno-comma -Wno-block-capture-autoreleasing -Wno-strict-prototypes -Wno-semicolon-before-method-body -index-store-path /Users/admin/builder/spi-builder-workspace/.derivedData/Index.noindex/DataStore @/Users/admin/builder/spi-builder-workspace/.derivedData/Build/Intermediates.noindex/swift-nio-ssl.build/Debug-xros/CNIOBoringSSL.build/Objects-normal/arm64/533656923a283fa776881f304837ed9e-common-args.resp -MMD -MT dependencies -MF /Users/admin/builder/spi-builder-workspace/.derivedData/Build/Intermediates.noindex/swift-nio-ssl.build/Debug-xros/CNIOBoringSSL.build/Objects-normal/arm64/x86_64-mont.mac.x86_64.d --serialize-diagnostics /Users/admin/builder/spi-builder-workspace/.derivedData/Build/Intermediates.noindex/swift-nio-ssl.build/Debug-xros/CNIOBoringSSL.build/Objects-normal/arm64/x86_64-mont.mac.x86_64.dia -c /Users/admin/builder/spi-builder-workspace/.dependencies/checkouts/swift-nio-ssl/Sources/CNIOBoringSSL/crypto/fipsmodule/x86_64-mont.mac.x86_64.S -o /Users/admin/builder/spi-builder-workspace/.derivedData/Build/Intermediates.noindex/swift-nio-ssl.build/Debug-xros/CNIOBoringSSL.build/Objects-normal/arm64/x86_64-mont.mac.x86_64.o -index-unit-output-path /swift-nio-ssl.build/Debug-xros/CNIOBoringSSL.build/Objects-normal/arm64/x86_64-mont.mac.x86_64.o
CompileC /Users/admin/builder/spi-builder-workspace/.derivedData/Build/Intermediates.noindex/swift-nio-ssl.build/Debug-xros/CNIOBoringSSL.build/Objects-normal/arm64/x86_64-mont.linux.x86_64.o /Users/admin/builder/spi-builder-workspace/.dependencies/checkouts/swift-nio-ssl/Sources/CNIOBoringSSL/crypto/fipsmodule/x86_64-mont.linux.x86_64.S normal arm64 assembler-with-cpp com.apple.compilers.llvm.clang.1_0.compiler (in target 'CNIOBoringSSL' from project 'swift-nio-ssl')
cd /Users/admin/builder/spi-builder-workspace/.dependencies/checkouts/swift-nio-ssl
/Library/Developer/Toolchains/swift-6.0-DEVELOPMENT-SNAPSHOT-2024-05-26-a.xctoolchain/usr/bin/clang -x assembler-with-cpp -fmessage-length\=0 -fdiagnostics-show-note-include-stack -fmacro-backtrace-limit\=0 -fno-color-diagnostics -fmodules-prune-interval\=86400 -fmodules-prune-after\=345600 -fbuild-session-file\=/Users/admin/builder/spi-builder-workspace/.derivedData/ModuleCache.noindex/Session.modulevalidation -fmodules-validate-once-per-build-session -Wnon-modular-include-in-framework-module -Werror\=non-modular-include-in-framework-module -Wno-trigraphs -Wno-missing-field-initializers -Wno-missing-prototypes -Wno-return-type -Wno-missing-braces -Wparentheses -Wswitch -Wno-unused-function -Wno-unused-label -Wno-unused-parameter -Wno-unused-variable -Wunused-value -Wno-empty-body -Wno-uninitialized -Wno-unknown-pragmas -w -Wno-shadow -Wno-four-char-constants -Wno-conversion -Wno-constant-conversion -Wno-int-conversion -Wno-bool-conversion -Wno-enum-conversion -Wno-float-conversion -Wno-non-literal-null-conversion -Wno-objc-literal-conversion -Wshorten-64-to-32 -Wno-newline-eof -Wno-implicit-fallthrough -fstrict-aliasing -Wdeprecated-declarations -Wno-sign-conversion -Wno-infinite-recursion -Wno-comma -Wno-block-capture-autoreleasing -Wno-strict-prototypes -Wno-semicolon-before-method-body -index-store-path /Users/admin/builder/spi-builder-workspace/.derivedData/Index.noindex/DataStore @/Users/admin/builder/spi-builder-workspace/.derivedData/Build/Intermediates.noindex/swift-nio-ssl.build/Debug-xros/CNIOBoringSSL.build/Objects-normal/arm64/533656923a283fa776881f304837ed9e-common-args.resp -MMD -MT dependencies -MF /Users/admin/builder/spi-builder-workspace/.derivedData/Build/Intermediates.noindex/swift-nio-ssl.build/Debug-xros/CNIOBoringSSL.build/Objects-normal/arm64/x86_64-mont.linux.x86_64.d --serialize-diagnostics /Users/admin/builder/spi-builder-workspace/.derivedData/Build/Intermediates.noindex/swift-nio-ssl.build/Debug-xros/CNIOBoringSSL.build/Objects-normal/arm64/x86_64-mont.linux.x86_64.dia -c /Users/admin/builder/spi-builder-workspace/.dependencies/checkouts/swift-nio-ssl/Sources/CNIOBoringSSL/crypto/fipsmodule/x86_64-mont.linux.x86_64.S -o /Users/admin/builder/spi-builder-workspace/.derivedData/Build/Intermediates.noindex/swift-nio-ssl.build/Debug-xros/CNIOBoringSSL.build/Objects-normal/arm64/x86_64-mont.linux.x86_64.o -index-unit-output-path /swift-nio-ssl.build/Debug-xros/CNIOBoringSSL.build/Objects-normal/arm64/x86_64-mont.linux.x86_64.o
SwiftEmitModule normal arm64 Emitting\ module\ for\ RoutingKit (in target 'RoutingKit' from project 'routing-kit')
cd /Users/admin/builder/spi-builder-workspace/.dependencies/checkouts/routing-kit
builtin-swiftTaskExecution -- /Library/Developer/Toolchains/swift-6.0-DEVELOPMENT-SNAPSHOT-2024-05-26-a.xctoolchain/usr/bin/swift-frontend -frontend -emit-module -experimental-skip-non-inlinable-function-bodies-without-types /Users/admin/builder/spi-builder-workspace/.dependencies/checkouts/routing-kit/Sources/RoutingKit/Deprecated.swift /Users/admin/builder/spi-builder-workspace/.dependencies/checkouts/routing-kit/Sources/RoutingKit/Parameters.swift /Users/admin/builder/spi-builder-workspace/.dependencies/checkouts/routing-kit/Sources/RoutingKit/PathComponent.swift /Users/admin/builder/spi-builder-workspace/.dependencies/checkouts/routing-kit/Sources/RoutingKit/Route.swift /Users/admin/builder/spi-builder-workspace/.dependencies/checkouts/routing-kit/Sources/RoutingKit/Router.swift /Users/admin/builder/spi-builder-workspace/.dependencies/checkouts/routing-kit/Sources/RoutingKit/TrieRouter.swift -target arm64-apple-xros1.0 -Xllvm -aarch64-use-tbi -enable-objc-interop -sdk /Applications/Xcode-15.3.0.app/Contents/Developer/Platforms/XROS.platform/Developer/SDKs/XROS1.1.sdk -I /Users/admin/builder/spi-builder-workspace/.derivedData/Build/Products/Debug-xros -I /Applications/Xcode-15.3.0.app/Contents/Developer/Platforms/XROS.platform/Developer/usr/lib -F /Users/admin/builder/spi-builder-workspace/.derivedData/Build/Products/Debug-xros -F /Applications/Xcode-15.3.0.app/Contents/Developer/Platforms/XROS.platform/Developer/Library/Frameworks -F /Applications/Xcode-15.3.0.app/Contents/Developer/Platforms/XROS.platform/Developer/SDKs/XROS1.1.sdk/Developer/Library/Frameworks -no-color-diagnostics -enable-testing -g -module-cache-path /Users/admin/builder/spi-builder-workspace/.derivedData/ModuleCache.noindex -suppress-warnings -swift-version 5 -enforce-exclusivity\=checked -stats-output-dir /Users/admin/builder/spi-builder-workspace/.dependencies/checkouts/routing-kit/.stats -Onone -D SWIFT_PACKAGE -D DEBUG -serialize-debugging-options -const-gather-protocols-file /Users/admin/builder/spi-builder-workspace/.derivedData/Build/Intermediates.noindex/routing-kit.build/Debug-xros/RoutingKit.build/Objects-normal/arm64/RoutingKit_const_extract_protocols.json -strict-concurrency\=complete -empty-abi-descriptor -validate-clang-modules-once -clang-build-session-file /Users/admin/builder/spi-builder-workspace/.derivedData/ModuleCache.noindex/Session.modulevalidation -Xcc -working-directory -Xcc /Users/admin/builder/spi-builder-workspace/.dependencies/checkouts/routing-kit -resource-dir /Library/Developer/Toolchains/swift-6.0-DEVELOPMENT-SNAPSHOT-2024-05-26-a.xctoolchain/usr/lib/swift -enable-anonymous-context-mangled-names -Xcc -I/Users/admin/builder/spi-builder-workspace/.derivedData/Build/Intermediates.noindex/routing-kit.build/Debug-xros/RoutingKit.build/swift-overrides.hmap -Xcc -I/Users/admin/builder/spi-builder-workspace/.derivedData/Build/Products/Debug-xros/include -Xcc -I/Users/admin/builder/spi-builder-workspace/.derivedData/Build/Intermediates.noindex/routing-kit.build/Debug-xros/RoutingKit.build/DerivedSources-normal/arm64 -Xcc -I/Users/admin/builder/spi-builder-workspace/.derivedData/Build/Intermediates.noindex/routing-kit.build/Debug-xros/RoutingKit.build/DerivedSources/arm64 -Xcc -I/Users/admin/builder/spi-builder-workspace/.derivedData/Build/Intermediates.noindex/routing-kit.build/Debug-xros/RoutingKit.build/DerivedSources -Xcc -DSWIFT_PACKAGE -Xcc -DDEBUG\=1 -module-name RoutingKit -disable-clang-spi -target-sdk-version 1.1 -target-sdk-name xros1.1 -external-plugin-path /Applications/Xcode-15.3.0.app/Contents/Developer/Platforms/XROS.platform/Developer/SDKs/XROS1.1.sdk/usr/lib/swift/host/plugins\#/Applications/Xcode-15.3.0.app/Contents/Developer/Platforms/XROS.platform/Developer/SDKs/XROS1.1.sdk/usr/bin/swift-plugin-server -external-plugin-path /Applications/Xcode-15.3.0.app/Contents/Developer/Platforms/XROS.platform/Developer/SDKs/XROS1.1.sdk/usr/local/lib/swift/host/plugins\#/Applications/Xcode-15.3.0.app/Contents/Developer/Platforms/XROS.platform/Developer/SDKs/XROS1.1.sdk/usr/bin/swift-plugin-server -external-plugin-path /Applications/Xcode-15.3.0.app/Contents/Developer/Platforms/XROS.platform/Developer/usr/lib/swift/host/plugins\#/Applications/Xcode-15.3.0.app/Contents/Developer/Platforms/XROS.platform/Developer/usr/bin/swift-plugin-server -external-plugin-path /Applications/Xcode-15.3.0.app/Contents/Developer/Platforms/XROS.platform/Developer/usr/local/lib/swift/host/plugins\#/Applications/Xcode-15.3.0.app/Contents/Developer/Platforms/XROS.platform/Developer/usr/bin/swift-plugin-server -plugin-path /Library/Developer/Toolchains/swift-6.0-DEVELOPMENT-SNAPSHOT-2024-05-26-a.xctoolchain/usr/lib/swift/host/plugins -plugin-path /Library/Developer/Toolchains/swift-6.0-DEVELOPMENT-SNAPSHOT-2024-05-26-a.xctoolchain/usr/local/lib/swift/host/plugins -emit-module-doc-path /Users/admin/builder/spi-builder-workspace/.derivedData/Build/Intermediates.noindex/routing-kit.build/Debug-xros/RoutingKit.build/Objects-normal/arm64/RoutingKit.swiftdoc -emit-module-source-info-path /Users/admin/builder/spi-builder-workspace/.derivedData/Build/Intermediates.noindex/routing-kit.build/Debug-xros/RoutingKit.build/Objects-normal/arm64/RoutingKit.swiftsourceinfo -emit-objc-header-path /Users/admin/builder/spi-builder-workspace/.derivedData/Build/Intermediates.noindex/routing-kit.build/Debug-xros/RoutingKit.build/Objects-normal/arm64/RoutingKit-Swift.h -serialize-diagnostics-path /Users/admin/builder/spi-builder-workspace/.derivedData/Build/Intermediates.noindex/routing-kit.build/Debug-xros/RoutingKit.build/Objects-normal/arm64/RoutingKit-master-emit-module.dia -emit-dependencies-path /Users/admin/builder/spi-builder-workspace/.derivedData/Build/Intermediates.noindex/routing-kit.build/Debug-xros/RoutingKit.build/Objects-normal/arm64/RoutingKit-master-emit-module.d -o /Users/admin/builder/spi-builder-workspace/.derivedData/Build/Intermediates.noindex/routing-kit.build/Debug-xros/RoutingKit.build/Objects-normal/arm64/RoutingKit.swiftmodule -emit-abi-descriptor-path /Users/admin/builder/spi-builder-workspace/.derivedData/Build/Intermediates.noindex/routing-kit.build/Debug-xros/RoutingKit.build/Objects-normal/arm64/RoutingKit.abi.json
SwiftEmitModule normal arm64 Emitting\ module\ for\ XMLCoding (in target 'XMLCoding' from project 'XMLCoding')
cd /Users/admin/builder/spi-builder-workspace/.dependencies/checkouts/XMLCoding
builtin-swiftTaskExecution -- /Library/Developer/Toolchains/swift-6.0-DEVELOPMENT-SNAPSHOT-2024-05-26-a.xctoolchain/usr/bin/swift-frontend -frontend -emit-module -experimental-skip-non-inlinable-function-bodies-without-types /Users/admin/builder/spi-builder-workspace/.dependencies/checkouts/XMLCoding/Sources/XMLCoding/Decoder/DecodingErrorExtension.swift /Users/admin/builder/spi-builder-workspace/.dependencies/checkouts/XMLCoding/Sources/XMLCoding/Decoder/XMLDecoder.swift /Users/admin/builder/spi-builder-workspace/.dependencies/checkouts/XMLCoding/Sources/XMLCoding/Decoder/XMLDecodingStorage.swift /Users/admin/builder/spi-builder-workspace/.dependencies/checkouts/XMLCoding/Sources/XMLCoding/Decoder/XMLKeyedDecodingContainer.swift /Users/admin/builder/spi-builder-workspace/.dependencies/checkouts/XMLCoding/Sources/XMLCoding/Decoder/XMLUnkeyedDecodingContainer.swift /Users/admin/builder/spi-builder-workspace/.dependencies/checkouts/XMLCoding/Sources/XMLCoding/Encoder/EncodingErrorExtension.swift /Users/admin/builder/spi-builder-workspace/.dependencies/checkouts/XMLCoding/Sources/XMLCoding/Encoder/XMLEncoder.swift /Users/admin/builder/spi-builder-workspace/.dependencies/checkouts/XMLCoding/Sources/XMLCoding/Encoder/XMLEncodingStorage.swift /Users/admin/builder/spi-builder-workspace/.dependencies/checkouts/XMLCoding/Sources/XMLCoding/Encoder/XMLReferencingEncoder.swift /Users/admin/builder/spi-builder-workspace/.dependencies/checkouts/XMLCoding/Sources/XMLCoding/ISO8601DateFormatter.swift /Users/admin/builder/spi-builder-workspace/.dependencies/checkouts/XMLCoding/Sources/XMLCoding/XMLKey.swift /Users/admin/builder/spi-builder-workspace/.dependencies/checkouts/XMLCoding/Sources/XMLCoding/XMLStackParser.swift -target arm64-apple-xros1.0 -Xllvm -aarch64-use-tbi -enable-objc-interop -sdk /Applications/Xcode-15.3.0.app/Contents/Developer/Platforms/XROS.platform/Developer/SDKs/XROS1.1.sdk -I /Users/admin/builder/spi-builder-workspace/.derivedData/Build/Products/Debug-xros -I /Applications/Xcode-15.3.0.app/Contents/Developer/Platforms/XROS.platform/Developer/usr/lib -F /Users/admin/builder/spi-builder-workspace/.derivedData/Build/Products/Debug-xros -F /Applications/Xcode-15.3.0.app/Contents/Developer/Platforms/XROS.platform/Developer/Library/Frameworks -F /Applications/Xcode-15.3.0.app/Contents/Developer/Platforms/XROS.platform/Developer/SDKs/XROS1.1.sdk/Developer/Library/Frameworks -no-color-diagnostics -enable-testing -g -module-cache-path /Users/admin/builder/spi-builder-workspace/.derivedData/ModuleCache.noindex -suppress-warnings -swift-version 4 -enforce-exclusivity\=checked -stats-output-dir /Users/admin/builder/spi-builder-workspace/.dependencies/checkouts/XMLCoding/.stats -Onone -D SWIFT_PACKAGE -D DEBUG -serialize-debugging-options -const-gather-protocols-file /Users/admin/builder/spi-builder-workspace/.derivedData/Build/Intermediates.noindex/XMLCoding.build/Debug-xros/XMLCoding.build/Objects-normal/arm64/XMLCoding_const_extract_protocols.json -strict-concurrency\=complete -empty-abi-descriptor -validate-clang-modules-once -clang-build-session-file /Users/admin/builder/spi-builder-workspace/.derivedData/ModuleCache.noindex/Session.modulevalidation -Xcc -working-directory -Xcc /Users/admin/builder/spi-builder-workspace/.dependencies/checkouts/XMLCoding -resource-dir /Library/Developer/Toolchains/swift-6.0-DEVELOPMENT-SNAPSHOT-2024-05-26-a.xctoolchain/usr/lib/swift -enable-anonymous-context-mangled-names -Xcc -I/Users/admin/builder/spi-builder-workspace/.derivedData/Build/Intermediates.noindex/XMLCoding.build/Debug-xros/XMLCoding.build/swift-overrides.hmap -Xcc -I/Users/admin/builder/spi-builder-workspace/.derivedData/Build/Products/Debug-xros/include -Xcc -I/Users/admin/builder/spi-builder-workspace/.derivedData/Build/Intermediates.noindex/XMLCoding.build/Debug-xros/XMLCoding.build/DerivedSources-normal/arm64 -Xcc -I/Users/admin/builder/spi-builder-workspace/.derivedData/Build/Intermediates.noindex/XMLCoding.build/Debug-xros/XMLCoding.build/DerivedSources/arm64 -Xcc -I/Users/admin/builder/spi-builder-workspace/.derivedData/Build/Intermediates.noindex/XMLCoding.build/Debug-xros/XMLCoding.build/DerivedSources -Xcc -DSWIFT_PACKAGE -Xcc -DDEBUG\=1 -module-name XMLCoding -disable-clang-spi -target-sdk-version 1.1 -target-sdk-name xros1.1 -external-plugin-path /Applications/Xcode-15.3.0.app/Contents/Developer/Platforms/XROS.platform/Developer/SDKs/XROS1.1.sdk/usr/lib/swift/host/plugins\#/Applications/Xcode-15.3.0.app/Contents/Developer/Platforms/XROS.platform/Developer/SDKs/XROS1.1.sdk/usr/bin/swift-plugin-server -external-plugin-path /Applications/Xcode-15.3.0.app/Contents/Developer/Platforms/XROS.platform/Developer/SDKs/XROS1.1.sdk/usr/local/lib/swift/host/plugins\#/Applications/Xcode-15.3.0.app/Contents/Developer/Platforms/XROS.platform/Developer/SDKs/XROS1.1.sdk/usr/bin/swift-plugin-server -external-plugin-path /Applications/Xcode-15.3.0.app/Contents/Developer/Platforms/XROS.platform/Developer/usr/lib/swift/host/plugins\#/Applications/Xcode-15.3.0.app/Contents/Developer/Platforms/XROS.platform/Developer/usr/bin/swift-plugin-server -external-plugin-path /Applications/Xcode-15.3.0.app/Contents/Developer/Platforms/XROS.platform/Developer/usr/local/lib/swift/host/plugins\#/Applications/Xcode-15.3.0.app/Contents/Developer/Platforms/XROS.platform/Developer/usr/bin/swift-plugin-server -plugin-path /Library/Developer/Toolchains/swift-6.0-DEVELOPMENT-SNAPSHOT-2024-05-26-a.xctoolchain/usr/lib/swift/host/plugins -plugin-path /Library/Developer/Toolchains/swift-6.0-DEVELOPMENT-SNAPSHOT-2024-05-26-a.xctoolchain/usr/local/lib/swift/host/plugins -emit-module-doc-path /Users/admin/builder/spi-builder-workspace/.derivedData/Build/Intermediates.noindex/XMLCoding.build/Debug-xros/XMLCoding.build/Objects-normal/arm64/XMLCoding.swiftdoc -emit-module-source-info-path /Users/admin/builder/spi-builder-workspace/.derivedData/Build/Intermediates.noindex/XMLCoding.build/Debug-xros/XMLCoding.build/Objects-normal/arm64/XMLCoding.swiftsourceinfo -emit-objc-header-path /Users/admin/builder/spi-builder-workspace/.derivedData/Build/Intermediates.noindex/XMLCoding.build/Debug-xros/XMLCoding.build/Objects-normal/arm64/XMLCoding-Swift.h -serialize-diagnostics-path /Users/admin/builder/spi-builder-workspace/.derivedData/Build/Intermediates.noindex/XMLCoding.build/Debug-xros/XMLCoding.build/Objects-normal/arm64/XMLCoding-master-emit-module.dia -emit-dependencies-path /Users/admin/builder/spi-builder-workspace/.derivedData/Build/Intermediates.noindex/XMLCoding.build/Debug-xros/XMLCoding.build/Objects-normal/arm64/XMLCoding-master-emit-module.d -o /Users/admin/builder/spi-builder-workspace/.derivedData/Build/Intermediates.noindex/XMLCoding.build/Debug-xros/XMLCoding.build/Objects-normal/arm64/XMLCoding.swiftmodule -emit-abi-descriptor-path /Users/admin/builder/spi-builder-workspace/.derivedData/Build/Intermediates.noindex/XMLCoding.build/Debug-xros/XMLCoding.build/Objects-normal/arm64/XMLCoding.abi.json
SwiftEmitModule normal arm64 Emitting\ module\ for\ WebErrorKit (in target 'WebErrorKit' from project 'WebError')
cd /Users/admin/builder/spi-builder-workspace/.dependencies/checkouts/WebErrorKit
builtin-swiftTaskExecution -- /Library/Developer/Toolchains/swift-6.0-DEVELOPMENT-SNAPSHOT-2024-05-26-a.xctoolchain/usr/bin/swift-frontend -frontend -emit-module -experimental-skip-non-inlinable-function-bodies-without-types /Users/admin/builder/spi-builder-workspace/.dependencies/checkouts/WebErrorKit/Sources/WebErrorKit/Exports.swift /Users/admin/builder/spi-builder-workspace/.dependencies/checkouts/WebErrorKit/Sources/WebErrorKit/Extensions/String+Codify.swift /Users/admin/builder/spi-builder-workspace/.dependencies/checkouts/WebErrorKit/Sources/WebErrorKit/Extensions/WebError+RawRepresentable.swift /Users/admin/builder/spi-builder-workspace/.dependencies/checkouts/WebErrorKit/Sources/WebErrorKit/Extensions/WebError+Serializable.swift /Users/admin/builder/spi-builder-workspace/.dependencies/checkouts/WebErrorKit/Sources/WebErrorKit/SerializableWebError.swift /Users/admin/builder/spi-builder-workspace/.dependencies/checkouts/WebErrorKit/Sources/WebErrorKit/WebError.swift /Users/admin/builder/spi-builder-workspace/.dependencies/checkouts/WebErrorKit/Sources/WebErrorKit/WebErrorContent.swift -target arm64-apple-xros1.0 -Xllvm -aarch64-use-tbi -enable-objc-interop -sdk /Applications/Xcode-15.3.0.app/Contents/Developer/Platforms/XROS.platform/Developer/SDKs/XROS1.1.sdk -I /Users/admin/builder/spi-builder-workspace/.derivedData/Build/Products/Debug-xros -I /Applications/Xcode-15.3.0.app/Contents/Developer/Platforms/XROS.platform/Developer/usr/lib -F /Users/admin/builder/spi-builder-workspace/.derivedData/Build/Products/Debug-xros -F /Applications/Xcode-15.3.0.app/Contents/Developer/Platforms/XROS.platform/Developer/Library/Frameworks -F /Applications/Xcode-15.3.0.app/Contents/Developer/Platforms/XROS.platform/Developer/SDKs/XROS1.1.sdk/Developer/Library/Frameworks -no-color-diagnostics -enable-testing -g -module-cache-path /Users/admin/builder/spi-builder-workspace/.derivedData/ModuleCache.noindex -suppress-warnings -swift-version 5 -enforce-exclusivity\=checked -stats-output-dir /Users/admin/builder/spi-builder-workspace/.dependencies/checkouts/WebErrorKit/.stats -Onone -D SWIFT_PACKAGE -D DEBUG -serialize-debugging-options -const-gather-protocols-file /Users/admin/builder/spi-builder-workspace/.derivedData/Build/Intermediates.noindex/WebError.build/Debug-xros/WebErrorKit.build/Objects-normal/arm64/WebErrorKit_const_extract_protocols.json -strict-concurrency\=complete -empty-abi-descriptor -validate-clang-modules-once -clang-build-session-file /Users/admin/builder/spi-builder-workspace/.derivedData/ModuleCache.noindex/Session.modulevalidation -Xcc -working-directory -Xcc /Users/admin/builder/spi-builder-workspace/.dependencies/checkouts/WebErrorKit -resource-dir /Library/Developer/Toolchains/swift-6.0-DEVELOPMENT-SNAPSHOT-2024-05-26-a.xctoolchain/usr/lib/swift -enable-anonymous-context-mangled-names -Xcc -I/Users/admin/builder/spi-builder-workspace/.derivedData/Build/Intermediates.noindex/WebError.build/Debug-xros/WebErrorKit.build/swift-overrides.hmap -Xcc -I/Users/admin/builder/spi-builder-workspace/.derivedData/Build/Products/Debug-xros/include -Xcc -I/Users/admin/builder/spi-builder-workspace/.derivedData/Build/Intermediates.noindex/WebError.build/Debug-xros/WebErrorKit.build/DerivedSources-normal/arm64 -Xcc -I/Users/admin/builder/spi-builder-workspace/.derivedData/Build/Intermediates.noindex/WebError.build/Debug-xros/WebErrorKit.build/DerivedSources/arm64 -Xcc -I/Users/admin/builder/spi-builder-workspace/.derivedData/Build/Intermediates.noindex/WebError.build/Debug-xros/WebErrorKit.build/DerivedSources -Xcc -DSWIFT_PACKAGE -Xcc -DDEBUG\=1 -module-name WebErrorKit -disable-clang-spi -target-sdk-version 1.1 -target-sdk-name xros1.1 -external-plugin-path /Applications/Xcode-15.3.0.app/Contents/Developer/Platforms/XROS.platform/Developer/SDKs/XROS1.1.sdk/usr/lib/swift/host/plugins\#/Applications/Xcode-15.3.0.app/Contents/Developer/Platforms/XROS.platform/Developer/SDKs/XROS1.1.sdk/usr/bin/swift-plugin-server -external-plugin-path /Applications/Xcode-15.3.0.app/Contents/Developer/Platforms/XROS.platform/Developer/SDKs/XROS1.1.sdk/usr/local/lib/swift/host/plugins\#/Applications/Xcode-15.3.0.app/Contents/Developer/Platforms/XROS.platform/Developer/SDKs/XROS1.1.sdk/usr/bin/swift-plugin-server -external-plugin-path /Applications/Xcode-15.3.0.app/Contents/Developer/Platforms/XROS.platform/Developer/usr/lib/swift/host/plugins\#/Applications/Xcode-15.3.0.app/Contents/Developer/Platforms/XROS.platform/Developer/usr/bin/swift-plugin-server -external-plugin-path /Applications/Xcode-15.3.0.app/Contents/Developer/Platforms/XROS.platform/Developer/usr/local/lib/swift/host/plugins\#/Applications/Xcode-15.3.0.app/Contents/Developer/Platforms/XROS.platform/Developer/usr/bin/swift-plugin-server -plugin-path /Library/Developer/Toolchains/swift-6.0-DEVELOPMENT-SNAPSHOT-2024-05-26-a.xctoolchain/usr/lib/swift/host/plugins -plugin-path /Library/Developer/Toolchains/swift-6.0-DEVELOPMENT-SNAPSHOT-2024-05-26-a.xctoolchain/usr/local/lib/swift/host/plugins -emit-module-doc-path /Users/admin/builder/spi-builder-workspace/.derivedData/Build/Intermediates.noindex/WebError.build/Debug-xros/WebErrorKit.build/Objects-normal/arm64/WebErrorKit.swiftdoc -emit-module-source-info-path /Users/admin/builder/spi-builder-workspace/.derivedData/Build/Intermediates.noindex/WebError.build/Debug-xros/WebErrorKit.build/Objects-normal/arm64/WebErrorKit.swiftsourceinfo -emit-objc-header-path /Users/admin/builder/spi-builder-workspace/.derivedData/Build/Intermediates.noindex/WebError.build/Debug-xros/WebErrorKit.build/Objects-normal/arm64/WebErrorKit-Swift.h -serialize-diagnostics-path /Users/admin/builder/spi-builder-workspace/.derivedData/Build/Intermediates.noindex/WebError.build/Debug-xros/WebErrorKit.build/Objects-normal/arm64/WebErrorKit-master-emit-module.dia -emit-dependencies-path /Users/admin/builder/spi-builder-workspace/.derivedData/Build/Intermediates.noindex/WebError.build/Debug-xros/WebErrorKit.build/Objects-normal/arm64/WebErrorKit-master-emit-module.d -o /Users/admin/builder/spi-builder-workspace/.derivedData/Build/Intermediates.noindex/WebError.build/Debug-xros/WebErrorKit.build/Objects-normal/arm64/WebErrorKit.swiftmodule -emit-abi-descriptor-path /Users/admin/builder/spi-builder-workspace/.derivedData/Build/Intermediates.noindex/WebError.build/Debug-xros/WebErrorKit.build/Objects-normal/arm64/WebErrorKit.abi.json
CompileC /Users/admin/builder/spi-builder-workspace/.derivedData/Build/Intermediates.noindex/swift-nio-ssl.build/Debug-xros/CNIOBoringSSL.build/Objects-normal/arm64/x86_64-gcc.o /Users/admin/builder/spi-builder-workspace/.dependencies/checkouts/swift-nio-ssl/Sources/CNIOBoringSSL/crypto/fipsmodule/bn/asm/x86_64-gcc.c normal arm64 c com.apple.compilers.llvm.clang.1_0.compiler (in target 'CNIOBoringSSL' from project 'swift-nio-ssl')
cd /Users/admin/builder/spi-builder-workspace/.dependencies/checkouts/swift-nio-ssl
/Library/Developer/Toolchains/swift-6.0-DEVELOPMENT-SNAPSHOT-2024-05-26-a.xctoolchain/usr/bin/clang -x c -fmessage-length\=0 -fdiagnostics-show-note-include-stack -fmacro-backtrace-limit\=0 -fno-color-diagnostics -fmodules-prune-interval\=86400 -fmodules-prune-after\=345600 -fbuild-session-file\=/Users/admin/builder/spi-builder-workspace/.derivedData/ModuleCache.noindex/Session.modulevalidation -fmodules-validate-once-per-build-session -Wnon-modular-include-in-framework-module -Werror\=non-modular-include-in-framework-module -Wno-trigraphs -Wno-missing-field-initializers -Wno-missing-prototypes -Wno-return-type -Wno-missing-braces -Wparentheses -Wswitch -Wno-unused-function -Wno-unused-label -Wno-unused-parameter -Wno-unused-variable -Wunused-value -Wno-empty-body -Wno-uninitialized -Wno-unknown-pragmas -w -Wno-shadow -Wno-four-char-constants -Wno-conversion -Wno-constant-conversion -Wno-int-conversion -Wno-bool-conversion -Wno-enum-conversion -Wno-float-conversion -Wno-non-literal-null-conversion -Wno-objc-literal-conversion -Wshorten-64-to-32 -Wpointer-sign -Wno-newline-eof -Wno-implicit-fallthrough -fstrict-aliasing -Wdeprecated-declarations -Wno-sign-conversion -Wno-infinite-recursion -Wno-comma -Wno-block-capture-autoreleasing -Wno-strict-prototypes -Wno-semicolon-before-method-body -index-store-path /Users/admin/builder/spi-builder-workspace/.derivedData/Index.noindex/DataStore @/Users/admin/builder/spi-builder-workspace/.derivedData/Build/Intermediates.noindex/swift-nio-ssl.build/Debug-xros/CNIOBoringSSL.build/Objects-normal/arm64/7187679823f38a2a940e0043cdf9d637-common-args.resp -MMD -MT dependencies -MF /Users/admin/builder/spi-builder-workspace/.derivedData/Build/Intermediates.noindex/swift-nio-ssl.build/Debug-xros/CNIOBoringSSL.build/Objects-normal/arm64/x86_64-gcc.d --serialize-diagnostics /Users/admin/builder/spi-builder-workspace/.derivedData/Build/Intermediates.noindex/swift-nio-ssl.build/Debug-xros/CNIOBoringSSL.build/Objects-normal/arm64/x86_64-gcc.dia -c /Users/admin/builder/spi-builder-workspace/.dependencies/checkouts/swift-nio-ssl/Sources/CNIOBoringSSL/crypto/fipsmodule/bn/asm/x86_64-gcc.c -o /Users/admin/builder/spi-builder-workspace/.derivedData/Build/Intermediates.noindex/swift-nio-ssl.build/Debug-xros/CNIOBoringSSL.build/Objects-normal/arm64/x86_64-gcc.o -index-unit-output-path /swift-nio-ssl.build/Debug-xros/CNIOBoringSSL.build/Objects-normal/arm64/x86_64-gcc.o
CompileC /Users/admin/builder/spi-builder-workspace/.derivedData/Build/Intermediates.noindex/swift-nio-ssl.build/Debug-xros/CNIOBoringSSL.build/Objects-normal/arm64/x86-mont.linux.x86.o /Users/admin/builder/spi-builder-workspace/.dependencies/checkouts/swift-nio-ssl/Sources/CNIOBoringSSL/crypto/fipsmodule/x86-mont.linux.x86.S normal arm64 assembler-with-cpp com.apple.compilers.llvm.clang.1_0.compiler (in target 'CNIOBoringSSL' from project 'swift-nio-ssl')
cd /Users/admin/builder/spi-builder-workspace/.dependencies/checkouts/swift-nio-ssl
/Library/Developer/Toolchains/swift-6.0-DEVELOPMENT-SNAPSHOT-2024-05-26-a.xctoolchain/usr/bin/clang -x assembler-with-cpp -fmessage-length\=0 -fdiagnostics-show-note-include-stack -fmacro-backtrace-limit\=0 -fno-color-diagnostics -fmodules-prune-interval\=86400 -fmodules-prune-after\=345600 -fbuild-session-file\=/Users/admin/builder/spi-builder-workspace/.derivedData/ModuleCache.noindex/Session.modulevalidation -fmodules-validate-once-per-build-session -Wnon-modular-include-in-framework-module -Werror\=non-modular-include-in-framework-module -Wno-trigraphs -Wno-missing-field-initializers -Wno-missing-prototypes -Wno-return-type -Wno-missing-braces -Wparentheses -Wswitch -Wno-unused-function -Wno-unused-label -Wno-unused-parameter -Wno-unused-variable -Wunused-value -Wno-empty-body -Wno-uninitialized -Wno-unknown-pragmas -w -Wno-shadow -Wno-four-char-constants -Wno-conversion -Wno-constant-conversion -Wno-int-conversion -Wno-bool-conversion -Wno-enum-conversion -Wno-float-conversion -Wno-non-literal-null-conversion -Wno-objc-literal-conversion -Wshorten-64-to-32 -Wno-newline-eof -Wno-implicit-fallthrough -fstrict-aliasing -Wdeprecated-declarations -Wno-sign-conversion -Wno-infinite-recursion -Wno-comma -Wno-block-capture-autoreleasing -Wno-strict-prototypes -Wno-semicolon-before-method-body -index-store-path /Users/admin/builder/spi-builder-workspace/.derivedData/Index.noindex/DataStore @/Users/admin/builder/spi-builder-workspace/.derivedData/Build/Intermediates.noindex/swift-nio-ssl.build/Debug-xros/CNIOBoringSSL.build/Objects-normal/arm64/533656923a283fa776881f304837ed9e-common-args.resp -MMD -MT dependencies -MF /Users/admin/builder/spi-builder-workspace/.derivedData/Build/Intermediates.noindex/swift-nio-ssl.build/Debug-xros/CNIOBoringSSL.build/Objects-normal/arm64/x86-mont.linux.x86.d --serialize-diagnostics /Users/admin/builder/spi-builder-workspace/.derivedData/Build/Intermediates.noindex/swift-nio-ssl.build/Debug-xros/CNIOBoringSSL.build/Objects-normal/arm64/x86-mont.linux.x86.dia -c /Users/admin/builder/spi-builder-workspace/.dependencies/checkouts/swift-nio-ssl/Sources/CNIOBoringSSL/crypto/fipsmodule/x86-mont.linux.x86.S -o /Users/admin/builder/spi-builder-workspace/.derivedData/Build/Intermediates.noindex/swift-nio-ssl.build/Debug-xros/CNIOBoringSSL.build/Objects-normal/arm64/x86-mont.linux.x86.o -index-unit-output-path /swift-nio-ssl.build/Debug-xros/CNIOBoringSSL.build/Objects-normal/arm64/x86-mont.linux.x86.o
CompileC /Users/admin/builder/spi-builder-workspace/.derivedData/Build/Intermediates.noindex/swift-nio-ssl.build/Debug-xros/CNIOBoringSSL.build/Objects-normal/arm64/x509spki.o /Users/admin/builder/spi-builder-workspace/.dependencies/checkouts/swift-nio-ssl/Sources/CNIOBoringSSL/crypto/x509/x509spki.c normal arm64 c com.apple.compilers.llvm.clang.1_0.compiler (in target 'CNIOBoringSSL' from project 'swift-nio-ssl')
cd /Users/admin/builder/spi-builder-workspace/.dependencies/checkouts/swift-nio-ssl
/Library/Developer/Toolchains/swift-6.0-DEVELOPMENT-SNAPSHOT-2024-05-26-a.xctoolchain/usr/bin/clang -x c -fmessage-length\=0 -fdiagnostics-show-note-include-stack -fmacro-backtrace-limit\=0 -fno-color-diagnostics -fmodules-prune-interval\=86400 -fmodules-prune-after\=345600 -fbuild-session-file\=/Users/admin/builder/spi-builder-workspace/.derivedData/ModuleCache.noindex/Session.modulevalidation -fmodules-validate-once-per-build-session -Wnon-modular-include-in-framework-module -Werror\=non-modular-include-in-framework-module -Wno-trigraphs -Wno-missing-field-initializers -Wno-missing-prototypes -Wno-return-type -Wno-missing-braces -Wparentheses -Wswitch -Wno-unused-function -Wno-unused-label -Wno-unused-parameter -Wno-unused-variable -Wunused-value -Wno-empty-body -Wno-uninitialized -Wno-unknown-pragmas -w -Wno-shadow -Wno-four-char-constants -Wno-conversion -Wno-constant-conversion -Wno-int-conversion -Wno-bool-conversion -Wno-enum-conversion -Wno-float-conversion -Wno-non-literal-null-conversion -Wno-objc-literal-conversion -Wshorten-64-to-32 -Wpointer-sign -Wno-newline-eof -Wno-implicit-fallthrough -fstrict-aliasing -Wdeprecated-declarations -Wno-sign-conversion -Wno-infinite-recursion -Wno-comma -Wno-block-capture-autoreleasing -Wno-strict-prototypes -Wno-semicolon-before-method-body -index-store-path /Users/admin/builder/spi-builder-workspace/.derivedData/Index.noindex/DataStore @/Users/admin/builder/spi-builder-workspace/.derivedData/Build/Intermediates.noindex/swift-nio-ssl.build/Debug-xros/CNIOBoringSSL.build/Objects-normal/arm64/7187679823f38a2a940e0043cdf9d637-common-args.resp -MMD -MT dependencies -MF /Users/admin/builder/spi-builder-workspace/.derivedData/Build/Intermediates.noindex/swift-nio-ssl.build/Debug-xros/CNIOBoringSSL.build/Objects-normal/arm64/x509spki.d --serialize-diagnostics /Users/admin/builder/spi-builder-workspace/.derivedData/Build/Intermediates.noindex/swift-nio-ssl.build/Debug-xros/CNIOBoringSSL.build/Objects-normal/arm64/x509spki.dia -c /Users/admin/builder/spi-builder-workspace/.dependencies/checkouts/swift-nio-ssl/Sources/CNIOBoringSSL/crypto/x509/x509spki.c -o /Users/admin/builder/spi-builder-workspace/.derivedData/Build/Intermediates.noindex/swift-nio-ssl.build/Debug-xros/CNIOBoringSSL.build/Objects-normal/arm64/x509spki.o -index-unit-output-path /swift-nio-ssl.build/Debug-xros/CNIOBoringSSL.build/Objects-normal/arm64/x509spki.o
CompileC /Users/admin/builder/spi-builder-workspace/.derivedData/Build/Intermediates.noindex/swift-nio-ssl.build/Debug-xros/CNIOBoringSSL.build/Objects-normal/arm64/x509rset.o /Users/admin/builder/spi-builder-workspace/.dependencies/checkouts/swift-nio-ssl/Sources/CNIOBoringSSL/crypto/x509/x509rset.c normal arm64 c com.apple.compilers.llvm.clang.1_0.compiler (in target 'CNIOBoringSSL' from project 'swift-nio-ssl')
cd /Users/admin/builder/spi-builder-workspace/.dependencies/checkouts/swift-nio-ssl
/Library/Developer/Toolchains/swift-6.0-DEVELOPMENT-SNAPSHOT-2024-05-26-a.xctoolchain/usr/bin/clang -x c -fmessage-length\=0 -fdiagnostics-show-note-include-stack -fmacro-backtrace-limit\=0 -fno-color-diagnostics -fmodules-prune-interval\=86400 -fmodules-prune-after\=345600 -fbuild-session-file\=/Users/admin/builder/spi-builder-workspace/.derivedData/ModuleCache.noindex/Session.modulevalidation -fmodules-validate-once-per-build-session -Wnon-modular-include-in-framework-module -Werror\=non-modular-include-in-framework-module -Wno-trigraphs -Wno-missing-field-initializers -Wno-missing-prototypes -Wno-return-type -Wno-missing-braces -Wparentheses -Wswitch -Wno-unused-function -Wno-unused-label -Wno-unused-parameter -Wno-unused-variable -Wunused-value -Wno-empty-body -Wno-uninitialized -Wno-unknown-pragmas -w -Wno-shadow -Wno-four-char-constants -Wno-conversion -Wno-constant-conversion -Wno-int-conversion -Wno-bool-conversion -Wno-enum-conversion -Wno-float-conversion -Wno-non-literal-null-conversion -Wno-objc-literal-conversion -Wshorten-64-to-32 -Wpointer-sign -Wno-newline-eof -Wno-implicit-fallthrough -fstrict-aliasing -Wdeprecated-declarations -Wno-sign-conversion -Wno-infinite-recursion -Wno-comma -Wno-block-capture-autoreleasing -Wno-strict-prototypes -Wno-semicolon-before-method-body -index-store-path /Users/admin/builder/spi-builder-workspace/.derivedData/Index.noindex/DataStore @/Users/admin/builder/spi-builder-workspace/.derivedData/Build/Intermediates.noindex/swift-nio-ssl.build/Debug-xros/CNIOBoringSSL.build/Objects-normal/arm64/7187679823f38a2a940e0043cdf9d637-common-args.resp -MMD -MT dependencies -MF /Users/admin/builder/spi-builder-workspace/.derivedData/Build/Intermediates.noindex/swift-nio-ssl.build/Debug-xros/CNIOBoringSSL.build/Objects-normal/arm64/x509rset.d --serialize-diagnostics /Users/admin/builder/spi-builder-workspace/.derivedData/Build/Intermediates.noindex/swift-nio-ssl.build/Debug-xros/CNIOBoringSSL.build/Objects-normal/arm64/x509rset.dia -c /Users/admin/builder/spi-builder-workspace/.dependencies/checkouts/swift-nio-ssl/Sources/CNIOBoringSSL/crypto/x509/x509rset.c -o /Users/admin/builder/spi-builder-workspace/.derivedData/Build/Intermediates.noindex/swift-nio-ssl.build/Debug-xros/CNIOBoringSSL.build/Objects-normal/arm64/x509rset.o -index-unit-output-path /swift-nio-ssl.build/Debug-xros/CNIOBoringSSL.build/Objects-normal/arm64/x509rset.o
note: Using global toolchain override 'Swift 6.0 Development Snapshot 2024-05-26 (a)'. (in target 'CNIODarwin' from project 'swift-nio')
note: Using global toolchain override 'Swift 6.0 Development Snapshot 2024-05-26 (a)'. (in target 'Logging' from project 'swift-log')
note: Using global toolchain override 'Swift 6.0 Development Snapshot 2024-05-26 (a)'. (in target 'HTTPMediaTypes' from project 'HTTPMediaTypes')
note: Using global toolchain override 'Swift 6.0 Development Snapshot 2024-05-26 (a)'. (in target 'NIOConcurrencyHelpers' from project 'swift-nio')
note: Using global toolchain override 'Swift 6.0 Development Snapshot 2024-05-26 (a)'. (in target 'AsyncHTTPClient' from project 'async-http-client')
note: Using global toolchain override 'Swift 6.0 Development Snapshot 2024-05-26 (a)'. (in target 'S3Kit' from project 'S3Kit')
note: Using global toolchain override 'Swift 6.0 Development Snapshot 2024-05-26 (a)'. (in target 'CNIOExtrasZlib' from project 'swift-nio-extras')
note: Using global toolchain override 'Swift 6.0 Development Snapshot 2024-05-26 (a)'. (in target 'CNIOBoringSSLShims' from project 'swift-nio-ssl')
note: Using global toolchain override 'Swift 6.0 Development Snapshot 2024-05-26 (a)'. (in target 'Vapor' from project 'vapor')
note: Using global toolchain override 'Swift 6.0 Development Snapshot 2024-05-26 (a)'. (in target 'S3Signer' from project 'S3Kit')
note: Using global toolchain override 'Swift 6.0 Development Snapshot 2024-05-26 (a)'. (in target 'CBcrypt' from project 'vapor')
note: Using global toolchain override 'Swift 6.0 Development Snapshot 2024-05-26 (a)'. (in target 'XMLCoding' from project 'XMLCoding')
note: Using global toolchain override 'Swift 6.0 Development Snapshot 2024-05-26 (a)'. (in target 'NIOWebSocket' from project 'swift-nio')
note: Using global toolchain override 'Swift 6.0 Development Snapshot 2024-05-26 (a)'. (in target 'NIOConcurrencyHelpers' from project 'swift-nio')
note: Using global toolchain override 'Swift 6.0 Development Snapshot 2024-05-26 (a)'. (in target 'S3Provider' from project 'S3Kit')
note: Using global toolchain override 'Swift 6.0 Development Snapshot 2024-05-26 (a)'. (in target 'ConsoleKit' from project 'console-kit')
note: Using global toolchain override 'Swift 6.0 Development Snapshot 2024-05-26 (a)'. (in target 'NIOHTTP2' from project 'swift-nio-http2')
note: Using global toolchain override 'Swift 6.0 Development Snapshot 2024-05-26 (a)'. (in target 'AsyncKit' from project 'async-kit')
note: Using global toolchain override 'Swift 6.0 Development Snapshot 2024-05-26 (a)'. (in target 'OpenCrypto' from project 'open-crypto')
note: Using global toolchain override 'Swift 6.0 Development Snapshot 2024-05-26 (a)'. (in target 'NIO' from project 'swift-nio')
note: Using global toolchain override 'Swift 6.0 Development Snapshot 2024-05-26 (a)'. (in target 'CNIOSHA1' from project 'swift-nio')
note: Using global toolchain override 'Swift 6.0 Development Snapshot 2024-05-26 (a)'. (in target 'NIOExtras' from project 'swift-nio-extras')
note: Using global toolchain override 'Swift 6.0 Development Snapshot 2024-05-26 (a)'. (in target 'NIOHTTPCompression' from project 'swift-nio-extras')
note: Using global toolchain override 'Swift 6.0 Development Snapshot 2024-05-26 (a)'. (in target 'NIOHTTP2' from project 'swift-nio-http2')
note: Using global toolchain override 'Swift 6.0 Development Snapshot 2024-05-26 (a)'. (in target 'RoutingKit' from project 'routing-kit')
note: Using global toolchain override 'Swift 6.0 Development Snapshot 2024-05-26 (a)'. (in target 'CNIOHTTPParser' from project 'swift-nio')
note: Using global toolchain override 'Swift 6.0 Development Snapshot 2024-05-26 (a)'. (in target 'NIOWebSocket' from project 'swift-nio')
note: Using global toolchain override 'Swift 6.0 Development Snapshot 2024-05-26 (a)'. (in target 'NIO' from project 'swift-nio')
note: Using global toolchain override 'Swift 6.0 Development Snapshot 2024-05-26 (a)'. (in target 'NIOTLS' from project 'swift-nio')
note: Using global toolchain override 'Swift 6.0 Development Snapshot 2024-05-26 (a)'. (in target 'CURLParser' from project 'vapor')
note: Using global toolchain override 'Swift 6.0 Development Snapshot 2024-05-26 (a)'. (in target 'NIOHPACK' from project 'swift-nio-http2')
note: Using global toolchain override 'Swift 6.0 Development Snapshot 2024-05-26 (a)'. (in target 'COpenCrypto' from project 'open-crypto')
note: Using global toolchain override 'Swift 6.0 Development Snapshot 2024-05-26 (a)'. (in target 'NIOSSL' from project 'swift-nio-ssl')
note: Using global toolchain override 'Swift 6.0 Development Snapshot 2024-05-26 (a)'. (in target 'ConsoleKit' from project 'console-kit')
note: Using global toolchain override 'Swift 6.0 Development Snapshot 2024-05-26 (a)'. (in target 'CNIOLinux' from project 'swift-nio')
note: Using global toolchain override 'Swift 6.0 Development Snapshot 2024-05-26 (a)'. (in target 'NIOFoundationCompat' from project 'swift-nio')
note: Using global toolchain override 'Swift 6.0 Development Snapshot 2024-05-26 (a)'. (in target 'AsyncKit' from project 'async-kit')
note: Using global toolchain override 'Swift 6.0 Development Snapshot 2024-05-26 (a)'. (in target 'COpenCryptoOpenSSL' from project 'open-crypto')
note: Using global toolchain override 'Swift 6.0 Development Snapshot 2024-05-26 (a)'. (in target 'NIOHTTPCompression' from project 'swift-nio-extras')
note: Using global toolchain override 'Swift 6.0 Development Snapshot 2024-05-26 (a)'. (in target 'NIOTLS' from project 'swift-nio')
note: Using global toolchain override 'Swift 6.0 Development Snapshot 2024-05-26 (a)'. (in target 'WebErrorKit' from project 'WebError')
note: Using global toolchain override 'Swift 6.0 Development Snapshot 2024-05-26 (a)'. (in target 'NIOExtras' from project 'swift-nio-extras')
note: Using global toolchain override 'Swift 6.0 Development Snapshot 2024-05-26 (a)'. (in target 'AsyncHTTPClient' from project 'async-http-client')
note: Using global toolchain override 'Swift 6.0 Development Snapshot 2024-05-26 (a)'. (in target 'OpenCrypto' from project 'open-crypto')
note: Using global toolchain override 'Swift 6.0 Development Snapshot 2024-05-26 (a)'. (in target 'S3Kit' from project 'S3Kit')
note: Using global toolchain override 'Swift 6.0 Development Snapshot 2024-05-26 (a)'. (in target 'S3DemoRun' from project 'S3Kit')
note: Using global toolchain override 'Swift 6.0 Development Snapshot 2024-05-26 (a)'. (in target 'NIOHTTP1' from project 'swift-nio')
note: Using global toolchain override 'Swift 6.0 Development Snapshot 2024-05-26 (a)'. (in target 'NIOHTTP1' from project 'swift-nio')
note: Using global toolchain override 'Swift 6.0 Development Snapshot 2024-05-26 (a)'. (in target 'S3Signer' from project 'S3Kit')
note: Using global toolchain override 'Swift 6.0 Development Snapshot 2024-05-26 (a)'. (in target 'Vapor' from project 'vapor')
note: Using global toolchain override 'Swift 6.0 Development Snapshot 2024-05-26 (a)'. (in target 'NIOFoundationCompat' from project 'swift-nio')
note: Using global toolchain override 'Swift 6.0 Development Snapshot 2024-05-26 (a)'. (in target 'NIOSSL' from project 'swift-nio-ssl')
note: Using global toolchain override 'Swift 6.0 Development Snapshot 2024-05-26 (a)'. (in target 'CNIOAtomics' from project 'swift-nio')
note: Using global toolchain override 'Swift 6.0 Development Snapshot 2024-05-26 (a)'. (in target 'CNIOBoringSSL' from project 'swift-nio-ssl')
note: Using global toolchain override 'Swift 6.0 Development Snapshot 2024-05-26 (a)'. (in target 'XMLCoding' from project 'XMLCoding')
note: Using global toolchain override 'Swift 6.0 Development Snapshot 2024-05-26 (a)'. (in target 'WebErrorKit' from project 'WebError')
note: Using global toolchain override 'Swift 6.0 Development Snapshot 2024-05-26 (a)'. (in target 'RoutingKit' from project 'routing-kit')
note: Using global toolchain override 'Swift 6.0 Development Snapshot 2024-05-26 (a)'. (in target 'Logging' from project 'swift-log')
note: Using global toolchain override 'Swift 6.0 Development Snapshot 2024-05-26 (a)'. (in target 'HTTPMediaTypes' from project 'HTTPMediaTypes')
note: Using global toolchain override 'Swift 6.0 Development Snapshot 2024-05-26 (a)'. (in target 'COperatingSystem' from project 'vapor')
** BUILD FAILED **
The following build commands failed:
SwiftEmitModule normal arm64 Emitting\ module\ for\ Logging (in target 'Logging' from project 'swift-log')
(1 failure)
BUILD FAILURE 6.0 visionOS