This is a staging environment. For live and up-to-date package information, visit swiftpackageindex.com.

The Swift Package Index logo.Swift Package Index

Track the adoption of Swift 6 strict concurrency checks for data race safety. How many packages are Ready for Swift 6?

Build Information

Failed to build FluxorExplorerSnapshot with Swift 6.0 for watchOS using Xcode 16.0.

Build Command

env DEVELOPER_DIR=/Applications/Xcode-15.3.0.app xcrun --toolchain org.swift.600202405261a xcodebuild -IDEClonedSourcePackagesDirPathOverride=$workDir/.dependencies -skipMacroValidation -skipPackagePluginValidation -derivedDataPath $workDir/.derivedData build -scheme FluxorExplorerSnapshot -destination generic/platform=watchos OTHER_SWIFT_FLAGS=-stats-output-dir .stats -strict-concurrency=complete

Build Log

    cd /Users/admin/builder/spi-builder-workspace/.dependencies/checkouts/Fluxor
    builtin-RegisterExecutionPolicyException /Users/admin/builder/spi-builder-workspace/.derivedData/Build/Products/Debug-watchos/AnyCodable.o
Copy /Users/admin/builder/spi-builder-workspace/.derivedData/Build/Products/Debug-watchos/FluxorExplorerSnapshot.swiftmodule/armv7k-apple-watchos.swiftmodule /Users/admin/builder/spi-builder-workspace/.derivedData/Build/Intermediates.noindex/FluxorExplorerSnapshot.build/Debug-watchos/FluxorExplorerSnapshot.build/Objects-normal/armv7k/FluxorExplorerSnapshot.swiftmodule (in target 'FluxorExplorerSnapshot' from project 'FluxorExplorerSnapshot')
    cd /Users/admin/builder/spi-builder-workspace
    builtin-copy -exclude .DS_Store -exclude CVS -exclude .svn -exclude .git -exclude .hg -resolve-src-symlinks -rename /Users/admin/builder/spi-builder-workspace/.derivedData/Build/Intermediates.noindex/FluxorExplorerSnapshot.build/Debug-watchos/FluxorExplorerSnapshot.build/Objects-normal/armv7k/FluxorExplorerSnapshot.swiftmodule /Users/admin/builder/spi-builder-workspace/.derivedData/Build/Products/Debug-watchos/FluxorExplorerSnapshot.swiftmodule/armv7k-apple-watchos.swiftmodule
Copy /Users/admin/builder/spi-builder-workspace/.derivedData/Build/Products/Debug-watchos/FluxorExplorerSnapshot.swiftmodule/armv7k-apple-watchos.swiftdoc /Users/admin/builder/spi-builder-workspace/.derivedData/Build/Intermediates.noindex/FluxorExplorerSnapshot.build/Debug-watchos/FluxorExplorerSnapshot.build/Objects-normal/armv7k/FluxorExplorerSnapshot.swiftdoc (in target 'FluxorExplorerSnapshot' from project 'FluxorExplorerSnapshot')
    cd /Users/admin/builder/spi-builder-workspace
    builtin-copy -exclude .DS_Store -exclude CVS -exclude .svn -exclude .git -exclude .hg -resolve-src-symlinks -rename /Users/admin/builder/spi-builder-workspace/.derivedData/Build/Intermediates.noindex/FluxorExplorerSnapshot.build/Debug-watchos/FluxorExplorerSnapshot.build/Objects-normal/armv7k/FluxorExplorerSnapshot.swiftdoc /Users/admin/builder/spi-builder-workspace/.derivedData/Build/Products/Debug-watchos/FluxorExplorerSnapshot.swiftmodule/armv7k-apple-watchos.swiftdoc
Copy /Users/admin/builder/spi-builder-workspace/.derivedData/Build/Products/Debug-watchos/FluxorExplorerSnapshot.swiftmodule/armv7k-apple-watchos.abi.json /Users/admin/builder/spi-builder-workspace/.derivedData/Build/Intermediates.noindex/FluxorExplorerSnapshot.build/Debug-watchos/FluxorExplorerSnapshot.build/Objects-normal/armv7k/FluxorExplorerSnapshot.abi.json (in target 'FluxorExplorerSnapshot' from project 'FluxorExplorerSnapshot')
    cd /Users/admin/builder/spi-builder-workspace
    builtin-copy -exclude .DS_Store -exclude CVS -exclude .svn -exclude .git -exclude .hg -resolve-src-symlinks -rename /Users/admin/builder/spi-builder-workspace/.derivedData/Build/Intermediates.noindex/FluxorExplorerSnapshot.build/Debug-watchos/FluxorExplorerSnapshot.build/Objects-normal/armv7k/FluxorExplorerSnapshot.abi.json /Users/admin/builder/spi-builder-workspace/.derivedData/Build/Products/Debug-watchos/FluxorExplorerSnapshot.swiftmodule/armv7k-apple-watchos.abi.json
Copy /Users/admin/builder/spi-builder-workspace/.derivedData/Build/Products/Debug-watchos/FluxorExplorerSnapshot.swiftmodule/arm64-apple-watchos.swiftmodule /Users/admin/builder/spi-builder-workspace/.derivedData/Build/Intermediates.noindex/FluxorExplorerSnapshot.build/Debug-watchos/FluxorExplorerSnapshot.build/Objects-normal/arm64/FluxorExplorerSnapshot.swiftmodule (in target 'FluxorExplorerSnapshot' from project 'FluxorExplorerSnapshot')
    cd /Users/admin/builder/spi-builder-workspace
    builtin-copy -exclude .DS_Store -exclude CVS -exclude .svn -exclude .git -exclude .hg -resolve-src-symlinks -rename /Users/admin/builder/spi-builder-workspace/.derivedData/Build/Intermediates.noindex/FluxorExplorerSnapshot.build/Debug-watchos/FluxorExplorerSnapshot.build/Objects-normal/arm64/FluxorExplorerSnapshot.swiftmodule /Users/admin/builder/spi-builder-workspace/.derivedData/Build/Products/Debug-watchos/FluxorExplorerSnapshot.swiftmodule/arm64-apple-watchos.swiftmodule
SwiftDriverJobDiscovery normal arm64_32 Emitting module for FluxorExplorerSnapshot (in target 'FluxorExplorerSnapshot' from project 'FluxorExplorerSnapshot')
Copy /Users/admin/builder/spi-builder-workspace/.derivedData/Build/Products/Debug-watchos/FluxorExplorerSnapshot.swiftmodule/arm64-apple-watchos.swiftdoc /Users/admin/builder/spi-builder-workspace/.derivedData/Build/Intermediates.noindex/FluxorExplorerSnapshot.build/Debug-watchos/FluxorExplorerSnapshot.build/Objects-normal/arm64/FluxorExplorerSnapshot.swiftdoc (in target 'FluxorExplorerSnapshot' from project 'FluxorExplorerSnapshot')
    cd /Users/admin/builder/spi-builder-workspace
    builtin-copy -exclude .DS_Store -exclude CVS -exclude .svn -exclude .git -exclude .hg -resolve-src-symlinks -rename /Users/admin/builder/spi-builder-workspace/.derivedData/Build/Intermediates.noindex/FluxorExplorerSnapshot.build/Debug-watchos/FluxorExplorerSnapshot.build/Objects-normal/arm64/FluxorExplorerSnapshot.swiftdoc /Users/admin/builder/spi-builder-workspace/.derivedData/Build/Products/Debug-watchos/FluxorExplorerSnapshot.swiftmodule/arm64-apple-watchos.swiftdoc
Copy /Users/admin/builder/spi-builder-workspace/.derivedData/Build/Products/Debug-watchos/FluxorExplorerSnapshot.swiftmodule/arm64-apple-watchos.abi.json /Users/admin/builder/spi-builder-workspace/.derivedData/Build/Intermediates.noindex/FluxorExplorerSnapshot.build/Debug-watchos/FluxorExplorerSnapshot.build/Objects-normal/arm64/FluxorExplorerSnapshot.abi.json (in target 'FluxorExplorerSnapshot' from project 'FluxorExplorerSnapshot')
    cd /Users/admin/builder/spi-builder-workspace
    builtin-copy -exclude .DS_Store -exclude CVS -exclude .svn -exclude .git -exclude .hg -resolve-src-symlinks -rename /Users/admin/builder/spi-builder-workspace/.derivedData/Build/Intermediates.noindex/FluxorExplorerSnapshot.build/Debug-watchos/FluxorExplorerSnapshot.build/Objects-normal/arm64/FluxorExplorerSnapshot.abi.json /Users/admin/builder/spi-builder-workspace/.derivedData/Build/Products/Debug-watchos/FluxorExplorerSnapshot.swiftmodule/arm64-apple-watchos.abi.json
Copy /Users/admin/builder/spi-builder-workspace/.derivedData/Build/Products/Debug-watchos/FluxorExplorerSnapshot.swiftmodule/Project/armv7k-apple-watchos.swiftsourceinfo /Users/admin/builder/spi-builder-workspace/.derivedData/Build/Intermediates.noindex/FluxorExplorerSnapshot.build/Debug-watchos/FluxorExplorerSnapshot.build/Objects-normal/armv7k/FluxorExplorerSnapshot.swiftsourceinfo (in target 'FluxorExplorerSnapshot' from project 'FluxorExplorerSnapshot')
    cd /Users/admin/builder/spi-builder-workspace
    builtin-copy -exclude .DS_Store -exclude CVS -exclude .svn -exclude .git -exclude .hg -resolve-src-symlinks -rename /Users/admin/builder/spi-builder-workspace/.derivedData/Build/Intermediates.noindex/FluxorExplorerSnapshot.build/Debug-watchos/FluxorExplorerSnapshot.build/Objects-normal/armv7k/FluxorExplorerSnapshot.swiftsourceinfo /Users/admin/builder/spi-builder-workspace/.derivedData/Build/Products/Debug-watchos/FluxorExplorerSnapshot.swiftmodule/Project/armv7k-apple-watchos.swiftsourceinfo
SwiftDriver\ Compilation\ Requirements FluxorExplorerSnapshot normal arm64_32 com.apple.xcode.tools.swift.compiler (in target 'FluxorExplorerSnapshot' from project 'FluxorExplorerSnapshot')
    cd /Users/admin/builder/spi-builder-workspace
    builtin-Swift-Compilation-Requirements -- /Library/Developer/Toolchains/swift-6.0-DEVELOPMENT-SNAPSHOT-2024-05-26-a.xctoolchain/usr/bin/swiftc -module-name FluxorExplorerSnapshot -Onone -enforce-exclusivity\=checked @/Users/admin/builder/spi-builder-workspace/.derivedData/Build/Intermediates.noindex/FluxorExplorerSnapshot.build/Debug-watchos/FluxorExplorerSnapshot.build/Objects-normal/arm64_32/FluxorExplorerSnapshot.SwiftFileList -DSWIFT_PACKAGE -DDEBUG -stats-output-dir .stats -strict-concurrency\=complete -sdk /Applications/Xcode-15.3.0.app/Contents/Developer/Platforms/WatchOS.platform/Developer/SDKs/WatchOS10.4.sdk -target arm64_32-apple-watchos6.0 -g -module-cache-path /Users/admin/builder/spi-builder-workspace/.derivedData/ModuleCache.noindex -Xfrontend -serialize-debugging-options -profile-coverage-mapping -profile-generate -enable-testing -index-store-path /Users/admin/builder/spi-builder-workspace/.derivedData/Index.noindex/DataStore -swift-version 5 -I /Users/admin/builder/spi-builder-workspace/.derivedData/Build/Products/Debug-watchos -I /Applications/Xcode-15.3.0.app/Contents/Developer/Platforms/WatchOS.platform/Developer/usr/lib -F /Users/admin/builder/spi-builder-workspace/.derivedData/Build/Products/Debug-watchos/PackageFrameworks -F /Users/admin/builder/spi-builder-workspace/.derivedData/Build/Products/Debug-watchos/PackageFrameworks -F /Users/admin/builder/spi-builder-workspace/.derivedData/Build/Products/Debug-watchos -F /Applications/Xcode-15.3.0.app/Contents/Developer/Platforms/WatchOS.platform/Developer/Library/Frameworks -F /Applications/Xcode-15.3.0.app/Contents/Developer/Platforms/WatchOS.platform/Developer/SDKs/WatchOS10.4.sdk/Developer/Library/Frameworks -parse-as-library -c -j10 -enable-batch-mode -incremental -output-file-map /Users/admin/builder/spi-builder-workspace/.derivedData/Build/Intermediates.noindex/FluxorExplorerSnapshot.build/Debug-watchos/FluxorExplorerSnapshot.build/Objects-normal/arm64_32/FluxorExplorerSnapshot-OutputFileMap.json -use-frontend-parseable-output -save-temps -no-color-diagnostics -serialize-diagnostics -emit-dependencies -emit-module -emit-module-path /Users/admin/builder/spi-builder-workspace/.derivedData/Build/Intermediates.noindex/FluxorExplorerSnapshot.build/Debug-watchos/FluxorExplorerSnapshot.build/Objects-normal/arm64_32/FluxorExplorerSnapshot.swiftmodule -validate-clang-modules-once -clang-build-session-file /Users/admin/builder/spi-builder-workspace/.derivedData/ModuleCache.noindex/Session.modulevalidation -Xcc -I/Users/admin/builder/spi-builder-workspace/.derivedData/Build/Intermediates.noindex/FluxorExplorerSnapshot.build/Debug-watchos/FluxorExplorerSnapshot.build/swift-overrides.hmap -emit-const-values -Xfrontend -const-gather-protocols-file -Xfrontend /Users/admin/builder/spi-builder-workspace/.derivedData/Build/Intermediates.noindex/FluxorExplorerSnapshot.build/Debug-watchos/FluxorExplorerSnapshot.build/Objects-normal/arm64_32/FluxorExplorerSnapshot_const_extract_protocols.json -Xcc -I/Users/admin/builder/spi-builder-workspace/.derivedData/Build/Products/Debug-watchos/include -Xcc -I/Users/admin/builder/spi-builder-workspace/.derivedData/Build/Intermediates.noindex/FluxorExplorerSnapshot.build/Debug-watchos/FluxorExplorerSnapshot.build/DerivedSources-normal/arm64_32 -Xcc -I/Users/admin/builder/spi-builder-workspace/.derivedData/Build/Intermediates.noindex/FluxorExplorerSnapshot.build/Debug-watchos/FluxorExplorerSnapshot.build/DerivedSources/arm64_32 -Xcc -I/Users/admin/builder/spi-builder-workspace/.derivedData/Build/Intermediates.noindex/FluxorExplorerSnapshot.build/Debug-watchos/FluxorExplorerSnapshot.build/DerivedSources -Xcc -DSWIFT_PACKAGE -Xcc -DDEBUG\=1 -emit-objc-header -emit-objc-header-path /Users/admin/builder/spi-builder-workspace/.derivedData/Build/Intermediates.noindex/FluxorExplorerSnapshot.build/Debug-watchos/FluxorExplorerSnapshot.build/Objects-normal/arm64_32/FluxorExplorerSnapshot-Swift.h -working-directory /Users/admin/builder/spi-builder-workspace -experimental-emit-module-separately -disable-cmo
Copy /Users/admin/builder/spi-builder-workspace/.derivedData/Build/Products/Debug-watchos/FluxorExplorerSnapshot.swiftmodule/Project/arm64-apple-watchos.swiftsourceinfo /Users/admin/builder/spi-builder-workspace/.derivedData/Build/Intermediates.noindex/FluxorExplorerSnapshot.build/Debug-watchos/FluxorExplorerSnapshot.build/Objects-normal/arm64/FluxorExplorerSnapshot.swiftsourceinfo (in target 'FluxorExplorerSnapshot' from project 'FluxorExplorerSnapshot')
    cd /Users/admin/builder/spi-builder-workspace
    builtin-copy -exclude .DS_Store -exclude CVS -exclude .svn -exclude .git -exclude .hg -resolve-src-symlinks -rename /Users/admin/builder/spi-builder-workspace/.derivedData/Build/Intermediates.noindex/FluxorExplorerSnapshot.build/Debug-watchos/FluxorExplorerSnapshot.build/Objects-normal/arm64/FluxorExplorerSnapshot.swiftsourceinfo /Users/admin/builder/spi-builder-workspace/.derivedData/Build/Products/Debug-watchos/FluxorExplorerSnapshot.swiftmodule/Project/arm64-apple-watchos.swiftsourceinfo
SwiftMergeGeneratedHeaders /Users/admin/builder/spi-builder-workspace/.derivedData/Build/Intermediates.noindex/GeneratedModuleMaps-watchos/FluxorExplorerSnapshot-Swift.h /Users/admin/builder/spi-builder-workspace/.derivedData/Build/Intermediates.noindex/FluxorExplorerSnapshot.build/Debug-watchos/FluxorExplorerSnapshot.build/Objects-normal/arm64/FluxorExplorerSnapshot-Swift.h /Users/admin/builder/spi-builder-workspace/.derivedData/Build/Intermediates.noindex/FluxorExplorerSnapshot.build/Debug-watchos/FluxorExplorerSnapshot.build/Objects-normal/arm64_32/FluxorExplorerSnapshot-Swift.h /Users/admin/builder/spi-builder-workspace/.derivedData/Build/Intermediates.noindex/FluxorExplorerSnapshot.build/Debug-watchos/FluxorExplorerSnapshot.build/Objects-normal/armv7k/FluxorExplorerSnapshot-Swift.h (in target 'FluxorExplorerSnapshot' from project 'FluxorExplorerSnapshot')
    cd /Users/admin/builder/spi-builder-workspace
    builtin-swiftHeaderTool -arch arm64 /Users/admin/builder/spi-builder-workspace/.derivedData/Build/Intermediates.noindex/FluxorExplorerSnapshot.build/Debug-watchos/FluxorExplorerSnapshot.build/Objects-normal/arm64/FluxorExplorerSnapshot-Swift.h -arch arm64_32 /Users/admin/builder/spi-builder-workspace/.derivedData/Build/Intermediates.noindex/FluxorExplorerSnapshot.build/Debug-watchos/FluxorExplorerSnapshot.build/Objects-normal/arm64_32/FluxorExplorerSnapshot-Swift.h -arch armv7k /Users/admin/builder/spi-builder-workspace/.derivedData/Build/Intermediates.noindex/FluxorExplorerSnapshot.build/Debug-watchos/FluxorExplorerSnapshot.build/Objects-normal/armv7k/FluxorExplorerSnapshot-Swift.h -o /Users/admin/builder/spi-builder-workspace/.derivedData/Build/Intermediates.noindex/GeneratedModuleMaps-watchos/FluxorExplorerSnapshot-Swift.h
Copy /Users/admin/builder/spi-builder-workspace/.derivedData/Build/Products/Debug-watchos/FluxorExplorerSnapshot.swiftmodule/arm64_32-apple-watchos.swiftmodule /Users/admin/builder/spi-builder-workspace/.derivedData/Build/Intermediates.noindex/FluxorExplorerSnapshot.build/Debug-watchos/FluxorExplorerSnapshot.build/Objects-normal/arm64_32/FluxorExplorerSnapshot.swiftmodule (in target 'FluxorExplorerSnapshot' from project 'FluxorExplorerSnapshot')
    cd /Users/admin/builder/spi-builder-workspace
    builtin-copy -exclude .DS_Store -exclude CVS -exclude .svn -exclude .git -exclude .hg -resolve-src-symlinks -rename /Users/admin/builder/spi-builder-workspace/.derivedData/Build/Intermediates.noindex/FluxorExplorerSnapshot.build/Debug-watchos/FluxorExplorerSnapshot.build/Objects-normal/arm64_32/FluxorExplorerSnapshot.swiftmodule /Users/admin/builder/spi-builder-workspace/.derivedData/Build/Products/Debug-watchos/FluxorExplorerSnapshot.swiftmodule/arm64_32-apple-watchos.swiftmodule
Copy /Users/admin/builder/spi-builder-workspace/.derivedData/Build/Products/Debug-watchos/FluxorExplorerSnapshot.swiftmodule/arm64_32-apple-watchos.swiftdoc /Users/admin/builder/spi-builder-workspace/.derivedData/Build/Intermediates.noindex/FluxorExplorerSnapshot.build/Debug-watchos/FluxorExplorerSnapshot.build/Objects-normal/arm64_32/FluxorExplorerSnapshot.swiftdoc (in target 'FluxorExplorerSnapshot' from project 'FluxorExplorerSnapshot')
    cd /Users/admin/builder/spi-builder-workspace
    builtin-copy -exclude .DS_Store -exclude CVS -exclude .svn -exclude .git -exclude .hg -resolve-src-symlinks -rename /Users/admin/builder/spi-builder-workspace/.derivedData/Build/Intermediates.noindex/FluxorExplorerSnapshot.build/Debug-watchos/FluxorExplorerSnapshot.build/Objects-normal/arm64_32/FluxorExplorerSnapshot.swiftdoc /Users/admin/builder/spi-builder-workspace/.derivedData/Build/Products/Debug-watchos/FluxorExplorerSnapshot.swiftmodule/arm64_32-apple-watchos.swiftdoc
Copy /Users/admin/builder/spi-builder-workspace/.derivedData/Build/Products/Debug-watchos/FluxorExplorerSnapshot.swiftmodule/arm64_32-apple-watchos.abi.json /Users/admin/builder/spi-builder-workspace/.derivedData/Build/Intermediates.noindex/FluxorExplorerSnapshot.build/Debug-watchos/FluxorExplorerSnapshot.build/Objects-normal/arm64_32/FluxorExplorerSnapshot.abi.json (in target 'FluxorExplorerSnapshot' from project 'FluxorExplorerSnapshot')
    cd /Users/admin/builder/spi-builder-workspace
    builtin-copy -exclude .DS_Store -exclude CVS -exclude .svn -exclude .git -exclude .hg -resolve-src-symlinks -rename /Users/admin/builder/spi-builder-workspace/.derivedData/Build/Intermediates.noindex/FluxorExplorerSnapshot.build/Debug-watchos/FluxorExplorerSnapshot.build/Objects-normal/arm64_32/FluxorExplorerSnapshot.abi.json /Users/admin/builder/spi-builder-workspace/.derivedData/Build/Products/Debug-watchos/FluxorExplorerSnapshot.swiftmodule/arm64_32-apple-watchos.abi.json
Copy /Users/admin/builder/spi-builder-workspace/.derivedData/Build/Products/Debug-watchos/FluxorExplorerSnapshot.swiftmodule/Project/arm64_32-apple-watchos.swiftsourceinfo /Users/admin/builder/spi-builder-workspace/.derivedData/Build/Intermediates.noindex/FluxorExplorerSnapshot.build/Debug-watchos/FluxorExplorerSnapshot.build/Objects-normal/arm64_32/FluxorExplorerSnapshot.swiftsourceinfo (in target 'FluxorExplorerSnapshot' from project 'FluxorExplorerSnapshot')
    cd /Users/admin/builder/spi-builder-workspace
    builtin-copy -exclude .DS_Store -exclude CVS -exclude .svn -exclude .git -exclude .hg -resolve-src-symlinks -rename /Users/admin/builder/spi-builder-workspace/.derivedData/Build/Intermediates.noindex/FluxorExplorerSnapshot.build/Debug-watchos/FluxorExplorerSnapshot.build/Objects-normal/arm64_32/FluxorExplorerSnapshot.swiftsourceinfo /Users/admin/builder/spi-builder-workspace/.derivedData/Build/Products/Debug-watchos/FluxorExplorerSnapshot.swiftmodule/Project/arm64_32-apple-watchos.swiftsourceinfo
WriteAuxiliaryFile /Users/admin/builder/spi-builder-workspace/.derivedData/Build/Intermediates.noindex/Fluxor.build/Debug-watchos/Fluxor.build/Objects-normal/arm64_32/Fluxor.LinkFileList (in target 'Fluxor' from project 'Fluxor')
    cd /Users/admin/builder/spi-builder-workspace/.dependencies/checkouts/Fluxor
    write-file /Users/admin/builder/spi-builder-workspace/.derivedData/Build/Intermediates.noindex/Fluxor.build/Debug-watchos/Fluxor.build/Objects-normal/arm64_32/Fluxor.LinkFileList
WriteAuxiliaryFile /Users/admin/builder/spi-builder-workspace/.derivedData/Build/Intermediates.noindex/Fluxor.build/Debug-watchos/Fluxor.build/Objects-normal/armv7k/Fluxor.LinkFileList (in target 'Fluxor' from project 'Fluxor')
    cd /Users/admin/builder/spi-builder-workspace/.dependencies/checkouts/Fluxor
    write-file /Users/admin/builder/spi-builder-workspace/.derivedData/Build/Intermediates.noindex/Fluxor.build/Debug-watchos/Fluxor.build/Objects-normal/armv7k/Fluxor.LinkFileList
WriteAuxiliaryFile /Users/admin/builder/spi-builder-workspace/.derivedData/Build/Intermediates.noindex/Fluxor.build/Debug-watchos/Fluxor.build/Objects-normal/arm64/Fluxor.LinkFileList (in target 'Fluxor' from project 'Fluxor')
    cd /Users/admin/builder/spi-builder-workspace/.dependencies/checkouts/Fluxor
    write-file /Users/admin/builder/spi-builder-workspace/.derivedData/Build/Intermediates.noindex/Fluxor.build/Debug-watchos/Fluxor.build/Objects-normal/arm64/Fluxor.LinkFileList
Ld /Users/admin/builder/spi-builder-workspace/.derivedData/Build/Intermediates.noindex/Fluxor.build/Debug-watchos/Fluxor.build/Objects-normal/arm64/Binary/Fluxor.o normal arm64 (in target 'Fluxor' from project 'Fluxor')
    cd /Users/admin/builder/spi-builder-workspace/.dependencies/checkouts/Fluxor
    /Library/Developer/Toolchains/swift-6.0-DEVELOPMENT-SNAPSHOT-2024-05-26-a.xctoolchain/usr/bin/clang -Xlinker -reproducible -target arm64-apple-watchos6.0 -r -isysroot /Applications/Xcode-15.3.0.app/Contents/Developer/Platforms/WatchOS.platform/Developer/SDKs/WatchOS10.4.sdk -O0 -w -L/Users/admin/builder/spi-builder-workspace/.derivedData/Build/Intermediates.noindex/EagerLinkingTBDs/Debug-watchos -L/Users/admin/builder/spi-builder-workspace/.derivedData/Build/Products/Debug-watchos -L/Applications/Xcode-15.3.0.app/Contents/Developer/Platforms/WatchOS.platform/Developer/usr/lib -F/Users/admin/builder/spi-builder-workspace/.derivedData/Build/Intermediates.noindex/EagerLinkingTBDs/Debug-watchos -F/Users/admin/builder/spi-builder-workspace/.derivedData/Build/Products/Debug-watchos/PackageFrameworks -F/Users/admin/builder/spi-builder-workspace/.derivedData/Build/Products/Debug-watchos -iframework /Applications/Xcode-15.3.0.app/Contents/Developer/Platforms/WatchOS.platform/Developer/Library/Frameworks -iframework /Applications/Xcode-15.3.0.app/Contents/Developer/Platforms/WatchOS.platform/Developer/SDKs/WatchOS10.4.sdk/Developer/Library/Frameworks -filelist /Users/admin/builder/spi-builder-workspace/.derivedData/Build/Intermediates.noindex/Fluxor.build/Debug-watchos/Fluxor.build/Objects-normal/arm64/Fluxor.LinkFileList -nostdlib -Xlinker -object_path_lto -Xlinker /Users/admin/builder/spi-builder-workspace/.derivedData/Build/Intermediates.noindex/Fluxor.build/Debug-watchos/Fluxor.build/Objects-normal/arm64/Fluxor_lto.o -Xlinker -export_dynamic -Xlinker -no_deduplicate -Xlinker -debug_variant -fobjc-link-runtime -L/Library/Developer/Toolchains/swift-6.0-DEVELOPMENT-SNAPSHOT-2024-05-26-a.xctoolchain/usr/lib/swift/watchos -L/usr/lib/swift -Xlinker -add_ast_path -Xlinker /Users/admin/builder/spi-builder-workspace/.derivedData/Build/Intermediates.noindex/Fluxor.build/Debug-watchos/Fluxor.build/Objects-normal/arm64/Fluxor.swiftmodule -Xlinker -dependency_info -Xlinker /Users/admin/builder/spi-builder-workspace/.derivedData/Build/Intermediates.noindex/Fluxor.build/Debug-watchos/Fluxor.build/Objects-normal/arm64/Fluxor_dependency_info.dat -o /Users/admin/builder/spi-builder-workspace/.derivedData/Build/Intermediates.noindex/Fluxor.build/Debug-watchos/Fluxor.build/Objects-normal/arm64/Binary/Fluxor.o
WriteAuxiliaryFile /Users/admin/builder/spi-builder-workspace/.derivedData/Build/Intermediates.noindex/FluxorExplorerSnapshot.build/Debug-watchos/FluxorExplorerSnapshotTests.build/Objects-normal/armv7k/FluxorExplorerSnapshotTests_const_extract_protocols.json (in target 'FluxorExplorerSnapshotTests' from project 'FluxorExplorerSnapshot')
    cd /Users/admin/builder/spi-builder-workspace
    write-file /Users/admin/builder/spi-builder-workspace/.derivedData/Build/Intermediates.noindex/FluxorExplorerSnapshot.build/Debug-watchos/FluxorExplorerSnapshotTests.build/Objects-normal/armv7k/FluxorExplorerSnapshotTests_const_extract_protocols.json
WriteAuxiliaryFile /Users/admin/builder/spi-builder-workspace/.derivedData/Build/Intermediates.noindex/FluxorExplorerSnapshot.build/Debug-watchos/FluxorExplorerSnapshotTests.build/Objects-normal/armv7k/FluxorExplorerSnapshotTests.SwiftFileList (in target 'FluxorExplorerSnapshotTests' from project 'FluxorExplorerSnapshot')
    cd /Users/admin/builder/spi-builder-workspace
    write-file /Users/admin/builder/spi-builder-workspace/.derivedData/Build/Intermediates.noindex/FluxorExplorerSnapshot.build/Debug-watchos/FluxorExplorerSnapshotTests.build/Objects-normal/armv7k/FluxorExplorerSnapshotTests.SwiftFileList
WriteAuxiliaryFile /Users/admin/builder/spi-builder-workspace/.derivedData/Build/Intermediates.noindex/FluxorExplorerSnapshot.build/Debug-watchos/FluxorExplorerSnapshotTests.build/Objects-normal/armv7k/FluxorExplorerSnapshotTests-OutputFileMap.json (in target 'FluxorExplorerSnapshotTests' from project 'FluxorExplorerSnapshot')
    cd /Users/admin/builder/spi-builder-workspace
    write-file /Users/admin/builder/spi-builder-workspace/.derivedData/Build/Intermediates.noindex/FluxorExplorerSnapshot.build/Debug-watchos/FluxorExplorerSnapshotTests.build/Objects-normal/armv7k/FluxorExplorerSnapshotTests-OutputFileMap.json
WriteAuxiliaryFile /Users/admin/builder/spi-builder-workspace/.derivedData/Build/Intermediates.noindex/FluxorExplorerSnapshot.build/Debug-watchos/FluxorExplorerSnapshotTests.build/Objects-normal/arm64_32/FluxorExplorerSnapshotTests_const_extract_protocols.json (in target 'FluxorExplorerSnapshotTests' from project 'FluxorExplorerSnapshot')
    cd /Users/admin/builder/spi-builder-workspace
    write-file /Users/admin/builder/spi-builder-workspace/.derivedData/Build/Intermediates.noindex/FluxorExplorerSnapshot.build/Debug-watchos/FluxorExplorerSnapshotTests.build/Objects-normal/arm64_32/FluxorExplorerSnapshotTests_const_extract_protocols.json
WriteAuxiliaryFile /Users/admin/builder/spi-builder-workspace/.derivedData/Build/Intermediates.noindex/FluxorExplorerSnapshot.build/Debug-watchos/FluxorExplorerSnapshotTests.build/Objects-normal/arm64_32/FluxorExplorerSnapshotTests.SwiftFileList (in target 'FluxorExplorerSnapshotTests' from project 'FluxorExplorerSnapshot')
    cd /Users/admin/builder/spi-builder-workspace
    write-file /Users/admin/builder/spi-builder-workspace/.derivedData/Build/Intermediates.noindex/FluxorExplorerSnapshot.build/Debug-watchos/FluxorExplorerSnapshotTests.build/Objects-normal/arm64_32/FluxorExplorerSnapshotTests.SwiftFileList
WriteAuxiliaryFile /Users/admin/builder/spi-builder-workspace/.derivedData/Build/Intermediates.noindex/FluxorExplorerSnapshot.build/Debug-watchos/FluxorExplorerSnapshotTests.build/Objects-normal/arm64_32/FluxorExplorerSnapshotTests-OutputFileMap.json (in target 'FluxorExplorerSnapshotTests' from project 'FluxorExplorerSnapshot')
    cd /Users/admin/builder/spi-builder-workspace
    write-file /Users/admin/builder/spi-builder-workspace/.derivedData/Build/Intermediates.noindex/FluxorExplorerSnapshot.build/Debug-watchos/FluxorExplorerSnapshotTests.build/Objects-normal/arm64_32/FluxorExplorerSnapshotTests-OutputFileMap.json
WriteAuxiliaryFile /Users/admin/builder/spi-builder-workspace/.derivedData/Build/Intermediates.noindex/FluxorExplorerSnapshot.build/Debug-watchos/FluxorExplorerSnapshotTests.build/Objects-normal/arm64/FluxorExplorerSnapshotTests_const_extract_protocols.json (in target 'FluxorExplorerSnapshotTests' from project 'FluxorExplorerSnapshot')
    cd /Users/admin/builder/spi-builder-workspace
    write-file /Users/admin/builder/spi-builder-workspace/.derivedData/Build/Intermediates.noindex/FluxorExplorerSnapshot.build/Debug-watchos/FluxorExplorerSnapshotTests.build/Objects-normal/arm64/FluxorExplorerSnapshotTests_const_extract_protocols.json
WriteAuxiliaryFile /Users/admin/builder/spi-builder-workspace/.derivedData/Build/Intermediates.noindex/FluxorExplorerSnapshot.build/Debug-watchos/FluxorExplorerSnapshotTests.build/Objects-normal/arm64/FluxorExplorerSnapshotTests.SwiftFileList (in target 'FluxorExplorerSnapshotTests' from project 'FluxorExplorerSnapshot')
    cd /Users/admin/builder/spi-builder-workspace
    write-file /Users/admin/builder/spi-builder-workspace/.derivedData/Build/Intermediates.noindex/FluxorExplorerSnapshot.build/Debug-watchos/FluxorExplorerSnapshotTests.build/Objects-normal/arm64/FluxorExplorerSnapshotTests.SwiftFileList
WriteAuxiliaryFile /Users/admin/builder/spi-builder-workspace/.derivedData/Build/Intermediates.noindex/FluxorExplorerSnapshot.build/Debug-watchos/FluxorExplorerSnapshotTests.build/Objects-normal/arm64/FluxorExplorerSnapshotTests-OutputFileMap.json (in target 'FluxorExplorerSnapshotTests' from project 'FluxorExplorerSnapshot')
    cd /Users/admin/builder/spi-builder-workspace
    write-file /Users/admin/builder/spi-builder-workspace/.derivedData/Build/Intermediates.noindex/FluxorExplorerSnapshot.build/Debug-watchos/FluxorExplorerSnapshotTests.build/Objects-normal/arm64/FluxorExplorerSnapshotTests-OutputFileMap.json
SwiftDriver FluxorExplorerSnapshotTests normal armv7k com.apple.xcode.tools.swift.compiler (in target 'FluxorExplorerSnapshotTests' from project 'FluxorExplorerSnapshot')
    cd /Users/admin/builder/spi-builder-workspace
    builtin-SwiftDriver -- /Library/Developer/Toolchains/swift-6.0-DEVELOPMENT-SNAPSHOT-2024-05-26-a.xctoolchain/usr/bin/swiftc -module-name FluxorExplorerSnapshotTests -Onone -enforce-exclusivity\=checked @/Users/admin/builder/spi-builder-workspace/.derivedData/Build/Intermediates.noindex/FluxorExplorerSnapshot.build/Debug-watchos/FluxorExplorerSnapshotTests.build/Objects-normal/armv7k/FluxorExplorerSnapshotTests.SwiftFileList -DSWIFT_PACKAGE -DDEBUG -stats-output-dir .stats -strict-concurrency\=complete -sdk /Applications/Xcode-15.3.0.app/Contents/Developer/Platforms/WatchOS.platform/Developer/SDKs/WatchOS10.4.sdk -target armv7k-apple-watchos6.0 -g -module-cache-path /Users/admin/builder/spi-builder-workspace/.derivedData/ModuleCache.noindex -Xfrontend -serialize-debugging-options -profile-coverage-mapping -profile-generate -enable-testing -index-store-path /Users/admin/builder/spi-builder-workspace/.derivedData/Index.noindex/DataStore -swift-version 5 -I /Users/admin/builder/spi-builder-workspace/.derivedData/Build/Products/Debug-watchos -I /Applications/Xcode-15.3.0.app/Contents/Developer/Platforms/WatchOS.platform/Developer/usr/lib -F /Users/admin/builder/spi-builder-workspace/.derivedData/Build/Products/Debug-watchos/PackageFrameworks -F /Users/admin/builder/spi-builder-workspace/.derivedData/Build/Products/Debug-watchos/PackageFrameworks -F /Users/admin/builder/spi-builder-workspace/.derivedData/Build/Products/Debug-watchos/PackageFrameworks -F /Users/admin/builder/spi-builder-workspace/.derivedData/Build/Products/Debug-watchos -F /Applications/Xcode-15.3.0.app/Contents/Developer/Platforms/WatchOS.platform/Developer/Library/Frameworks -F /Applications/Xcode-15.3.0.app/Contents/Developer/Platforms/WatchOS.platform/Developer/SDKs/WatchOS10.4.sdk/Developer/Library/Frameworks -parse-as-library -c -j10 -enable-batch-mode -incremental -output-file-map /Users/admin/builder/spi-builder-workspace/.derivedData/Build/Intermediates.noindex/FluxorExplorerSnapshot.build/Debug-watchos/FluxorExplorerSnapshotTests.build/Objects-normal/armv7k/FluxorExplorerSnapshotTests-OutputFileMap.json -use-frontend-parseable-output -save-temps -no-color-diagnostics -serialize-diagnostics -emit-dependencies -emit-module -emit-module-path /Users/admin/builder/spi-builder-workspace/.derivedData/Build/Intermediates.noindex/FluxorExplorerSnapshot.build/Debug-watchos/FluxorExplorerSnapshotTests.build/Objects-normal/armv7k/FluxorExplorerSnapshotTests.swiftmodule -validate-clang-modules-once -clang-build-session-file /Users/admin/builder/spi-builder-workspace/.derivedData/ModuleCache.noindex/Session.modulevalidation -emit-const-values -Xfrontend -const-gather-protocols-file -Xfrontend /Users/admin/builder/spi-builder-workspace/.derivedData/Build/Intermediates.noindex/FluxorExplorerSnapshot.build/Debug-watchos/FluxorExplorerSnapshotTests.build/Objects-normal/armv7k/FluxorExplorerSnapshotTests_const_extract_protocols.json -Xcc -I/Users/admin/builder/spi-builder-workspace/.derivedData/Build/Products/Debug-watchos/include -Xcc -I/Users/admin/builder/spi-builder-workspace/.derivedData/Build/Intermediates.noindex/FluxorExplorerSnapshot.build/Debug-watchos/FluxorExplorerSnapshotTests.build/DerivedSources-normal/armv7k -Xcc -I/Users/admin/builder/spi-builder-workspace/.derivedData/Build/Intermediates.noindex/FluxorExplorerSnapshot.build/Debug-watchos/FluxorExplorerSnapshotTests.build/DerivedSources/armv7k -Xcc -I/Users/admin/builder/spi-builder-workspace/.derivedData/Build/Intermediates.noindex/FluxorExplorerSnapshot.build/Debug-watchos/FluxorExplorerSnapshotTests.build/DerivedSources -Xcc -DSWIFT_PACKAGE -Xcc -DDEBUG\=1 -working-directory /Users/admin/builder/spi-builder-workspace -experimental-emit-module-separately -disable-cmo
SwiftDriver FluxorExplorerSnapshotTests normal arm64 com.apple.xcode.tools.swift.compiler (in target 'FluxorExplorerSnapshotTests' from project 'FluxorExplorerSnapshot')
    cd /Users/admin/builder/spi-builder-workspace
    builtin-SwiftDriver -- /Library/Developer/Toolchains/swift-6.0-DEVELOPMENT-SNAPSHOT-2024-05-26-a.xctoolchain/usr/bin/swiftc -module-name FluxorExplorerSnapshotTests -Onone -enforce-exclusivity\=checked @/Users/admin/builder/spi-builder-workspace/.derivedData/Build/Intermediates.noindex/FluxorExplorerSnapshot.build/Debug-watchos/FluxorExplorerSnapshotTests.build/Objects-normal/arm64/FluxorExplorerSnapshotTests.SwiftFileList -DSWIFT_PACKAGE -DDEBUG -stats-output-dir .stats -strict-concurrency\=complete -sdk /Applications/Xcode-15.3.0.app/Contents/Developer/Platforms/WatchOS.platform/Developer/SDKs/WatchOS10.4.sdk -target arm64-apple-watchos6.0 -g -module-cache-path /Users/admin/builder/spi-builder-workspace/.derivedData/ModuleCache.noindex -Xfrontend -serialize-debugging-options -profile-coverage-mapping -profile-generate -enable-testing -index-store-path /Users/admin/builder/spi-builder-workspace/.derivedData/Index.noindex/DataStore -swift-version 5 -I /Users/admin/builder/spi-builder-workspace/.derivedData/Build/Products/Debug-watchos -I /Applications/Xcode-15.3.0.app/Contents/Developer/Platforms/WatchOS.platform/Developer/usr/lib -F /Users/admin/builder/spi-builder-workspace/.derivedData/Build/Products/Debug-watchos/PackageFrameworks -F /Users/admin/builder/spi-builder-workspace/.derivedData/Build/Products/Debug-watchos/PackageFrameworks -F /Users/admin/builder/spi-builder-workspace/.derivedData/Build/Products/Debug-watchos/PackageFrameworks -F /Users/admin/builder/spi-builder-workspace/.derivedData/Build/Products/Debug-watchos -F /Applications/Xcode-15.3.0.app/Contents/Developer/Platforms/WatchOS.platform/Developer/Library/Frameworks -F /Applications/Xcode-15.3.0.app/Contents/Developer/Platforms/WatchOS.platform/Developer/SDKs/WatchOS10.4.sdk/Developer/Library/Frameworks -parse-as-library -c -j10 -enable-batch-mode -incremental -output-file-map /Users/admin/builder/spi-builder-workspace/.derivedData/Build/Intermediates.noindex/FluxorExplorerSnapshot.build/Debug-watchos/FluxorExplorerSnapshotTests.build/Objects-normal/arm64/FluxorExplorerSnapshotTests-OutputFileMap.json -use-frontend-parseable-output -save-temps -no-color-diagnostics -serialize-diagnostics -emit-dependencies -emit-module -emit-module-path /Users/admin/builder/spi-builder-workspace/.derivedData/Build/Intermediates.noindex/FluxorExplorerSnapshot.build/Debug-watchos/FluxorExplorerSnapshotTests.build/Objects-normal/arm64/FluxorExplorerSnapshotTests.swiftmodule -validate-clang-modules-once -clang-build-session-file /Users/admin/builder/spi-builder-workspace/.derivedData/ModuleCache.noindex/Session.modulevalidation -emit-const-values -Xfrontend -const-gather-protocols-file -Xfrontend /Users/admin/builder/spi-builder-workspace/.derivedData/Build/Intermediates.noindex/FluxorExplorerSnapshot.build/Debug-watchos/FluxorExplorerSnapshotTests.build/Objects-normal/arm64/FluxorExplorerSnapshotTests_const_extract_protocols.json -Xcc -I/Users/admin/builder/spi-builder-workspace/.derivedData/Build/Products/Debug-watchos/include -Xcc -I/Users/admin/builder/spi-builder-workspace/.derivedData/Build/Intermediates.noindex/FluxorExplorerSnapshot.build/Debug-watchos/FluxorExplorerSnapshotTests.build/DerivedSources-normal/arm64 -Xcc -I/Users/admin/builder/spi-builder-workspace/.derivedData/Build/Intermediates.noindex/FluxorExplorerSnapshot.build/Debug-watchos/FluxorExplorerSnapshotTests.build/DerivedSources/arm64 -Xcc -I/Users/admin/builder/spi-builder-workspace/.derivedData/Build/Intermediates.noindex/FluxorExplorerSnapshot.build/Debug-watchos/FluxorExplorerSnapshotTests.build/DerivedSources -Xcc -DSWIFT_PACKAGE -Xcc -DDEBUG\=1 -working-directory /Users/admin/builder/spi-builder-workspace -experimental-emit-module-separately -disable-cmo
SwiftDriver FluxorExplorerSnapshotTests normal arm64_32 com.apple.xcode.tools.swift.compiler (in target 'FluxorExplorerSnapshotTests' from project 'FluxorExplorerSnapshot')
    cd /Users/admin/builder/spi-builder-workspace
    builtin-SwiftDriver -- /Library/Developer/Toolchains/swift-6.0-DEVELOPMENT-SNAPSHOT-2024-05-26-a.xctoolchain/usr/bin/swiftc -module-name FluxorExplorerSnapshotTests -Onone -enforce-exclusivity\=checked @/Users/admin/builder/spi-builder-workspace/.derivedData/Build/Intermediates.noindex/FluxorExplorerSnapshot.build/Debug-watchos/FluxorExplorerSnapshotTests.build/Objects-normal/arm64_32/FluxorExplorerSnapshotTests.SwiftFileList -DSWIFT_PACKAGE -DDEBUG -stats-output-dir .stats -strict-concurrency\=complete -sdk /Applications/Xcode-15.3.0.app/Contents/Developer/Platforms/WatchOS.platform/Developer/SDKs/WatchOS10.4.sdk -target arm64_32-apple-watchos6.0 -g -module-cache-path /Users/admin/builder/spi-builder-workspace/.derivedData/ModuleCache.noindex -Xfrontend -serialize-debugging-options -profile-coverage-mapping -profile-generate -enable-testing -index-store-path /Users/admin/builder/spi-builder-workspace/.derivedData/Index.noindex/DataStore -swift-version 5 -I /Users/admin/builder/spi-builder-workspace/.derivedData/Build/Products/Debug-watchos -I /Applications/Xcode-15.3.0.app/Contents/Developer/Platforms/WatchOS.platform/Developer/usr/lib -F /Users/admin/builder/spi-builder-workspace/.derivedData/Build/Products/Debug-watchos/PackageFrameworks -F /Users/admin/builder/spi-builder-workspace/.derivedData/Build/Products/Debug-watchos/PackageFrameworks -F /Users/admin/builder/spi-builder-workspace/.derivedData/Build/Products/Debug-watchos/PackageFrameworks -F /Users/admin/builder/spi-builder-workspace/.derivedData/Build/Products/Debug-watchos -F /Applications/Xcode-15.3.0.app/Contents/Developer/Platforms/WatchOS.platform/Developer/Library/Frameworks -F /Applications/Xcode-15.3.0.app/Contents/Developer/Platforms/WatchOS.platform/Developer/SDKs/WatchOS10.4.sdk/Developer/Library/Frameworks -parse-as-library -c -j10 -enable-batch-mode -incremental -output-file-map /Users/admin/builder/spi-builder-workspace/.derivedData/Build/Intermediates.noindex/FluxorExplorerSnapshot.build/Debug-watchos/FluxorExplorerSnapshotTests.build/Objects-normal/arm64_32/FluxorExplorerSnapshotTests-OutputFileMap.json -use-frontend-parseable-output -save-temps -no-color-diagnostics -serialize-diagnostics -emit-dependencies -emit-module -emit-module-path /Users/admin/builder/spi-builder-workspace/.derivedData/Build/Intermediates.noindex/FluxorExplorerSnapshot.build/Debug-watchos/FluxorExplorerSnapshotTests.build/Objects-normal/arm64_32/FluxorExplorerSnapshotTests.swiftmodule -validate-clang-modules-once -clang-build-session-file /Users/admin/builder/spi-builder-workspace/.derivedData/ModuleCache.noindex/Session.modulevalidation -emit-const-values -Xfrontend -const-gather-protocols-file -Xfrontend /Users/admin/builder/spi-builder-workspace/.derivedData/Build/Intermediates.noindex/FluxorExplorerSnapshot.build/Debug-watchos/FluxorExplorerSnapshotTests.build/Objects-normal/arm64_32/FluxorExplorerSnapshotTests_const_extract_protocols.json -Xcc -I/Users/admin/builder/spi-builder-workspace/.derivedData/Build/Products/Debug-watchos/include -Xcc -I/Users/admin/builder/spi-builder-workspace/.derivedData/Build/Intermediates.noindex/FluxorExplorerSnapshot.build/Debug-watchos/FluxorExplorerSnapshotTests.build/DerivedSources-normal/arm64_32 -Xcc -I/Users/admin/builder/spi-builder-workspace/.derivedData/Build/Intermediates.noindex/FluxorExplorerSnapshot.build/Debug-watchos/FluxorExplorerSnapshotTests.build/DerivedSources/arm64_32 -Xcc -I/Users/admin/builder/spi-builder-workspace/.derivedData/Build/Intermediates.noindex/FluxorExplorerSnapshot.build/Debug-watchos/FluxorExplorerSnapshotTests.build/DerivedSources -Xcc -DSWIFT_PACKAGE -Xcc -DDEBUG\=1 -working-directory /Users/admin/builder/spi-builder-workspace -experimental-emit-module-separately -disable-cmo
SwiftEmitModule normal armv7k Emitting\ module\ for\ FluxorExplorerSnapshotTests (in target 'FluxorExplorerSnapshotTests' from project 'FluxorExplorerSnapshot')
    cd /Users/admin/builder/spi-builder-workspace
    builtin-swiftTaskExecution -- /Library/Developer/Toolchains/swift-6.0-DEVELOPMENT-SNAPSHOT-2024-05-26-a.xctoolchain/usr/bin/swift-frontend -frontend -emit-module -experimental-skip-non-inlinable-function-bodies-without-types /Users/admin/builder/spi-builder-workspace/Tests/FluxorExplorerSnapshotTests/FluxorExplorerSnapshotTests.swift -target armv7k-apple-watchos6.0 -enable-objc-interop -sdk /Applications/Xcode-15.3.0.app/Contents/Developer/Platforms/WatchOS.platform/Developer/SDKs/WatchOS10.4.sdk -I /Users/admin/builder/spi-builder-workspace/.derivedData/Build/Products/Debug-watchos -I /Applications/Xcode-15.3.0.app/Contents/Developer/Platforms/WatchOS.platform/Developer/usr/lib -F /Users/admin/builder/spi-builder-workspace/.derivedData/Build/Products/Debug-watchos/PackageFrameworks -F /Users/admin/builder/spi-builder-workspace/.derivedData/Build/Products/Debug-watchos/PackageFrameworks -F /Users/admin/builder/spi-builder-workspace/.derivedData/Build/Products/Debug-watchos/PackageFrameworks -F /Users/admin/builder/spi-builder-workspace/.derivedData/Build/Products/Debug-watchos -F /Applications/Xcode-15.3.0.app/Contents/Developer/Platforms/WatchOS.platform/Developer/Library/Frameworks -F /Applications/Xcode-15.3.0.app/Contents/Developer/Platforms/WatchOS.platform/Developer/SDKs/WatchOS10.4.sdk/Developer/Library/Frameworks -no-color-diagnostics -enable-testing -g -module-cache-path /Users/admin/builder/spi-builder-workspace/.derivedData/ModuleCache.noindex -profile-generate -profile-coverage-mapping -swift-version 5 -enforce-exclusivity\=checked -stats-output-dir /Users/admin/builder/spi-builder-workspace/.stats -Onone -D SWIFT_PACKAGE -D DEBUG -serialize-debugging-options -const-gather-protocols-file /Users/admin/builder/spi-builder-workspace/.derivedData/Build/Intermediates.noindex/FluxorExplorerSnapshot.build/Debug-watchos/FluxorExplorerSnapshotTests.build/Objects-normal/armv7k/FluxorExplorerSnapshotTests_const_extract_protocols.json -strict-concurrency\=complete -empty-abi-descriptor -validate-clang-modules-once -clang-build-session-file /Users/admin/builder/spi-builder-workspace/.derivedData/ModuleCache.noindex/Session.modulevalidation -Xcc -working-directory -Xcc /Users/admin/builder/spi-builder-workspace -resource-dir /Library/Developer/Toolchains/swift-6.0-DEVELOPMENT-SNAPSHOT-2024-05-26-a.xctoolchain/usr/lib/swift -enable-anonymous-context-mangled-names -Xcc -I/Users/admin/builder/spi-builder-workspace/.derivedData/Build/Products/Debug-watchos/include -Xcc -I/Users/admin/builder/spi-builder-workspace/.derivedData/Build/Intermediates.noindex/FluxorExplorerSnapshot.build/Debug-watchos/FluxorExplorerSnapshotTests.build/DerivedSources-normal/armv7k -Xcc -I/Users/admin/builder/spi-builder-workspace/.derivedData/Build/Intermediates.noindex/FluxorExplorerSnapshot.build/Debug-watchos/FluxorExplorerSnapshotTests.build/DerivedSources/armv7k -Xcc -I/Users/admin/builder/spi-builder-workspace/.derivedData/Build/Intermediates.noindex/FluxorExplorerSnapshot.build/Debug-watchos/FluxorExplorerSnapshotTests.build/DerivedSources -Xcc -DSWIFT_PACKAGE -Xcc -DDEBUG\=1 -module-name FluxorExplorerSnapshotTests -disable-clang-spi -target-sdk-version 10.4 -target-sdk-name watchos10.4 -external-plugin-path /Applications/Xcode-15.3.0.app/Contents/Developer/Platforms/WatchOS.platform/Developer/SDKs/WatchOS10.4.sdk/usr/lib/swift/host/plugins\#/Applications/Xcode-15.3.0.app/Contents/Developer/Platforms/WatchOS.platform/Developer/SDKs/WatchOS10.4.sdk/usr/bin/swift-plugin-server -external-plugin-path /Applications/Xcode-15.3.0.app/Contents/Developer/Platforms/WatchOS.platform/Developer/SDKs/WatchOS10.4.sdk/usr/local/lib/swift/host/plugins\#/Applications/Xcode-15.3.0.app/Contents/Developer/Platforms/WatchOS.platform/Developer/SDKs/WatchOS10.4.sdk/usr/bin/swift-plugin-server -external-plugin-path /Applications/Xcode-15.3.0.app/Contents/Developer/Platforms/WatchOS.platform/Developer/usr/lib/swift/host/plugins\#/Applications/Xcode-15.3.0.app/Contents/Developer/Platforms/WatchOS.platform/Developer/usr/bin/swift-plugin-server -external-plugin-path /Applications/Xcode-15.3.0.app/Contents/Developer/Platforms/WatchOS.platform/Developer/usr/local/lib/swift/host/plugins\#/Applications/Xcode-15.3.0.app/Contents/Developer/Platforms/WatchOS.platform/Developer/usr/bin/swift-plugin-server -plugin-path /Library/Developer/Toolchains/swift-6.0-DEVELOPMENT-SNAPSHOT-2024-05-26-a.xctoolchain/usr/lib/swift/host/plugins -plugin-path /Library/Developer/Toolchains/swift-6.0-DEVELOPMENT-SNAPSHOT-2024-05-26-a.xctoolchain/usr/local/lib/swift/host/plugins -emit-module-doc-path /Users/admin/builder/spi-builder-workspace/.derivedData/Build/Intermediates.noindex/FluxorExplorerSnapshot.build/Debug-watchos/FluxorExplorerSnapshotTests.build/Objects-normal/armv7k/FluxorExplorerSnapshotTests.swiftdoc -emit-module-source-info-path /Users/admin/builder/spi-builder-workspace/.derivedData/Build/Intermediates.noindex/FluxorExplorerSnapshot.build/Debug-watchos/FluxorExplorerSnapshotTests.build/Objects-normal/armv7k/FluxorExplorerSnapshotTests.swiftsourceinfo -serialize-diagnostics-path /Users/admin/builder/spi-builder-workspace/.derivedData/Build/Intermediates.noindex/FluxorExplorerSnapshot.build/Debug-watchos/FluxorExplorerSnapshotTests.build/Objects-normal/armv7k/FluxorExplorerSnapshotTests-master-emit-module.dia -emit-dependencies-path /Users/admin/builder/spi-builder-workspace/.derivedData/Build/Intermediates.noindex/FluxorExplorerSnapshot.build/Debug-watchos/FluxorExplorerSnapshotTests.build/Objects-normal/armv7k/FluxorExplorerSnapshotTests-master-emit-module.d -parse-as-library -o /Users/admin/builder/spi-builder-workspace/.derivedData/Build/Intermediates.noindex/FluxorExplorerSnapshot.build/Debug-watchos/FluxorExplorerSnapshotTests.build/Objects-normal/armv7k/FluxorExplorerSnapshotTests.swiftmodule -emit-abi-descriptor-path /Users/admin/builder/spi-builder-workspace/.derivedData/Build/Intermediates.noindex/FluxorExplorerSnapshot.build/Debug-watchos/FluxorExplorerSnapshotTests.build/Objects-normal/armv7k/FluxorExplorerSnapshotTests.abi.json
SwiftCompile normal armv7k Compiling\ FluxorExplorerSnapshotTests.swift /Users/admin/builder/spi-builder-workspace/Tests/FluxorExplorerSnapshotTests/FluxorExplorerSnapshotTests.swift (in target 'FluxorExplorerSnapshotTests' from project 'FluxorExplorerSnapshot')
    cd /Users/admin/builder/spi-builder-workspace
    builtin-swiftTaskExecution -- /Library/Developer/Toolchains/swift-6.0-DEVELOPMENT-SNAPSHOT-2024-05-26-a.xctoolchain/usr/bin/swift-frontend -frontend -c -primary-file /Users/admin/builder/spi-builder-workspace/Tests/FluxorExplorerSnapshotTests/FluxorExplorerSnapshotTests.swift -emit-dependencies-path /Users/admin/builder/spi-builder-workspace/.derivedData/Build/Intermediates.noindex/FluxorExplorerSnapshot.build/Debug-watchos/FluxorExplorerSnapshotTests.build/Objects-normal/armv7k/FluxorExplorerSnapshotTests.d -emit-const-values-path /Users/admin/builder/spi-builder-workspace/.derivedData/Build/Intermediates.noindex/FluxorExplorerSnapshot.build/Debug-watchos/FluxorExplorerSnapshotTests.build/Objects-normal/armv7k/FluxorExplorerSnapshotTests.swiftconstvalues -emit-reference-dependencies-path /Users/admin/builder/spi-builder-workspace/.derivedData/Build/Intermediates.noindex/FluxorExplorerSnapshot.build/Debug-watchos/FluxorExplorerSnapshotTests.build/Objects-normal/armv7k/FluxorExplorerSnapshotTests.swiftdeps -serialize-diagnostics-path /Users/admin/builder/spi-builder-workspace/.derivedData/Build/Intermediates.noindex/FluxorExplorerSnapshot.build/Debug-watchos/FluxorExplorerSnapshotTests.build/Objects-normal/armv7k/FluxorExplorerSnapshotTests.dia -target armv7k-apple-watchos6.0 -enable-objc-interop -sdk /Applications/Xcode-15.3.0.app/Contents/Developer/Platforms/WatchOS.platform/Developer/SDKs/WatchOS10.4.sdk -I /Users/admin/builder/spi-builder-workspace/.derivedData/Build/Products/Debug-watchos -I /Applications/Xcode-15.3.0.app/Contents/Developer/Platforms/WatchOS.platform/Developer/usr/lib -F /Users/admin/builder/spi-builder-workspace/.derivedData/Build/Products/Debug-watchos/PackageFrameworks -F /Users/admin/builder/spi-builder-workspace/.derivedData/Build/Products/Debug-watchos/PackageFrameworks -F /Users/admin/builder/spi-builder-workspace/.derivedData/Build/Products/Debug-watchos/PackageFrameworks -F /Users/admin/builder/spi-builder-workspace/.derivedData/Build/Products/Debug-watchos -F /Applications/Xcode-15.3.0.app/Contents/Developer/Platforms/WatchOS.platform/Developer/Library/Frameworks -F /Applications/Xcode-15.3.0.app/Contents/Developer/Platforms/WatchOS.platform/Developer/SDKs/WatchOS10.4.sdk/Developer/Library/Frameworks -no-color-diagnostics -enable-testing -g -module-cache-path /Users/admin/builder/spi-builder-workspace/.derivedData/ModuleCache.noindex -profile-generate -profile-coverage-mapping -swift-version 5 -enforce-exclusivity\=checked -stats-output-dir /Users/admin/builder/spi-builder-workspace/.stats -Onone -D SWIFT_PACKAGE -D DEBUG -serialize-debugging-options -const-gather-protocols-file /Users/admin/builder/spi-builder-workspace/.derivedData/Build/Intermediates.noindex/FluxorExplorerSnapshot.build/Debug-watchos/FluxorExplorerSnapshotTests.build/Objects-normal/armv7k/FluxorExplorerSnapshotTests_const_extract_protocols.json -strict-concurrency\=complete -empty-abi-descriptor -validate-clang-modules-once -clang-build-session-file /Users/admin/builder/spi-builder-workspace/.derivedData/ModuleCache.noindex/Session.modulevalidation -Xcc -working-directory -Xcc /Users/admin/builder/spi-builder-workspace -resource-dir /Library/Developer/Toolchains/swift-6.0-DEVELOPMENT-SNAPSHOT-2024-05-26-a.xctoolchain/usr/lib/swift -enable-anonymous-context-mangled-names -Xcc -I/Users/admin/builder/spi-builder-workspace/.derivedData/Build/Products/Debug-watchos/include -Xcc -I/Users/admin/builder/spi-builder-workspace/.derivedData/Build/Intermediates.noindex/FluxorExplorerSnapshot.build/Debug-watchos/FluxorExplorerSnapshotTests.build/DerivedSources-normal/armv7k -Xcc -I/Users/admin/builder/spi-builder-workspace/.derivedData/Build/Intermediates.noindex/FluxorExplorerSnapshot.build/Debug-watchos/FluxorExplorerSnapshotTests.build/DerivedSources/armv7k -Xcc -I/Users/admin/builder/spi-builder-workspace/.derivedData/Build/Intermediates.noindex/FluxorExplorerSnapshot.build/Debug-watchos/FluxorExplorerSnapshotTests.build/DerivedSources -Xcc -DSWIFT_PACKAGE -Xcc -DDEBUG\=1 -module-name FluxorExplorerSnapshotTests -frontend-parseable-output -disable-clang-spi -target-sdk-version 10.4 -target-sdk-name watchos10.4 -external-plugin-path /Applications/Xcode-15.3.0.app/Contents/Developer/Platforms/WatchOS.platform/Developer/SDKs/WatchOS10.4.sdk/usr/lib/swift/host/plugins\#/Applications/Xcode-15.3.0.app/Contents/Developer/Platforms/WatchOS.platform/Developer/SDKs/WatchOS10.4.sdk/usr/bin/swift-plugin-server -external-plugin-path /Applications/Xcode-15.3.0.app/Contents/Developer/Platforms/WatchOS.platform/Developer/SDKs/WatchOS10.4.sdk/usr/local/lib/swift/host/plugins\#/Applications/Xcode-15.3.0.app/Contents/Developer/Platforms/WatchOS.platform/Developer/SDKs/WatchOS10.4.sdk/usr/bin/swift-plugin-server -external-plugin-path /Applications/Xcode-15.3.0.app/Contents/Developer/Platforms/WatchOS.platform/Developer/usr/lib/swift/host/plugins\#/Applications/Xcode-15.3.0.app/Contents/Developer/Platforms/WatchOS.platform/Developer/usr/bin/swift-plugin-server -external-plugin-path /Applications/Xcode-15.3.0.app/Contents/Developer/Platforms/WatchOS.platform/Developer/usr/local/lib/swift/host/plugins\#/Applications/Xcode-15.3.0.app/Contents/Developer/Platforms/WatchOS.platform/Developer/usr/bin/swift-plugin-server -plugin-path /Library/Developer/Toolchains/swift-6.0-DEVELOPMENT-SNAPSHOT-2024-05-26-a.xctoolchain/usr/lib/swift/host/plugins -plugin-path /Library/Developer/Toolchains/swift-6.0-DEVELOPMENT-SNAPSHOT-2024-05-26-a.xctoolchain/usr/local/lib/swift/host/plugins -parse-as-library -o /Users/admin/builder/spi-builder-workspace/.derivedData/Build/Intermediates.noindex/FluxorExplorerSnapshot.build/Debug-watchos/FluxorExplorerSnapshotTests.build/Objects-normal/armv7k/FluxorExplorerSnapshotTests.o -index-unit-output-path /FluxorExplorerSnapshot.build/Debug-watchos/FluxorExplorerSnapshotTests.build/Objects-normal/armv7k/FluxorExplorerSnapshotTests.o -index-store-path /Users/admin/builder/spi-builder-workspace/.derivedData/Index.noindex/DataStore -index-system-modules
SwiftCompile normal armv7k /Users/admin/builder/spi-builder-workspace/Tests/FluxorExplorerSnapshotTests/FluxorExplorerSnapshotTests.swift (in target 'FluxorExplorerSnapshotTests' from project 'FluxorExplorerSnapshot')
    cd /Users/admin/builder/spi-builder-workspace
    /Library/Developer/Toolchains/swift-6.0-DEVELOPMENT-SNAPSHOT-2024-05-26-a.xctoolchain/usr/bin/swift-frontend -c -primary-file /Users/admin/builder/spi-builder-workspace/Tests/FluxorExplorerSnapshotTests/FluxorExplorerSnapshotTests.swift -emit-dependencies-path /Users/admin/builder/spi-builder-workspace/.derivedData/Build/Intermediates.noindex/FluxorExplorerSnapshot.build/Debug-watchos/FluxorExplorerSnapshotTests.build/Objects-normal/armv7k/FluxorExplorerSnapshotTests.d -emit-const-values-path /Users/admin/builder/spi-builder-workspace/.derivedData/Build/Intermediates.noindex/FluxorExplorerSnapshot.build/Debug-watchos/FluxorExplorerSnapshotTests.build/Objects-normal/armv7k/FluxorExplorerSnapshotTests.swiftconstvalues -emit-reference-dependencies-path /Users/admin/builder/spi-builder-workspace/.derivedData/Build/Intermediates.noindex/FluxorExplorerSnapshot.build/Debug-watchos/FluxorExplorerSnapshotTests.build/Objects-normal/armv7k/FluxorExplorerSnapshotTests.swiftdeps -serialize-diagnostics-path /Users/admin/builder/spi-builder-workspace/.derivedData/Build/Intermediates.noindex/FluxorExplorerSnapshot.build/Debug-watchos/FluxorExplorerSnapshotTests.build/Objects-normal/armv7k/FluxorExplorerSnapshotTests.dia -target armv7k-apple-watchos6.0 -enable-objc-interop -sdk /Applications/Xcode-15.3.0.app/Contents/Developer/Platforms/WatchOS.platform/Developer/SDKs/WatchOS10.4.sdk -I /Users/admin/builder/spi-builder-workspace/.derivedData/Build/Products/Debug-watchos -I /Applications/Xcode-15.3.0.app/Contents/Developer/Platforms/WatchOS.platform/Developer/usr/lib -F /Users/admin/builder/spi-builder-workspace/.derivedData/Build/Products/Debug-watchos/PackageFrameworks -F /Users/admin/builder/spi-builder-workspace/.derivedData/Build/Products/Debug-watchos/PackageFrameworks -F /Users/admin/builder/spi-builder-workspace/.derivedData/Build/Products/Debug-watchos/PackageFrameworks -F /Users/admin/builder/spi-builder-workspace/.derivedData/Build/Products/Debug-watchos -F /Applications/Xcode-15.3.0.app/Contents/Developer/Platforms/WatchOS.platform/Developer/Library/Frameworks -F /Applications/Xcode-15.3.0.app/Contents/Developer/Platforms/WatchOS.platform/Developer/SDKs/WatchOS10.4.sdk/Developer/Library/Frameworks -no-color-diagnostics -enable-testing -g -module-cache-path /Users/admin/builder/spi-builder-workspace/.derivedData/ModuleCache.noindex -profile-generate -profile-coverage-mapping -swift-version 5 -enforce-exclusivity\=checked -stats-output-dir /Users/admin/builder/spi-builder-workspace/.stats -Onone -D SWIFT_PACKAGE -D DEBUG -serialize-debugging-options -const-gather-protocols-file /Users/admin/builder/spi-builder-workspace/.derivedData/Build/Intermediates.noindex/FluxorExplorerSnapshot.build/Debug-watchos/FluxorExplorerSnapshotTests.build/Objects-normal/armv7k/FluxorExplorerSnapshotTests_const_extract_protocols.json -strict-concurrency\=complete -empty-abi-descriptor -validate-clang-modules-once -clang-build-session-file /Users/admin/builder/spi-builder-workspace/.derivedData/ModuleCache.noindex/Session.modulevalidation -Xcc -working-directory -Xcc /Users/admin/builder/spi-builder-workspace -resource-dir /Library/Developer/Toolchains/swift-6.0-DEVELOPMENT-SNAPSHOT-2024-05-26-a.xctoolchain/usr/lib/swift -enable-anonymous-context-mangled-names -Xcc -I/Users/admin/builder/spi-builder-workspace/.derivedData/Build/Products/Debug-watchos/include -Xcc -I/Users/admin/builder/spi-builder-workspace/.derivedData/Build/Intermediates.noindex/FluxorExplorerSnapshot.build/Debug-watchos/FluxorExplorerSnapshotTests.build/DerivedSources-normal/armv7k -Xcc -I/Users/admin/builder/spi-builder-workspace/.derivedData/Build/Intermediates.noindex/FluxorExplorerSnapshot.build/Debug-watchos/FluxorExplorerSnapshotTests.build/DerivedSources/armv7k -Xcc -I/Users/admin/builder/spi-builder-workspace/.derivedData/Build/Intermediates.noindex/FluxorExplorerSnapshot.build/Debug-watchos/FluxorExplorerSnapshotTests.build/DerivedSources -Xcc -DSWIFT_PACKAGE -Xcc -DDEBUG\=1 -module-name FluxorExplorerSnapshotTests -frontend-parseable-output -disable-clang-spi -target-sdk-version 10.4 -target-sdk-name watchos10.4 -external-plugin-path /Applications/Xcode-15.3.0.app/Contents/Developer/Platforms/WatchOS.platform/Developer/SDKs/WatchOS10.4.sdk/usr/lib/swift/host/plugins\#/Applications/Xcode-15.3.0.app/Contents/Developer/Platforms/WatchOS.platform/Developer/SDKs/WatchOS10.4.sdk/usr/bin/swift-plugin-server -external-plugin-path /Applications/Xcode-15.3.0.app/Contents/Developer/Platforms/WatchOS.platform/Developer/SDKs/WatchOS10.4.sdk/usr/local/lib/swift/host/plugins\#/Applications/Xcode-15.3.0.app/Contents/Developer/Platforms/WatchOS.platform/Developer/SDKs/WatchOS10.4.sdk/usr/bin/swift-plugin-server -external-plugin-path /Applications/Xcode-15.3.0.app/Contents/Developer/Platforms/WatchOS.platform/Developer/usr/lib/swift/host/plugins\#/Applications/Xcode-15.3.0.app/Contents/Developer/Platforms/WatchOS.platform/Developer/usr/bin/swift-plugin-server -external-plugin-path /Applications/Xcode-15.3.0.app/Contents/Developer/Platforms/WatchOS.platform/Developer/usr/local/lib/swift/host/plugins\#/Applications/Xcode-15.3.0.app/Contents/Developer/Platforms/WatchOS.platform/Developer/usr/bin/swift-plugin-server -plugin-path /Library/Developer/Toolchains/swift-6.0-DEVELOPMENT-SNAPSHOT-2024-05-26-a.xctoolchain/usr/lib/swift/host/plugins -plugin-path /Library/Developer/Toolchains/swift-6.0-DEVELOPMENT-SNAPSHOT-2024-05-26-a.xctoolchain/usr/local/lib/swift/host/plugins -parse-as-library -o /Users/admin/builder/spi-builder-workspace/.derivedData/Build/Intermediates.noindex/FluxorExplorerSnapshot.build/Debug-watchos/FluxorExplorerSnapshotTests.build/Objects-normal/armv7k/FluxorExplorerSnapshotTests.o -index-unit-output-path /FluxorExplorerSnapshot.build/Debug-watchos/FluxorExplorerSnapshotTests.build/Objects-normal/armv7k/FluxorExplorerSnapshotTests.o -index-store-path /Users/admin/builder/spi-builder-workspace/.derivedData/Index.noindex/DataStore -index-system-modules
SwiftEmitModule normal arm64 Emitting\ module\ for\ FluxorExplorerSnapshotTests (in target 'FluxorExplorerSnapshotTests' from project 'FluxorExplorerSnapshot')
    cd /Users/admin/builder/spi-builder-workspace
    builtin-swiftTaskExecution -- /Library/Developer/Toolchains/swift-6.0-DEVELOPMENT-SNAPSHOT-2024-05-26-a.xctoolchain/usr/bin/swift-frontend -frontend -emit-module -experimental-skip-non-inlinable-function-bodies-without-types /Users/admin/builder/spi-builder-workspace/Tests/FluxorExplorerSnapshotTests/FluxorExplorerSnapshotTests.swift -target arm64-apple-watchos6.0 -Xllvm -aarch64-use-tbi -enable-objc-interop -sdk /Applications/Xcode-15.3.0.app/Contents/Developer/Platforms/WatchOS.platform/Developer/SDKs/WatchOS10.4.sdk -I /Users/admin/builder/spi-builder-workspace/.derivedData/Build/Products/Debug-watchos -I /Applications/Xcode-15.3.0.app/Contents/Developer/Platforms/WatchOS.platform/Developer/usr/lib -F /Users/admin/builder/spi-builder-workspace/.derivedData/Build/Products/Debug-watchos/PackageFrameworks -F /Users/admin/builder/spi-builder-workspace/.derivedData/Build/Products/Debug-watchos/PackageFrameworks -F /Users/admin/builder/spi-builder-workspace/.derivedData/Build/Products/Debug-watchos/PackageFrameworks -F /Users/admin/builder/spi-builder-workspace/.derivedData/Build/Products/Debug-watchos -F /Applications/Xcode-15.3.0.app/Contents/Developer/Platforms/WatchOS.platform/Developer/Library/Frameworks -F /Applications/Xcode-15.3.0.app/Contents/Developer/Platforms/WatchOS.platform/Developer/SDKs/WatchOS10.4.sdk/Developer/Library/Frameworks -no-color-diagnostics -enable-testing -g -module-cache-path /Users/admin/builder/spi-builder-workspace/.derivedData/ModuleCache.noindex -profile-generate -profile-coverage-mapping -swift-version 5 -enforce-exclusivity\=checked -stats-output-dir /Users/admin/builder/spi-builder-workspace/.stats -Onone -D SWIFT_PACKAGE -D DEBUG -serialize-debugging-options -const-gather-protocols-file /Users/admin/builder/spi-builder-workspace/.derivedData/Build/Intermediates.noindex/FluxorExplorerSnapshot.build/Debug-watchos/FluxorExplorerSnapshotTests.build/Objects-normal/arm64/FluxorExplorerSnapshotTests_const_extract_protocols.json -strict-concurrency\=complete -empty-abi-descriptor -validate-clang-modules-once -clang-build-session-file /Users/admin/builder/spi-builder-workspace/.derivedData/ModuleCache.noindex/Session.modulevalidation -Xcc -working-directory -Xcc /Users/admin/builder/spi-builder-workspace -resource-dir /Library/Developer/Toolchains/swift-6.0-DEVELOPMENT-SNAPSHOT-2024-05-26-a.xctoolchain/usr/lib/swift -enable-anonymous-context-mangled-names -Xcc -I/Users/admin/builder/spi-builder-workspace/.derivedData/Build/Products/Debug-watchos/include -Xcc -I/Users/admin/builder/spi-builder-workspace/.derivedData/Build/Intermediates.noindex/FluxorExplorerSnapshot.build/Debug-watchos/FluxorExplorerSnapshotTests.build/DerivedSources-normal/arm64 -Xcc -I/Users/admin/builder/spi-builder-workspace/.derivedData/Build/Intermediates.noindex/FluxorExplorerSnapshot.build/Debug-watchos/FluxorExplorerSnapshotTests.build/DerivedSources/arm64 -Xcc -I/Users/admin/builder/spi-builder-workspace/.derivedData/Build/Intermediates.noindex/FluxorExplorerSnapshot.build/Debug-watchos/FluxorExplorerSnapshotTests.build/DerivedSources -Xcc -DSWIFT_PACKAGE -Xcc -DDEBUG\=1 -module-name FluxorExplorerSnapshotTests -disable-clang-spi -target-sdk-version 10.4 -target-sdk-name watchos10.4 -external-plugin-path /Applications/Xcode-15.3.0.app/Contents/Developer/Platforms/WatchOS.platform/Developer/SDKs/WatchOS10.4.sdk/usr/lib/swift/host/plugins\#/Applications/Xcode-15.3.0.app/Contents/Developer/Platforms/WatchOS.platform/Developer/SDKs/WatchOS10.4.sdk/usr/bin/swift-plugin-server -external-plugin-path /Applications/Xcode-15.3.0.app/Contents/Developer/Platforms/WatchOS.platform/Developer/SDKs/WatchOS10.4.sdk/usr/local/lib/swift/host/plugins\#/Applications/Xcode-15.3.0.app/Contents/Developer/Platforms/WatchOS.platform/Developer/SDKs/WatchOS10.4.sdk/usr/bin/swift-plugin-server -external-plugin-path /Applications/Xcode-15.3.0.app/Contents/Developer/Platforms/WatchOS.platform/Developer/usr/lib/swift/host/plugins\#/Applications/Xcode-15.3.0.app/Contents/Developer/Platforms/WatchOS.platform/Developer/usr/bin/swift-plugin-server -external-plugin-path /Applications/Xcode-15.3.0.app/Contents/Developer/Platforms/WatchOS.platform/Developer/usr/local/lib/swift/host/plugins\#/Applications/Xcode-15.3.0.app/Contents/Developer/Platforms/WatchOS.platform/Developer/usr/bin/swift-plugin-server -plugin-path /Library/Developer/Toolchains/swift-6.0-DEVELOPMENT-SNAPSHOT-2024-05-26-a.xctoolchain/usr/lib/swift/host/plugins -plugin-path /Library/Developer/Toolchains/swift-6.0-DEVELOPMENT-SNAPSHOT-2024-05-26-a.xctoolchain/usr/local/lib/swift/host/plugins -emit-module-doc-path /Users/admin/builder/spi-builder-workspace/.derivedData/Build/Intermediates.noindex/FluxorExplorerSnapshot.build/Debug-watchos/FluxorExplorerSnapshotTests.build/Objects-normal/arm64/FluxorExplorerSnapshotTests.swiftdoc -emit-module-source-info-path /Users/admin/builder/spi-builder-workspace/.derivedData/Build/Intermediates.noindex/FluxorExplorerSnapshot.build/Debug-watchos/FluxorExplorerSnapshotTests.build/Objects-normal/arm64/FluxorExplorerSnapshotTests.swiftsourceinfo -serialize-diagnostics-path /Users/admin/builder/spi-builder-workspace/.derivedData/Build/Intermediates.noindex/FluxorExplorerSnapshot.build/Debug-watchos/FluxorExplorerSnapshotTests.build/Objects-normal/arm64/FluxorExplorerSnapshotTests-master-emit-module.dia -emit-dependencies-path /Users/admin/builder/spi-builder-workspace/.derivedData/Build/Intermediates.noindex/FluxorExplorerSnapshot.build/Debug-watchos/FluxorExplorerSnapshotTests.build/Objects-normal/arm64/FluxorExplorerSnapshotTests-master-emit-module.d -parse-as-library -o /Users/admin/builder/spi-builder-workspace/.derivedData/Build/Intermediates.noindex/FluxorExplorerSnapshot.build/Debug-watchos/FluxorExplorerSnapshotTests.build/Objects-normal/arm64/FluxorExplorerSnapshotTests.swiftmodule -emit-abi-descriptor-path /Users/admin/builder/spi-builder-workspace/.derivedData/Build/Intermediates.noindex/FluxorExplorerSnapshot.build/Debug-watchos/FluxorExplorerSnapshotTests.build/Objects-normal/arm64/FluxorExplorerSnapshotTests.abi.json
SwiftEmitModule normal arm64_32 Emitting\ module\ for\ FluxorExplorerSnapshotTests (in target 'FluxorExplorerSnapshotTests' from project 'FluxorExplorerSnapshot')
    cd /Users/admin/builder/spi-builder-workspace
    builtin-swiftTaskExecution -- /Library/Developer/Toolchains/swift-6.0-DEVELOPMENT-SNAPSHOT-2024-05-26-a.xctoolchain/usr/bin/swift-frontend -frontend -emit-module -experimental-skip-non-inlinable-function-bodies-without-types /Users/admin/builder/spi-builder-workspace/Tests/FluxorExplorerSnapshotTests/FluxorExplorerSnapshotTests.swift -target arm64_32-apple-watchos6.0 -enable-objc-interop -sdk /Applications/Xcode-15.3.0.app/Contents/Developer/Platforms/WatchOS.platform/Developer/SDKs/WatchOS10.4.sdk -I /Users/admin/builder/spi-builder-workspace/.derivedData/Build/Products/Debug-watchos -I /Applications/Xcode-15.3.0.app/Contents/Developer/Platforms/WatchOS.platform/Developer/usr/lib -F /Users/admin/builder/spi-builder-workspace/.derivedData/Build/Products/Debug-watchos/PackageFrameworks -F /Users/admin/builder/spi-builder-workspace/.derivedData/Build/Products/Debug-watchos/PackageFrameworks -F /Users/admin/builder/spi-builder-workspace/.derivedData/Build/Products/Debug-watchos/PackageFrameworks -F /Users/admin/builder/spi-builder-workspace/.derivedData/Build/Products/Debug-watchos -F /Applications/Xcode-15.3.0.app/Contents/Developer/Platforms/WatchOS.platform/Developer/Library/Frameworks -F /Applications/Xcode-15.3.0.app/Contents/Developer/Platforms/WatchOS.platform/Developer/SDKs/WatchOS10.4.sdk/Developer/Library/Frameworks -no-color-diagnostics -enable-testing -g -module-cache-path /Users/admin/builder/spi-builder-workspace/.derivedData/ModuleCache.noindex -profile-generate -profile-coverage-mapping -swift-version 5 -enforce-exclusivity\=checked -stats-output-dir /Users/admin/builder/spi-builder-workspace/.stats -Onone -D SWIFT_PACKAGE -D DEBUG -serialize-debugging-options -const-gather-protocols-file /Users/admin/builder/spi-builder-workspace/.derivedData/Build/Intermediates.noindex/FluxorExplorerSnapshot.build/Debug-watchos/FluxorExplorerSnapshotTests.build/Objects-normal/arm64_32/FluxorExplorerSnapshotTests_const_extract_protocols.json -strict-concurrency\=complete -empty-abi-descriptor -validate-clang-modules-once -clang-build-session-file /Users/admin/builder/spi-builder-workspace/.derivedData/ModuleCache.noindex/Session.modulevalidation -Xcc -working-directory -Xcc /Users/admin/builder/spi-builder-workspace -resource-dir /Library/Developer/Toolchains/swift-6.0-DEVELOPMENT-SNAPSHOT-2024-05-26-a.xctoolchain/usr/lib/swift -enable-anonymous-context-mangled-names -Xcc -I/Users/admin/builder/spi-builder-workspace/.derivedData/Build/Products/Debug-watchos/include -Xcc -I/Users/admin/builder/spi-builder-workspace/.derivedData/Build/Intermediates.noindex/FluxorExplorerSnapshot.build/Debug-watchos/FluxorExplorerSnapshotTests.build/DerivedSources-normal/arm64_32 -Xcc -I/Users/admin/builder/spi-builder-workspace/.derivedData/Build/Intermediates.noindex/FluxorExplorerSnapshot.build/Debug-watchos/FluxorExplorerSnapshotTests.build/DerivedSources/arm64_32 -Xcc -I/Users/admin/builder/spi-builder-workspace/.derivedData/Build/Intermediates.noindex/FluxorExplorerSnapshot.build/Debug-watchos/FluxorExplorerSnapshotTests.build/DerivedSources -Xcc -DSWIFT_PACKAGE -Xcc -DDEBUG\=1 -module-name FluxorExplorerSnapshotTests -disable-clang-spi -target-sdk-version 10.4 -target-sdk-name watchos10.4 -external-plugin-path /Applications/Xcode-15.3.0.app/Contents/Developer/Platforms/WatchOS.platform/Developer/SDKs/WatchOS10.4.sdk/usr/lib/swift/host/plugins\#/Applications/Xcode-15.3.0.app/Contents/Developer/Platforms/WatchOS.platform/Developer/SDKs/WatchOS10.4.sdk/usr/bin/swift-plugin-server -external-plugin-path /Applications/Xcode-15.3.0.app/Contents/Developer/Platforms/WatchOS.platform/Developer/SDKs/WatchOS10.4.sdk/usr/local/lib/swift/host/plugins\#/Applications/Xcode-15.3.0.app/Contents/Developer/Platforms/WatchOS.platform/Developer/SDKs/WatchOS10.4.sdk/usr/bin/swift-plugin-server -external-plugin-path /Applications/Xcode-15.3.0.app/Contents/Developer/Platforms/WatchOS.platform/Developer/usr/lib/swift/host/plugins\#/Applications/Xcode-15.3.0.app/Contents/Developer/Platforms/WatchOS.platform/Developer/usr/bin/swift-plugin-server -external-plugin-path /Applications/Xcode-15.3.0.app/Contents/Developer/Platforms/WatchOS.platform/Developer/usr/local/lib/swift/host/plugins\#/Applications/Xcode-15.3.0.app/Contents/Developer/Platforms/WatchOS.platform/Developer/usr/bin/swift-plugin-server -plugin-path /Library/Developer/Toolchains/swift-6.0-DEVELOPMENT-SNAPSHOT-2024-05-26-a.xctoolchain/usr/lib/swift/host/plugins -plugin-path /Library/Developer/Toolchains/swift-6.0-DEVELOPMENT-SNAPSHOT-2024-05-26-a.xctoolchain/usr/local/lib/swift/host/plugins -emit-module-doc-path /Users/admin/builder/spi-builder-workspace/.derivedData/Build/Intermediates.noindex/FluxorExplorerSnapshot.build/Debug-watchos/FluxorExplorerSnapshotTests.build/Objects-normal/arm64_32/FluxorExplorerSnapshotTests.swiftdoc -emit-module-source-info-path /Users/admin/builder/spi-builder-workspace/.derivedData/Build/Intermediates.noindex/FluxorExplorerSnapshot.build/Debug-watchos/FluxorExplorerSnapshotTests.build/Objects-normal/arm64_32/FluxorExplorerSnapshotTests.swiftsourceinfo -serialize-diagnostics-path /Users/admin/builder/spi-builder-workspace/.derivedData/Build/Intermediates.noindex/FluxorExplorerSnapshot.build/Debug-watchos/FluxorExplorerSnapshotTests.build/Objects-normal/arm64_32/FluxorExplorerSnapshotTests-master-emit-module.dia -emit-dependencies-path /Users/admin/builder/spi-builder-workspace/.derivedData/Build/Intermediates.noindex/FluxorExplorerSnapshot.build/Debug-watchos/FluxorExplorerSnapshotTests.build/Objects-normal/arm64_32/FluxorExplorerSnapshotTests-master-emit-module.d -parse-as-library -o /Users/admin/builder/spi-builder-workspace/.derivedData/Build/Intermediates.noindex/FluxorExplorerSnapshot.build/Debug-watchos/FluxorExplorerSnapshotTests.build/Objects-normal/arm64_32/FluxorExplorerSnapshotTests.swiftmodule -emit-abi-descriptor-path /Users/admin/builder/spi-builder-workspace/.derivedData/Build/Intermediates.noindex/FluxorExplorerSnapshot.build/Debug-watchos/FluxorExplorerSnapshotTests.build/Objects-normal/arm64_32/FluxorExplorerSnapshotTests.abi.json
SwiftDriverJobDiscovery normal arm64_32 Compiling Store.swift (in target 'Fluxor' from project 'Fluxor')
SwiftCompile normal arm64 Compiling\ FluxorExplorerSnapshotTests.swift /Users/admin/builder/spi-builder-workspace/Tests/FluxorExplorerSnapshotTests/FluxorExplorerSnapshotTests.swift (in target 'FluxorExplorerSnapshotTests' from project 'FluxorExplorerSnapshot')
    cd /Users/admin/builder/spi-builder-workspace
    builtin-swiftTaskExecution -- /Library/Developer/Toolchains/swift-6.0-DEVELOPMENT-SNAPSHOT-2024-05-26-a.xctoolchain/usr/bin/swift-frontend -frontend -c -primary-file /Users/admin/builder/spi-builder-workspace/Tests/FluxorExplorerSnapshotTests/FluxorExplorerSnapshotTests.swift -emit-dependencies-path /Users/admin/builder/spi-builder-workspace/.derivedData/Build/Intermediates.noindex/FluxorExplorerSnapshot.build/Debug-watchos/FluxorExplorerSnapshotTests.build/Objects-normal/arm64/FluxorExplorerSnapshotTests.d -emit-const-values-path /Users/admin/builder/spi-builder-workspace/.derivedData/Build/Intermediates.noindex/FluxorExplorerSnapshot.build/Debug-watchos/FluxorExplorerSnapshotTests.build/Objects-normal/arm64/FluxorExplorerSnapshotTests.swiftconstvalues -emit-reference-dependencies-path /Users/admin/builder/spi-builder-workspace/.derivedData/Build/Intermediates.noindex/FluxorExplorerSnapshot.build/Debug-watchos/FluxorExplorerSnapshotTests.build/Objects-normal/arm64/FluxorExplorerSnapshotTests.swiftdeps -serialize-diagnostics-path /Users/admin/builder/spi-builder-workspace/.derivedData/Build/Intermediates.noindex/FluxorExplorerSnapshot.build/Debug-watchos/FluxorExplorerSnapshotTests.build/Objects-normal/arm64/FluxorExplorerSnapshotTests.dia -target arm64-apple-watchos6.0 -Xllvm -aarch64-use-tbi -enable-objc-interop -sdk /Applications/Xcode-15.3.0.app/Contents/Developer/Platforms/WatchOS.platform/Developer/SDKs/WatchOS10.4.sdk -I /Users/admin/builder/spi-builder-workspace/.derivedData/Build/Products/Debug-watchos -I /Applications/Xcode-15.3.0.app/Contents/Developer/Platforms/WatchOS.platform/Developer/usr/lib -F /Users/admin/builder/spi-builder-workspace/.derivedData/Build/Products/Debug-watchos/PackageFrameworks -F /Users/admin/builder/spi-builder-workspace/.derivedData/Build/Products/Debug-watchos/PackageFrameworks -F /Users/admin/builder/spi-builder-workspace/.derivedData/Build/Products/Debug-watchos/PackageFrameworks -F /Users/admin/builder/spi-builder-workspace/.derivedData/Build/Products/Debug-watchos -F /Applications/Xcode-15.3.0.app/Contents/Developer/Platforms/WatchOS.platform/Developer/Library/Frameworks -F /Applications/Xcode-15.3.0.app/Contents/Developer/Platforms/WatchOS.platform/Developer/SDKs/WatchOS10.4.sdk/Developer/Library/Frameworks -no-color-diagnostics -enable-testing -g -module-cache-path /Users/admin/builder/spi-builder-workspace/.derivedData/ModuleCache.noindex -profile-generate -profile-coverage-mapping -swift-version 5 -enforce-exclusivity\=checked -stats-output-dir /Users/admin/builder/spi-builder-workspace/.stats -Onone -D SWIFT_PACKAGE -D DEBUG -serialize-debugging-options -const-gather-protocols-file /Users/admin/builder/spi-builder-workspace/.derivedData/Build/Intermediates.noindex/FluxorExplorerSnapshot.build/Debug-watchos/FluxorExplorerSnapshotTests.build/Objects-normal/arm64/FluxorExplorerSnapshotTests_const_extract_protocols.json -strict-concurrency\=complete -empty-abi-descriptor -validate-clang-modules-once -clang-build-session-file /Users/admin/builder/spi-builder-workspace/.derivedData/ModuleCache.noindex/Session.modulevalidation -Xcc -working-directory -Xcc /Users/admin/builder/spi-builder-workspace -resource-dir /Library/Developer/Toolchains/swift-6.0-DEVELOPMENT-SNAPSHOT-2024-05-26-a.xctoolchain/usr/lib/swift -enable-anonymous-context-mangled-names -Xcc -I/Users/admin/builder/spi-builder-workspace/.derivedData/Build/Products/Debug-watchos/include -Xcc -I/Users/admin/builder/spi-builder-workspace/.derivedData/Build/Intermediates.noindex/FluxorExplorerSnapshot.build/Debug-watchos/FluxorExplorerSnapshotTests.build/DerivedSources-normal/arm64 -Xcc -I/Users/admin/builder/spi-builder-workspace/.derivedData/Build/Intermediates.noindex/FluxorExplorerSnapshot.build/Debug-watchos/FluxorExplorerSnapshotTests.build/DerivedSources/arm64 -Xcc -I/Users/admin/builder/spi-builder-workspace/.derivedData/Build/Intermediates.noindex/FluxorExplorerSnapshot.build/Debug-watchos/FluxorExplorerSnapshotTests.build/DerivedSources -Xcc -DSWIFT_PACKAGE -Xcc -DDEBUG\=1 -module-name FluxorExplorerSnapshotTests -frontend-parseable-output -disable-clang-spi -target-sdk-version 10.4 -target-sdk-name watchos10.4 -external-plugin-path /Applications/Xcode-15.3.0.app/Contents/Developer/Platforms/WatchOS.platform/Developer/SDKs/WatchOS10.4.sdk/usr/lib/swift/host/plugins\#/Applications/Xcode-15.3.0.app/Contents/Developer/Platforms/WatchOS.platform/Developer/SDKs/WatchOS10.4.sdk/usr/bin/swift-plugin-server -external-plugin-path /Applications/Xcode-15.3.0.app/Contents/Developer/Platforms/WatchOS.platform/Developer/SDKs/WatchOS10.4.sdk/usr/local/lib/swift/host/plugins\#/Applications/Xcode-15.3.0.app/Contents/Developer/Platforms/WatchOS.platform/Developer/SDKs/WatchOS10.4.sdk/usr/bin/swift-plugin-server -external-plugin-path /Applications/Xcode-15.3.0.app/Contents/Developer/Platforms/WatchOS.platform/Developer/usr/lib/swift/host/plugins\#/Applications/Xcode-15.3.0.app/Contents/Developer/Platforms/WatchOS.platform/Developer/usr/bin/swift-plugin-server -external-plugin-path /Applications/Xcode-15.3.0.app/Contents/Developer/Platforms/WatchOS.platform/Developer/usr/local/lib/swift/host/plugins\#/Applications/Xcode-15.3.0.app/Contents/Developer/Platforms/WatchOS.platform/Developer/usr/bin/swift-plugin-server -plugin-path /Library/Developer/Toolchains/swift-6.0-DEVELOPMENT-SNAPSHOT-2024-05-26-a.xctoolchain/usr/lib/swift/host/plugins -plugin-path /Library/Developer/Toolchains/swift-6.0-DEVELOPMENT-SNAPSHOT-2024-05-26-a.xctoolchain/usr/local/lib/swift/host/plugins -parse-as-library -o /Users/admin/builder/spi-builder-workspace/.derivedData/Build/Intermediates.noindex/FluxorExplorerSnapshot.build/Debug-watchos/FluxorExplorerSnapshotTests.build/Objects-normal/arm64/FluxorExplorerSnapshotTests.o -index-unit-output-path /FluxorExplorerSnapshot.build/Debug-watchos/FluxorExplorerSnapshotTests.build/Objects-normal/arm64/FluxorExplorerSnapshotTests.o -index-store-path /Users/admin/builder/spi-builder-workspace/.derivedData/Index.noindex/DataStore -index-system-modules
SwiftCompile normal arm64 /Users/admin/builder/spi-builder-workspace/Tests/FluxorExplorerSnapshotTests/FluxorExplorerSnapshotTests.swift (in target 'FluxorExplorerSnapshotTests' from project 'FluxorExplorerSnapshot')
    cd /Users/admin/builder/spi-builder-workspace
    /Library/Developer/Toolchains/swift-6.0-DEVELOPMENT-SNAPSHOT-2024-05-26-a.xctoolchain/usr/bin/swift-frontend -c -primary-file /Users/admin/builder/spi-builder-workspace/Tests/FluxorExplorerSnapshotTests/FluxorExplorerSnapshotTests.swift -emit-dependencies-path /Users/admin/builder/spi-builder-workspace/.derivedData/Build/Intermediates.noindex/FluxorExplorerSnapshot.build/Debug-watchos/FluxorExplorerSnapshotTests.build/Objects-normal/arm64/FluxorExplorerSnapshotTests.d -emit-const-values-path /Users/admin/builder/spi-builder-workspace/.derivedData/Build/Intermediates.noindex/FluxorExplorerSnapshot.build/Debug-watchos/FluxorExplorerSnapshotTests.build/Objects-normal/arm64/FluxorExplorerSnapshotTests.swiftconstvalues -emit-reference-dependencies-path /Users/admin/builder/spi-builder-workspace/.derivedData/Build/Intermediates.noindex/FluxorExplorerSnapshot.build/Debug-watchos/FluxorExplorerSnapshotTests.build/Objects-normal/arm64/FluxorExplorerSnapshotTests.swiftdeps -serialize-diagnostics-path /Users/admin/builder/spi-builder-workspace/.derivedData/Build/Intermediates.noindex/FluxorExplorerSnapshot.build/Debug-watchos/FluxorExplorerSnapshotTests.build/Objects-normal/arm64/FluxorExplorerSnapshotTests.dia -target arm64-apple-watchos6.0 -Xllvm -aarch64-use-tbi -enable-objc-interop -sdk /Applications/Xcode-15.3.0.app/Contents/Developer/Platforms/WatchOS.platform/Developer/SDKs/WatchOS10.4.sdk -I /Users/admin/builder/spi-builder-workspace/.derivedData/Build/Products/Debug-watchos -I /Applications/Xcode-15.3.0.app/Contents/Developer/Platforms/WatchOS.platform/Developer/usr/lib -F /Users/admin/builder/spi-builder-workspace/.derivedData/Build/Products/Debug-watchos/PackageFrameworks -F /Users/admin/builder/spi-builder-workspace/.derivedData/Build/Products/Debug-watchos/PackageFrameworks -F /Users/admin/builder/spi-builder-workspace/.derivedData/Build/Products/Debug-watchos/PackageFrameworks -F /Users/admin/builder/spi-builder-workspace/.derivedData/Build/Products/Debug-watchos -F /Applications/Xcode-15.3.0.app/Contents/Developer/Platforms/WatchOS.platform/Developer/Library/Frameworks -F /Applications/Xcode-15.3.0.app/Contents/Developer/Platforms/WatchOS.platform/Developer/SDKs/WatchOS10.4.sdk/Developer/Library/Frameworks -no-color-diagnostics -enable-testing -g -module-cache-path /Users/admin/builder/spi-builder-workspace/.derivedData/ModuleCache.noindex -profile-generate -profile-coverage-mapping -swift-version 5 -enforce-exclusivity\=checked -stats-output-dir /Users/admin/builder/spi-builder-workspace/.stats -Onone -D SWIFT_PACKAGE -D DEBUG -serialize-debugging-options -const-gather-protocols-file /Users/admin/builder/spi-builder-workspace/.derivedData/Build/Intermediates.noindex/FluxorExplorerSnapshot.build/Debug-watchos/FluxorExplorerSnapshotTests.build/Objects-normal/arm64/FluxorExplorerSnapshotTests_const_extract_protocols.json -strict-concurrency\=complete -empty-abi-descriptor -validate-clang-modules-once -clang-build-session-file /Users/admin/builder/spi-builder-workspace/.derivedData/ModuleCache.noindex/Session.modulevalidation -Xcc -working-directory -Xcc /Users/admin/builder/spi-builder-workspace -resource-dir /Library/Developer/Toolchains/swift-6.0-DEVELOPMENT-SNAPSHOT-2024-05-26-a.xctoolchain/usr/lib/swift -enable-anonymous-context-mangled-names -Xcc -I/Users/admin/builder/spi-builder-workspace/.derivedData/Build/Products/Debug-watchos/include -Xcc -I/Users/admin/builder/spi-builder-workspace/.derivedData/Build/Intermediates.noindex/FluxorExplorerSnapshot.build/Debug-watchos/FluxorExplorerSnapshotTests.build/DerivedSources-normal/arm64 -Xcc -I/Users/admin/builder/spi-builder-workspace/.derivedData/Build/Intermediates.noindex/FluxorExplorerSnapshot.build/Debug-watchos/FluxorExplorerSnapshotTests.build/DerivedSources/arm64 -Xcc -I/Users/admin/builder/spi-builder-workspace/.derivedData/Build/Intermediates.noindex/FluxorExplorerSnapshot.build/Debug-watchos/FluxorExplorerSnapshotTests.build/DerivedSources -Xcc -DSWIFT_PACKAGE -Xcc -DDEBUG\=1 -module-name FluxorExplorerSnapshotTests -frontend-parseable-output -disable-clang-spi -target-sdk-version 10.4 -target-sdk-name watchos10.4 -external-plugin-path /Applications/Xcode-15.3.0.app/Contents/Developer/Platforms/WatchOS.platform/Developer/SDKs/WatchOS10.4.sdk/usr/lib/swift/host/plugins\#/Applications/Xcode-15.3.0.app/Contents/Developer/Platforms/WatchOS.platform/Developer/SDKs/WatchOS10.4.sdk/usr/bin/swift-plugin-server -external-plugin-path /Applications/Xcode-15.3.0.app/Contents/Developer/Platforms/WatchOS.platform/Developer/SDKs/WatchOS10.4.sdk/usr/local/lib/swift/host/plugins\#/Applications/Xcode-15.3.0.app/Contents/Developer/Platforms/WatchOS.platform/Developer/SDKs/WatchOS10.4.sdk/usr/bin/swift-plugin-server -external-plugin-path /Applications/Xcode-15.3.0.app/Contents/Developer/Platforms/WatchOS.platform/Developer/usr/lib/swift/host/plugins\#/Applications/Xcode-15.3.0.app/Contents/Developer/Platforms/WatchOS.platform/Developer/usr/bin/swift-plugin-server -external-plugin-path /Applications/Xcode-15.3.0.app/Contents/Developer/Platforms/WatchOS.platform/Developer/usr/local/lib/swift/host/plugins\#/Applications/Xcode-15.3.0.app/Contents/Developer/Platforms/WatchOS.platform/Developer/usr/bin/swift-plugin-server -plugin-path /Library/Developer/Toolchains/swift-6.0-DEVELOPMENT-SNAPSHOT-2024-05-26-a.xctoolchain/usr/lib/swift/host/plugins -plugin-path /Library/Developer/Toolchains/swift-6.0-DEVELOPMENT-SNAPSHOT-2024-05-26-a.xctoolchain/usr/local/lib/swift/host/plugins -parse-as-library -o /Users/admin/builder/spi-builder-workspace/.derivedData/Build/Intermediates.noindex/FluxorExplorerSnapshot.build/Debug-watchos/FluxorExplorerSnapshotTests.build/Objects-normal/arm64/FluxorExplorerSnapshotTests.o -index-unit-output-path /FluxorExplorerSnapshot.build/Debug-watchos/FluxorExplorerSnapshotTests.build/Objects-normal/arm64/FluxorExplorerSnapshotTests.o -index-store-path /Users/admin/builder/spi-builder-workspace/.derivedData/Index.noindex/DataStore -index-system-modules
SwiftDriverJobDiscovery normal arm64 Compiling FluxorExplorerSnapshot.swift (in target 'FluxorExplorerSnapshot' from project 'FluxorExplorerSnapshot')
SwiftCompile normal arm64_32 Compiling\ FluxorExplorerSnapshotTests.swift /Users/admin/builder/spi-builder-workspace/Tests/FluxorExplorerSnapshotTests/FluxorExplorerSnapshotTests.swift (in target 'FluxorExplorerSnapshotTests' from project 'FluxorExplorerSnapshot')
    cd /Users/admin/builder/spi-builder-workspace
    builtin-swiftTaskExecution -- /Library/Developer/Toolchains/swift-6.0-DEVELOPMENT-SNAPSHOT-2024-05-26-a.xctoolchain/usr/bin/swift-frontend -frontend -c -primary-file /Users/admin/builder/spi-builder-workspace/Tests/FluxorExplorerSnapshotTests/FluxorExplorerSnapshotTests.swift -emit-dependencies-path /Users/admin/builder/spi-builder-workspace/.derivedData/Build/Intermediates.noindex/FluxorExplorerSnapshot.build/Debug-watchos/FluxorExplorerSnapshotTests.build/Objects-normal/arm64_32/FluxorExplorerSnapshotTests.d -emit-const-values-path /Users/admin/builder/spi-builder-workspace/.derivedData/Build/Intermediates.noindex/FluxorExplorerSnapshot.build/Debug-watchos/FluxorExplorerSnapshotTests.build/Objects-normal/arm64_32/FluxorExplorerSnapshotTests.swiftconstvalues -emit-reference-dependencies-path /Users/admin/builder/spi-builder-workspace/.derivedData/Build/Intermediates.noindex/FluxorExplorerSnapshot.build/Debug-watchos/FluxorExplorerSnapshotTests.build/Objects-normal/arm64_32/FluxorExplorerSnapshotTests.swiftdeps -serialize-diagnostics-path /Users/admin/builder/spi-builder-workspace/.derivedData/Build/Intermediates.noindex/FluxorExplorerSnapshot.build/Debug-watchos/FluxorExplorerSnapshotTests.build/Objects-normal/arm64_32/FluxorExplorerSnapshotTests.dia -target arm64_32-apple-watchos6.0 -enable-objc-interop -sdk /Applications/Xcode-15.3.0.app/Contents/Developer/Platforms/WatchOS.platform/Developer/SDKs/WatchOS10.4.sdk -I /Users/admin/builder/spi-builder-workspace/.derivedData/Build/Products/Debug-watchos -I /Applications/Xcode-15.3.0.app/Contents/Developer/Platforms/WatchOS.platform/Developer/usr/lib -F /Users/admin/builder/spi-builder-workspace/.derivedData/Build/Products/Debug-watchos/PackageFrameworks -F /Users/admin/builder/spi-builder-workspace/.derivedData/Build/Products/Debug-watchos/PackageFrameworks -F /Users/admin/builder/spi-builder-workspace/.derivedData/Build/Products/Debug-watchos/PackageFrameworks -F /Users/admin/builder/spi-builder-workspace/.derivedData/Build/Products/Debug-watchos -F /Applications/Xcode-15.3.0.app/Contents/Developer/Platforms/WatchOS.platform/Developer/Library/Frameworks -F /Applications/Xcode-15.3.0.app/Contents/Developer/Platforms/WatchOS.platform/Developer/SDKs/WatchOS10.4.sdk/Developer/Library/Frameworks -no-color-diagnostics -enable-testing -g -module-cache-path /Users/admin/builder/spi-builder-workspace/.derivedData/ModuleCache.noindex -profile-generate -profile-coverage-mapping -swift-version 5 -enforce-exclusivity\=checked -stats-output-dir /Users/admin/builder/spi-builder-workspace/.stats -Onone -D SWIFT_PACKAGE -D DEBUG -serialize-debugging-options -const-gather-protocols-file /Users/admin/builder/spi-builder-workspace/.derivedData/Build/Intermediates.noindex/FluxorExplorerSnapshot.build/Debug-watchos/FluxorExplorerSnapshotTests.build/Objects-normal/arm64_32/FluxorExplorerSnapshotTests_const_extract_protocols.json -strict-concurrency\=complete -empty-abi-descriptor -validate-clang-modules-once -clang-build-session-file /Users/admin/builder/spi-builder-workspace/.derivedData/ModuleCache.noindex/Session.modulevalidation -Xcc -working-directory -Xcc /Users/admin/builder/spi-builder-workspace -resource-dir /Library/Developer/Toolchains/swift-6.0-DEVELOPMENT-SNAPSHOT-2024-05-26-a.xctoolchain/usr/lib/swift -enable-anonymous-context-mangled-names -Xcc -I/Users/admin/builder/spi-builder-workspace/.derivedData/Build/Products/Debug-watchos/include -Xcc -I/Users/admin/builder/spi-builder-workspace/.derivedData/Build/Intermediates.noindex/FluxorExplorerSnapshot.build/Debug-watchos/FluxorExplorerSnapshotTests.build/DerivedSources-normal/arm64_32 -Xcc -I/Users/admin/builder/spi-builder-workspace/.derivedData/Build/Intermediates.noindex/FluxorExplorerSnapshot.build/Debug-watchos/FluxorExplorerSnapshotTests.build/DerivedSources/arm64_32 -Xcc -I/Users/admin/builder/spi-builder-workspace/.derivedData/Build/Intermediates.noindex/FluxorExplorerSnapshot.build/Debug-watchos/FluxorExplorerSnapshotTests.build/DerivedSources -Xcc -DSWIFT_PACKAGE -Xcc -DDEBUG\=1 -module-name FluxorExplorerSnapshotTests -frontend-parseable-output -disable-clang-spi -target-sdk-version 10.4 -target-sdk-name watchos10.4 -external-plugin-path /Applications/Xcode-15.3.0.app/Contents/Developer/Platforms/WatchOS.platform/Developer/SDKs/WatchOS10.4.sdk/usr/lib/swift/host/plugins\#/Applications/Xcode-15.3.0.app/Contents/Developer/Platforms/WatchOS.platform/Developer/SDKs/WatchOS10.4.sdk/usr/bin/swift-plugin-server -external-plugin-path /Applications/Xcode-15.3.0.app/Contents/Developer/Platforms/WatchOS.platform/Developer/SDKs/WatchOS10.4.sdk/usr/local/lib/swift/host/plugins\#/Applications/Xcode-15.3.0.app/Contents/Developer/Platforms/WatchOS.platform/Developer/SDKs/WatchOS10.4.sdk/usr/bin/swift-plugin-server -external-plugin-path /Applications/Xcode-15.3.0.app/Contents/Developer/Platforms/WatchOS.platform/Developer/usr/lib/swift/host/plugins\#/Applications/Xcode-15.3.0.app/Contents/Developer/Platforms/WatchOS.platform/Developer/usr/bin/swift-plugin-server -external-plugin-path /Applications/Xcode-15.3.0.app/Contents/Developer/Platforms/WatchOS.platform/Developer/usr/local/lib/swift/host/plugins\#/Applications/Xcode-15.3.0.app/Contents/Developer/Platforms/WatchOS.platform/Developer/usr/bin/swift-plugin-server -plugin-path /Library/Developer/Toolchains/swift-6.0-DEVELOPMENT-SNAPSHOT-2024-05-26-a.xctoolchain/usr/lib/swift/host/plugins -plugin-path /Library/Developer/Toolchains/swift-6.0-DEVELOPMENT-SNAPSHOT-2024-05-26-a.xctoolchain/usr/local/lib/swift/host/plugins -parse-as-library -o /Users/admin/builder/spi-builder-workspace/.derivedData/Build/Intermediates.noindex/FluxorExplorerSnapshot.build/Debug-watchos/FluxorExplorerSnapshotTests.build/Objects-normal/arm64_32/FluxorExplorerSnapshotTests.o -index-unit-output-path /FluxorExplorerSnapshot.build/Debug-watchos/FluxorExplorerSnapshotTests.build/Objects-normal/arm64_32/FluxorExplorerSnapshotTests.o -index-store-path /Users/admin/builder/spi-builder-workspace/.derivedData/Index.noindex/DataStore -index-system-modules
SwiftCompile normal arm64_32 /Users/admin/builder/spi-builder-workspace/Tests/FluxorExplorerSnapshotTests/FluxorExplorerSnapshotTests.swift (in target 'FluxorExplorerSnapshotTests' from project 'FluxorExplorerSnapshot')
    cd /Users/admin/builder/spi-builder-workspace
    /Library/Developer/Toolchains/swift-6.0-DEVELOPMENT-SNAPSHOT-2024-05-26-a.xctoolchain/usr/bin/swift-frontend -c -primary-file /Users/admin/builder/spi-builder-workspace/Tests/FluxorExplorerSnapshotTests/FluxorExplorerSnapshotTests.swift -emit-dependencies-path /Users/admin/builder/spi-builder-workspace/.derivedData/Build/Intermediates.noindex/FluxorExplorerSnapshot.build/Debug-watchos/FluxorExplorerSnapshotTests.build/Objects-normal/arm64_32/FluxorExplorerSnapshotTests.d -emit-const-values-path /Users/admin/builder/spi-builder-workspace/.derivedData/Build/Intermediates.noindex/FluxorExplorerSnapshot.build/Debug-watchos/FluxorExplorerSnapshotTests.build/Objects-normal/arm64_32/FluxorExplorerSnapshotTests.swiftconstvalues -emit-reference-dependencies-path /Users/admin/builder/spi-builder-workspace/.derivedData/Build/Intermediates.noindex/FluxorExplorerSnapshot.build/Debug-watchos/FluxorExplorerSnapshotTests.build/Objects-normal/arm64_32/FluxorExplorerSnapshotTests.swiftdeps -serialize-diagnostics-path /Users/admin/builder/spi-builder-workspace/.derivedData/Build/Intermediates.noindex/FluxorExplorerSnapshot.build/Debug-watchos/FluxorExplorerSnapshotTests.build/Objects-normal/arm64_32/FluxorExplorerSnapshotTests.dia -target arm64_32-apple-watchos6.0 -enable-objc-interop -sdk /Applications/Xcode-15.3.0.app/Contents/Developer/Platforms/WatchOS.platform/Developer/SDKs/WatchOS10.4.sdk -I /Users/admin/builder/spi-builder-workspace/.derivedData/Build/Products/Debug-watchos -I /Applications/Xcode-15.3.0.app/Contents/Developer/Platforms/WatchOS.platform/Developer/usr/lib -F /Users/admin/builder/spi-builder-workspace/.derivedData/Build/Products/Debug-watchos/PackageFrameworks -F /Users/admin/builder/spi-builder-workspace/.derivedData/Build/Products/Debug-watchos/PackageFrameworks -F /Users/admin/builder/spi-builder-workspace/.derivedData/Build/Products/Debug-watchos/PackageFrameworks -F /Users/admin/builder/spi-builder-workspace/.derivedData/Build/Products/Debug-watchos -F /Applications/Xcode-15.3.0.app/Contents/Developer/Platforms/WatchOS.platform/Developer/Library/Frameworks -F /Applications/Xcode-15.3.0.app/Contents/Developer/Platforms/WatchOS.platform/Developer/SDKs/WatchOS10.4.sdk/Developer/Library/Frameworks -no-color-diagnostics -enable-testing -g -module-cache-path /Users/admin/builder/spi-builder-workspace/.derivedData/ModuleCache.noindex -profile-generate -profile-coverage-mapping -swift-version 5 -enforce-exclusivity\=checked -stats-output-dir /Users/admin/builder/spi-builder-workspace/.stats -Onone -D SWIFT_PACKAGE -D DEBUG -serialize-debugging-options -const-gather-protocols-file /Users/admin/builder/spi-builder-workspace/.derivedData/Build/Intermediates.noindex/FluxorExplorerSnapshot.build/Debug-watchos/FluxorExplorerSnapshotTests.build/Objects-normal/arm64_32/FluxorExplorerSnapshotTests_const_extract_protocols.json -strict-concurrency\=complete -empty-abi-descriptor -validate-clang-modules-once -clang-build-session-file /Users/admin/builder/spi-builder-workspace/.derivedData/ModuleCache.noindex/Session.modulevalidation -Xcc -working-directory -Xcc /Users/admin/builder/spi-builder-workspace -resource-dir /Library/Developer/Toolchains/swift-6.0-DEVELOPMENT-SNAPSHOT-2024-05-26-a.xctoolchain/usr/lib/swift -enable-anonymous-context-mangled-names -Xcc -I/Users/admin/builder/spi-builder-workspace/.derivedData/Build/Products/Debug-watchos/include -Xcc -I/Users/admin/builder/spi-builder-workspace/.derivedData/Build/Intermediates.noindex/FluxorExplorerSnapshot.build/Debug-watchos/FluxorExplorerSnapshotTests.build/DerivedSources-normal/arm64_32 -Xcc -I/Users/admin/builder/spi-builder-workspace/.derivedData/Build/Intermediates.noindex/FluxorExplorerSnapshot.build/Debug-watchos/FluxorExplorerSnapshotTests.build/DerivedSources/arm64_32 -Xcc -I/Users/admin/builder/spi-builder-workspace/.derivedData/Build/Intermediates.noindex/FluxorExplorerSnapshot.build/Debug-watchos/FluxorExplorerSnapshotTests.build/DerivedSources -Xcc -DSWIFT_PACKAGE -Xcc -DDEBUG\=1 -module-name FluxorExplorerSnapshotTests -frontend-parseable-output -disable-clang-spi -target-sdk-version 10.4 -target-sdk-name watchos10.4 -external-plugin-path /Applications/Xcode-15.3.0.app/Contents/Developer/Platforms/WatchOS.platform/Developer/SDKs/WatchOS10.4.sdk/usr/lib/swift/host/plugins\#/Applications/Xcode-15.3.0.app/Contents/Developer/Platforms/WatchOS.platform/Developer/SDKs/WatchOS10.4.sdk/usr/bin/swift-plugin-server -external-plugin-path /Applications/Xcode-15.3.0.app/Contents/Developer/Platforms/WatchOS.platform/Developer/SDKs/WatchOS10.4.sdk/usr/local/lib/swift/host/plugins\#/Applications/Xcode-15.3.0.app/Contents/Developer/Platforms/WatchOS.platform/Developer/SDKs/WatchOS10.4.sdk/usr/bin/swift-plugin-server -external-plugin-path /Applications/Xcode-15.3.0.app/Contents/Developer/Platforms/WatchOS.platform/Developer/usr/lib/swift/host/plugins\#/Applications/Xcode-15.3.0.app/Contents/Developer/Platforms/WatchOS.platform/Developer/usr/bin/swift-plugin-server -external-plugin-path /Applications/Xcode-15.3.0.app/Contents/Developer/Platforms/WatchOS.platform/Developer/usr/local/lib/swift/host/plugins\#/Applications/Xcode-15.3.0.app/Contents/Developer/Platforms/WatchOS.platform/Developer/usr/bin/swift-plugin-server -plugin-path /Library/Developer/Toolchains/swift-6.0-DEVELOPMENT-SNAPSHOT-2024-05-26-a.xctoolchain/usr/lib/swift/host/plugins -plugin-path /Library/Developer/Toolchains/swift-6.0-DEVELOPMENT-SNAPSHOT-2024-05-26-a.xctoolchain/usr/local/lib/swift/host/plugins -parse-as-library -o /Users/admin/builder/spi-builder-workspace/.derivedData/Build/Intermediates.noindex/FluxorExplorerSnapshot.build/Debug-watchos/FluxorExplorerSnapshotTests.build/Objects-normal/arm64_32/FluxorExplorerSnapshotTests.o -index-unit-output-path /FluxorExplorerSnapshot.build/Debug-watchos/FluxorExplorerSnapshotTests.build/Objects-normal/arm64_32/FluxorExplorerSnapshotTests.o -index-store-path /Users/admin/builder/spi-builder-workspace/.derivedData/Index.noindex/DataStore -index-system-modules
SwiftDriver\ Compilation FluxorExplorerSnapshot normal arm64 com.apple.xcode.tools.swift.compiler (in target 'FluxorExplorerSnapshot' from project 'FluxorExplorerSnapshot')
    cd /Users/admin/builder/spi-builder-workspace
    builtin-Swift-Compilation -- /Library/Developer/Toolchains/swift-6.0-DEVELOPMENT-SNAPSHOT-2024-05-26-a.xctoolchain/usr/bin/swiftc -module-name FluxorExplorerSnapshot -Onone -enforce-exclusivity\=checked @/Users/admin/builder/spi-builder-workspace/.derivedData/Build/Intermediates.noindex/FluxorExplorerSnapshot.build/Debug-watchos/FluxorExplorerSnapshot.build/Objects-normal/arm64/FluxorExplorerSnapshot.SwiftFileList -DSWIFT_PACKAGE -DDEBUG -stats-output-dir .stats -strict-concurrency\=complete -sdk /Applications/Xcode-15.3.0.app/Contents/Developer/Platforms/WatchOS.platform/Developer/SDKs/WatchOS10.4.sdk -target arm64-apple-watchos6.0 -g -module-cache-path /Users/admin/builder/spi-builder-workspace/.derivedData/ModuleCache.noindex -Xfrontend -serialize-debugging-options -profile-coverage-mapping -profile-generate -enable-testing -index-store-path /Users/admin/builder/spi-builder-workspace/.derivedData/Index.noindex/DataStore -swift-version 5 -I /Users/admin/builder/spi-builder-workspace/.derivedData/Build/Products/Debug-watchos -I /Applications/Xcode-15.3.0.app/Contents/Developer/Platforms/WatchOS.platform/Developer/usr/lib -F /Users/admin/builder/spi-builder-workspace/.derivedData/Build/Products/Debug-watchos/PackageFrameworks -F /Users/admin/builder/spi-builder-workspace/.derivedData/Build/Products/Debug-watchos/PackageFrameworks -F /Users/admin/builder/spi-builder-workspace/.derivedData/Build/Products/Debug-watchos -F /Applications/Xcode-15.3.0.app/Contents/Developer/Platforms/WatchOS.platform/Developer/Library/Frameworks -F /Applications/Xcode-15.3.0.app/Contents/Developer/Platforms/WatchOS.platform/Developer/SDKs/WatchOS10.4.sdk/Developer/Library/Frameworks -parse-as-library -c -j10 -enable-batch-mode -incremental -output-file-map /Users/admin/builder/spi-builder-workspace/.derivedData/Build/Intermediates.noindex/FluxorExplorerSnapshot.build/Debug-watchos/FluxorExplorerSnapshot.build/Objects-normal/arm64/FluxorExplorerSnapshot-OutputFileMap.json -use-frontend-parseable-output -save-temps -no-color-diagnostics -serialize-diagnostics -emit-dependencies -emit-module -emit-module-path /Users/admin/builder/spi-builder-workspace/.derivedData/Build/Intermediates.noindex/FluxorExplorerSnapshot.build/Debug-watchos/FluxorExplorerSnapshot.build/Objects-normal/arm64/FluxorExplorerSnapshot.swiftmodule -validate-clang-modules-once -clang-build-session-file /Users/admin/builder/spi-builder-workspace/.derivedData/ModuleCache.noindex/Session.modulevalidation -Xcc -I/Users/admin/builder/spi-builder-workspace/.derivedData/Build/Intermediates.noindex/FluxorExplorerSnapshot.build/Debug-watchos/FluxorExplorerSnapshot.build/swift-overrides.hmap -emit-const-values -Xfrontend -const-gather-protocols-file -Xfrontend /Users/admin/builder/spi-builder-workspace/.derivedData/Build/Intermediates.noindex/FluxorExplorerSnapshot.build/Debug-watchos/FluxorExplorerSnapshot.build/Objects-normal/arm64/FluxorExplorerSnapshot_const_extract_protocols.json -Xcc -I/Users/admin/builder/spi-builder-workspace/.derivedData/Build/Products/Debug-watchos/include -Xcc -I/Users/admin/builder/spi-builder-workspace/.derivedData/Build/Intermediates.noindex/FluxorExplorerSnapshot.build/Debug-watchos/FluxorExplorerSnapshot.build/DerivedSources-normal/arm64 -Xcc -I/Users/admin/builder/spi-builder-workspace/.derivedData/Build/Intermediates.noindex/FluxorExplorerSnapshot.build/Debug-watchos/FluxorExplorerSnapshot.build/DerivedSources/arm64 -Xcc -I/Users/admin/builder/spi-builder-workspace/.derivedData/Build/Intermediates.noindex/FluxorExplorerSnapshot.build/Debug-watchos/FluxorExplorerSnapshot.build/DerivedSources -Xcc -DSWIFT_PACKAGE -Xcc -DDEBUG\=1 -emit-objc-header -emit-objc-header-path /Users/admin/builder/spi-builder-workspace/.derivedData/Build/Intermediates.noindex/FluxorExplorerSnapshot.build/Debug-watchos/FluxorExplorerSnapshot.build/Objects-normal/arm64/FluxorExplorerSnapshot-Swift.h -working-directory /Users/admin/builder/spi-builder-workspace -experimental-emit-module-separately -disable-cmo
SwiftDriverJobDiscovery normal arm64_32 Compiling FluxorExplorerSnapshot.swift (in target 'FluxorExplorerSnapshot' from project 'FluxorExplorerSnapshot')
SwiftDriver\ Compilation Fluxor normal arm64_32 com.apple.xcode.tools.swift.compiler (in target 'Fluxor' from project 'Fluxor')
    cd /Users/admin/builder/spi-builder-workspace/.dependencies/checkouts/Fluxor
    builtin-Swift-Compilation -- /Library/Developer/Toolchains/swift-6.0-DEVELOPMENT-SNAPSHOT-2024-05-26-a.xctoolchain/usr/bin/swiftc -module-name Fluxor -Onone -enforce-exclusivity\=checked @/Users/admin/builder/spi-builder-workspace/.derivedData/Build/Intermediates.noindex/Fluxor.build/Debug-watchos/Fluxor.build/Objects-normal/arm64_32/Fluxor.SwiftFileList -DSWIFT_PACKAGE -DDEBUG -stats-output-dir .stats -strict-concurrency\=complete -sdk /Applications/Xcode-15.3.0.app/Contents/Developer/Platforms/WatchOS.platform/Developer/SDKs/WatchOS10.4.sdk -target arm64_32-apple-watchos6.0 -g -module-cache-path /Users/admin/builder/spi-builder-workspace/.derivedData/ModuleCache.noindex -Xfrontend -serialize-debugging-options -profile-coverage-mapping -profile-generate -enable-testing -suppress-warnings -index-store-path /Users/admin/builder/spi-builder-workspace/.derivedData/Index.noindex/DataStore -swift-version 5 -I /Users/admin/builder/spi-builder-workspace/.derivedData/Build/Products/Debug-watchos -I /Applications/Xcode-15.3.0.app/Contents/Developer/Platforms/WatchOS.platform/Developer/usr/lib -F /Users/admin/builder/spi-builder-workspace/.derivedData/Build/Products/Debug-watchos/PackageFrameworks -F /Users/admin/builder/spi-builder-workspace/.derivedData/Build/Products/Debug-watchos -F /Applications/Xcode-15.3.0.app/Contents/Developer/Platforms/WatchOS.platform/Developer/Library/Frameworks -F /Applications/Xcode-15.3.0.app/Contents/Developer/Platforms/WatchOS.platform/Developer/SDKs/WatchOS10.4.sdk/Developer/Library/Frameworks -c -j10 -enable-batch-mode -incremental -output-file-map /Users/admin/builder/spi-builder-workspace/.derivedData/Build/Intermediates.noindex/Fluxor.build/Debug-watchos/Fluxor.build/Objects-normal/arm64_32/Fluxor-OutputFileMap.json -use-frontend-parseable-output -save-temps -no-color-diagnostics -serialize-diagnostics -emit-dependencies -emit-module -emit-module-path /Users/admin/builder/spi-builder-workspace/.derivedData/Build/Intermediates.noindex/Fluxor.build/Debug-watchos/Fluxor.build/Objects-normal/arm64_32/Fluxor.swiftmodule -validate-clang-modules-once -clang-build-session-file /Users/admin/builder/spi-builder-workspace/.derivedData/ModuleCache.noindex/Session.modulevalidation -Xcc -I/Users/admin/builder/spi-builder-workspace/.derivedData/Build/Intermediates.noindex/Fluxor.build/Debug-watchos/Fluxor.build/swift-overrides.hmap -emit-const-values -Xfrontend -const-gather-protocols-file -Xfrontend /Users/admin/builder/spi-builder-workspace/.derivedData/Build/Intermediates.noindex/Fluxor.build/Debug-watchos/Fluxor.build/Objects-normal/arm64_32/Fluxor_const_extract_protocols.json -Xcc -I/Users/admin/builder/spi-builder-workspace/.derivedData/Build/Products/Debug-watchos/include -Xcc -I/Users/admin/builder/spi-builder-workspace/.derivedData/Build/Intermediates.noindex/Fluxor.build/Debug-watchos/Fluxor.build/DerivedSources-normal/arm64_32 -Xcc -I/Users/admin/builder/spi-builder-workspace/.derivedData/Build/Intermediates.noindex/Fluxor.build/Debug-watchos/Fluxor.build/DerivedSources/arm64_32 -Xcc -I/Users/admin/builder/spi-builder-workspace/.derivedData/Build/Intermediates.noindex/Fluxor.build/Debug-watchos/Fluxor.build/DerivedSources -Xcc -DSWIFT_PACKAGE -Xcc -DDEBUG\=1 -emit-objc-header -emit-objc-header-path /Users/admin/builder/spi-builder-workspace/.derivedData/Build/Intermediates.noindex/Fluxor.build/Debug-watchos/Fluxor.build/Objects-normal/arm64_32/Fluxor-Swift.h -working-directory /Users/admin/builder/spi-builder-workspace/.dependencies/checkouts/Fluxor -experimental-emit-module-separately -disable-cmo
SwiftDriverJobDiscovery normal armv7k Compiling FluxorExplorerSnapshot.swift (in target 'FluxorExplorerSnapshot' from project 'FluxorExplorerSnapshot')
SwiftDriver\ Compilation FluxorExplorerSnapshot normal arm64_32 com.apple.xcode.tools.swift.compiler (in target 'FluxorExplorerSnapshot' from project 'FluxorExplorerSnapshot')
    cd /Users/admin/builder/spi-builder-workspace
    builtin-Swift-Compilation -- /Library/Developer/Toolchains/swift-6.0-DEVELOPMENT-SNAPSHOT-2024-05-26-a.xctoolchain/usr/bin/swiftc -module-name FluxorExplorerSnapshot -Onone -enforce-exclusivity\=checked @/Users/admin/builder/spi-builder-workspace/.derivedData/Build/Intermediates.noindex/FluxorExplorerSnapshot.build/Debug-watchos/FluxorExplorerSnapshot.build/Objects-normal/arm64_32/FluxorExplorerSnapshot.SwiftFileList -DSWIFT_PACKAGE -DDEBUG -stats-output-dir .stats -strict-concurrency\=complete -sdk /Applications/Xcode-15.3.0.app/Contents/Developer/Platforms/WatchOS.platform/Developer/SDKs/WatchOS10.4.sdk -target arm64_32-apple-watchos6.0 -g -module-cache-path /Users/admin/builder/spi-builder-workspace/.derivedData/ModuleCache.noindex -Xfrontend -serialize-debugging-options -profile-coverage-mapping -profile-generate -enable-testing -index-store-path /Users/admin/builder/spi-builder-workspace/.derivedData/Index.noindex/DataStore -swift-version 5 -I /Users/admin/builder/spi-builder-workspace/.derivedData/Build/Products/Debug-watchos -I /Applications/Xcode-15.3.0.app/Contents/Developer/Platforms/WatchOS.platform/Developer/usr/lib -F /Users/admin/builder/spi-builder-workspace/.derivedData/Build/Products/Debug-watchos/PackageFrameworks -F /Users/admin/builder/spi-builder-workspace/.derivedData/Build/Products/Debug-watchos/PackageFrameworks -F /Users/admin/builder/spi-builder-workspace/.derivedData/Build/Products/Debug-watchos -F /Applications/Xcode-15.3.0.app/Contents/Developer/Platforms/WatchOS.platform/Developer/Library/Frameworks -F /Applications/Xcode-15.3.0.app/Contents/Developer/Platforms/WatchOS.platform/Developer/SDKs/WatchOS10.4.sdk/Developer/Library/Frameworks -parse-as-library -c -j10 -enable-batch-mode -incremental -output-file-map /Users/admin/builder/spi-builder-workspace/.derivedData/Build/Intermediates.noindex/FluxorExplorerSnapshot.build/Debug-watchos/FluxorExplorerSnapshot.build/Objects-normal/arm64_32/FluxorExplorerSnapshot-OutputFileMap.json -use-frontend-parseable-output -save-temps -no-color-diagnostics -serialize-diagnostics -emit-dependencies -emit-module -emit-module-path /Users/admin/builder/spi-builder-workspace/.derivedData/Build/Intermediates.noindex/FluxorExplorerSnapshot.build/Debug-watchos/FluxorExplorerSnapshot.build/Objects-normal/arm64_32/FluxorExplorerSnapshot.swiftmodule -validate-clang-modules-once -clang-build-session-file /Users/admin/builder/spi-builder-workspace/.derivedData/ModuleCache.noindex/Session.modulevalidation -Xcc -I/Users/admin/builder/spi-builder-workspace/.derivedData/Build/Intermediates.noindex/FluxorExplorerSnapshot.build/Debug-watchos/FluxorExplorerSnapshot.build/swift-overrides.hmap -emit-const-values -Xfrontend -const-gather-protocols-file -Xfrontend /Users/admin/builder/spi-builder-workspace/.derivedData/Build/Intermediates.noindex/FluxorExplorerSnapshot.build/Debug-watchos/FluxorExplorerSnapshot.build/Objects-normal/arm64_32/FluxorExplorerSnapshot_const_extract_protocols.json -Xcc -I/Users/admin/builder/spi-builder-workspace/.derivedData/Build/Products/Debug-watchos/include -Xcc -I/Users/admin/builder/spi-builder-workspace/.derivedData/Build/Intermediates.noindex/FluxorExplorerSnapshot.build/Debug-watchos/FluxorExplorerSnapshot.build/DerivedSources-normal/arm64_32 -Xcc -I/Users/admin/builder/spi-builder-workspace/.derivedData/Build/Intermediates.noindex/FluxorExplorerSnapshot.build/Debug-watchos/FluxorExplorerSnapshot.build/DerivedSources/arm64_32 -Xcc -I/Users/admin/builder/spi-builder-workspace/.derivedData/Build/Intermediates.noindex/FluxorExplorerSnapshot.build/Debug-watchos/FluxorExplorerSnapshot.build/DerivedSources -Xcc -DSWIFT_PACKAGE -Xcc -DDEBUG\=1 -emit-objc-header -emit-objc-header-path /Users/admin/builder/spi-builder-workspace/.derivedData/Build/Intermediates.noindex/FluxorExplorerSnapshot.build/Debug-watchos/FluxorExplorerSnapshot.build/Objects-normal/arm64_32/FluxorExplorerSnapshot-Swift.h -working-directory /Users/admin/builder/spi-builder-workspace -experimental-emit-module-separately -disable-cmo
SwiftDriver\ Compilation FluxorExplorerSnapshot normal armv7k com.apple.xcode.tools.swift.compiler (in target 'FluxorExplorerSnapshot' from project 'FluxorExplorerSnapshot')
    cd /Users/admin/builder/spi-builder-workspace
    builtin-Swift-Compilation -- /Library/Developer/Toolchains/swift-6.0-DEVELOPMENT-SNAPSHOT-2024-05-26-a.xctoolchain/usr/bin/swiftc -module-name FluxorExplorerSnapshot -Onone -enforce-exclusivity\=checked @/Users/admin/builder/spi-builder-workspace/.derivedData/Build/Intermediates.noindex/FluxorExplorerSnapshot.build/Debug-watchos/FluxorExplorerSnapshot.build/Objects-normal/armv7k/FluxorExplorerSnapshot.SwiftFileList -DSWIFT_PACKAGE -DDEBUG -stats-output-dir .stats -strict-concurrency\=complete -sdk /Applications/Xcode-15.3.0.app/Contents/Developer/Platforms/WatchOS.platform/Developer/SDKs/WatchOS10.4.sdk -target armv7k-apple-watchos6.0 -g -module-cache-path /Users/admin/builder/spi-builder-workspace/.derivedData/ModuleCache.noindex -Xfrontend -serialize-debugging-options -profile-coverage-mapping -profile-generate -enable-testing -index-store-path /Users/admin/builder/spi-builder-workspace/.derivedData/Index.noindex/DataStore -swift-version 5 -I /Users/admin/builder/spi-builder-workspace/.derivedData/Build/Products/Debug-watchos -I /Applications/Xcode-15.3.0.app/Contents/Developer/Platforms/WatchOS.platform/Developer/usr/lib -F /Users/admin/builder/spi-builder-workspace/.derivedData/Build/Products/Debug-watchos/PackageFrameworks -F /Users/admin/builder/spi-builder-workspace/.derivedData/Build/Products/Debug-watchos/PackageFrameworks -F /Users/admin/builder/spi-builder-workspace/.derivedData/Build/Products/Debug-watchos -F /Applications/Xcode-15.3.0.app/Contents/Developer/Platforms/WatchOS.platform/Developer/Library/Frameworks -F /Applications/Xcode-15.3.0.app/Contents/Developer/Platforms/WatchOS.platform/Developer/SDKs/WatchOS10.4.sdk/Developer/Library/Frameworks -parse-as-library -c -j10 -enable-batch-mode -incremental -output-file-map /Users/admin/builder/spi-builder-workspace/.derivedData/Build/Intermediates.noindex/FluxorExplorerSnapshot.build/Debug-watchos/FluxorExplorerSnapshot.build/Objects-normal/armv7k/FluxorExplorerSnapshot-OutputFileMap.json -use-frontend-parseable-output -save-temps -no-color-diagnostics -serialize-diagnostics -emit-dependencies -emit-module -emit-module-path /Users/admin/builder/spi-builder-workspace/.derivedData/Build/Intermediates.noindex/FluxorExplorerSnapshot.build/Debug-watchos/FluxorExplorerSnapshot.build/Objects-normal/armv7k/FluxorExplorerSnapshot.swiftmodule -validate-clang-modules-once -clang-build-session-file /Users/admin/builder/spi-builder-workspace/.derivedData/ModuleCache.noindex/Session.modulevalidation -Xcc -I/Users/admin/builder/spi-builder-workspace/.derivedData/Build/Intermediates.noindex/FluxorExplorerSnapshot.build/Debug-watchos/FluxorExplorerSnapshot.build/swift-overrides.hmap -emit-const-values -Xfrontend -const-gather-protocols-file -Xfrontend /Users/admin/builder/spi-builder-workspace/.derivedData/Build/Intermediates.noindex/FluxorExplorerSnapshot.build/Debug-watchos/FluxorExplorerSnapshot.build/Objects-normal/armv7k/FluxorExplorerSnapshot_const_extract_protocols.json -Xcc -I/Users/admin/builder/spi-builder-workspace/.derivedData/Build/Products/Debug-watchos/include -Xcc -I/Users/admin/builder/spi-builder-workspace/.derivedData/Build/Intermediates.noindex/FluxorExplorerSnapshot.build/Debug-watchos/FluxorExplorerSnapshot.build/DerivedSources-normal/armv7k -Xcc -I/Users/admin/builder/spi-builder-workspace/.derivedData/Build/Intermediates.noindex/FluxorExplorerSnapshot.build/Debug-watchos/FluxorExplorerSnapshot.build/DerivedSources/armv7k -Xcc -I/Users/admin/builder/spi-builder-workspace/.derivedData/Build/Intermediates.noindex/FluxorExplorerSnapshot.build/Debug-watchos/FluxorExplorerSnapshot.build/DerivedSources -Xcc -DSWIFT_PACKAGE -Xcc -DDEBUG\=1 -emit-objc-header -emit-objc-header-path /Users/admin/builder/spi-builder-workspace/.derivedData/Build/Intermediates.noindex/FluxorExplorerSnapshot.build/Debug-watchos/FluxorExplorerSnapshot.build/Objects-normal/armv7k/FluxorExplorerSnapshot-Swift.h -working-directory /Users/admin/builder/spi-builder-workspace -experimental-emit-module-separately -disable-cmo
Ld /Users/admin/builder/spi-builder-workspace/.derivedData/Build/Intermediates.noindex/Fluxor.build/Debug-watchos/Fluxor.build/Objects-normal/arm64_32/Binary/Fluxor.o normal arm64_32 (in target 'Fluxor' from project 'Fluxor')
    cd /Users/admin/builder/spi-builder-workspace/.dependencies/checkouts/Fluxor
    /Library/Developer/Toolchains/swift-6.0-DEVELOPMENT-SNAPSHOT-2024-05-26-a.xctoolchain/usr/bin/clang -Xlinker -reproducible -target arm64_32-apple-watchos6.0 -r -isysroot /Applications/Xcode-15.3.0.app/Contents/Developer/Platforms/WatchOS.platform/Developer/SDKs/WatchOS10.4.sdk -O0 -w -L/Users/admin/builder/spi-builder-workspace/.derivedData/Build/Intermediates.noindex/EagerLinkingTBDs/Debug-watchos -L/Users/admin/builder/spi-builder-workspace/.derivedData/Build/Products/Debug-watchos -L/Applications/Xcode-15.3.0.app/Contents/Developer/Platforms/WatchOS.platform/Developer/usr/lib -F/Users/admin/builder/spi-builder-workspace/.derivedData/Build/Intermediates.noindex/EagerLinkingTBDs/Debug-watchos -F/Users/admin/builder/spi-builder-workspace/.derivedData/Build/Products/Debug-watchos/PackageFrameworks -F/Users/admin/builder/spi-builder-workspace/.derivedData/Build/Products/Debug-watchos -iframework /Applications/Xcode-15.3.0.app/Contents/Developer/Platforms/WatchOS.platform/Developer/Library/Frameworks -iframework /Applications/Xcode-15.3.0.app/Contents/Developer/Platforms/WatchOS.platform/Developer/SDKs/WatchOS10.4.sdk/Developer/Library/Frameworks -filelist /Users/admin/builder/spi-builder-workspace/.derivedData/Build/Intermediates.noindex/Fluxor.build/Debug-watchos/Fluxor.build/Objects-normal/arm64_32/Fluxor.LinkFileList -nostdlib -Xlinker -object_path_lto -Xlinker /Users/admin/builder/spi-builder-workspace/.derivedData/Build/Intermediates.noindex/Fluxor.build/Debug-watchos/Fluxor.build/Objects-normal/arm64_32/Fluxor_lto.o -Xlinker -export_dynamic -Xlinker -no_deduplicate -Xlinker -debug_variant -fobjc-link-runtime -L/Library/Developer/Toolchains/swift-6.0-DEVELOPMENT-SNAPSHOT-2024-05-26-a.xctoolchain/usr/lib/swift/watchos -L/usr/lib/swift -Xlinker -add_ast_path -Xlinker /Users/admin/builder/spi-builder-workspace/.derivedData/Build/Intermediates.noindex/Fluxor.build/Debug-watchos/Fluxor.build/Objects-normal/arm64_32/Fluxor.swiftmodule -Xlinker -dependency_info -Xlinker /Users/admin/builder/spi-builder-workspace/.derivedData/Build/Intermediates.noindex/Fluxor.build/Debug-watchos/Fluxor.build/Objects-normal/arm64_32/Fluxor_dependency_info.dat -o /Users/admin/builder/spi-builder-workspace/.derivedData/Build/Intermediates.noindex/Fluxor.build/Debug-watchos/Fluxor.build/Objects-normal/arm64_32/Binary/Fluxor.o
SwiftDriverJobDiscovery normal armv7k Compiling StoreValue.swift (in target 'Fluxor' from project 'Fluxor')
SwiftDriverJobDiscovery normal armv7k Compiling Store+Binding.swift (in target 'Fluxor' from project 'Fluxor')
SwiftDriver\ Compilation Fluxor normal armv7k com.apple.xcode.tools.swift.compiler (in target 'Fluxor' from project 'Fluxor')
    cd /Users/admin/builder/spi-builder-workspace/.dependencies/checkouts/Fluxor
    builtin-Swift-Compilation -- /Library/Developer/Toolchains/swift-6.0-DEVELOPMENT-SNAPSHOT-2024-05-26-a.xctoolchain/usr/bin/swiftc -module-name Fluxor -Onone -enforce-exclusivity\=checked @/Users/admin/builder/spi-builder-workspace/.derivedData/Build/Intermediates.noindex/Fluxor.build/Debug-watchos/Fluxor.build/Objects-normal/armv7k/Fluxor.SwiftFileList -DSWIFT_PACKAGE -DDEBUG -stats-output-dir .stats -strict-concurrency\=complete -sdk /Applications/Xcode-15.3.0.app/Contents/Developer/Platforms/WatchOS.platform/Developer/SDKs/WatchOS10.4.sdk -target armv7k-apple-watchos6.0 -g -module-cache-path /Users/admin/builder/spi-builder-workspace/.derivedData/ModuleCache.noindex -Xfrontend -serialize-debugging-options -profile-coverage-mapping -profile-generate -enable-testing -suppress-warnings -index-store-path /Users/admin/builder/spi-builder-workspace/.derivedData/Index.noindex/DataStore -swift-version 5 -I /Users/admin/builder/spi-builder-workspace/.derivedData/Build/Products/Debug-watchos -I /Applications/Xcode-15.3.0.app/Contents/Developer/Platforms/WatchOS.platform/Developer/usr/lib -F /Users/admin/builder/spi-builder-workspace/.derivedData/Build/Products/Debug-watchos/PackageFrameworks -F /Users/admin/builder/spi-builder-workspace/.derivedData/Build/Products/Debug-watchos -F /Applications/Xcode-15.3.0.app/Contents/Developer/Platforms/WatchOS.platform/Developer/Library/Frameworks -F /Applications/Xcode-15.3.0.app/Contents/Developer/Platforms/WatchOS.platform/Developer/SDKs/WatchOS10.4.sdk/Developer/Library/Frameworks -c -j10 -enable-batch-mode -incremental -output-file-map /Users/admin/builder/spi-builder-workspace/.derivedData/Build/Intermediates.noindex/Fluxor.build/Debug-watchos/Fluxor.build/Objects-normal/armv7k/Fluxor-OutputFileMap.json -use-frontend-parseable-output -save-temps -no-color-diagnostics -serialize-diagnostics -emit-dependencies -emit-module -emit-module-path /Users/admin/builder/spi-builder-workspace/.derivedData/Build/Intermediates.noindex/Fluxor.build/Debug-watchos/Fluxor.build/Objects-normal/armv7k/Fluxor.swiftmodule -validate-clang-modules-once -clang-build-session-file /Users/admin/builder/spi-builder-workspace/.derivedData/ModuleCache.noindex/Session.modulevalidation -Xcc -I/Users/admin/builder/spi-builder-workspace/.derivedData/Build/Intermediates.noindex/Fluxor.build/Debug-watchos/Fluxor.build/swift-overrides.hmap -emit-const-values -Xfrontend -const-gather-protocols-file -Xfrontend /Users/admin/builder/spi-builder-workspace/.derivedData/Build/Intermediates.noindex/Fluxor.build/Debug-watchos/Fluxor.build/Objects-normal/armv7k/Fluxor_const_extract_protocols.json -Xcc -I/Users/admin/builder/spi-builder-workspace/.derivedData/Build/Products/Debug-watchos/include -Xcc -I/Users/admin/builder/spi-builder-workspace/.derivedData/Build/Intermediates.noindex/Fluxor.build/Debug-watchos/Fluxor.build/DerivedSources-normal/armv7k -Xcc -I/Users/admin/builder/spi-builder-workspace/.derivedData/Build/Intermediates.noindex/Fluxor.build/Debug-watchos/Fluxor.build/DerivedSources/armv7k -Xcc -I/Users/admin/builder/spi-builder-workspace/.derivedData/Build/Intermediates.noindex/Fluxor.build/Debug-watchos/Fluxor.build/DerivedSources -Xcc -DSWIFT_PACKAGE -Xcc -DDEBUG\=1 -emit-objc-header -emit-objc-header-path /Users/admin/builder/spi-builder-workspace/.derivedData/Build/Intermediates.noindex/Fluxor.build/Debug-watchos/Fluxor.build/Objects-normal/armv7k/Fluxor-Swift.h -working-directory /Users/admin/builder/spi-builder-workspace/.dependencies/checkouts/Fluxor -experimental-emit-module-separately -disable-cmo
Ld /Users/admin/builder/spi-builder-workspace/.derivedData/Build/Intermediates.noindex/Fluxor.build/Debug-watchos/Fluxor.build/Objects-normal/armv7k/Binary/Fluxor.o normal armv7k (in target 'Fluxor' from project 'Fluxor')
    cd /Users/admin/builder/spi-builder-workspace/.dependencies/checkouts/Fluxor
    /Library/Developer/Toolchains/swift-6.0-DEVELOPMENT-SNAPSHOT-2024-05-26-a.xctoolchain/usr/bin/clang -Xlinker -reproducible -target armv7k-apple-watchos6.0 -r -isysroot /Applications/Xcode-15.3.0.app/Contents/Developer/Platforms/WatchOS.platform/Developer/SDKs/WatchOS10.4.sdk -O0 -w -L/Users/admin/builder/spi-builder-workspace/.derivedData/Build/Intermediates.noindex/EagerLinkingTBDs/Debug-watchos -L/Users/admin/builder/spi-builder-workspace/.derivedData/Build/Products/Debug-watchos -L/Applications/Xcode-15.3.0.app/Contents/Developer/Platforms/WatchOS.platform/Developer/usr/lib -F/Users/admin/builder/spi-builder-workspace/.derivedData/Build/Intermediates.noindex/EagerLinkingTBDs/Debug-watchos -F/Users/admin/builder/spi-builder-workspace/.derivedData/Build/Products/Debug-watchos/PackageFrameworks -F/Users/admin/builder/spi-builder-workspace/.derivedData/Build/Products/Debug-watchos -iframework /Applications/Xcode-15.3.0.app/Contents/Developer/Platforms/WatchOS.platform/Developer/Library/Frameworks -iframework /Applications/Xcode-15.3.0.app/Contents/Developer/Platforms/WatchOS.platform/Developer/SDKs/WatchOS10.4.sdk/Developer/Library/Frameworks -filelist /Users/admin/builder/spi-builder-workspace/.derivedData/Build/Intermediates.noindex/Fluxor.build/Debug-watchos/Fluxor.build/Objects-normal/armv7k/Fluxor.LinkFileList -nostdlib -Xlinker -object_path_lto -Xlinker /Users/admin/builder/spi-builder-workspace/.derivedData/Build/Intermediates.noindex/Fluxor.build/Debug-watchos/Fluxor.build/Objects-normal/armv7k/Fluxor_lto.o -Xlinker -export_dynamic -Xlinker -no_deduplicate -Xlinker -debug_variant -fobjc-link-runtime -L/Library/Developer/Toolchains/swift-6.0-DEVELOPMENT-SNAPSHOT-2024-05-26-a.xctoolchain/usr/lib/swift/watchos -L/usr/lib/swift -Xlinker -add_ast_path -Xlinker /Users/admin/builder/spi-builder-workspace/.derivedData/Build/Intermediates.noindex/Fluxor.build/Debug-watchos/Fluxor.build/Objects-normal/armv7k/Fluxor.swiftmodule -Xlinker -dependency_info -Xlinker /Users/admin/builder/spi-builder-workspace/.derivedData/Build/Intermediates.noindex/Fluxor.build/Debug-watchos/Fluxor.build/Objects-normal/armv7k/Fluxor_dependency_info.dat -o /Users/admin/builder/spi-builder-workspace/.derivedData/Build/Intermediates.noindex/Fluxor.build/Debug-watchos/Fluxor.build/Objects-normal/armv7k/Binary/Fluxor.o
CreateUniversalBinary /Users/admin/builder/spi-builder-workspace/.derivedData/Build/Products/Debug-watchos/Fluxor.o normal arm64\ armv7k\ arm64_32 (in target 'Fluxor' from project 'Fluxor')
    cd /Users/admin/builder/spi-builder-workspace/.dependencies/checkouts/Fluxor
    /Applications/Xcode-15.3.0.app/Contents/Developer/Toolchains/XcodeDefault.xctoolchain/usr/bin/lipo -create /Users/admin/builder/spi-builder-workspace/.derivedData/Build/Intermediates.noindex/Fluxor.build/Debug-watchos/Fluxor.build/Objects-normal/arm64/Binary/Fluxor.o /Users/admin/builder/spi-builder-workspace/.derivedData/Build/Intermediates.noindex/Fluxor.build/Debug-watchos/Fluxor.build/Objects-normal/armv7k/Binary/Fluxor.o /Users/admin/builder/spi-builder-workspace/.derivedData/Build/Intermediates.noindex/Fluxor.build/Debug-watchos/Fluxor.build/Objects-normal/arm64_32/Binary/Fluxor.o -output /Users/admin/builder/spi-builder-workspace/.derivedData/Build/Products/Debug-watchos/Fluxor.o
RegisterExecutionPolicyException /Users/admin/builder/spi-builder-workspace/.derivedData/Build/Products/Debug-watchos/Fluxor.o (in target 'Fluxor' from project 'Fluxor')
    cd /Users/admin/builder/spi-builder-workspace/.dependencies/checkouts/Fluxor
    builtin-RegisterExecutionPolicyException /Users/admin/builder/spi-builder-workspace/.derivedData/Build/Products/Debug-watchos/Fluxor.o
WriteAuxiliaryFile /Users/admin/builder/spi-builder-workspace/.derivedData/Build/Intermediates.noindex/FluxorExplorerSnapshot.build/Debug-watchos/FluxorExplorerSnapshot.build/Objects-normal/arm64_32/FluxorExplorerSnapshot.LinkFileList (in target 'FluxorExplorerSnapshot' from project 'FluxorExplorerSnapshot')
    cd /Users/admin/builder/spi-builder-workspace
    write-file /Users/admin/builder/spi-builder-workspace/.derivedData/Build/Intermediates.noindex/FluxorExplorerSnapshot.build/Debug-watchos/FluxorExplorerSnapshot.build/Objects-normal/arm64_32/FluxorExplorerSnapshot.LinkFileList
WriteAuxiliaryFile /Users/admin/builder/spi-builder-workspace/.derivedData/Build/Intermediates.noindex/FluxorExplorerSnapshot.build/Debug-watchos/FluxorExplorerSnapshot.build/Objects-normal/arm64/FluxorExplorerSnapshot.LinkFileList (in target 'FluxorExplorerSnapshot' from project 'FluxorExplorerSnapshot')
    cd /Users/admin/builder/spi-builder-workspace
    write-file /Users/admin/builder/spi-builder-workspace/.derivedData/Build/Intermediates.noindex/FluxorExplorerSnapshot.build/Debug-watchos/FluxorExplorerSnapshot.build/Objects-normal/arm64/FluxorExplorerSnapshot.LinkFileList
WriteAuxiliaryFile /Users/admin/builder/spi-builder-workspace/.derivedData/Build/Intermediates.noindex/FluxorExplorerSnapshot.build/Debug-watchos/FluxorExplorerSnapshot.build/Objects-normal/armv7k/FluxorExplorerSnapshot.LinkFileList (in target 'FluxorExplorerSnapshot' from project 'FluxorExplorerSnapshot')
    cd /Users/admin/builder/spi-builder-workspace
    write-file /Users/admin/builder/spi-builder-workspace/.derivedData/Build/Intermediates.noindex/FluxorExplorerSnapshot.build/Debug-watchos/FluxorExplorerSnapshot.build/Objects-normal/armv7k/FluxorExplorerSnapshot.LinkFileList
Ld /Users/admin/builder/spi-builder-workspace/.derivedData/Build/Intermediates.noindex/FluxorExplorerSnapshot.build/Debug-watchos/FluxorExplorerSnapshot.build/Objects-normal/arm64/Binary/FluxorExplorerSnapshot.o normal arm64 (in target 'FluxorExplorerSnapshot' from project 'FluxorExplorerSnapshot')
    cd /Users/admin/builder/spi-builder-workspace
    /Library/Developer/Toolchains/swift-6.0-DEVELOPMENT-SNAPSHOT-2024-05-26-a.xctoolchain/usr/bin/clang -Xlinker -reproducible -target arm64-apple-watchos6.0 -r -isysroot /Applications/Xcode-15.3.0.app/Contents/Developer/Platforms/WatchOS.platform/Developer/SDKs/WatchOS10.4.sdk -O0 -L/Users/admin/builder/spi-builder-workspace/.derivedData/Build/Intermediates.noindex/EagerLinkingTBDs/Debug-watchos -L/Users/admin/builder/spi-builder-workspace/.derivedData/Build/Products/Debug-watchos -L/Applications/Xcode-15.3.0.app/Contents/Developer/Platforms/WatchOS.platform/Developer/usr/lib -F/Users/admin/builder/spi-builder-workspace/.derivedData/Build/Intermediates.noindex/EagerLinkingTBDs/Debug-watchos -F/Users/admin/builder/spi-builder-workspace/.derivedData/Build/Products/Debug-watchos/PackageFrameworks -F/Users/admin/builder/spi-builder-workspace/.derivedData/Build/Products/Debug-watchos/PackageFrameworks -F/Users/admin/builder/spi-builder-workspace/.derivedData/Build/Products/Debug-watchos -iframework /Applications/Xcode-15.3.0.app/Contents/Developer/Platforms/WatchOS.platform/Developer/Library/Frameworks -iframework /Applications/Xcode-15.3.0.app/Contents/Developer/Platforms/WatchOS.platform/Developer/SDKs/WatchOS10.4.sdk/Developer/Library/Frameworks -filelist /Users/admin/builder/spi-builder-workspace/.derivedData/Build/Intermediates.noindex/FluxorExplorerSnapshot.build/Debug-watchos/FluxorExplorerSnapshot.build/Objects-normal/arm64/FluxorExplorerSnapshot.LinkFileList -nostdlib -Xlinker -object_path_lto -Xlinker /Users/admin/builder/spi-builder-workspace/.derivedData/Build/Intermediates.noindex/FluxorExplorerSnapshot.build/Debug-watchos/FluxorExplorerSnapshot.build/Objects-normal/arm64/FluxorExplorerSnapshot_lto.o -Xlinker -export_dynamic -Xlinker -no_deduplicate -Xlinker -debug_variant -fobjc-link-runtime -L/Library/Developer/Toolchains/swift-6.0-DEVELOPMENT-SNAPSHOT-2024-05-26-a.xctoolchain/usr/lib/swift/watchos -L/usr/lib/swift -Xlinker -add_ast_path -Xlinker /Users/admin/builder/spi-builder-workspace/.derivedData/Build/Intermediates.noindex/FluxorExplorerSnapshot.build/Debug-watchos/FluxorExplorerSnapshot.build/Objects-normal/arm64/FluxorExplorerSnapshot.swiftmodule -Xlinker -dependency_info -Xlinker /Users/admin/builder/spi-builder-workspace/.derivedData/Build/Intermediates.noindex/FluxorExplorerSnapshot.build/Debug-watchos/FluxorExplorerSnapshot.build/Objects-normal/arm64/FluxorExplorerSnapshot_dependency_info.dat -o /Users/admin/builder/spi-builder-workspace/.derivedData/Build/Intermediates.noindex/FluxorExplorerSnapshot.build/Debug-watchos/FluxorExplorerSnapshot.build/Objects-normal/arm64/Binary/FluxorExplorerSnapshot.o
Ld /Users/admin/builder/spi-builder-workspace/.derivedData/Build/Intermediates.noindex/FluxorExplorerSnapshot.build/Debug-watchos/FluxorExplorerSnapshot.build/Objects-normal/armv7k/Binary/FluxorExplorerSnapshot.o normal armv7k (in target 'FluxorExplorerSnapshot' from project 'FluxorExplorerSnapshot')
    cd /Users/admin/builder/spi-builder-workspace
    /Library/Developer/Toolchains/swift-6.0-DEVELOPMENT-SNAPSHOT-2024-05-26-a.xctoolchain/usr/bin/clang -Xlinker -reproducible -target armv7k-apple-watchos6.0 -r -isysroot /Applications/Xcode-15.3.0.app/Contents/Developer/Platforms/WatchOS.platform/Developer/SDKs/WatchOS10.4.sdk -O0 -L/Users/admin/builder/spi-builder-workspace/.derivedData/Build/Intermediates.noindex/EagerLinkingTBDs/Debug-watchos -L/Users/admin/builder/spi-builder-workspace/.derivedData/Build/Products/Debug-watchos -L/Applications/Xcode-15.3.0.app/Contents/Developer/Platforms/WatchOS.platform/Developer/usr/lib -F/Users/admin/builder/spi-builder-workspace/.derivedData/Build/Intermediates.noindex/EagerLinkingTBDs/Debug-watchos -F/Users/admin/builder/spi-builder-workspace/.derivedData/Build/Products/Debug-watchos/PackageFrameworks -F/Users/admin/builder/spi-builder-workspace/.derivedData/Build/Products/Debug-watchos/PackageFrameworks -F/Users/admin/builder/spi-builder-workspace/.derivedData/Build/Products/Debug-watchos -iframework /Applications/Xcode-15.3.0.app/Contents/Developer/Platforms/WatchOS.platform/Developer/Library/Frameworks -iframework /Applications/Xcode-15.3.0.app/Contents/Developer/Platforms/WatchOS.platform/Developer/SDKs/WatchOS10.4.sdk/Developer/Library/Frameworks -filelist /Users/admin/builder/spi-builder-workspace/.derivedData/Build/Intermediates.noindex/FluxorExplorerSnapshot.build/Debug-watchos/FluxorExplorerSnapshot.build/Objects-normal/armv7k/FluxorExplorerSnapshot.LinkFileList -nostdlib -Xlinker -object_path_lto -Xlinker /Users/admin/builder/spi-builder-workspace/.derivedData/Build/Intermediates.noindex/FluxorExplorerSnapshot.build/Debug-watchos/FluxorExplorerSnapshot.build/Objects-normal/armv7k/FluxorExplorerSnapshot_lto.o -Xlinker -export_dynamic -Xlinker -no_deduplicate -Xlinker -debug_variant -fobjc-link-runtime -L/Library/Developer/Toolchains/swift-6.0-DEVELOPMENT-SNAPSHOT-2024-05-26-a.xctoolchain/usr/lib/swift/watchos -L/usr/lib/swift -Xlinker -add_ast_path -Xlinker /Users/admin/builder/spi-builder-workspace/.derivedData/Build/Intermediates.noindex/FluxorExplorerSnapshot.build/Debug-watchos/FluxorExplorerSnapshot.build/Objects-normal/armv7k/FluxorExplorerSnapshot.swiftmodule -Xlinker -dependency_info -Xlinker /Users/admin/builder/spi-builder-workspace/.derivedData/Build/Intermediates.noindex/FluxorExplorerSnapshot.build/Debug-watchos/FluxorExplorerSnapshot.build/Objects-normal/armv7k/FluxorExplorerSnapshot_dependency_info.dat -o /Users/admin/builder/spi-builder-workspace/.derivedData/Build/Intermediates.noindex/FluxorExplorerSnapshot.build/Debug-watchos/FluxorExplorerSnapshot.build/Objects-normal/armv7k/Binary/FluxorExplorerSnapshot.o
Ld /Users/admin/builder/spi-builder-workspace/.derivedData/Build/Intermediates.noindex/FluxorExplorerSnapshot.build/Debug-watchos/FluxorExplorerSnapshot.build/Objects-normal/arm64_32/Binary/FluxorExplorerSnapshot.o normal arm64_32 (in target 'FluxorExplorerSnapshot' from project 'FluxorExplorerSnapshot')
    cd /Users/admin/builder/spi-builder-workspace
    /Library/Developer/Toolchains/swift-6.0-DEVELOPMENT-SNAPSHOT-2024-05-26-a.xctoolchain/usr/bin/clang -Xlinker -reproducible -target arm64_32-apple-watchos6.0 -r -isysroot /Applications/Xcode-15.3.0.app/Contents/Developer/Platforms/WatchOS.platform/Developer/SDKs/WatchOS10.4.sdk -O0 -L/Users/admin/builder/spi-builder-workspace/.derivedData/Build/Intermediates.noindex/EagerLinkingTBDs/Debug-watchos -L/Users/admin/builder/spi-builder-workspace/.derivedData/Build/Products/Debug-watchos -L/Applications/Xcode-15.3.0.app/Contents/Developer/Platforms/WatchOS.platform/Developer/usr/lib -F/Users/admin/builder/spi-builder-workspace/.derivedData/Build/Intermediates.noindex/EagerLinkingTBDs/Debug-watchos -F/Users/admin/builder/spi-builder-workspace/.derivedData/Build/Products/Debug-watchos/PackageFrameworks -F/Users/admin/builder/spi-builder-workspace/.derivedData/Build/Products/Debug-watchos/PackageFrameworks -F/Users/admin/builder/spi-builder-workspace/.derivedData/Build/Products/Debug-watchos -iframework /Applications/Xcode-15.3.0.app/Contents/Developer/Platforms/WatchOS.platform/Developer/Library/Frameworks -iframework /Applications/Xcode-15.3.0.app/Contents/Developer/Platforms/WatchOS.platform/Developer/SDKs/WatchOS10.4.sdk/Developer/Library/Frameworks -filelist /Users/admin/builder/spi-builder-workspace/.derivedData/Build/Intermediates.noindex/FluxorExplorerSnapshot.build/Debug-watchos/FluxorExplorerSnapshot.build/Objects-normal/arm64_32/FluxorExplorerSnapshot.LinkFileList -nostdlib -Xlinker -object_path_lto -Xlinker /Users/admin/builder/spi-builder-workspace/.derivedData/Build/Intermediates.noindex/FluxorExplorerSnapshot.build/Debug-watchos/FluxorExplorerSnapshot.build/Objects-normal/arm64_32/FluxorExplorerSnapshot_lto.o -Xlinker -export_dynamic -Xlinker -no_deduplicate -Xlinker -debug_variant -fobjc-link-runtime -L/Library/Developer/Toolchains/swift-6.0-DEVELOPMENT-SNAPSHOT-2024-05-26-a.xctoolchain/usr/lib/swift/watchos -L/usr/lib/swift -Xlinker -add_ast_path -Xlinker /Users/admin/builder/spi-builder-workspace/.derivedData/Build/Intermediates.noindex/FluxorExplorerSnapshot.build/Debug-watchos/FluxorExplorerSnapshot.build/Objects-normal/arm64_32/FluxorExplorerSnapshot.swiftmodule -Xlinker -dependency_info -Xlinker /Users/admin/builder/spi-builder-workspace/.derivedData/Build/Intermediates.noindex/FluxorExplorerSnapshot.build/Debug-watchos/FluxorExplorerSnapshot.build/Objects-normal/arm64_32/FluxorExplorerSnapshot_dependency_info.dat -o /Users/admin/builder/spi-builder-workspace/.derivedData/Build/Intermediates.noindex/FluxorExplorerSnapshot.build/Debug-watchos/FluxorExplorerSnapshot.build/Objects-normal/arm64_32/Binary/FluxorExplorerSnapshot.o
CreateUniversalBinary /Users/admin/builder/spi-builder-workspace/.derivedData/Build/Products/Debug-watchos/FluxorExplorerSnapshot.o normal arm64\ armv7k\ arm64_32 (in target 'FluxorExplorerSnapshot' from project 'FluxorExplorerSnapshot')
    cd /Users/admin/builder/spi-builder-workspace
    /Applications/Xcode-15.3.0.app/Contents/Developer/Toolchains/XcodeDefault.xctoolchain/usr/bin/lipo -create /Users/admin/builder/spi-builder-workspace/.derivedData/Build/Intermediates.noindex/FluxorExplorerSnapshot.build/Debug-watchos/FluxorExplorerSnapshot.build/Objects-normal/arm64/Binary/FluxorExplorerSnapshot.o /Users/admin/builder/spi-builder-workspace/.derivedData/Build/Intermediates.noindex/FluxorExplorerSnapshot.build/Debug-watchos/FluxorExplorerSnapshot.build/Objects-normal/armv7k/Binary/FluxorExplorerSnapshot.o /Users/admin/builder/spi-builder-workspace/.derivedData/Build/Intermediates.noindex/FluxorExplorerSnapshot.build/Debug-watchos/FluxorExplorerSnapshot.build/Objects-normal/arm64_32/Binary/FluxorExplorerSnapshot.o -output /Users/admin/builder/spi-builder-workspace/.derivedData/Build/Products/Debug-watchos/FluxorExplorerSnapshot.o
RegisterExecutionPolicyException /Users/admin/builder/spi-builder-workspace/.derivedData/Build/Products/Debug-watchos/FluxorExplorerSnapshot.o (in target 'FluxorExplorerSnapshot' from project 'FluxorExplorerSnapshot')
    cd /Users/admin/builder/spi-builder-workspace
    builtin-RegisterExecutionPolicyException /Users/admin/builder/spi-builder-workspace/.derivedData/Build/Products/Debug-watchos/FluxorExplorerSnapshot.o
WriteAuxiliaryFile /Users/admin/builder/spi-builder-workspace/.derivedData/Build/Intermediates.noindex/FluxorExplorerSnapshot.build/Debug-watchos/FluxorExplorerSnapshotTests.build/Objects-normal/armv7k/FluxorExplorerSnapshotTests.LinkFileList (in target 'FluxorExplorerSnapshotTests' from project 'FluxorExplorerSnapshot')
    cd /Users/admin/builder/spi-builder-workspace
    write-file /Users/admin/builder/spi-builder-workspace/.derivedData/Build/Intermediates.noindex/FluxorExplorerSnapshot.build/Debug-watchos/FluxorExplorerSnapshotTests.build/Objects-normal/armv7k/FluxorExplorerSnapshotTests.LinkFileList
WriteAuxiliaryFile /Users/admin/builder/spi-builder-workspace/.derivedData/Build/Intermediates.noindex/FluxorExplorerSnapshot.build/Debug-watchos/FluxorExplorerSnapshotTests.build/Objects-normal/arm64/FluxorExplorerSnapshotTests.LinkFileList (in target 'FluxorExplorerSnapshotTests' from project 'FluxorExplorerSnapshot')
    cd /Users/admin/builder/spi-builder-workspace
    write-file /Users/admin/builder/spi-builder-workspace/.derivedData/Build/Intermediates.noindex/FluxorExplorerSnapshot.build/Debug-watchos/FluxorExplorerSnapshotTests.build/Objects-normal/arm64/FluxorExplorerSnapshotTests.LinkFileList
WriteAuxiliaryFile /Users/admin/builder/spi-builder-workspace/.derivedData/Build/Intermediates.noindex/FluxorExplorerSnapshot.build/Debug-watchos/FluxorExplorerSnapshotTests.build/Objects-normal/arm64_32/FluxorExplorerSnapshotTests.LinkFileList (in target 'FluxorExplorerSnapshotTests' from project 'FluxorExplorerSnapshot')
    cd /Users/admin/builder/spi-builder-workspace
    write-file /Users/admin/builder/spi-builder-workspace/.derivedData/Build/Intermediates.noindex/FluxorExplorerSnapshot.build/Debug-watchos/FluxorExplorerSnapshotTests.build/Objects-normal/arm64_32/FluxorExplorerSnapshotTests.LinkFileList
WriteAuxiliaryFile /Users/admin/builder/spi-builder-workspace/.derivedData/Build/Intermediates.noindex/FluxorExplorerSnapshot.build/Debug-watchos/FluxorExplorerSnapshotTests.build/empty-FluxorExplorerSnapshotTests.plist (in target 'FluxorExplorerSnapshotTests' from project 'FluxorExplorerSnapshot')
    cd /Users/admin/builder/spi-builder-workspace
    write-file /Users/admin/builder/spi-builder-workspace/.derivedData/Build/Intermediates.noindex/FluxorExplorerSnapshot.build/Debug-watchos/FluxorExplorerSnapshotTests.build/empty-FluxorExplorerSnapshotTests.plist
ProcessInfoPlistFile /Users/admin/builder/spi-builder-workspace/.derivedData/Build/Products/Debug-watchos/FluxorExplorerSnapshotTests.xctest/Info.plist /Users/admin/builder/spi-builder-workspace/.derivedData/Build/Intermediates.noindex/FluxorExplorerSnapshot.build/Debug-watchos/FluxorExplorerSnapshotTests.build/empty-FluxorExplorerSnapshotTests.plist (in target 'FluxorExplorerSnapshotTests' from project 'FluxorExplorerSnapshot')
    cd /Users/admin/builder/spi-builder-workspace
    builtin-infoPlistUtility /Users/admin/builder/spi-builder-workspace/.derivedData/Build/Intermediates.noindex/FluxorExplorerSnapshot.build/Debug-watchos/FluxorExplorerSnapshotTests.build/empty-FluxorExplorerSnapshotTests.plist -producttype com.apple.product-type.bundle.unit-test -expandbuildsettings -format binary -platform watchos -o /Users/admin/builder/spi-builder-workspace/.derivedData/Build/Products/Debug-watchos/FluxorExplorerSnapshotTests.xctest/Info.plist
SwiftDriverJobDiscovery normal arm64 Emitting module for FluxorExplorerSnapshotTests (in target 'FluxorExplorerSnapshotTests' from project 'FluxorExplorerSnapshot')
SwiftDriver\ Compilation\ Requirements FluxorExplorerSnapshotTests normal arm64 com.apple.xcode.tools.swift.compiler (in target 'FluxorExplorerSnapshotTests' from project 'FluxorExplorerSnapshot')
    cd /Users/admin/builder/spi-builder-workspace
    builtin-Swift-Compilation-Requirements -- /Library/Developer/Toolchains/swift-6.0-DEVELOPMENT-SNAPSHOT-2024-05-26-a.xctoolchain/usr/bin/swiftc -module-name FluxorExplorerSnapshotTests -Onone -enforce-exclusivity\=checked @/Users/admin/builder/spi-builder-workspace/.derivedData/Build/Intermediates.noindex/FluxorExplorerSnapshot.build/Debug-watchos/FluxorExplorerSnapshotTests.build/Objects-normal/arm64/FluxorExplorerSnapshotTests.SwiftFileList -DSWIFT_PACKAGE -DDEBUG -stats-output-dir .stats -strict-concurrency\=complete -sdk /Applications/Xcode-15.3.0.app/Contents/Developer/Platforms/WatchOS.platform/Developer/SDKs/WatchOS10.4.sdk -target arm64-apple-watchos6.0 -g -module-cache-path /Users/admin/builder/spi-builder-workspace/.derivedData/ModuleCache.noindex -Xfrontend -serialize-debugging-options -profile-coverage-mapping -profile-generate -enable-testing -index-store-path /Users/admin/builder/spi-builder-workspace/.derivedData/Index.noindex/DataStore -swift-version 5 -I /Users/admin/builder/spi-builder-workspace/.derivedData/Build/Products/Debug-watchos -I /Applications/Xcode-15.3.0.app/Contents/Developer/Platforms/WatchOS.platform/Developer/usr/lib -F /Users/admin/builder/spi-builder-workspace/.derivedData/Build/Products/Debug-watchos/PackageFrameworks -F /Users/admin/builder/spi-builder-workspace/.derivedData/Build/Products/Debug-watchos/PackageFrameworks -F /Users/admin/builder/spi-builder-workspace/.derivedData/Build/Products/Debug-watchos/PackageFrameworks -F /Users/admin/builder/spi-builder-workspace/.derivedData/Build/Products/Debug-watchos -F /Applications/Xcode-15.3.0.app/Contents/Developer/Platforms/WatchOS.platform/Developer/Library/Frameworks -F /Applications/Xcode-15.3.0.app/Contents/Developer/Platforms/WatchOS.platform/Developer/SDKs/WatchOS10.4.sdk/Developer/Library/Frameworks -parse-as-library -c -j10 -enable-batch-mode -incremental -output-file-map /Users/admin/builder/spi-builder-workspace/.derivedData/Build/Intermediates.noindex/FluxorExplorerSnapshot.build/Debug-watchos/FluxorExplorerSnapshotTests.build/Objects-normal/arm64/FluxorExplorerSnapshotTests-OutputFileMap.json -use-frontend-parseable-output -save-temps -no-color-diagnostics -serialize-diagnostics -emit-dependencies -emit-module -emit-module-path /Users/admin/builder/spi-builder-workspace/.derivedData/Build/Intermediates.noindex/FluxorExplorerSnapshot.build/Debug-watchos/FluxorExplorerSnapshotTests.build/Objects-normal/arm64/FluxorExplorerSnapshotTests.swiftmodule -validate-clang-modules-once -clang-build-session-file /Users/admin/builder/spi-builder-workspace/.derivedData/ModuleCache.noindex/Session.modulevalidation -emit-const-values -Xfrontend -const-gather-protocols-file -Xfrontend /Users/admin/builder/spi-builder-workspace/.derivedData/Build/Intermediates.noindex/FluxorExplorerSnapshot.build/Debug-watchos/FluxorExplorerSnapshotTests.build/Objects-normal/arm64/FluxorExplorerSnapshotTests_const_extract_protocols.json -Xcc -I/Users/admin/builder/spi-builder-workspace/.derivedData/Build/Products/Debug-watchos/include -Xcc -I/Users/admin/builder/spi-builder-workspace/.derivedData/Build/Intermediates.noindex/FluxorExplorerSnapshot.build/Debug-watchos/FluxorExplorerSnapshotTests.build/DerivedSources-normal/arm64 -Xcc -I/Users/admin/builder/spi-builder-workspace/.derivedData/Build/Intermediates.noindex/FluxorExplorerSnapshot.build/Debug-watchos/FluxorExplorerSnapshotTests.build/DerivedSources/arm64 -Xcc -I/Users/admin/builder/spi-builder-workspace/.derivedData/Build/Intermediates.noindex/FluxorExplorerSnapshot.build/Debug-watchos/FluxorExplorerSnapshotTests.build/DerivedSources -Xcc -DSWIFT_PACKAGE -Xcc -DDEBUG\=1 -working-directory /Users/admin/builder/spi-builder-workspace -experimental-emit-module-separately -disable-cmo
Copy /Users/admin/builder/spi-builder-workspace/.derivedData/Build/Products/Debug-watchos/FluxorExplorerSnapshotTests.swiftmodule/arm64-apple-watchos.abi.json /Users/admin/builder/spi-builder-workspace/.derivedData/Build/Intermediates.noindex/FluxorExplorerSnapshot.build/Debug-watchos/FluxorExplorerSnapshotTests.build/Objects-normal/arm64/FluxorExplorerSnapshotTests.abi.json (in target 'FluxorExplorerSnapshotTests' from project 'FluxorExplorerSnapshot')
    cd /Users/admin/builder/spi-builder-workspace
    builtin-copy -exclude .DS_Store -exclude CVS -exclude .svn -exclude .git -exclude .hg -resolve-src-symlinks -rename /Users/admin/builder/spi-builder-workspace/.derivedData/Build/Intermediates.noindex/FluxorExplorerSnapshot.build/Debug-watchos/FluxorExplorerSnapshotTests.build/Objects-normal/arm64/FluxorExplorerSnapshotTests.abi.json /Users/admin/builder/spi-builder-workspace/.derivedData/Build/Products/Debug-watchos/FluxorExplorerSnapshotTests.swiftmodule/arm64-apple-watchos.abi.json
Copy /Users/admin/builder/spi-builder-workspace/.derivedData/Build/Products/Debug-watchos/FluxorExplorerSnapshotTests.swiftmodule/arm64-apple-watchos.swiftmodule /Users/admin/builder/spi-builder-workspace/.derivedData/Build/Intermediates.noindex/FluxorExplorerSnapshot.build/Debug-watchos/FluxorExplorerSnapshotTests.build/Objects-normal/arm64/FluxorExplorerSnapshotTests.swiftmodule (in target 'FluxorExplorerSnapshotTests' from project 'FluxorExplorerSnapshot')
    cd /Users/admin/builder/spi-builder-workspace
    builtin-copy -exclude .DS_Store -exclude CVS -exclude .svn -exclude .git -exclude .hg -resolve-src-symlinks -rename /Users/admin/builder/spi-builder-workspace/.derivedData/Build/Intermediates.noindex/FluxorExplorerSnapshot.build/Debug-watchos/FluxorExplorerSnapshotTests.build/Objects-normal/arm64/FluxorExplorerSnapshotTests.swiftmodule /Users/admin/builder/spi-builder-workspace/.derivedData/Build/Products/Debug-watchos/FluxorExplorerSnapshotTests.swiftmodule/arm64-apple-watchos.swiftmodule
Copy /Users/admin/builder/spi-builder-workspace/.derivedData/Build/Products/Debug-watchos/FluxorExplorerSnapshotTests.swiftmodule/arm64-apple-watchos.swiftdoc /Users/admin/builder/spi-builder-workspace/.derivedData/Build/Intermediates.noindex/FluxorExplorerSnapshot.build/Debug-watchos/FluxorExplorerSnapshotTests.build/Objects-normal/arm64/FluxorExplorerSnapshotTests.swiftdoc (in target 'FluxorExplorerSnapshotTests' from project 'FluxorExplorerSnapshot')
    cd /Users/admin/builder/spi-builder-workspace
    builtin-copy -exclude .DS_Store -exclude CVS -exclude .svn -exclude .git -exclude .hg -resolve-src-symlinks -rename /Users/admin/builder/spi-builder-workspace/.derivedData/Build/Intermediates.noindex/FluxorExplorerSnapshot.build/Debug-watchos/FluxorExplorerSnapshotTests.build/Objects-normal/arm64/FluxorExplorerSnapshotTests.swiftdoc /Users/admin/builder/spi-builder-workspace/.derivedData/Build/Products/Debug-watchos/FluxorExplorerSnapshotTests.swiftmodule/arm64-apple-watchos.swiftdoc
Copy /Users/admin/builder/spi-builder-workspace/.derivedData/Build/Products/Debug-watchos/FluxorExplorerSnapshotTests.swiftmodule/Project/arm64-apple-watchos.swiftsourceinfo /Users/admin/builder/spi-builder-workspace/.derivedData/Build/Intermediates.noindex/FluxorExplorerSnapshot.build/Debug-watchos/FluxorExplorerSnapshotTests.build/Objects-normal/arm64/FluxorExplorerSnapshotTests.swiftsourceinfo (in target 'FluxorExplorerSnapshotTests' from project 'FluxorExplorerSnapshot')
    cd /Users/admin/builder/spi-builder-workspace
    builtin-copy -exclude .DS_Store -exclude CVS -exclude .svn -exclude .git -exclude .hg -resolve-src-symlinks -rename /Users/admin/builder/spi-builder-workspace/.derivedData/Build/Intermediates.noindex/FluxorExplorerSnapshot.build/Debug-watchos/FluxorExplorerSnapshotTests.build/Objects-normal/arm64/FluxorExplorerSnapshotTests.swiftsourceinfo /Users/admin/builder/spi-builder-workspace/.derivedData/Build/Products/Debug-watchos/FluxorExplorerSnapshotTests.swiftmodule/Project/arm64-apple-watchos.swiftsourceinfo
SwiftDriverJobDiscovery normal armv7k Emitting module for FluxorExplorerSnapshotTests (in target 'FluxorExplorerSnapshotTests' from project 'FluxorExplorerSnapshot')
SwiftDriver\ Compilation\ Requirements FluxorExplorerSnapshotTests normal armv7k com.apple.xcode.tools.swift.compiler (in target 'FluxorExplorerSnapshotTests' from project 'FluxorExplorerSnapshot')
    cd /Users/admin/builder/spi-builder-workspace
    builtin-Swift-Compilation-Requirements -- /Library/Developer/Toolchains/swift-6.0-DEVELOPMENT-SNAPSHOT-2024-05-26-a.xctoolchain/usr/bin/swiftc -module-name FluxorExplorerSnapshotTests -Onone -enforce-exclusivity\=checked @/Users/admin/builder/spi-builder-workspace/.derivedData/Build/Intermediates.noindex/FluxorExplorerSnapshot.build/Debug-watchos/FluxorExplorerSnapshotTests.build/Objects-normal/armv7k/FluxorExplorerSnapshotTests.SwiftFileList -DSWIFT_PACKAGE -DDEBUG -stats-output-dir .stats -strict-concurrency\=complete -sdk /Applications/Xcode-15.3.0.app/Contents/Developer/Platforms/WatchOS.platform/Developer/SDKs/WatchOS10.4.sdk -target armv7k-apple-watchos6.0 -g -module-cache-path /Users/admin/builder/spi-builder-workspace/.derivedData/ModuleCache.noindex -Xfrontend -serialize-debugging-options -profile-coverage-mapping -profile-generate -enable-testing -index-store-path /Users/admin/builder/spi-builder-workspace/.derivedData/Index.noindex/DataStore -swift-version 5 -I /Users/admin/builder/spi-builder-workspace/.derivedData/Build/Products/Debug-watchos -I /Applications/Xcode-15.3.0.app/Contents/Developer/Platforms/WatchOS.platform/Developer/usr/lib -F /Users/admin/builder/spi-builder-workspace/.derivedData/Build/Products/Debug-watchos/PackageFrameworks -F /Users/admin/builder/spi-builder-workspace/.derivedData/Build/Products/Debug-watchos/PackageFrameworks -F /Users/admin/builder/spi-builder-workspace/.derivedData/Build/Products/Debug-watchos/PackageFrameworks -F /Users/admin/builder/spi-builder-workspace/.derivedData/Build/Products/Debug-watchos -F /Applications/Xcode-15.3.0.app/Contents/Developer/Platforms/WatchOS.platform/Developer/Library/Frameworks -F /Applications/Xcode-15.3.0.app/Contents/Developer/Platforms/WatchOS.platform/Developer/SDKs/WatchOS10.4.sdk/Developer/Library/Frameworks -parse-as-library -c -j10 -enable-batch-mode -incremental -output-file-map /Users/admin/builder/spi-builder-workspace/.derivedData/Build/Intermediates.noindex/FluxorExplorerSnapshot.build/Debug-watchos/FluxorExplorerSnapshotTests.build/Objects-normal/armv7k/FluxorExplorerSnapshotTests-OutputFileMap.json -use-frontend-parseable-output -save-temps -no-color-diagnostics -serialize-diagnostics -emit-dependencies -emit-module -emit-module-path /Users/admin/builder/spi-builder-workspace/.derivedData/Build/Intermediates.noindex/FluxorExplorerSnapshot.build/Debug-watchos/FluxorExplorerSnapshotTests.build/Objects-normal/armv7k/FluxorExplorerSnapshotTests.swiftmodule -validate-clang-modules-once -clang-build-session-file /Users/admin/builder/spi-builder-workspace/.derivedData/ModuleCache.noindex/Session.modulevalidation -emit-const-values -Xfrontend -const-gather-protocols-file -Xfrontend /Users/admin/builder/spi-builder-workspace/.derivedData/Build/Intermediates.noindex/FluxorExplorerSnapshot.build/Debug-watchos/FluxorExplorerSnapshotTests.build/Objects-normal/armv7k/FluxorExplorerSnapshotTests_const_extract_protocols.json -Xcc -I/Users/admin/builder/spi-builder-workspace/.derivedData/Build/Products/Debug-watchos/include -Xcc -I/Users/admin/builder/spi-builder-workspace/.derivedData/Build/Intermediates.noindex/FluxorExplorerSnapshot.build/Debug-watchos/FluxorExplorerSnapshotTests.build/DerivedSources-normal/armv7k -Xcc -I/Users/admin/builder/spi-builder-workspace/.derivedData/Build/Intermediates.noindex/FluxorExplorerSnapshot.build/Debug-watchos/FluxorExplorerSnapshotTests.build/DerivedSources/armv7k -Xcc -I/Users/admin/builder/spi-builder-workspace/.derivedData/Build/Intermediates.noindex/FluxorExplorerSnapshot.build/Debug-watchos/FluxorExplorerSnapshotTests.build/DerivedSources -Xcc -DSWIFT_PACKAGE -Xcc -DDEBUG\=1 -working-directory /Users/admin/builder/spi-builder-workspace -experimental-emit-module-separately -disable-cmo
Copy /Users/admin/builder/spi-builder-workspace/.derivedData/Build/Products/Debug-watchos/FluxorExplorerSnapshotTests.swiftmodule/armv7k-apple-watchos.swiftdoc /Users/admin/builder/spi-builder-workspace/.derivedData/Build/Intermediates.noindex/FluxorExplorerSnapshot.build/Debug-watchos/FluxorExplorerSnapshotTests.build/Objects-normal/armv7k/FluxorExplorerSnapshotTests.swiftdoc (in target 'FluxorExplorerSnapshotTests' from project 'FluxorExplorerSnapshot')
    cd /Users/admin/builder/spi-builder-workspace
    builtin-copy -exclude .DS_Store -exclude CVS -exclude .svn -exclude .git -exclude .hg -resolve-src-symlinks -rename /Users/admin/builder/spi-builder-workspace/.derivedData/Build/Intermediates.noindex/FluxorExplorerSnapshot.build/Debug-watchos/FluxorExplorerSnapshotTests.build/Objects-normal/armv7k/FluxorExplorerSnapshotTests.swiftdoc /Users/admin/builder/spi-builder-workspace/.derivedData/Build/Products/Debug-watchos/FluxorExplorerSnapshotTests.swiftmodule/armv7k-apple-watchos.swiftdoc
Copy /Users/admin/builder/spi-builder-workspace/.derivedData/Build/Products/Debug-watchos/FluxorExplorerSnapshotTests.swiftmodule/armv7k-apple-watchos.swiftmodule /Users/admin/builder/spi-builder-workspace/.derivedData/Build/Intermediates.noindex/FluxorExplorerSnapshot.build/Debug-watchos/FluxorExplorerSnapshotTests.build/Objects-normal/armv7k/FluxorExplorerSnapshotTests.swiftmodule (in target 'FluxorExplorerSnapshotTests' from project 'FluxorExplorerSnapshot')
    cd /Users/admin/builder/spi-builder-workspace
    builtin-copy -exclude .DS_Store -exclude CVS -exclude .svn -exclude .git -exclude .hg -resolve-src-symlinks -rename /Users/admin/builder/spi-builder-workspace/.derivedData/Build/Intermediates.noindex/FluxorExplorerSnapshot.build/Debug-watchos/FluxorExplorerSnapshotTests.build/Objects-normal/armv7k/FluxorExplorerSnapshotTests.swiftmodule /Users/admin/builder/spi-builder-workspace/.derivedData/Build/Products/Debug-watchos/FluxorExplorerSnapshotTests.swiftmodule/armv7k-apple-watchos.swiftmodule
Copy /Users/admin/builder/spi-builder-workspace/.derivedData/Build/Products/Debug-watchos/FluxorExplorerSnapshotTests.swiftmodule/armv7k-apple-watchos.abi.json /Users/admin/builder/spi-builder-workspace/.derivedData/Build/Intermediates.noindex/FluxorExplorerSnapshot.build/Debug-watchos/FluxorExplorerSnapshotTests.build/Objects-normal/armv7k/FluxorExplorerSnapshotTests.abi.json (in target 'FluxorExplorerSnapshotTests' from project 'FluxorExplorerSnapshot')
    cd /Users/admin/builder/spi-builder-workspace
    builtin-copy -exclude .DS_Store -exclude CVS -exclude .svn -exclude .git -exclude .hg -resolve-src-symlinks -rename /Users/admin/builder/spi-builder-workspace/.derivedData/Build/Intermediates.noindex/FluxorExplorerSnapshot.build/Debug-watchos/FluxorExplorerSnapshotTests.build/Objects-normal/armv7k/FluxorExplorerSnapshotTests.abi.json /Users/admin/builder/spi-builder-workspace/.derivedData/Build/Products/Debug-watchos/FluxorExplorerSnapshotTests.swiftmodule/armv7k-apple-watchos.abi.json
Copy /Users/admin/builder/spi-builder-workspace/.derivedData/Build/Products/Debug-watchos/FluxorExplorerSnapshotTests.swiftmodule/Project/armv7k-apple-watchos.swiftsourceinfo /Users/admin/builder/spi-builder-workspace/.derivedData/Build/Intermediates.noindex/FluxorExplorerSnapshot.build/Debug-watchos/FluxorExplorerSnapshotTests.build/Objects-normal/armv7k/FluxorExplorerSnapshotTests.swiftsourceinfo (in target 'FluxorExplorerSnapshotTests' from project 'FluxorExplorerSnapshot')
    cd /Users/admin/builder/spi-builder-workspace
    builtin-copy -exclude .DS_Store -exclude CVS -exclude .svn -exclude .git -exclude .hg -resolve-src-symlinks -rename /Users/admin/builder/spi-builder-workspace/.derivedData/Build/Intermediates.noindex/FluxorExplorerSnapshot.build/Debug-watchos/FluxorExplorerSnapshotTests.build/Objects-normal/armv7k/FluxorExplorerSnapshotTests.swiftsourceinfo /Users/admin/builder/spi-builder-workspace/.derivedData/Build/Products/Debug-watchos/FluxorExplorerSnapshotTests.swiftmodule/Project/armv7k-apple-watchos.swiftsourceinfo
SwiftDriverJobDiscovery normal arm64_32 Emitting module for FluxorExplorerSnapshotTests (in target 'FluxorExplorerSnapshotTests' from project 'FluxorExplorerSnapshot')
SwiftDriver\ Compilation\ Requirements FluxorExplorerSnapshotTests normal arm64_32 com.apple.xcode.tools.swift.compiler (in target 'FluxorExplorerSnapshotTests' from project 'FluxorExplorerSnapshot')
    cd /Users/admin/builder/spi-builder-workspace
    builtin-Swift-Compilation-Requirements -- /Library/Developer/Toolchains/swift-6.0-DEVELOPMENT-SNAPSHOT-2024-05-26-a.xctoolchain/usr/bin/swiftc -module-name FluxorExplorerSnapshotTests -Onone -enforce-exclusivity\=checked @/Users/admin/builder/spi-builder-workspace/.derivedData/Build/Intermediates.noindex/FluxorExplorerSnapshot.build/Debug-watchos/FluxorExplorerSnapshotTests.build/Objects-normal/arm64_32/FluxorExplorerSnapshotTests.SwiftFileList -DSWIFT_PACKAGE -DDEBUG -stats-output-dir .stats -strict-concurrency\=complete -sdk /Applications/Xcode-15.3.0.app/Contents/Developer/Platforms/WatchOS.platform/Developer/SDKs/WatchOS10.4.sdk -target arm64_32-apple-watchos6.0 -g -module-cache-path /Users/admin/builder/spi-builder-workspace/.derivedData/ModuleCache.noindex -Xfrontend -serialize-debugging-options -profile-coverage-mapping -profile-generate -enable-testing -index-store-path /Users/admin/builder/spi-builder-workspace/.derivedData/Index.noindex/DataStore -swift-version 5 -I /Users/admin/builder/spi-builder-workspace/.derivedData/Build/Products/Debug-watchos -I /Applications/Xcode-15.3.0.app/Contents/Developer/Platforms/WatchOS.platform/Developer/usr/lib -F /Users/admin/builder/spi-builder-workspace/.derivedData/Build/Products/Debug-watchos/PackageFrameworks -F /Users/admin/builder/spi-builder-workspace/.derivedData/Build/Products/Debug-watchos/PackageFrameworks -F /Users/admin/builder/spi-builder-workspace/.derivedData/Build/Products/Debug-watchos/PackageFrameworks -F /Users/admin/builder/spi-builder-workspace/.derivedData/Build/Products/Debug-watchos -F /Applications/Xcode-15.3.0.app/Contents/Developer/Platforms/WatchOS.platform/Developer/Library/Frameworks -F /Applications/Xcode-15.3.0.app/Contents/Developer/Platforms/WatchOS.platform/Developer/SDKs/WatchOS10.4.sdk/Developer/Library/Frameworks -parse-as-library -c -j10 -enable-batch-mode -incremental -output-file-map /Users/admin/builder/spi-builder-workspace/.derivedData/Build/Intermediates.noindex/FluxorExplorerSnapshot.build/Debug-watchos/FluxorExplorerSnapshotTests.build/Objects-normal/arm64_32/FluxorExplorerSnapshotTests-OutputFileMap.json -use-frontend-parseable-output -save-temps -no-color-diagnostics -serialize-diagnostics -emit-dependencies -emit-module -emit-module-path /Users/admin/builder/spi-builder-workspace/.derivedData/Build/Intermediates.noindex/FluxorExplorerSnapshot.build/Debug-watchos/FluxorExplorerSnapshotTests.build/Objects-normal/arm64_32/FluxorExplorerSnapshotTests.swiftmodule -validate-clang-modules-once -clang-build-session-file /Users/admin/builder/spi-builder-workspace/.derivedData/ModuleCache.noindex/Session.modulevalidation -emit-const-values -Xfrontend -const-gather-protocols-file -Xfrontend /Users/admin/builder/spi-builder-workspace/.derivedData/Build/Intermediates.noindex/FluxorExplorerSnapshot.build/Debug-watchos/FluxorExplorerSnapshotTests.build/Objects-normal/arm64_32/FluxorExplorerSnapshotTests_const_extract_protocols.json -Xcc -I/Users/admin/builder/spi-builder-workspace/.derivedData/Build/Products/Debug-watchos/include -Xcc -I/Users/admin/builder/spi-builder-workspace/.derivedData/Build/Intermediates.noindex/FluxorExplorerSnapshot.build/Debug-watchos/FluxorExplorerSnapshotTests.build/DerivedSources-normal/arm64_32 -Xcc -I/Users/admin/builder/spi-builder-workspace/.derivedData/Build/Intermediates.noindex/FluxorExplorerSnapshot.build/Debug-watchos/FluxorExplorerSnapshotTests.build/DerivedSources/arm64_32 -Xcc -I/Users/admin/builder/spi-builder-workspace/.derivedData/Build/Intermediates.noindex/FluxorExplorerSnapshot.build/Debug-watchos/FluxorExplorerSnapshotTests.build/DerivedSources -Xcc -DSWIFT_PACKAGE -Xcc -DDEBUG\=1 -working-directory /Users/admin/builder/spi-builder-workspace -experimental-emit-module-separately -disable-cmo
Copy /Users/admin/builder/spi-builder-workspace/.derivedData/Build/Products/Debug-watchos/FluxorExplorerSnapshotTests.swiftmodule/arm64_32-apple-watchos.swiftdoc /Users/admin/builder/spi-builder-workspace/.derivedData/Build/Intermediates.noindex/FluxorExplorerSnapshot.build/Debug-watchos/FluxorExplorerSnapshotTests.build/Objects-normal/arm64_32/FluxorExplorerSnapshotTests.swiftdoc (in target 'FluxorExplorerSnapshotTests' from project 'FluxorExplorerSnapshot')
    cd /Users/admin/builder/spi-builder-workspace
    builtin-copy -exclude .DS_Store -exclude CVS -exclude .svn -exclude .git -exclude .hg -resolve-src-symlinks -rename /Users/admin/builder/spi-builder-workspace/.derivedData/Build/Intermediates.noindex/FluxorExplorerSnapshot.build/Debug-watchos/FluxorExplorerSnapshotTests.build/Objects-normal/arm64_32/FluxorExplorerSnapshotTests.swiftdoc /Users/admin/builder/spi-builder-workspace/.derivedData/Build/Products/Debug-watchos/FluxorExplorerSnapshotTests.swiftmodule/arm64_32-apple-watchos.swiftdoc
Copy /Users/admin/builder/spi-builder-workspace/.derivedData/Build/Products/Debug-watchos/FluxorExplorerSnapshotTests.swiftmodule/arm64_32-apple-watchos.abi.json /Users/admin/builder/spi-builder-workspace/.derivedData/Build/Intermediates.noindex/FluxorExplorerSnapshot.build/Debug-watchos/FluxorExplorerSnapshotTests.build/Objects-normal/arm64_32/FluxorExplorerSnapshotTests.abi.json (in target 'FluxorExplorerSnapshotTests' from project 'FluxorExplorerSnapshot')
    cd /Users/admin/builder/spi-builder-workspace
    builtin-copy -exclude .DS_Store -exclude CVS -exclude .svn -exclude .git -exclude .hg -resolve-src-symlinks -rename /Users/admin/builder/spi-builder-workspace/.derivedData/Build/Intermediates.noindex/FluxorExplorerSnapshot.build/Debug-watchos/FluxorExplorerSnapshotTests.build/Objects-normal/arm64_32/FluxorExplorerSnapshotTests.abi.json /Users/admin/builder/spi-builder-workspace/.derivedData/Build/Products/Debug-watchos/FluxorExplorerSnapshotTests.swiftmodule/arm64_32-apple-watchos.abi.json
Copy /Users/admin/builder/spi-builder-workspace/.derivedData/Build/Products/Debug-watchos/FluxorExplorerSnapshotTests.swiftmodule/arm64_32-apple-watchos.swiftmodule /Users/admin/builder/spi-builder-workspace/.derivedData/Build/Intermediates.noindex/FluxorExplorerSnapshot.build/Debug-watchos/FluxorExplorerSnapshotTests.build/Objects-normal/arm64_32/FluxorExplorerSnapshotTests.swiftmodule (in target 'FluxorExplorerSnapshotTests' from project 'FluxorExplorerSnapshot')
    cd /Users/admin/builder/spi-builder-workspace
    builtin-copy -exclude .DS_Store -exclude CVS -exclude .svn -exclude .git -exclude .hg -resolve-src-symlinks -rename /Users/admin/builder/spi-builder-workspace/.derivedData/Build/Intermediates.noindex/FluxorExplorerSnapshot.build/Debug-watchos/FluxorExplorerSnapshotTests.build/Objects-normal/arm64_32/FluxorExplorerSnapshotTests.swiftmodule /Users/admin/builder/spi-builder-workspace/.derivedData/Build/Products/Debug-watchos/FluxorExplorerSnapshotTests.swiftmodule/arm64_32-apple-watchos.swiftmodule
Copy /Users/admin/builder/spi-builder-workspace/.derivedData/Build/Products/Debug-watchos/FluxorExplorerSnapshotTests.swiftmodule/Project/arm64_32-apple-watchos.swiftsourceinfo /Users/admin/builder/spi-builder-workspace/.derivedData/Build/Intermediates.noindex/FluxorExplorerSnapshot.build/Debug-watchos/FluxorExplorerSnapshotTests.build/Objects-normal/arm64_32/FluxorExplorerSnapshotTests.swiftsourceinfo (in target 'FluxorExplorerSnapshotTests' from project 'FluxorExplorerSnapshot')
    cd /Users/admin/builder/spi-builder-workspace
    builtin-copy -exclude .DS_Store -exclude CVS -exclude .svn -exclude .git -exclude .hg -resolve-src-symlinks -rename /Users/admin/builder/spi-builder-workspace/.derivedData/Build/Intermediates.noindex/FluxorExplorerSnapshot.build/Debug-watchos/FluxorExplorerSnapshotTests.build/Objects-normal/arm64_32/FluxorExplorerSnapshotTests.swiftsourceinfo /Users/admin/builder/spi-builder-workspace/.derivedData/Build/Products/Debug-watchos/FluxorExplorerSnapshotTests.swiftmodule/Project/arm64_32-apple-watchos.swiftsourceinfo
SwiftDriverJobDiscovery normal arm64 Compiling FluxorExplorerSnapshotTests.swift (in target 'FluxorExplorerSnapshotTests' from project 'FluxorExplorerSnapshot')
SwiftDriver\ Compilation FluxorExplorerSnapshotTests normal arm64 com.apple.xcode.tools.swift.compiler (in target 'FluxorExplorerSnapshotTests' from project 'FluxorExplorerSnapshot')
    cd /Users/admin/builder/spi-builder-workspace
    builtin-Swift-Compilation -- /Library/Developer/Toolchains/swift-6.0-DEVELOPMENT-SNAPSHOT-2024-05-26-a.xctoolchain/usr/bin/swiftc -module-name FluxorExplorerSnapshotTests -Onone -enforce-exclusivity\=checked @/Users/admin/builder/spi-builder-workspace/.derivedData/Build/Intermediates.noindex/FluxorExplorerSnapshot.build/Debug-watchos/FluxorExplorerSnapshotTests.build/Objects-normal/arm64/FluxorExplorerSnapshotTests.SwiftFileList -DSWIFT_PACKAGE -DDEBUG -stats-output-dir .stats -strict-concurrency\=complete -sdk /Applications/Xcode-15.3.0.app/Contents/Developer/Platforms/WatchOS.platform/Developer/SDKs/WatchOS10.4.sdk -target arm64-apple-watchos6.0 -g -module-cache-path /Users/admin/builder/spi-builder-workspace/.derivedData/ModuleCache.noindex -Xfrontend -serialize-debugging-options -profile-coverage-mapping -profile-generate -enable-testing -index-store-path /Users/admin/builder/spi-builder-workspace/.derivedData/Index.noindex/DataStore -swift-version 5 -I /Users/admin/builder/spi-builder-workspace/.derivedData/Build/Products/Debug-watchos -I /Applications/Xcode-15.3.0.app/Contents/Developer/Platforms/WatchOS.platform/Developer/usr/lib -F /Users/admin/builder/spi-builder-workspace/.derivedData/Build/Products/Debug-watchos/PackageFrameworks -F /Users/admin/builder/spi-builder-workspace/.derivedData/Build/Products/Debug-watchos/PackageFrameworks -F /Users/admin/builder/spi-builder-workspace/.derivedData/Build/Products/Debug-watchos/PackageFrameworks -F /Users/admin/builder/spi-builder-workspace/.derivedData/Build/Products/Debug-watchos -F /Applications/Xcode-15.3.0.app/Contents/Developer/Platforms/WatchOS.platform/Developer/Library/Frameworks -F /Applications/Xcode-15.3.0.app/Contents/Developer/Platforms/WatchOS.platform/Developer/SDKs/WatchOS10.4.sdk/Developer/Library/Frameworks -parse-as-library -c -j10 -enable-batch-mode -incremental -output-file-map /Users/admin/builder/spi-builder-workspace/.derivedData/Build/Intermediates.noindex/FluxorExplorerSnapshot.build/Debug-watchos/FluxorExplorerSnapshotTests.build/Objects-normal/arm64/FluxorExplorerSnapshotTests-OutputFileMap.json -use-frontend-parseable-output -save-temps -no-color-diagnostics -serialize-diagnostics -emit-dependencies -emit-module -emit-module-path /Users/admin/builder/spi-builder-workspace/.derivedData/Build/Intermediates.noindex/FluxorExplorerSnapshot.build/Debug-watchos/FluxorExplorerSnapshotTests.build/Objects-normal/arm64/FluxorExplorerSnapshotTests.swiftmodule -validate-clang-modules-once -clang-build-session-file /Users/admin/builder/spi-builder-workspace/.derivedData/ModuleCache.noindex/Session.modulevalidation -emit-const-values -Xfrontend -const-gather-protocols-file -Xfrontend /Users/admin/builder/spi-builder-workspace/.derivedData/Build/Intermediates.noindex/FluxorExplorerSnapshot.build/Debug-watchos/FluxorExplorerSnapshotTests.build/Objects-normal/arm64/FluxorExplorerSnapshotTests_const_extract_protocols.json -Xcc -I/Users/admin/builder/spi-builder-workspace/.derivedData/Build/Products/Debug-watchos/include -Xcc -I/Users/admin/builder/spi-builder-workspace/.derivedData/Build/Intermediates.noindex/FluxorExplorerSnapshot.build/Debug-watchos/FluxorExplorerSnapshotTests.build/DerivedSources-normal/arm64 -Xcc -I/Users/admin/builder/spi-builder-workspace/.derivedData/Build/Intermediates.noindex/FluxorExplorerSnapshot.build/Debug-watchos/FluxorExplorerSnapshotTests.build/DerivedSources/arm64 -Xcc -I/Users/admin/builder/spi-builder-workspace/.derivedData/Build/Intermediates.noindex/FluxorExplorerSnapshot.build/Debug-watchos/FluxorExplorerSnapshotTests.build/DerivedSources -Xcc -DSWIFT_PACKAGE -Xcc -DDEBUG\=1 -working-directory /Users/admin/builder/spi-builder-workspace -experimental-emit-module-separately -disable-cmo
Ld /Users/admin/builder/spi-builder-workspace/.derivedData/Build/Intermediates.noindex/FluxorExplorerSnapshot.build/Debug-watchos/FluxorExplorerSnapshotTests.build/Objects-normal/arm64/Binary/FluxorExplorerSnapshotTests normal arm64 (in target 'FluxorExplorerSnapshotTests' from project 'FluxorExplorerSnapshot')
    cd /Users/admin/builder/spi-builder-workspace
    /Library/Developer/Toolchains/swift-6.0-DEVELOPMENT-SNAPSHOT-2024-05-26-a.xctoolchain/usr/bin/clang -Xlinker -reproducible -target arm64-apple-watchos6.0 -bundle -isysroot /Applications/Xcode-15.3.0.app/Contents/Developer/Platforms/WatchOS.platform/Developer/SDKs/WatchOS10.4.sdk -O0 -L/Users/admin/builder/spi-builder-workspace/.derivedData/Build/Intermediates.noindex/EagerLinkingTBDs/Debug-watchos -L/Users/admin/builder/spi-builder-workspace/.derivedData/Build/Products/Debug-watchos -L/Applications/Xcode-15.3.0.app/Contents/Developer/Platforms/WatchOS.platform/Developer/usr/lib -F/Users/admin/builder/spi-builder-workspace/.derivedData/Build/Intermediates.noindex/EagerLinkingTBDs/Debug-watchos -F/Users/admin/builder/spi-builder-workspace/.derivedData/Build/Products/Debug-watchos/PackageFrameworks -F/Users/admin/builder/spi-builder-workspace/.derivedData/Build/Products/Debug-watchos/PackageFrameworks -F/Users/admin/builder/spi-builder-workspace/.derivedData/Build/Products/Debug-watchos/PackageFrameworks -F/Users/admin/builder/spi-builder-workspace/.derivedData/Build/Products/Debug-watchos -iframework /Applications/Xcode-15.3.0.app/Contents/Developer/Platforms/WatchOS.platform/Developer/Library/Frameworks -iframework /Applications/Xcode-15.3.0.app/Contents/Developer/Platforms/WatchOS.platform/Developer/SDKs/WatchOS10.4.sdk/Developer/Library/Frameworks -filelist /Users/admin/builder/spi-builder-workspace/.derivedData/Build/Intermediates.noindex/FluxorExplorerSnapshot.build/Debug-watchos/FluxorExplorerSnapshotTests.build/Objects-normal/arm64/FluxorExplorerSnapshotTests.LinkFileList -Xlinker -rpath -Xlinker /usr/lib/swift -Xlinker -rpath -Xlinker /Users/admin/builder/spi-builder-workspace/.derivedData/Build/Products/Debug-watchos/PackageFrameworks -Xlinker -rpath -Xlinker @loader_path/Frameworks -Xlinker -rpath -Xlinker @loader_path/../Frameworks -dead_strip -Xlinker -object_path_lto -Xlinker /Users/admin/builder/spi-builder-workspace/.derivedData/Build/Intermediates.noindex/FluxorExplorerSnapshot.build/Debug-watchos/FluxorExplorerSnapshotTests.build/Objects-normal/arm64/FluxorExplorerSnapshotTests_lto.o -Xlinker -export_dynamic -Xlinker -no_deduplicate -Xlinker -debug_variant -fobjc-link-runtime -fprofile-instr-generate -L/Library/Developer/Toolchains/swift-6.0-DEVELOPMENT-SNAPSHOT-2024-05-26-a.xctoolchain/usr/lib/swift/watchos -L/usr/lib/swift -Xlinker -add_ast_path -Xlinker /Users/admin/builder/spi-builder-workspace/.derivedData/Build/Intermediates.noindex/FluxorExplorerSnapshot.build/Debug-watchos/FluxorExplorerSnapshotTests.build/Objects-normal/arm64/FluxorExplorerSnapshotTests.swiftmodule -Wl,-no_warn_duplicate_libraries -Wl,-no_warn_duplicate_libraries -Wl,-no_warn_duplicate_libraries -framework XCTest -Xlinker -dependency_info -Xlinker /Users/admin/builder/spi-builder-workspace/.derivedData/Build/Intermediates.noindex/FluxorExplorerSnapshot.build/Debug-watchos/FluxorExplorerSnapshotTests.build/Objects-normal/arm64/FluxorExplorerSnapshotTests_dependency_info.dat -o /Users/admin/builder/spi-builder-workspace/.derivedData/Build/Intermediates.noindex/FluxorExplorerSnapshot.build/Debug-watchos/FluxorExplorerSnapshotTests.build/Objects-normal/arm64/Binary/FluxorExplorerSnapshotTests -Xlinker -add_ast_path -Xlinker /Users/admin/builder/spi-builder-workspace/.derivedData/Build/Intermediates.noindex/Fluxor.build/Debug-watchos/Fluxor.build/Objects-normal/arm64/Fluxor.swiftmodule -Xlinker -add_ast_path -Xlinker /Users/admin/builder/spi-builder-workspace/.derivedData/Build/Intermediates.noindex/Fluxor.build/Debug-watchos/AnyCodable.build/Objects-normal/arm64/AnyCodable.swiftmodule -Xlinker -add_ast_path -Xlinker /Users/admin/builder/spi-builder-workspace/.derivedData/Build/Intermediates.noindex/FluxorExplorerSnapshot.build/Debug-watchos/FluxorExplorerSnapshot.build/Objects-normal/arm64/FluxorExplorerSnapshot.swiftmodule
SwiftDriverJobDiscovery normal armv7k Compiling FluxorExplorerSnapshotTests.swift (in target 'FluxorExplorerSnapshotTests' from project 'FluxorExplorerSnapshot')
SwiftDriver\ Compilation FluxorExplorerSnapshotTests normal armv7k com.apple.xcode.tools.swift.compiler (in target 'FluxorExplorerSnapshotTests' from project 'FluxorExplorerSnapshot')
    cd /Users/admin/builder/spi-builder-workspace
    builtin-Swift-Compilation -- /Library/Developer/Toolchains/swift-6.0-DEVELOPMENT-SNAPSHOT-2024-05-26-a.xctoolchain/usr/bin/swiftc -module-name FluxorExplorerSnapshotTests -Onone -enforce-exclusivity\=checked @/Users/admin/builder/spi-builder-workspace/.derivedData/Build/Intermediates.noindex/FluxorExplorerSnapshot.build/Debug-watchos/FluxorExplorerSnapshotTests.build/Objects-normal/armv7k/FluxorExplorerSnapshotTests.SwiftFileList -DSWIFT_PACKAGE -DDEBUG -stats-output-dir .stats -strict-concurrency\=complete -sdk /Applications/Xcode-15.3.0.app/Contents/Developer/Platforms/WatchOS.platform/Developer/SDKs/WatchOS10.4.sdk -target armv7k-apple-watchos6.0 -g -module-cache-path /Users/admin/builder/spi-builder-workspace/.derivedData/ModuleCache.noindex -Xfrontend -serialize-debugging-options -profile-coverage-mapping -profile-generate -enable-testing -index-store-path /Users/admin/builder/spi-builder-workspace/.derivedData/Index.noindex/DataStore -swift-version 5 -I /Users/admin/builder/spi-builder-workspace/.derivedData/Build/Products/Debug-watchos -I /Applications/Xcode-15.3.0.app/Contents/Developer/Platforms/WatchOS.platform/Developer/usr/lib -F /Users/admin/builder/spi-builder-workspace/.derivedData/Build/Products/Debug-watchos/PackageFrameworks -F /Users/admin/builder/spi-builder-workspace/.derivedData/Build/Products/Debug-watchos/PackageFrameworks -F /Users/admin/builder/spi-builder-workspace/.derivedData/Build/Products/Debug-watchos/PackageFrameworks -F /Users/admin/builder/spi-builder-workspace/.derivedData/Build/Products/Debug-watchos -F /Applications/Xcode-15.3.0.app/Contents/Developer/Platforms/WatchOS.platform/Developer/Library/Frameworks -F /Applications/Xcode-15.3.0.app/Contents/Developer/Platforms/WatchOS.platform/Developer/SDKs/WatchOS10.4.sdk/Developer/Library/Frameworks -parse-as-library -c -j10 -enable-batch-mode -incremental -output-file-map /Users/admin/builder/spi-builder-workspace/.derivedData/Build/Intermediates.noindex/FluxorExplorerSnapshot.build/Debug-watchos/FluxorExplorerSnapshotTests.build/Objects-normal/armv7k/FluxorExplorerSnapshotTests-OutputFileMap.json -use-frontend-parseable-output -save-temps -no-color-diagnostics -serialize-diagnostics -emit-dependencies -emit-module -emit-module-path /Users/admin/builder/spi-builder-workspace/.derivedData/Build/Intermediates.noindex/FluxorExplorerSnapshot.build/Debug-watchos/FluxorExplorerSnapshotTests.build/Objects-normal/armv7k/FluxorExplorerSnapshotTests.swiftmodule -validate-clang-modules-once -clang-build-session-file /Users/admin/builder/spi-builder-workspace/.derivedData/ModuleCache.noindex/Session.modulevalidation -emit-const-values -Xfrontend -const-gather-protocols-file -Xfrontend /Users/admin/builder/spi-builder-workspace/.derivedData/Build/Intermediates.noindex/FluxorExplorerSnapshot.build/Debug-watchos/FluxorExplorerSnapshotTests.build/Objects-normal/armv7k/FluxorExplorerSnapshotTests_const_extract_protocols.json -Xcc -I/Users/admin/builder/spi-builder-workspace/.derivedData/Build/Products/Debug-watchos/include -Xcc -I/Users/admin/builder/spi-builder-workspace/.derivedData/Build/Intermediates.noindex/FluxorExplorerSnapshot.build/Debug-watchos/FluxorExplorerSnapshotTests.build/DerivedSources-normal/armv7k -Xcc -I/Users/admin/builder/spi-builder-workspace/.derivedData/Build/Intermediates.noindex/FluxorExplorerSnapshot.build/Debug-watchos/FluxorExplorerSnapshotTests.build/DerivedSources/armv7k -Xcc -I/Users/admin/builder/spi-builder-workspace/.derivedData/Build/Intermediates.noindex/FluxorExplorerSnapshot.build/Debug-watchos/FluxorExplorerSnapshotTests.build/DerivedSources -Xcc -DSWIFT_PACKAGE -Xcc -DDEBUG\=1 -working-directory /Users/admin/builder/spi-builder-workspace -experimental-emit-module-separately -disable-cmo
Ld /Users/admin/builder/spi-builder-workspace/.derivedData/Build/Intermediates.noindex/FluxorExplorerSnapshot.build/Debug-watchos/FluxorExplorerSnapshotTests.build/Objects-normal/armv7k/Binary/FluxorExplorerSnapshotTests normal armv7k (in target 'FluxorExplorerSnapshotTests' from project 'FluxorExplorerSnapshot')
    cd /Users/admin/builder/spi-builder-workspace
    /Library/Developer/Toolchains/swift-6.0-DEVELOPMENT-SNAPSHOT-2024-05-26-a.xctoolchain/usr/bin/clang -Xlinker -reproducible -target armv7k-apple-watchos6.0 -bundle -isysroot /Applications/Xcode-15.3.0.app/Contents/Developer/Platforms/WatchOS.platform/Developer/SDKs/WatchOS10.4.sdk -O0 -L/Users/admin/builder/spi-builder-workspace/.derivedData/Build/Intermediates.noindex/EagerLinkingTBDs/Debug-watchos -L/Users/admin/builder/spi-builder-workspace/.derivedData/Build/Products/Debug-watchos -L/Applications/Xcode-15.3.0.app/Contents/Developer/Platforms/WatchOS.platform/Developer/usr/lib -F/Users/admin/builder/spi-builder-workspace/.derivedData/Build/Intermediates.noindex/EagerLinkingTBDs/Debug-watchos -F/Users/admin/builder/spi-builder-workspace/.derivedData/Build/Products/Debug-watchos/PackageFrameworks -F/Users/admin/builder/spi-builder-workspace/.derivedData/Build/Products/Debug-watchos/PackageFrameworks -F/Users/admin/builder/spi-builder-workspace/.derivedData/Build/Products/Debug-watchos/PackageFrameworks -F/Users/admin/builder/spi-builder-workspace/.derivedData/Build/Products/Debug-watchos -iframework /Applications/Xcode-15.3.0.app/Contents/Developer/Platforms/WatchOS.platform/Developer/Library/Frameworks -iframework /Applications/Xcode-15.3.0.app/Contents/Developer/Platforms/WatchOS.platform/Developer/SDKs/WatchOS10.4.sdk/Developer/Library/Frameworks -filelist /Users/admin/builder/spi-builder-workspace/.derivedData/Build/Intermediates.noindex/FluxorExplorerSnapshot.build/Debug-watchos/FluxorExplorerSnapshotTests.build/Objects-normal/armv7k/FluxorExplorerSnapshotTests.LinkFileList -Xlinker -rpath -Xlinker /usr/lib/swift -Xlinker -rpath -Xlinker /Users/admin/builder/spi-builder-workspace/.derivedData/Build/Products/Debug-watchos/PackageFrameworks -Xlinker -rpath -Xlinker @loader_path/Frameworks -Xlinker -rpath -Xlinker @loader_path/../Frameworks -dead_strip -Xlinker -object_path_lto -Xlinker /Users/admin/builder/spi-builder-workspace/.derivedData/Build/Intermediates.noindex/FluxorExplorerSnapshot.build/Debug-watchos/FluxorExplorerSnapshotTests.build/Objects-normal/armv7k/FluxorExplorerSnapshotTests_lto.o -Xlinker -export_dynamic -Xlinker -no_deduplicate -Xlinker -debug_variant -fobjc-link-runtime -fprofile-instr-generate -L/Library/Developer/Toolchains/swift-6.0-DEVELOPMENT-SNAPSHOT-2024-05-26-a.xctoolchain/usr/lib/swift/watchos -L/usr/lib/swift -Xlinker -add_ast_path -Xlinker /Users/admin/builder/spi-builder-workspace/.derivedData/Build/Intermediates.noindex/FluxorExplorerSnapshot.build/Debug-watchos/FluxorExplorerSnapshotTests.build/Objects-normal/armv7k/FluxorExplorerSnapshotTests.swiftmodule -Wl,-no_warn_duplicate_libraries -Wl,-no_warn_duplicate_libraries -Wl,-no_warn_duplicate_libraries -framework XCTest -Xlinker -dependency_info -Xlinker /Users/admin/builder/spi-builder-workspace/.derivedData/Build/Intermediates.noindex/FluxorExplorerSnapshot.build/Debug-watchos/FluxorExplorerSnapshotTests.build/Objects-normal/armv7k/FluxorExplorerSnapshotTests_dependency_info.dat -o /Users/admin/builder/spi-builder-workspace/.derivedData/Build/Intermediates.noindex/FluxorExplorerSnapshot.build/Debug-watchos/FluxorExplorerSnapshotTests.build/Objects-normal/armv7k/Binary/FluxorExplorerSnapshotTests -Xlinker -add_ast_path -Xlinker /Users/admin/builder/spi-builder-workspace/.derivedData/Build/Intermediates.noindex/Fluxor.build/Debug-watchos/Fluxor.build/Objects-normal/armv7k/Fluxor.swiftmodule -Xlinker -add_ast_path -Xlinker /Users/admin/builder/spi-builder-workspace/.derivedData/Build/Intermediates.noindex/Fluxor.build/Debug-watchos/AnyCodable.build/Objects-normal/armv7k/AnyCodable.swiftmodule -Xlinker -add_ast_path -Xlinker /Users/admin/builder/spi-builder-workspace/.derivedData/Build/Intermediates.noindex/FluxorExplorerSnapshot.build/Debug-watchos/FluxorExplorerSnapshot.build/Objects-normal/armv7k/FluxorExplorerSnapshot.swiftmodule
ld: file not found: /Library/Developer/Toolchains/swift-6.0-DEVELOPMENT-SNAPSHOT-2024-05-26-a.xctoolchain/usr/lib/clang/17/lib/darwin/libclang_rt.profile_watchos.a
clang: error: linker command failed with exit code 1 (use -v to see invocation)
note: Using global toolchain override 'Swift 6.0 Development Snapshot 2024-05-26 (a)'. (in target 'FluxorExplorerSnapshot' from project 'FluxorExplorerSnapshot')
note: Using global toolchain override 'Swift 6.0 Development Snapshot 2024-05-26 (a)'. (in target 'Fluxor' from project 'Fluxor')
note: Using global toolchain override 'Swift 6.0 Development Snapshot 2024-05-26 (a)'. (in target 'Fluxor' from project 'Fluxor')
note: Using global toolchain override 'Swift 6.0 Development Snapshot 2024-05-26 (a)'. (in target 'FluxorExplorerSnapshot' from project 'FluxorExplorerSnapshot')
** BUILD FAILED **
The following build commands failed:
	Ld /Users/admin/builder/spi-builder-workspace/.derivedData/Build/Intermediates.noindex/FluxorExplorerSnapshot.build/Debug-watchos/FluxorExplorerSnapshotTests.build/Objects-normal/armv7k/Binary/FluxorExplorerSnapshotTests normal armv7k (in target 'FluxorExplorerSnapshotTests' from project 'FluxorExplorerSnapshot')
(1 failure)
Command line invocation:
    /Applications/Xcode-15.3.0.app/Contents/Developer/usr/bin/xcodebuild -IDEClonedSourcePackagesDirPathOverride=/Users/admin/builder/spi-builder-workspace/.dependencies -skipMacroValidation -skipPackagePluginValidation -derivedDataPath /Users/admin/builder/spi-builder-workspace/.derivedData build -scheme FluxorExplorerSnapshot -destination generic/platform=watchos "OTHER_SWIFT_FLAGS=-stats-output-dir .stats -strict-concurrency=complete"
User defaults from command line:
    IDEClonedSourcePackagesDirPathOverride = /Users/admin/builder/spi-builder-workspace/.dependencies
    IDEDerivedDataPathOverride = /Users/admin/builder/spi-builder-workspace/.derivedData
    IDEPackageSupportToolchainOverrideForManifestLoading = org.swift.600202405261a
    IDEPackageSupportUseBuiltinSCM = YES
Build settings from command line:
    OTHER_SWIFT_FLAGS = -stats-output-dir .stats -strict-concurrency=complete
    TOOLCHAINS = org.swift.600202405261a
Resolve Package Graph
Resolved source packages:
  FluxorExplorerSnapshot: /Users/admin/builder/spi-builder-workspace
  Fluxor: https://github.com/FluxorOrg/Fluxor @ 5.0.1
Prepare packages
ComputeTargetDependencyGraph
note: Building targets in dependency order
note: Target dependency graph (6 targets)
    Target 'FluxorExplorerSnapshotTests' in project 'FluxorExplorerSnapshot'
        ➜ Explicit dependency on target 'FluxorExplorerSnapshot' in project 'FluxorExplorerSnapshot'
        ➜ Explicit dependency on target 'Fluxor' in project 'Fluxor'
    Target 'FluxorExplorerSnapshot' in project 'FluxorExplorerSnapshot'
        ➜ Explicit dependency on target 'FluxorExplorerSnapshot' in project 'FluxorExplorerSnapshot'
        ➜ Explicit dependency on target 'Fluxor' in project 'Fluxor'
    Target 'FluxorExplorerSnapshot' in project 'FluxorExplorerSnapshot'
        ➜ Explicit dependency on target 'Fluxor' in project 'Fluxor'
    Target 'Fluxor' in project 'Fluxor'
        ➜ Explicit dependency on target 'Fluxor' in project 'Fluxor'
        ➜ Explicit dependency on target 'AnyCodable' in project 'Fluxor'
    Target 'Fluxor' in project 'Fluxor'
        ➜ Explicit dependency on target 'AnyCodable' in project 'Fluxor'
    Target 'AnyCodable' in project 'Fluxor' (no dependencies)
GatherProvisioningInputs
CreateBuildDescription
note: Using global toolchain override 'Swift 6.0 Development Snapshot 2024-05-26 (a)'.
note: Using global toolchain override 'Swift 6.0 Development Snapshot 2024-05-26 (a)'. (in target 'FluxorExplorerSnapshotTests' from project 'FluxorExplorerSnapshot')
Ld /Users/admin/builder/spi-builder-workspace/.derivedData/Build/Intermediates.noindex/FluxorExplorerSnapshot.build/Debug-watchos/FluxorExplorerSnapshotTests.build/Objects-normal/armv7k/Binary/FluxorExplorerSnapshotTests normal armv7k (in target 'FluxorExplorerSnapshotTests' from project 'FluxorExplorerSnapshot')
    cd /Users/admin/builder/spi-builder-workspace
    /Library/Developer/Toolchains/swift-6.0-DEVELOPMENT-SNAPSHOT-2024-05-26-a.xctoolchain/usr/bin/clang -Xlinker -reproducible -target armv7k-apple-watchos6.0 -bundle -isysroot /Applications/Xcode-15.3.0.app/Contents/Developer/Platforms/WatchOS.platform/Developer/SDKs/WatchOS10.4.sdk -O0 -L/Users/admin/builder/spi-builder-workspace/.derivedData/Build/Intermediates.noindex/EagerLinkingTBDs/Debug-watchos -L/Users/admin/builder/spi-builder-workspace/.derivedData/Build/Products/Debug-watchos -L/Applications/Xcode-15.3.0.app/Contents/Developer/Platforms/WatchOS.platform/Developer/usr/lib -F/Users/admin/builder/spi-builder-workspace/.derivedData/Build/Intermediates.noindex/EagerLinkingTBDs/Debug-watchos -F/Users/admin/builder/spi-builder-workspace/.derivedData/Build/Products/Debug-watchos/PackageFrameworks -F/Users/admin/builder/spi-builder-workspace/.derivedData/Build/Products/Debug-watchos/PackageFrameworks -F/Users/admin/builder/spi-builder-workspace/.derivedData/Build/Products/Debug-watchos/PackageFrameworks -F/Users/admin/builder/spi-builder-workspace/.derivedData/Build/Products/Debug-watchos -iframework /Applications/Xcode-15.3.0.app/Contents/Developer/Platforms/WatchOS.platform/Developer/Library/Frameworks -iframework /Applications/Xcode-15.3.0.app/Contents/Developer/Platforms/WatchOS.platform/Developer/SDKs/WatchOS10.4.sdk/Developer/Library/Frameworks -filelist /Users/admin/builder/spi-builder-workspace/.derivedData/Build/Intermediates.noindex/FluxorExplorerSnapshot.build/Debug-watchos/FluxorExplorerSnapshotTests.build/Objects-normal/armv7k/FluxorExplorerSnapshotTests.LinkFileList -Xlinker -rpath -Xlinker /usr/lib/swift -Xlinker -rpath -Xlinker /Users/admin/builder/spi-builder-workspace/.derivedData/Build/Products/Debug-watchos/PackageFrameworks -Xlinker -rpath -Xlinker @loader_path/Frameworks -Xlinker -rpath -Xlinker @loader_path/../Frameworks -dead_strip -Xlinker -object_path_lto -Xlinker /Users/admin/builder/spi-builder-workspace/.derivedData/Build/Intermediates.noindex/FluxorExplorerSnapshot.build/Debug-watchos/FluxorExplorerSnapshotTests.build/Objects-normal/armv7k/FluxorExplorerSnapshotTests_lto.o -Xlinker -export_dynamic -Xlinker -no_deduplicate -Xlinker -debug_variant -fobjc-link-runtime -fprofile-instr-generate -L/Library/Developer/Toolchains/swift-6.0-DEVELOPMENT-SNAPSHOT-2024-05-26-a.xctoolchain/usr/lib/swift/watchos -L/usr/lib/swift -Xlinker -add_ast_path -Xlinker /Users/admin/builder/spi-builder-workspace/.derivedData/Build/Intermediates.noindex/FluxorExplorerSnapshot.build/Debug-watchos/FluxorExplorerSnapshotTests.build/Objects-normal/armv7k/FluxorExplorerSnapshotTests.swiftmodule -Wl,-no_warn_duplicate_libraries -Wl,-no_warn_duplicate_libraries -Wl,-no_warn_duplicate_libraries -framework XCTest -Xlinker -dependency_info -Xlinker /Users/admin/builder/spi-builder-workspace/.derivedData/Build/Intermediates.noindex/FluxorExplorerSnapshot.build/Debug-watchos/FluxorExplorerSnapshotTests.build/Objects-normal/armv7k/FluxorExplorerSnapshotTests_dependency_info.dat -o /Users/admin/builder/spi-builder-workspace/.derivedData/Build/Intermediates.noindex/FluxorExplorerSnapshot.build/Debug-watchos/FluxorExplorerSnapshotTests.build/Objects-normal/armv7k/Binary/FluxorExplorerSnapshotTests -Xlinker -add_ast_path -Xlinker /Users/admin/builder/spi-builder-workspace/.derivedData/Build/Intermediates.noindex/Fluxor.build/Debug-watchos/Fluxor.build/Objects-normal/armv7k/Fluxor.swiftmodule -Xlinker -add_ast_path -Xlinker /Users/admin/builder/spi-builder-workspace/.derivedData/Build/Intermediates.noindex/Fluxor.build/Debug-watchos/AnyCodable.build/Objects-normal/armv7k/AnyCodable.swiftmodule -Xlinker -add_ast_path -Xlinker /Users/admin/builder/spi-builder-workspace/.derivedData/Build/Intermediates.noindex/FluxorExplorerSnapshot.build/Debug-watchos/FluxorExplorerSnapshot.build/Objects-normal/armv7k/FluxorExplorerSnapshot.swiftmodule
ld: file not found: /Library/Developer/Toolchains/swift-6.0-DEVELOPMENT-SNAPSHOT-2024-05-26-a.xctoolchain/usr/lib/clang/17/lib/darwin/libclang_rt.profile_watchos.a
clang: error: linker command failed with exit code 1 (use -v to see invocation)
Ld /Users/admin/builder/spi-builder-workspace/.derivedData/Build/Intermediates.noindex/FluxorExplorerSnapshot.build/Debug-watchos/FluxorExplorerSnapshotTests.build/Objects-normal/arm64/Binary/FluxorExplorerSnapshotTests normal arm64 (in target 'FluxorExplorerSnapshotTests' from project 'FluxorExplorerSnapshot')
    cd /Users/admin/builder/spi-builder-workspace
    /Library/Developer/Toolchains/swift-6.0-DEVELOPMENT-SNAPSHOT-2024-05-26-a.xctoolchain/usr/bin/clang -Xlinker -reproducible -target arm64-apple-watchos6.0 -bundle -isysroot /Applications/Xcode-15.3.0.app/Contents/Developer/Platforms/WatchOS.platform/Developer/SDKs/WatchOS10.4.sdk -O0 -L/Users/admin/builder/spi-builder-workspace/.derivedData/Build/Intermediates.noindex/EagerLinkingTBDs/Debug-watchos -L/Users/admin/builder/spi-builder-workspace/.derivedData/Build/Products/Debug-watchos -L/Applications/Xcode-15.3.0.app/Contents/Developer/Platforms/WatchOS.platform/Developer/usr/lib -F/Users/admin/builder/spi-builder-workspace/.derivedData/Build/Intermediates.noindex/EagerLinkingTBDs/Debug-watchos -F/Users/admin/builder/spi-builder-workspace/.derivedData/Build/Products/Debug-watchos/PackageFrameworks -F/Users/admin/builder/spi-builder-workspace/.derivedData/Build/Products/Debug-watchos/PackageFrameworks -F/Users/admin/builder/spi-builder-workspace/.derivedData/Build/Products/Debug-watchos/PackageFrameworks -F/Users/admin/builder/spi-builder-workspace/.derivedData/Build/Products/Debug-watchos -iframework /Applications/Xcode-15.3.0.app/Contents/Developer/Platforms/WatchOS.platform/Developer/Library/Frameworks -iframework /Applications/Xcode-15.3.0.app/Contents/Developer/Platforms/WatchOS.platform/Developer/SDKs/WatchOS10.4.sdk/Developer/Library/Frameworks -filelist /Users/admin/builder/spi-builder-workspace/.derivedData/Build/Intermediates.noindex/FluxorExplorerSnapshot.build/Debug-watchos/FluxorExplorerSnapshotTests.build/Objects-normal/arm64/FluxorExplorerSnapshotTests.LinkFileList -Xlinker -rpath -Xlinker /usr/lib/swift -Xlinker -rpath -Xlinker /Users/admin/builder/spi-builder-workspace/.derivedData/Build/Products/Debug-watchos/PackageFrameworks -Xlinker -rpath -Xlinker @loader_path/Frameworks -Xlinker -rpath -Xlinker @loader_path/../Frameworks -dead_strip -Xlinker -object_path_lto -Xlinker /Users/admin/builder/spi-builder-workspace/.derivedData/Build/Intermediates.noindex/FluxorExplorerSnapshot.build/Debug-watchos/FluxorExplorerSnapshotTests.build/Objects-normal/arm64/FluxorExplorerSnapshotTests_lto.o -Xlinker -export_dynamic -Xlinker -no_deduplicate -Xlinker -debug_variant -fobjc-link-runtime -fprofile-instr-generate -L/Library/Developer/Toolchains/swift-6.0-DEVELOPMENT-SNAPSHOT-2024-05-26-a.xctoolchain/usr/lib/swift/watchos -L/usr/lib/swift -Xlinker -add_ast_path -Xlinker /Users/admin/builder/spi-builder-workspace/.derivedData/Build/Intermediates.noindex/FluxorExplorerSnapshot.build/Debug-watchos/FluxorExplorerSnapshotTests.build/Objects-normal/arm64/FluxorExplorerSnapshotTests.swiftmodule -Wl,-no_warn_duplicate_libraries -Wl,-no_warn_duplicate_libraries -Wl,-no_warn_duplicate_libraries -framework XCTest -Xlinker -dependency_info -Xlinker /Users/admin/builder/spi-builder-workspace/.derivedData/Build/Intermediates.noindex/FluxorExplorerSnapshot.build/Debug-watchos/FluxorExplorerSnapshotTests.build/Objects-normal/arm64/FluxorExplorerSnapshotTests_dependency_info.dat -o /Users/admin/builder/spi-builder-workspace/.derivedData/Build/Intermediates.noindex/FluxorExplorerSnapshot.build/Debug-watchos/FluxorExplorerSnapshotTests.build/Objects-normal/arm64/Binary/FluxorExplorerSnapshotTests -Xlinker -add_ast_path -Xlinker /Users/admin/builder/spi-builder-workspace/.derivedData/Build/Intermediates.noindex/Fluxor.build/Debug-watchos/Fluxor.build/Objects-normal/arm64/Fluxor.swiftmodule -Xlinker -add_ast_path -Xlinker /Users/admin/builder/spi-builder-workspace/.derivedData/Build/Intermediates.noindex/Fluxor.build/Debug-watchos/AnyCodable.build/Objects-normal/arm64/AnyCodable.swiftmodule -Xlinker -add_ast_path -Xlinker /Users/admin/builder/spi-builder-workspace/.derivedData/Build/Intermediates.noindex/FluxorExplorerSnapshot.build/Debug-watchos/FluxorExplorerSnapshot.build/Objects-normal/arm64/FluxorExplorerSnapshot.swiftmodule
SwiftDriver FluxorExplorerSnapshotTests normal arm64_32 com.apple.xcode.tools.swift.compiler (in target 'FluxorExplorerSnapshotTests' from project 'FluxorExplorerSnapshot')
    cd /Users/admin/builder/spi-builder-workspace
    builtin-SwiftDriver -- /Library/Developer/Toolchains/swift-6.0-DEVELOPMENT-SNAPSHOT-2024-05-26-a.xctoolchain/usr/bin/swiftc -module-name FluxorExplorerSnapshotTests -Onone -enforce-exclusivity\=checked @/Users/admin/builder/spi-builder-workspace/.derivedData/Build/Intermediates.noindex/FluxorExplorerSnapshot.build/Debug-watchos/FluxorExplorerSnapshotTests.build/Objects-normal/arm64_32/FluxorExplorerSnapshotTests.SwiftFileList -DSWIFT_PACKAGE -DDEBUG -stats-output-dir .stats -strict-concurrency\=complete -sdk /Applications/Xcode-15.3.0.app/Contents/Developer/Platforms/WatchOS.platform/Developer/SDKs/WatchOS10.4.sdk -target arm64_32-apple-watchos6.0 -g -module-cache-path /Users/admin/builder/spi-builder-workspace/.derivedData/ModuleCache.noindex -Xfrontend -serialize-debugging-options -profile-coverage-mapping -profile-generate -enable-testing -index-store-path /Users/admin/builder/spi-builder-workspace/.derivedData/Index.noindex/DataStore -swift-version 5 -I /Users/admin/builder/spi-builder-workspace/.derivedData/Build/Products/Debug-watchos -I /Applications/Xcode-15.3.0.app/Contents/Developer/Platforms/WatchOS.platform/Developer/usr/lib -F /Users/admin/builder/spi-builder-workspace/.derivedData/Build/Products/Debug-watchos/PackageFrameworks -F /Users/admin/builder/spi-builder-workspace/.derivedData/Build/Products/Debug-watchos/PackageFrameworks -F /Users/admin/builder/spi-builder-workspace/.derivedData/Build/Products/Debug-watchos/PackageFrameworks -F /Users/admin/builder/spi-builder-workspace/.derivedData/Build/Products/Debug-watchos -F /Applications/Xcode-15.3.0.app/Contents/Developer/Platforms/WatchOS.platform/Developer/Library/Frameworks -F /Applications/Xcode-15.3.0.app/Contents/Developer/Platforms/WatchOS.platform/Developer/SDKs/WatchOS10.4.sdk/Developer/Library/Frameworks -parse-as-library -c -j10 -enable-batch-mode -incremental -output-file-map /Users/admin/builder/spi-builder-workspace/.derivedData/Build/Intermediates.noindex/FluxorExplorerSnapshot.build/Debug-watchos/FluxorExplorerSnapshotTests.build/Objects-normal/arm64_32/FluxorExplorerSnapshotTests-OutputFileMap.json -use-frontend-parseable-output -save-temps -no-color-diagnostics -serialize-diagnostics -emit-dependencies -emit-module -emit-module-path /Users/admin/builder/spi-builder-workspace/.derivedData/Build/Intermediates.noindex/FluxorExplorerSnapshot.build/Debug-watchos/FluxorExplorerSnapshotTests.build/Objects-normal/arm64_32/FluxorExplorerSnapshotTests.swiftmodule -validate-clang-modules-once -clang-build-session-file /Users/admin/builder/spi-builder-workspace/.derivedData/ModuleCache.noindex/Session.modulevalidation -emit-const-values -Xfrontend -const-gather-protocols-file -Xfrontend /Users/admin/builder/spi-builder-workspace/.derivedData/Build/Intermediates.noindex/FluxorExplorerSnapshot.build/Debug-watchos/FluxorExplorerSnapshotTests.build/Objects-normal/arm64_32/FluxorExplorerSnapshotTests_const_extract_protocols.json -Xcc -I/Users/admin/builder/spi-builder-workspace/.derivedData/Build/Products/Debug-watchos/include -Xcc -I/Users/admin/builder/spi-builder-workspace/.derivedData/Build/Intermediates.noindex/FluxorExplorerSnapshot.build/Debug-watchos/FluxorExplorerSnapshotTests.build/DerivedSources-normal/arm64_32 -Xcc -I/Users/admin/builder/spi-builder-workspace/.derivedData/Build/Intermediates.noindex/FluxorExplorerSnapshot.build/Debug-watchos/FluxorExplorerSnapshotTests.build/DerivedSources/arm64_32 -Xcc -I/Users/admin/builder/spi-builder-workspace/.derivedData/Build/Intermediates.noindex/FluxorExplorerSnapshot.build/Debug-watchos/FluxorExplorerSnapshotTests.build/DerivedSources -Xcc -DSWIFT_PACKAGE -Xcc -DDEBUG\=1 -working-directory /Users/admin/builder/spi-builder-workspace -experimental-emit-module-separately -disable-cmo
note: Using global toolchain override 'Swift 6.0 Development Snapshot 2024-05-26 (a)'. (in target 'Fluxor' from project 'Fluxor')
note: Using global toolchain override 'Swift 6.0 Development Snapshot 2024-05-26 (a)'. (in target 'Fluxor' from project 'Fluxor')
note: Using global toolchain override 'Swift 6.0 Development Snapshot 2024-05-26 (a)'. (in target 'AnyCodable' from project 'Fluxor')
note: Using global toolchain override 'Swift 6.0 Development Snapshot 2024-05-26 (a)'. (in target 'FluxorExplorerSnapshot' from project 'FluxorExplorerSnapshot')
note: Using global toolchain override 'Swift 6.0 Development Snapshot 2024-05-26 (a)'. (in target 'FluxorExplorerSnapshot' from project 'FluxorExplorerSnapshot')
** BUILD FAILED **
The following build commands failed:
	Ld /Users/admin/builder/spi-builder-workspace/.derivedData/Build/Intermediates.noindex/FluxorExplorerSnapshot.build/Debug-watchos/FluxorExplorerSnapshotTests.build/Objects-normal/armv7k/Binary/FluxorExplorerSnapshotTests normal armv7k (in target 'FluxorExplorerSnapshotTests' from project 'FluxorExplorerSnapshot')
(1 failure)
BUILD FAILURE 6.0 watchOS
This is a staging environment. For live and up-to-date package information, visit swiftpackageindex.com.