This is a staging environment. For live and up-to-date package information, visit swiftpackageindex.com.

The Swift Package Index logo.Swift Package Index

Track the adoption of Swift 6 strict concurrency checks for data race safety. How many packages are Ready for Swift 6?

Build Information

Failed to build Stripes with Swift 6.0 (beta) for visionOS using Xcode 16.0 at main.

Build Command

env DEVELOPER_DIR=/Applications/Xcode-15.3.0.app xcrun --toolchain org.swift.600202405261a xcodebuild -IDEClonedSourcePackagesDirPathOverride=$workDir/.dependencies -skipMacroValidation -skipPackagePluginValidation -derivedDataPath $workDir/.derivedData build -scheme Stripes -destination generic/platform=xros OTHER_SWIFT_FLAGS=-stats-output-dir .stats -strict-concurrency=complete

Build Log

========================================
RunAll
========================================
Builder version: 4.40.0
Interrupt handler set up.
========================================
Checkout
========================================
Clone URL: https://github.com/eneko/Stripes.git
Reference: main
Initialized empty Git repository in /Users/admin/builder/spi-builder-workspace/.git/
From https://github.com/eneko/Stripes
 * branch            main       -> FETCH_HEAD
 * [new branch]      main       -> origin/main
HEAD is now at 7a6a07c Merge pull request #5 from darbio/main
Cloned https://github.com/eneko/Stripes.git
Revision (git rev-parse @):
7a6a07c62e18465c707be150e79b2e5467bc0824
SUCCESS checkout https://github.com/eneko/Stripes.git at main
========================================
Build
========================================
Selected platform:         visionOS
Swift version:             6.0
Building package at path:  $workDir
https://github.com/eneko/Stripes.git
Command line invocation:
    /Applications/Xcode-15.3.0.app/Contents/Developer/usr/bin/xcodebuild -IDEClonedSourcePackagesDirPathOverride=/Users/admin/builder/spi-builder-workspace/.dependencies -resolvePackageDependencies
User defaults from command line:
    IDEClonedSourcePackagesDirPathOverride = /Users/admin/builder/spi-builder-workspace/.dependencies
    IDEPackageSupportToolchainOverrideForManifestLoading = org.swift.600202405261a
    IDEPackageSupportUseBuiltinSCM = YES
Build settings from command line:
    TOOLCHAINS = org.swift.600202405261a
Resolve Package Graph
Resolved source packages:
  Stripes: /Users/admin/builder/spi-builder-workspace
resolved source packages: Stripes
{
  "dependencies" : [
  ],
  "manifest_display_name" : "Stripes",
  "name" : "Stripes",
  "path" : "/Users/admin/builder/spi-builder-workspace",
  "platforms" : [
    {
      "name" : "macos",
      "version" : "10.15"
    },
    {
      "name" : "ios",
      "version" : "13.0"
    },
    {
      "name" : "tvos",
      "version" : "13.0"
    },
    {
      "name" : "watchos",
      "version" : "6.0"
    }
  ],
  "products" : [
    {
      "name" : "Stripes",
      "targets" : [
        "Stripes"
      ],
      "type" : {
        "library" : [
          "automatic"
        ]
      }
    }
  ],
  "targets" : [
    {
      "c99name" : "Stripes",
      "module_type" : "SwiftTarget",
      "name" : "Stripes",
      "path" : "Sources/Stripes",
      "product_memberships" : [
        "Stripes"
      ],
      "sources" : [
        "Stripes.swift"
      ],
      "type" : "library"
    }
  ],
  "tools_version" : "5.3"
}
{
  "workspace" : {
    "name" : "spi-builder-workspace",
    "schemes" : [
      "Stripes"
    ]
  }
}
Running build ...
env DEVELOPER_DIR=/Applications/Xcode-15.3.0.app xcrun --toolchain org.swift.600202405261a xcodebuild -IDEClonedSourcePackagesDirPathOverride=$workDir/.dependencies -skipMacroValidation -skipPackagePluginValidation -derivedDataPath $workDir/.derivedData build -scheme Stripes -destination generic/platform=xros OTHER_SWIFT_FLAGS=-stats-output-dir .stats -strict-concurrency=complete
Command line invocation:
    /Applications/Xcode-15.3.0.app/Contents/Developer/usr/bin/xcodebuild -IDEClonedSourcePackagesDirPathOverride=/Users/admin/builder/spi-builder-workspace/.dependencies -skipMacroValidation -skipPackagePluginValidation -derivedDataPath /Users/admin/builder/spi-builder-workspace/.derivedData build -scheme Stripes -destination generic/platform=xros "OTHER_SWIFT_FLAGS=-stats-output-dir .stats -strict-concurrency=complete"
User defaults from command line:
    IDEClonedSourcePackagesDirPathOverride = /Users/admin/builder/spi-builder-workspace/.dependencies
    IDEDerivedDataPathOverride = /Users/admin/builder/spi-builder-workspace/.derivedData
    IDEPackageSupportToolchainOverrideForManifestLoading = org.swift.600202405261a
    IDEPackageSupportUseBuiltinSCM = YES
Build settings from command line:
    OTHER_SWIFT_FLAGS = -stats-output-dir .stats -strict-concurrency=complete
    TOOLCHAINS = org.swift.600202405261a
Resolve Package Graph
Resolved source packages:
  Stripes: /Users/admin/builder/spi-builder-workspace
Prepare packages
ComputeTargetDependencyGraph
note: Building targets in dependency order
note: Target dependency graph (2 targets)
    Target 'Stripes' in project 'Stripes'
        ➜ Explicit dependency on target 'Stripes' in project 'Stripes'
    Target 'Stripes' in project 'Stripes' (no dependencies)
GatherProvisioningInputs
CreateBuildDescription
ExecuteExternalTool /Library/Developer/Toolchains/swift-6.0-DEVELOPMENT-SNAPSHOT-2024-05-26-a.xctoolchain/usr/bin/clang -v -E -dM -isysroot /Applications/Xcode-15.3.0.app/Contents/Developer/Platforms/XROS.platform/Developer/SDKs/XROS1.1.sdk -x c -c /dev/null
ExecuteExternalTool /Library/Developer/Toolchains/swift-6.0-DEVELOPMENT-SNAPSHOT-2024-05-26-a.xctoolchain/usr/bin/swiftc -v
ExecuteExternalTool /Library/Developer/Toolchains/swift-6.0-DEVELOPMENT-SNAPSHOT-2024-05-26-a.xctoolchain/usr/bin/ld -version_details
Build description signature: 7850a3ec9a8616800f38408df898c868
Build description path: /Users/admin/builder/spi-builder-workspace/.derivedData/Build/Intermediates.noindex/XCBuildData/7850a3ec9a8616800f38408df898c868.xcbuilddata
note: Using global toolchain override 'Swift 6.0 Development Snapshot 2024-05-26 (a)'.
CreateBuildDirectory /Users/admin/builder/spi-builder-workspace/.derivedData/Build/Products
    cd /Users/admin/builder/spi-builder-workspace/.swiftpm/xcode
    builtin-create-build-directory /Users/admin/builder/spi-builder-workspace/.derivedData/Build/Products
CreateBuildDirectory /Users/admin/builder/spi-builder-workspace/.derivedData/Build/Intermediates.noindex
    cd /Users/admin/builder/spi-builder-workspace/.swiftpm/xcode
    builtin-create-build-directory /Users/admin/builder/spi-builder-workspace/.derivedData/Build/Intermediates.noindex
CreateBuildDirectory /Users/admin/builder/spi-builder-workspace/.derivedData/Build/Products/Debug-xros
    cd /Users/admin/builder/spi-builder-workspace/.swiftpm/xcode
    builtin-create-build-directory /Users/admin/builder/spi-builder-workspace/.derivedData/Build/Products/Debug-xros
CreateBuildDirectory /Users/admin/builder/spi-builder-workspace/.derivedData/Build/Intermediates.noindex/EagerLinkingTBDs/Debug-xros
    cd /Users/admin/builder/spi-builder-workspace/.swiftpm/xcode
    builtin-create-build-directory /Users/admin/builder/spi-builder-workspace/.derivedData/Build/Intermediates.noindex/EagerLinkingTBDs/Debug-xros
CreateBuildDirectory /Users/admin/builder/spi-builder-workspace/.derivedData/Build/Products/Debug-xros/PackageFrameworks
    cd /Users/admin/builder/spi-builder-workspace/.swiftpm/xcode
    builtin-create-build-directory /Users/admin/builder/spi-builder-workspace/.derivedData/Build/Products/Debug-xros/PackageFrameworks
note: Using global toolchain override 'Swift 6.0 Development Snapshot 2024-05-26 (a)'. (in target 'Stripes' from project 'Stripes')
WriteAuxiliaryFile /Users/admin/builder/spi-builder-workspace/.derivedData/Build/Intermediates.noindex/Stripes.build/Debug-xros/Stripes.build/Stripes.modulemap (in target 'Stripes' from project 'Stripes')
    cd /Users/admin/builder/spi-builder-workspace
    write-file /Users/admin/builder/spi-builder-workspace/.derivedData/Build/Intermediates.noindex/Stripes.build/Debug-xros/Stripes.build/Stripes.modulemap
Copy /Users/admin/builder/spi-builder-workspace/.derivedData/Build/Intermediates.noindex/GeneratedModuleMaps-xros/Stripes.modulemap /Users/admin/builder/spi-builder-workspace/.derivedData/Build/Intermediates.noindex/Stripes.build/Debug-xros/Stripes.build/Stripes.modulemap (in target 'Stripes' from project 'Stripes')
    cd /Users/admin/builder/spi-builder-workspace
    builtin-copy -exclude .DS_Store -exclude CVS -exclude .svn -exclude .git -exclude .hg -resolve-src-symlinks /Users/admin/builder/spi-builder-workspace/.derivedData/Build/Intermediates.noindex/Stripes.build/Debug-xros/Stripes.build/Stripes.modulemap /Users/admin/builder/spi-builder-workspace/.derivedData/Build/Intermediates.noindex/GeneratedModuleMaps-xros
WriteAuxiliaryFile /Users/admin/builder/spi-builder-workspace/.derivedData/Build/Intermediates.noindex/Stripes.build/Debug-xros/Stripes.build/Objects-normal/arm64/Stripes-OutputFileMap.json (in target 'Stripes' from project 'Stripes')
    cd /Users/admin/builder/spi-builder-workspace
    write-file /Users/admin/builder/spi-builder-workspace/.derivedData/Build/Intermediates.noindex/Stripes.build/Debug-xros/Stripes.build/Objects-normal/arm64/Stripes-OutputFileMap.json
WriteAuxiliaryFile /Users/admin/builder/spi-builder-workspace/.derivedData/Build/Intermediates.noindex/Stripes.build/Debug-xros/Stripes.build/Objects-normal/arm64/Stripes.LinkFileList (in target 'Stripes' from project 'Stripes')
    cd /Users/admin/builder/spi-builder-workspace
    write-file /Users/admin/builder/spi-builder-workspace/.derivedData/Build/Intermediates.noindex/Stripes.build/Debug-xros/Stripes.build/Objects-normal/arm64/Stripes.LinkFileList
WriteAuxiliaryFile /Users/admin/builder/spi-builder-workspace/.derivedData/Build/Intermediates.noindex/Stripes.build/Debug-xros/Stripes.build/Objects-normal/arm64/Stripes.SwiftFileList (in target 'Stripes' from project 'Stripes')
    cd /Users/admin/builder/spi-builder-workspace
    write-file /Users/admin/builder/spi-builder-workspace/.derivedData/Build/Intermediates.noindex/Stripes.build/Debug-xros/Stripes.build/Objects-normal/arm64/Stripes.SwiftFileList
WriteAuxiliaryFile /Users/admin/builder/spi-builder-workspace/.derivedData/Build/Intermediates.noindex/Stripes.build/Debug-xros/Stripes.build/Objects-normal/arm64/Stripes_const_extract_protocols.json (in target 'Stripes' from project 'Stripes')
    cd /Users/admin/builder/spi-builder-workspace
    write-file /Users/admin/builder/spi-builder-workspace/.derivedData/Build/Intermediates.noindex/Stripes.build/Debug-xros/Stripes.build/Objects-normal/arm64/Stripes_const_extract_protocols.json
SwiftDriver Stripes normal arm64 com.apple.xcode.tools.swift.compiler (in target 'Stripes' from project 'Stripes')
    cd /Users/admin/builder/spi-builder-workspace
    builtin-SwiftDriver -- /Library/Developer/Toolchains/swift-6.0-DEVELOPMENT-SNAPSHOT-2024-05-26-a.xctoolchain/usr/bin/swiftc -module-name Stripes -Onone -enforce-exclusivity\=checked @/Users/admin/builder/spi-builder-workspace/.derivedData/Build/Intermediates.noindex/Stripes.build/Debug-xros/Stripes.build/Objects-normal/arm64/Stripes.SwiftFileList -DSWIFT_PACKAGE -DDEBUG -stats-output-dir .stats -strict-concurrency\=complete -sdk /Applications/Xcode-15.3.0.app/Contents/Developer/Platforms/XROS.platform/Developer/SDKs/XROS1.1.sdk -target arm64-apple-xros1.0 -g -module-cache-path /Users/admin/builder/spi-builder-workspace/.derivedData/ModuleCache.noindex -Xfrontend -serialize-debugging-options -enable-testing -index-store-path /Users/admin/builder/spi-builder-workspace/.derivedData/Index.noindex/DataStore -swift-version 5 -I /Users/admin/builder/spi-builder-workspace/.derivedData/Build/Products/Debug-xros -I /Applications/Xcode-15.3.0.app/Contents/Developer/Platforms/XROS.platform/Developer/usr/lib -F /Users/admin/builder/spi-builder-workspace/.derivedData/Build/Products/Debug-xros -F /Applications/Xcode-15.3.0.app/Contents/Developer/Platforms/XROS.platform/Developer/Library/Frameworks -F /Applications/Xcode-15.3.0.app/Contents/Developer/Platforms/XROS.platform/Developer/SDKs/XROS1.1.sdk/Developer/Library/Frameworks -parse-as-library -c -j10 -enable-batch-mode -incremental -output-file-map /Users/admin/builder/spi-builder-workspace/.derivedData/Build/Intermediates.noindex/Stripes.build/Debug-xros/Stripes.build/Objects-normal/arm64/Stripes-OutputFileMap.json -use-frontend-parseable-output -save-temps -no-color-diagnostics -serialize-diagnostics -emit-dependencies -emit-module -emit-module-path /Users/admin/builder/spi-builder-workspace/.derivedData/Build/Intermediates.noindex/Stripes.build/Debug-xros/Stripes.build/Objects-normal/arm64/Stripes.swiftmodule -validate-clang-modules-once -clang-build-session-file /Users/admin/builder/spi-builder-workspace/.derivedData/ModuleCache.noindex/Session.modulevalidation -Xcc -I/Users/admin/builder/spi-builder-workspace/.derivedData/Build/Intermediates.noindex/Stripes.build/Debug-xros/Stripes.build/swift-overrides.hmap -emit-const-values -Xfrontend -const-gather-protocols-file -Xfrontend /Users/admin/builder/spi-builder-workspace/.derivedData/Build/Intermediates.noindex/Stripes.build/Debug-xros/Stripes.build/Objects-normal/arm64/Stripes_const_extract_protocols.json -Xcc -I/Users/admin/builder/spi-builder-workspace/.derivedData/Build/Products/Debug-xros/include -Xcc -I/Users/admin/builder/spi-builder-workspace/.derivedData/Build/Intermediates.noindex/Stripes.build/Debug-xros/Stripes.build/DerivedSources-normal/arm64 -Xcc -I/Users/admin/builder/spi-builder-workspace/.derivedData/Build/Intermediates.noindex/Stripes.build/Debug-xros/Stripes.build/DerivedSources/arm64 -Xcc -I/Users/admin/builder/spi-builder-workspace/.derivedData/Build/Intermediates.noindex/Stripes.build/Debug-xros/Stripes.build/DerivedSources -Xcc -DSWIFT_PACKAGE -Xcc -DDEBUG\=1 -emit-objc-header -emit-objc-header-path /Users/admin/builder/spi-builder-workspace/.derivedData/Build/Intermediates.noindex/Stripes.build/Debug-xros/Stripes.build/Objects-normal/arm64/Stripes-Swift.h -working-directory /Users/admin/builder/spi-builder-workspace -experimental-emit-module-separately -disable-cmo
SwiftEmitModule normal arm64 Emitting\ module\ for\ Stripes (in target 'Stripes' from project 'Stripes')
    cd /Users/admin/builder/spi-builder-workspace
    builtin-swiftTaskExecution -- /Library/Developer/Toolchains/swift-6.0-DEVELOPMENT-SNAPSHOT-2024-05-26-a.xctoolchain/usr/bin/swift-frontend -frontend -emit-module -experimental-skip-non-inlinable-function-bodies-without-types /Users/admin/builder/spi-builder-workspace/Sources/Stripes/Stripes.swift -target arm64-apple-xros1.0 -Xllvm -aarch64-use-tbi -enable-objc-interop -sdk /Applications/Xcode-15.3.0.app/Contents/Developer/Platforms/XROS.platform/Developer/SDKs/XROS1.1.sdk -I /Users/admin/builder/spi-builder-workspace/.derivedData/Build/Products/Debug-xros -I /Applications/Xcode-15.3.0.app/Contents/Developer/Platforms/XROS.platform/Developer/usr/lib -F /Users/admin/builder/spi-builder-workspace/.derivedData/Build/Products/Debug-xros -F /Applications/Xcode-15.3.0.app/Contents/Developer/Platforms/XROS.platform/Developer/Library/Frameworks -F /Applications/Xcode-15.3.0.app/Contents/Developer/Platforms/XROS.platform/Developer/SDKs/XROS1.1.sdk/Developer/Library/Frameworks -no-color-diagnostics -enable-testing -g -module-cache-path /Users/admin/builder/spi-builder-workspace/.derivedData/ModuleCache.noindex -swift-version 5 -enforce-exclusivity\=checked -stats-output-dir /Users/admin/builder/spi-builder-workspace/.stats -Onone -D SWIFT_PACKAGE -D DEBUG -serialize-debugging-options -const-gather-protocols-file /Users/admin/builder/spi-builder-workspace/.derivedData/Build/Intermediates.noindex/Stripes.build/Debug-xros/Stripes.build/Objects-normal/arm64/Stripes_const_extract_protocols.json -strict-concurrency\=complete -empty-abi-descriptor -validate-clang-modules-once -clang-build-session-file /Users/admin/builder/spi-builder-workspace/.derivedData/ModuleCache.noindex/Session.modulevalidation -Xcc -working-directory -Xcc /Users/admin/builder/spi-builder-workspace -resource-dir /Library/Developer/Toolchains/swift-6.0-DEVELOPMENT-SNAPSHOT-2024-05-26-a.xctoolchain/usr/lib/swift -enable-anonymous-context-mangled-names -Xcc -I/Users/admin/builder/spi-builder-workspace/.derivedData/Build/Intermediates.noindex/Stripes.build/Debug-xros/Stripes.build/swift-overrides.hmap -Xcc -I/Users/admin/builder/spi-builder-workspace/.derivedData/Build/Products/Debug-xros/include -Xcc -I/Users/admin/builder/spi-builder-workspace/.derivedData/Build/Intermediates.noindex/Stripes.build/Debug-xros/Stripes.build/DerivedSources-normal/arm64 -Xcc -I/Users/admin/builder/spi-builder-workspace/.derivedData/Build/Intermediates.noindex/Stripes.build/Debug-xros/Stripes.build/DerivedSources/arm64 -Xcc -I/Users/admin/builder/spi-builder-workspace/.derivedData/Build/Intermediates.noindex/Stripes.build/Debug-xros/Stripes.build/DerivedSources -Xcc -DSWIFT_PACKAGE -Xcc -DDEBUG\=1 -module-name Stripes -disable-clang-spi -target-sdk-version 1.1 -target-sdk-name xros1.1 -external-plugin-path /Applications/Xcode-15.3.0.app/Contents/Developer/Platforms/XROS.platform/Developer/SDKs/XROS1.1.sdk/usr/lib/swift/host/plugins\#/Applications/Xcode-15.3.0.app/Contents/Developer/Platforms/XROS.platform/Developer/SDKs/XROS1.1.sdk/usr/bin/swift-plugin-server -external-plugin-path /Applications/Xcode-15.3.0.app/Contents/Developer/Platforms/XROS.platform/Developer/SDKs/XROS1.1.sdk/usr/local/lib/swift/host/plugins\#/Applications/Xcode-15.3.0.app/Contents/Developer/Platforms/XROS.platform/Developer/SDKs/XROS1.1.sdk/usr/bin/swift-plugin-server -external-plugin-path /Applications/Xcode-15.3.0.app/Contents/Developer/Platforms/XROS.platform/Developer/usr/lib/swift/host/plugins\#/Applications/Xcode-15.3.0.app/Contents/Developer/Platforms/XROS.platform/Developer/usr/bin/swift-plugin-server -external-plugin-path /Applications/Xcode-15.3.0.app/Contents/Developer/Platforms/XROS.platform/Developer/usr/local/lib/swift/host/plugins\#/Applications/Xcode-15.3.0.app/Contents/Developer/Platforms/XROS.platform/Developer/usr/bin/swift-plugin-server -plugin-path /Library/Developer/Toolchains/swift-6.0-DEVELOPMENT-SNAPSHOT-2024-05-26-a.xctoolchain/usr/lib/swift/host/plugins -plugin-path /Library/Developer/Toolchains/swift-6.0-DEVELOPMENT-SNAPSHOT-2024-05-26-a.xctoolchain/usr/local/lib/swift/host/plugins -emit-module-doc-path /Users/admin/builder/spi-builder-workspace/.derivedData/Build/Intermediates.noindex/Stripes.build/Debug-xros/Stripes.build/Objects-normal/arm64/Stripes.swiftdoc -emit-module-source-info-path /Users/admin/builder/spi-builder-workspace/.derivedData/Build/Intermediates.noindex/Stripes.build/Debug-xros/Stripes.build/Objects-normal/arm64/Stripes.swiftsourceinfo -emit-objc-header-path /Users/admin/builder/spi-builder-workspace/.derivedData/Build/Intermediates.noindex/Stripes.build/Debug-xros/Stripes.build/Objects-normal/arm64/Stripes-Swift.h -serialize-diagnostics-path /Users/admin/builder/spi-builder-workspace/.derivedData/Build/Intermediates.noindex/Stripes.build/Debug-xros/Stripes.build/Objects-normal/arm64/Stripes-master-emit-module.dia -emit-dependencies-path /Users/admin/builder/spi-builder-workspace/.derivedData/Build/Intermediates.noindex/Stripes.build/Debug-xros/Stripes.build/Objects-normal/arm64/Stripes-master-emit-module.d -parse-as-library -o /Users/admin/builder/spi-builder-workspace/.derivedData/Build/Intermediates.noindex/Stripes.build/Debug-xros/Stripes.build/Objects-normal/arm64/Stripes.swiftmodule -emit-abi-descriptor-path /Users/admin/builder/spi-builder-workspace/.derivedData/Build/Intermediates.noindex/Stripes.build/Debug-xros/Stripes.build/Objects-normal/arm64/Stripes.abi.json
<module-includes>:1:9: note: in file included from <module-includes>:1:
1 | #import "Headers/CoreMotion.h"
  |         `- note: in file included from <module-includes>:1:
2 |
/Applications/Xcode-15.3.0.app/Contents/Developer/Platforms/XROS.platform/Developer/SDKs/XROS1.1.sdk/System/Library/Frameworks/CoreMotion.framework/Headers/CoreMotion.h:32:9: note: in file included from /Applications/Xcode-15.3.0.app/Contents/Developer/Platforms/XROS.platform/Developer/SDKs/XROS1.1.sdk/System/Library/Frameworks/CoreMotion.framework/Headers/CoreMotion.h:32:
30 | #import <CoreMotion/CMHeadphoneMotionManager.h>
31 | #import <CoreMotion/CMHeadphoneMotionManagerDelegate.h>
32 | #import <CoreMotion/CMMovementDisorderManager.h>
   |         `- note: in file included from /Applications/Xcode-15.3.0.app/Contents/Developer/Platforms/XROS.platform/Developer/SDKs/XROS1.1.sdk/System/Library/Frameworks/CoreMotion.framework/Headers/CoreMotion.h:32:
33 | #import <CoreMotion/CMPedometer.h>
34 | #import <CoreMotion/CMRotationRateData.h>
/Applications/Xcode-15.3.0.app/Contents/Developer/Platforms/XROS.platform/Developer/SDKs/XROS1.1.sdk/System/Library/Frameworks/CoreMotion.framework/Headers/CMMovementDisorderManager.h:106:57: error: 'CMDyskineticSymptomResult' is unavailable: not available on visionOS
 23 | API_AVAILABLE(ios(12.0), watchos(5.0)) API_UNAVAILABLE(macos, tvos)
 24 | #endif // defined(TARGET_OS_VISION) && TARGET_OS_VISION
 25 | @interface CMDyskineticSymptomResult : NSObject <NSCopying, NSSecureCoding>
    |            `- note: 'CMDyskineticSymptomResult' has been explicitly marked unavailable here
 26 |
 27 | /*!
    :
104 |  * @brief Completion handler for CMDyskineticSymptomResult values.
105 |  */
106 | typedef void(^CMDyskineticSymptomResultHandler)(NSArray<CMDyskineticSymptomResult *> * _Nonnull dyskineticSymptomResult, NSError * _Nullable error) API_AVAILABLE(watchos(5.0)) API_UNAVAILABLE(ios, macos, tvos);
    |                                                         `- error: 'CMDyskineticSymptomResult' is unavailable: not available on visionOS
107 |
108 | /*!
/Applications/Xcode-15.3.0.app/Contents/Developer/Platforms/XROS.platform/Developer/SDKs/XROS1.1.sdk/System/Library/Frameworks/CoreMotion.framework/Modules/CoreMotion.swiftmodule/arm64-apple-xros.swiftinterface:4:19: error: could not build Objective-C module 'CoreMotion'
 2 | // swift-compiler-version: Apple Swift version 5.10 (swiftlang-5.10.0.12.5 clang-1500.3.9.1.1)
 3 | // swift-module-flags: -target arm64-apple-xros1.1 -enable-objc-interop -enable-library-evolution -swift-version 5 -enforce-exclusivity=checked -O -library-level api -enable-bare-slash-regex -user-module-version 2890.12.17.4.2 -module-name CoreMotion
 4 | @_exported import CoreMotion
   |                   `- error: could not build Objective-C module 'CoreMotion'
 5 | import Foundation
 6 | import Swift
/Applications/Xcode-15.3.0.app/Contents/Developer/Platforms/XROS.platform/Developer/SDKs/XROS1.1.sdk/System/Library/Frameworks/RealityFoundation.framework/Modules/RealityFoundation.swiftmodule/arm64-apple-xros.swiftinterface:12:8: error: failed to build module 'CoreMotion'; this SDK is not supported by the compiler (the SDK is built with 'Apple Swift version 5.10 (swiftlang-5.10.0.12.5 clang-1500.3.9.1.1)', while this compiler is 'Apple Swift version 6.0-dev effective-5.10 (LLVM 4b0b1f9e1a69523, Swift 91a3abcf816bc36)'). Please select a toolchain which matches the SDK.
   10 | import CoreGraphics
   11 | import CoreMedia
   12 | import CoreMotion
      |        `- error: failed to build module 'CoreMotion'; this SDK is not supported by the compiler (the SDK is built with 'Apple Swift version 5.10 (swiftlang-5.10.0.12.5 clang-1500.3.9.1.1)', while this compiler is 'Apple Swift version 6.0-dev effective-5.10 (LLVM 4b0b1f9e1a69523, Swift 91a3abcf816bc36)'). Please select a toolchain which matches the SDK.
   13 | import CoreText
   14 | import CoreVideo
<module-includes>:1:9: note: in file included from <module-includes>:1:
1 | #import "Headers/CoreMotion.h"
  |         `- note: in file included from <module-includes>:1:
2 |
/Applications/Xcode-15.3.0.app/Contents/Developer/Platforms/XROS.platform/Developer/SDKs/XROS1.1.sdk/System/Library/Frameworks/CoreMotion.framework/Headers/CoreMotion.h:32:9: note: in file included from /Applications/Xcode-15.3.0.app/Contents/Developer/Platforms/XROS.platform/Developer/SDKs/XROS1.1.sdk/System/Library/Frameworks/CoreMotion.framework/Headers/CoreMotion.h:32:
30 | #import <CoreMotion/CMHeadphoneMotionManager.h>
31 | #import <CoreMotion/CMHeadphoneMotionManagerDelegate.h>
32 | #import <CoreMotion/CMMovementDisorderManager.h>
   |         `- note: in file included from /Applications/Xcode-15.3.0.app/Contents/Developer/Platforms/XROS.platform/Developer/SDKs/XROS1.1.sdk/System/Library/Frameworks/CoreMotion.framework/Headers/CoreMotion.h:32:
33 | #import <CoreMotion/CMPedometer.h>
34 | #import <CoreMotion/CMRotationRateData.h>
/Applications/Xcode-15.3.0.app/Contents/Developer/Platforms/XROS.platform/Developer/SDKs/XROS1.1.sdk/System/Library/Frameworks/SwiftUI.framework/Modules/SwiftUI.swiftmodule/arm64-apple-xros.swiftinterface:16:8: error: failed to build module 'RealityFoundation'; this SDK is not supported by the compiler (the SDK is built with 'Apple Swift version 5.10 (swiftlang-5.10.0.12.5 clang-1500.3.9.1.1)', while this compiler is 'Apple Swift version 6.0-dev effective-5.10 (LLVM 4b0b1f9e1a69523, Swift 91a3abcf816bc36)'). Please select a toolchain which matches the SDK.
   14 | import OSLog
   15 | import Observation
   16 | import RealityFoundation
      |        `- error: failed to build module 'RealityFoundation'; this SDK is not supported by the compiler (the SDK is built with 'Apple Swift version 5.10 (swiftlang-5.10.0.12.5 clang-1500.3.9.1.1)', while this compiler is 'Apple Swift version 6.0-dev effective-5.10 (LLVM 4b0b1f9e1a69523, Swift 91a3abcf816bc36)'). Please select a toolchain which matches the SDK.
   17 | @_exported import Spatial
   18 | import Swift
/Users/admin/builder/spi-builder-workspace/Sources/Stripes/Stripes.swift:8:8: error: failed to build module 'SwiftUI'; this SDK is not supported by the compiler (the SDK is built with 'Apple Swift version 5.10 (swiftlang-5.10.0.12.5 clang-1500.3.9.1.1)', while this compiler is 'Apple Swift version 6.0-dev effective-5.10 (LLVM 4b0b1f9e1a69523, Swift 91a3abcf816bc36)'). Please select a toolchain which matches the SDK.
  6 | //
  7 |
  8 | import SwiftUI
    |        `- error: failed to build module 'SwiftUI'; this SDK is not supported by the compiler (the SDK is built with 'Apple Swift version 5.10 (swiftlang-5.10.0.12.5 clang-1500.3.9.1.1)', while this compiler is 'Apple Swift version 6.0-dev effective-5.10 (LLVM 4b0b1f9e1a69523, Swift 91a3abcf816bc36)'). Please select a toolchain which matches the SDK.
  9 |
 10 | public struct StripesConfig {
<module-includes>: 0:
/Applications/Xcode-15.3.0.app/Contents/Developer/Platforms/XROS.platform/Developer/SDKs/XROS1.1.sdk/System/Library/Frameworks/CoreMotion.framework/Headers/CoreMotion.h: 0:
/Applications/Xcode-15.3.0.app/Contents/Developer/Platforms/XROS.platform/Developer/SDKs/XROS1.1.sdk/System/Library/Frameworks/CoreMotion.framework/Headers/CMMovementDisorderManager.h: 0:
/Applications/Xcode-15.3.0.app/Contents/Developer/Platforms/XROS.platform/Developer/SDKs/XROS1.1.sdk/System/Library/Frameworks/CoreMotion.framework/Modules/CoreMotion.swiftmodule/arm64-apple-xros.swiftinterface: 0:
/Applications/Xcode-15.3.0.app/Contents/Developer/Platforms/XROS.platform/Developer/SDKs/XROS1.1.sdk/System/Library/Frameworks/RealityFoundation.framework/Modules/RealityFoundation.swiftmodule/arm64-apple-xros.swiftinterface: 0:
<module-includes>: 0:
/Applications/Xcode-15.3.0.app/Contents/Developer/Platforms/XROS.platform/Developer/SDKs/XROS1.1.sdk/System/Library/Frameworks/CoreMotion.framework/Headers/CoreMotion.h: 0:
SwiftCompile normal arm64 Compiling\ Stripes.swift /Users/admin/builder/spi-builder-workspace/Sources/Stripes/Stripes.swift (in target 'Stripes' from project 'Stripes')
    cd /Users/admin/builder/spi-builder-workspace
    builtin-swiftTaskExecution -- /Library/Developer/Toolchains/swift-6.0-DEVELOPMENT-SNAPSHOT-2024-05-26-a.xctoolchain/usr/bin/swift-frontend -frontend -c -primary-file /Users/admin/builder/spi-builder-workspace/Sources/Stripes/Stripes.swift -emit-dependencies-path /Users/admin/builder/spi-builder-workspace/.derivedData/Build/Intermediates.noindex/Stripes.build/Debug-xros/Stripes.build/Objects-normal/arm64/Stripes.d -emit-const-values-path /Users/admin/builder/spi-builder-workspace/.derivedData/Build/Intermediates.noindex/Stripes.build/Debug-xros/Stripes.build/Objects-normal/arm64/Stripes.swiftconstvalues -emit-reference-dependencies-path /Users/admin/builder/spi-builder-workspace/.derivedData/Build/Intermediates.noindex/Stripes.build/Debug-xros/Stripes.build/Objects-normal/arm64/Stripes.swiftdeps -serialize-diagnostics-path /Users/admin/builder/spi-builder-workspace/.derivedData/Build/Intermediates.noindex/Stripes.build/Debug-xros/Stripes.build/Objects-normal/arm64/Stripes.dia -target arm64-apple-xros1.0 -Xllvm -aarch64-use-tbi -enable-objc-interop -sdk /Applications/Xcode-15.3.0.app/Contents/Developer/Platforms/XROS.platform/Developer/SDKs/XROS1.1.sdk -I /Users/admin/builder/spi-builder-workspace/.derivedData/Build/Products/Debug-xros -I /Applications/Xcode-15.3.0.app/Contents/Developer/Platforms/XROS.platform/Developer/usr/lib -F /Users/admin/builder/spi-builder-workspace/.derivedData/Build/Products/Debug-xros -F /Applications/Xcode-15.3.0.app/Contents/Developer/Platforms/XROS.platform/Developer/Library/Frameworks -F /Applications/Xcode-15.3.0.app/Contents/Developer/Platforms/XROS.platform/Developer/SDKs/XROS1.1.sdk/Developer/Library/Frameworks -no-color-diagnostics -enable-testing -g -module-cache-path /Users/admin/builder/spi-builder-workspace/.derivedData/ModuleCache.noindex -swift-version 5 -enforce-exclusivity\=checked -stats-output-dir /Users/admin/builder/spi-builder-workspace/.stats -Onone -D SWIFT_PACKAGE -D DEBUG -serialize-debugging-options -const-gather-protocols-file /Users/admin/builder/spi-builder-workspace/.derivedData/Build/Intermediates.noindex/Stripes.build/Debug-xros/Stripes.build/Objects-normal/arm64/Stripes_const_extract_protocols.json -strict-concurrency\=complete -empty-abi-descriptor -validate-clang-modules-once -clang-build-session-file /Users/admin/builder/spi-builder-workspace/.derivedData/ModuleCache.noindex/Session.modulevalidation -Xcc -working-directory -Xcc /Users/admin/builder/spi-builder-workspace -resource-dir /Library/Developer/Toolchains/swift-6.0-DEVELOPMENT-SNAPSHOT-2024-05-26-a.xctoolchain/usr/lib/swift -enable-anonymous-context-mangled-names -Xcc -I/Users/admin/builder/spi-builder-workspace/.derivedData/Build/Intermediates.noindex/Stripes.build/Debug-xros/Stripes.build/swift-overrides.hmap -Xcc -I/Users/admin/builder/spi-builder-workspace/.derivedData/Build/Products/Debug-xros/include -Xcc -I/Users/admin/builder/spi-builder-workspace/.derivedData/Build/Intermediates.noindex/Stripes.build/Debug-xros/Stripes.build/DerivedSources-normal/arm64 -Xcc -I/Users/admin/builder/spi-builder-workspace/.derivedData/Build/Intermediates.noindex/Stripes.build/Debug-xros/Stripes.build/DerivedSources/arm64 -Xcc -I/Users/admin/builder/spi-builder-workspace/.derivedData/Build/Intermediates.noindex/Stripes.build/Debug-xros/Stripes.build/DerivedSources -Xcc -DSWIFT_PACKAGE -Xcc -DDEBUG\=1 -module-name Stripes -frontend-parseable-output -disable-clang-spi -target-sdk-version 1.1 -target-sdk-name xros1.1 -external-plugin-path /Applications/Xcode-15.3.0.app/Contents/Developer/Platforms/XROS.platform/Developer/SDKs/XROS1.1.sdk/usr/lib/swift/host/plugins\#/Applications/Xcode-15.3.0.app/Contents/Developer/Platforms/XROS.platform/Developer/SDKs/XROS1.1.sdk/usr/bin/swift-plugin-server -external-plugin-path /Applications/Xcode-15.3.0.app/Contents/Developer/Platforms/XROS.platform/Developer/SDKs/XROS1.1.sdk/usr/local/lib/swift/host/plugins\#/Applications/Xcode-15.3.0.app/Contents/Developer/Platforms/XROS.platform/Developer/SDKs/XROS1.1.sdk/usr/bin/swift-plugin-server -external-plugin-path /Applications/Xcode-15.3.0.app/Contents/Developer/Platforms/XROS.platform/Developer/usr/lib/swift/host/plugins\#/Applications/Xcode-15.3.0.app/Contents/Developer/Platforms/XROS.platform/Developer/usr/bin/swift-plugin-server -external-plugin-path /Applications/Xcode-15.3.0.app/Contents/Developer/Platforms/XROS.platform/Developer/usr/local/lib/swift/host/plugins\#/Applications/Xcode-15.3.0.app/Contents/Developer/Platforms/XROS.platform/Developer/usr/bin/swift-plugin-server -plugin-path /Library/Developer/Toolchains/swift-6.0-DEVELOPMENT-SNAPSHOT-2024-05-26-a.xctoolchain/usr/lib/swift/host/plugins -plugin-path /Library/Developer/Toolchains/swift-6.0-DEVELOPMENT-SNAPSHOT-2024-05-26-a.xctoolchain/usr/local/lib/swift/host/plugins -parse-as-library -o /Users/admin/builder/spi-builder-workspace/.derivedData/Build/Intermediates.noindex/Stripes.build/Debug-xros/Stripes.build/Objects-normal/arm64/Stripes.o -index-unit-output-path /Stripes.build/Debug-xros/Stripes.build/Objects-normal/arm64/Stripes.o -index-store-path /Users/admin/builder/spi-builder-workspace/.derivedData/Index.noindex/DataStore -index-system-modules
SwiftCompile normal arm64 /Users/admin/builder/spi-builder-workspace/Sources/Stripes/Stripes.swift (in target 'Stripes' from project 'Stripes')
    cd /Users/admin/builder/spi-builder-workspace
    /Library/Developer/Toolchains/swift-6.0-DEVELOPMENT-SNAPSHOT-2024-05-26-a.xctoolchain/usr/bin/swift-frontend -c -primary-file /Users/admin/builder/spi-builder-workspace/Sources/Stripes/Stripes.swift -emit-dependencies-path /Users/admin/builder/spi-builder-workspace/.derivedData/Build/Intermediates.noindex/Stripes.build/Debug-xros/Stripes.build/Objects-normal/arm64/Stripes.d -emit-const-values-path /Users/admin/builder/spi-builder-workspace/.derivedData/Build/Intermediates.noindex/Stripes.build/Debug-xros/Stripes.build/Objects-normal/arm64/Stripes.swiftconstvalues -emit-reference-dependencies-path /Users/admin/builder/spi-builder-workspace/.derivedData/Build/Intermediates.noindex/Stripes.build/Debug-xros/Stripes.build/Objects-normal/arm64/Stripes.swiftdeps -serialize-diagnostics-path /Users/admin/builder/spi-builder-workspace/.derivedData/Build/Intermediates.noindex/Stripes.build/Debug-xros/Stripes.build/Objects-normal/arm64/Stripes.dia -target arm64-apple-xros1.0 -Xllvm -aarch64-use-tbi -enable-objc-interop -sdk /Applications/Xcode-15.3.0.app/Contents/Developer/Platforms/XROS.platform/Developer/SDKs/XROS1.1.sdk -I /Users/admin/builder/spi-builder-workspace/.derivedData/Build/Products/Debug-xros -I /Applications/Xcode-15.3.0.app/Contents/Developer/Platforms/XROS.platform/Developer/usr/lib -F /Users/admin/builder/spi-builder-workspace/.derivedData/Build/Products/Debug-xros -F /Applications/Xcode-15.3.0.app/Contents/Developer/Platforms/XROS.platform/Developer/Library/Frameworks -F /Applications/Xcode-15.3.0.app/Contents/Developer/Platforms/XROS.platform/Developer/SDKs/XROS1.1.sdk/Developer/Library/Frameworks -no-color-diagnostics -enable-testing -g -module-cache-path /Users/admin/builder/spi-builder-workspace/.derivedData/ModuleCache.noindex -swift-version 5 -enforce-exclusivity\=checked -stats-output-dir /Users/admin/builder/spi-builder-workspace/.stats -Onone -D SWIFT_PACKAGE -D DEBUG -serialize-debugging-options -const-gather-protocols-file /Users/admin/builder/spi-builder-workspace/.derivedData/Build/Intermediates.noindex/Stripes.build/Debug-xros/Stripes.build/Objects-normal/arm64/Stripes_const_extract_protocols.json -strict-concurrency\=complete -empty-abi-descriptor -validate-clang-modules-once -clang-build-session-file /Users/admin/builder/spi-builder-workspace/.derivedData/ModuleCache.noindex/Session.modulevalidation -Xcc -working-directory -Xcc /Users/admin/builder/spi-builder-workspace -resource-dir /Library/Developer/Toolchains/swift-6.0-DEVELOPMENT-SNAPSHOT-2024-05-26-a.xctoolchain/usr/lib/swift -enable-anonymous-context-mangled-names -Xcc -I/Users/admin/builder/spi-builder-workspace/.derivedData/Build/Intermediates.noindex/Stripes.build/Debug-xros/Stripes.build/swift-overrides.hmap -Xcc -I/Users/admin/builder/spi-builder-workspace/.derivedData/Build/Products/Debug-xros/include -Xcc -I/Users/admin/builder/spi-builder-workspace/.derivedData/Build/Intermediates.noindex/Stripes.build/Debug-xros/Stripes.build/DerivedSources-normal/arm64 -Xcc -I/Users/admin/builder/spi-builder-workspace/.derivedData/Build/Intermediates.noindex/Stripes.build/Debug-xros/Stripes.build/DerivedSources/arm64 -Xcc -I/Users/admin/builder/spi-builder-workspace/.derivedData/Build/Intermediates.noindex/Stripes.build/Debug-xros/Stripes.build/DerivedSources -Xcc -DSWIFT_PACKAGE -Xcc -DDEBUG\=1 -module-name Stripes -frontend-parseable-output -disable-clang-spi -target-sdk-version 1.1 -target-sdk-name xros1.1 -external-plugin-path /Applications/Xcode-15.3.0.app/Contents/Developer/Platforms/XROS.platform/Developer/SDKs/XROS1.1.sdk/usr/lib/swift/host/plugins\#/Applications/Xcode-15.3.0.app/Contents/Developer/Platforms/XROS.platform/Developer/SDKs/XROS1.1.sdk/usr/bin/swift-plugin-server -external-plugin-path /Applications/Xcode-15.3.0.app/Contents/Developer/Platforms/XROS.platform/Developer/SDKs/XROS1.1.sdk/usr/local/lib/swift/host/plugins\#/Applications/Xcode-15.3.0.app/Contents/Developer/Platforms/XROS.platform/Developer/SDKs/XROS1.1.sdk/usr/bin/swift-plugin-server -external-plugin-path /Applications/Xcode-15.3.0.app/Contents/Developer/Platforms/XROS.platform/Developer/usr/lib/swift/host/plugins\#/Applications/Xcode-15.3.0.app/Contents/Developer/Platforms/XROS.platform/Developer/usr/bin/swift-plugin-server -external-plugin-path /Applications/Xcode-15.3.0.app/Contents/Developer/Platforms/XROS.platform/Developer/usr/local/lib/swift/host/plugins\#/Applications/Xcode-15.3.0.app/Contents/Developer/Platforms/XROS.platform/Developer/usr/bin/swift-plugin-server -plugin-path /Library/Developer/Toolchains/swift-6.0-DEVELOPMENT-SNAPSHOT-2024-05-26-a.xctoolchain/usr/lib/swift/host/plugins -plugin-path /Library/Developer/Toolchains/swift-6.0-DEVELOPMENT-SNAPSHOT-2024-05-26-a.xctoolchain/usr/local/lib/swift/host/plugins -parse-as-library -o /Users/admin/builder/spi-builder-workspace/.derivedData/Build/Intermediates.noindex/Stripes.build/Debug-xros/Stripes.build/Objects-normal/arm64/Stripes.o -index-unit-output-path /Stripes.build/Debug-xros/Stripes.build/Objects-normal/arm64/Stripes.o -index-store-path /Users/admin/builder/spi-builder-workspace/.derivedData/Index.noindex/DataStore -index-system-modules
<module-includes>:1:9: note: in file included from <module-includes>:1:
#import "Headers/CoreMotion.h"
        ^
/Applications/Xcode-15.3.0.app/Contents/Developer/Platforms/XROS.platform/Developer/SDKs/XROS1.1.sdk/System/Library/Frameworks/CoreMotion.framework/Headers/CoreMotion.h:32:9: note: in file included from /Applications/Xcode-15.3.0.app/Contents/Developer/Platforms/XROS.platform/Developer/SDKs/XROS1.1.sdk/System/Library/Frameworks/CoreMotion.framework/Headers/CoreMotion.h:32:
#import <CoreMotion/CMMovementDisorderManager.h>
        ^
/Applications/Xcode-15.3.0.app/Contents/Developer/Platforms/XROS.platform/Developer/SDKs/XROS1.1.sdk/System/Library/Frameworks/CoreMotion.framework/Headers/CMMovementDisorderManager.h:106:57: error: 'CMDyskineticSymptomResult' is unavailable: not available on visionOS
typedef void(^CMDyskineticSymptomResultHandler)(NSArray<CMDyskineticSymptomResult *> * _Nonnull dyskineticSymptomResult, NSError * _Nullable error) API_AVAILABLE(watchos(5.0)) API_UNAVAILABLE(ios, macos, tvos);
                                                        ^
/Applications/Xcode-15.3.0.app/Contents/Developer/Platforms/XROS.platform/Developer/SDKs/XROS1.1.sdk/System/Library/Frameworks/CoreMotion.framework/Headers/CMMovementDisorderManager.h:25:12: note: 'CMDyskineticSymptomResult' has been explicitly marked unavailable here
@interface CMDyskineticSymptomResult : NSObject <NSCopying, NSSecureCoding>
           ^
/Applications/Xcode-15.3.0.app/Contents/Developer/Platforms/XROS.platform/Developer/SDKs/XROS1.1.sdk/System/Library/Frameworks/CoreMotion.framework/Modules/CoreMotion.swiftmodule/arm64-apple-xros.swiftinterface:4:19: error: could not build Objective-C module 'CoreMotion'
@_exported import CoreMotion
                  ^
/Applications/Xcode-15.3.0.app/Contents/Developer/Platforms/XROS.platform/Developer/SDKs/XROS1.1.sdk/System/Library/Frameworks/RealityFoundation.framework/Modules/RealityFoundation.swiftmodule/arm64-apple-xros.swiftinterface:12:8: error: failed to build module 'CoreMotion'; this SDK is not supported by the compiler (the SDK is built with 'Apple Swift version 5.10 (swiftlang-5.10.0.12.5 clang-1500.3.9.1.1)', while this compiler is 'Apple Swift version 6.0-dev effective-5.10 (LLVM 4b0b1f9e1a69523, Swift 91a3abcf816bc36)'). Please select a toolchain which matches the SDK.
import CoreMotion
       ^
<module-includes>:1:9: note: in file included from <module-includes>:1:
#import "Headers/CoreMotion.h"
        ^
/Applications/Xcode-15.3.0.app/Contents/Developer/Platforms/XROS.platform/Developer/SDKs/XROS1.1.sdk/System/Library/Frameworks/CoreMotion.framework/Headers/CoreMotion.h:32:9: note: in file included from /Applications/Xcode-15.3.0.app/Contents/Developer/Platforms/XROS.platform/Developer/SDKs/XROS1.1.sdk/System/Library/Frameworks/CoreMotion.framework/Headers/CoreMotion.h:32:
#import <CoreMotion/CMMovementDisorderManager.h>
        ^
/Applications/Xcode-15.3.0.app/Contents/Developer/Platforms/XROS.platform/Developer/SDKs/XROS1.1.sdk/System/Library/Frameworks/SwiftUI.framework/Modules/SwiftUI.swiftmodule/arm64-apple-xros.swiftinterface:16:8: error: failed to build module 'RealityFoundation'; this SDK is not supported by the compiler (the SDK is built with 'Apple Swift version 5.10 (swiftlang-5.10.0.12.5 clang-1500.3.9.1.1)', while this compiler is 'Apple Swift version 6.0-dev effective-5.10 (LLVM 4b0b1f9e1a69523, Swift 91a3abcf816bc36)'). Please select a toolchain which matches the SDK.
import RealityFoundation
       ^
/Users/admin/builder/spi-builder-workspace/Sources/Stripes/Stripes.swift:8:8: error: failed to build module 'SwiftUI'; this SDK is not supported by the compiler (the SDK is built with 'Apple Swift version 5.10 (swiftlang-5.10.0.12.5 clang-1500.3.9.1.1)', while this compiler is 'Apple Swift version 6.0-dev effective-5.10 (LLVM 4b0b1f9e1a69523, Swift 91a3abcf816bc36)'). Please select a toolchain which matches the SDK.
import SwiftUI
       ^
<module-includes>:1:9: note: in file included from <module-includes>:1:
#import "Headers/CoreMotion.h"
        ^
/Applications/Xcode-15.3.0.app/Contents/Developer/Platforms/XROS.platform/Developer/SDKs/XROS1.1.sdk/System/Library/Frameworks/CoreMotion.framework/Headers/CoreMotion.h:32:9: note: in file included from /Applications/Xcode-15.3.0.app/Contents/Developer/Platforms/XROS.platform/Developer/SDKs/XROS1.1.sdk/System/Library/Frameworks/CoreMotion.framework/Headers/CoreMotion.h:32:
#import <CoreMotion/CMMovementDisorderManager.h>
        ^
/Applications/Xcode-15.3.0.app/Contents/Developer/Platforms/XROS.platform/Developer/SDKs/XROS1.1.sdk/System/Library/Frameworks/CoreMotion.framework/Headers/CMMovementDisorderManager.h:106:57: error: 'CMDyskineticSymptomResult' is unavailable: not available on visionOS
typedef void(^CMDyskineticSymptomResultHandler)(NSArray<CMDyskineticSymptomResult *> * _Nonnull dyskineticSymptomResult, NSError * _Nullable error) API_AVAILABLE(watchos(5.0)) API_UNAVAILABLE(ios, macos, tvos);
                                                        ^
/Applications/Xcode-15.3.0.app/Contents/Developer/Platforms/XROS.platform/Developer/SDKs/XROS1.1.sdk/System/Library/Frameworks/CoreMotion.framework/Headers/CMMovementDisorderManager.h:25:12: note: 'CMDyskineticSymptomResult' has been explicitly marked unavailable here
@interface CMDyskineticSymptomResult : NSObject <NSCopying, NSSecureCoding>
           ^
/Applications/Xcode-15.3.0.app/Contents/Developer/Platforms/XROS.platform/Developer/SDKs/XROS1.1.sdk/System/Library/Frameworks/CoreMotion.framework/Modules/CoreMotion.swiftmodule/arm64-apple-xros.swiftinterface:4:19: error: could not build Objective-C module 'CoreMotion'
@_exported import CoreMotion
                  ^
/Applications/Xcode-15.3.0.app/Contents/Developer/Platforms/XROS.platform/Developer/SDKs/XROS1.1.sdk/System/Library/Frameworks/RealityFoundation.framework/Modules/RealityFoundation.swiftmodule/arm64-apple-xros.swiftinterface:12:8: error: failed to build module 'CoreMotion'; this SDK is not supported by the compiler (the SDK is built with 'Apple Swift version 5.10 (swiftlang-5.10.0.12.5 clang-1500.3.9.1.1)', while this compiler is 'Apple Swift version 6.0-dev effective-5.10 (LLVM 4b0b1f9e1a69523, Swift 91a3abcf816bc36)'). Please select a toolchain which matches the SDK.
import CoreMotion
       ^
<module-includes>:1:9: note: in file included from <module-includes>:1:
#import "Headers/CoreMotion.h"
        ^
/Applications/Xcode-15.3.0.app/Contents/Developer/Platforms/XROS.platform/Developer/SDKs/XROS1.1.sdk/System/Library/Frameworks/CoreMotion.framework/Headers/CoreMotion.h:32:9: note: in file included from /Applications/Xcode-15.3.0.app/Contents/Developer/Platforms/XROS.platform/Developer/SDKs/XROS1.1.sdk/System/Library/Frameworks/CoreMotion.framework/Headers/CoreMotion.h:32:
#import <CoreMotion/CMMovementDisorderManager.h>
        ^
/Applications/Xcode-15.3.0.app/Contents/Developer/Platforms/XROS.platform/Developer/SDKs/XROS1.1.sdk/System/Library/Frameworks/SwiftUI.framework/Modules/SwiftUI.swiftmodule/arm64-apple-xros.swiftinterface:16:8: error: failed to build module 'RealityFoundation'; this SDK is not supported by the compiler (the SDK is built with 'Apple Swift version 5.10 (swiftlang-5.10.0.12.5 clang-1500.3.9.1.1)', while this compiler is 'Apple Swift version 6.0-dev effective-5.10 (LLVM 4b0b1f9e1a69523, Swift 91a3abcf816bc36)'). Please select a toolchain which matches the SDK.
import RealityFoundation
       ^
note: Using global toolchain override 'Swift 6.0 Development Snapshot 2024-05-26 (a)'. (in target 'Stripes' from project 'Stripes')
** BUILD FAILED **
The following build commands failed:
	SwiftCompile normal arm64 Compiling\ Stripes.swift /Users/admin/builder/spi-builder-workspace/Sources/Stripes/Stripes.swift (in target 'Stripes' from project 'Stripes')
	SwiftCompile normal arm64 /Users/admin/builder/spi-builder-workspace/Sources/Stripes/Stripes.swift (in target 'Stripes' from project 'Stripes')
(2 failures)
Command line invocation:
    /Applications/Xcode-15.3.0.app/Contents/Developer/usr/bin/xcodebuild -IDEClonedSourcePackagesDirPathOverride=/Users/admin/builder/spi-builder-workspace/.dependencies -skipMacroValidation -skipPackagePluginValidation -derivedDataPath /Users/admin/builder/spi-builder-workspace/.derivedData build -scheme Stripes -destination generic/platform=xros "OTHER_SWIFT_FLAGS=-stats-output-dir .stats -strict-concurrency=complete"
User defaults from command line:
    IDEClonedSourcePackagesDirPathOverride = /Users/admin/builder/spi-builder-workspace/.dependencies
    IDEDerivedDataPathOverride = /Users/admin/builder/spi-builder-workspace/.derivedData
    IDEPackageSupportToolchainOverrideForManifestLoading = org.swift.600202405261a
    IDEPackageSupportUseBuiltinSCM = YES
Build settings from command line:
    OTHER_SWIFT_FLAGS = -stats-output-dir .stats -strict-concurrency=complete
    TOOLCHAINS = org.swift.600202405261a
Resolve Package Graph
Resolved source packages:
  Stripes: /Users/admin/builder/spi-builder-workspace
Prepare packages
ComputeTargetDependencyGraph
note: Building targets in dependency order
note: Target dependency graph (2 targets)
    Target 'Stripes' in project 'Stripes'
        ➜ Explicit dependency on target 'Stripes' in project 'Stripes'
    Target 'Stripes' in project 'Stripes' (no dependencies)
GatherProvisioningInputs
CreateBuildDescription
note: Using global toolchain override 'Swift 6.0 Development Snapshot 2024-05-26 (a)'.
note: Using global toolchain override 'Swift 6.0 Development Snapshot 2024-05-26 (a)'. (in target 'Stripes' from project 'Stripes')
SwiftDriver Stripes normal arm64 com.apple.xcode.tools.swift.compiler (in target 'Stripes' from project 'Stripes')
    cd /Users/admin/builder/spi-builder-workspace
    builtin-SwiftDriver -- /Library/Developer/Toolchains/swift-6.0-DEVELOPMENT-SNAPSHOT-2024-05-26-a.xctoolchain/usr/bin/swiftc -module-name Stripes -Onone -enforce-exclusivity\=checked @/Users/admin/builder/spi-builder-workspace/.derivedData/Build/Intermediates.noindex/Stripes.build/Debug-xros/Stripes.build/Objects-normal/arm64/Stripes.SwiftFileList -DSWIFT_PACKAGE -DDEBUG -stats-output-dir .stats -strict-concurrency\=complete -sdk /Applications/Xcode-15.3.0.app/Contents/Developer/Platforms/XROS.platform/Developer/SDKs/XROS1.1.sdk -target arm64-apple-xros1.0 -g -module-cache-path /Users/admin/builder/spi-builder-workspace/.derivedData/ModuleCache.noindex -Xfrontend -serialize-debugging-options -enable-testing -index-store-path /Users/admin/builder/spi-builder-workspace/.derivedData/Index.noindex/DataStore -swift-version 5 -I /Users/admin/builder/spi-builder-workspace/.derivedData/Build/Products/Debug-xros -I /Applications/Xcode-15.3.0.app/Contents/Developer/Platforms/XROS.platform/Developer/usr/lib -F /Users/admin/builder/spi-builder-workspace/.derivedData/Build/Products/Debug-xros -F /Applications/Xcode-15.3.0.app/Contents/Developer/Platforms/XROS.platform/Developer/Library/Frameworks -F /Applications/Xcode-15.3.0.app/Contents/Developer/Platforms/XROS.platform/Developer/SDKs/XROS1.1.sdk/Developer/Library/Frameworks -parse-as-library -c -j10 -enable-batch-mode -incremental -output-file-map /Users/admin/builder/spi-builder-workspace/.derivedData/Build/Intermediates.noindex/Stripes.build/Debug-xros/Stripes.build/Objects-normal/arm64/Stripes-OutputFileMap.json -use-frontend-parseable-output -save-temps -no-color-diagnostics -serialize-diagnostics -emit-dependencies -emit-module -emit-module-path /Users/admin/builder/spi-builder-workspace/.derivedData/Build/Intermediates.noindex/Stripes.build/Debug-xros/Stripes.build/Objects-normal/arm64/Stripes.swiftmodule -validate-clang-modules-once -clang-build-session-file /Users/admin/builder/spi-builder-workspace/.derivedData/ModuleCache.noindex/Session.modulevalidation -Xcc -I/Users/admin/builder/spi-builder-workspace/.derivedData/Build/Intermediates.noindex/Stripes.build/Debug-xros/Stripes.build/swift-overrides.hmap -emit-const-values -Xfrontend -const-gather-protocols-file -Xfrontend /Users/admin/builder/spi-builder-workspace/.derivedData/Build/Intermediates.noindex/Stripes.build/Debug-xros/Stripes.build/Objects-normal/arm64/Stripes_const_extract_protocols.json -Xcc -I/Users/admin/builder/spi-builder-workspace/.derivedData/Build/Products/Debug-xros/include -Xcc -I/Users/admin/builder/spi-builder-workspace/.derivedData/Build/Intermediates.noindex/Stripes.build/Debug-xros/Stripes.build/DerivedSources-normal/arm64 -Xcc -I/Users/admin/builder/spi-builder-workspace/.derivedData/Build/Intermediates.noindex/Stripes.build/Debug-xros/Stripes.build/DerivedSources/arm64 -Xcc -I/Users/admin/builder/spi-builder-workspace/.derivedData/Build/Intermediates.noindex/Stripes.build/Debug-xros/Stripes.build/DerivedSources -Xcc -DSWIFT_PACKAGE -Xcc -DDEBUG\=1 -emit-objc-header -emit-objc-header-path /Users/admin/builder/spi-builder-workspace/.derivedData/Build/Intermediates.noindex/Stripes.build/Debug-xros/Stripes.build/Objects-normal/arm64/Stripes-Swift.h -working-directory /Users/admin/builder/spi-builder-workspace -experimental-emit-module-separately -disable-cmo
SwiftEmitModule normal arm64 Emitting\ module\ for\ Stripes (in target 'Stripes' from project 'Stripes')
    cd /Users/admin/builder/spi-builder-workspace
    builtin-swiftTaskExecution -- /Library/Developer/Toolchains/swift-6.0-DEVELOPMENT-SNAPSHOT-2024-05-26-a.xctoolchain/usr/bin/swift-frontend -frontend -emit-module -experimental-skip-non-inlinable-function-bodies-without-types /Users/admin/builder/spi-builder-workspace/Sources/Stripes/Stripes.swift -target arm64-apple-xros1.0 -Xllvm -aarch64-use-tbi -enable-objc-interop -sdk /Applications/Xcode-15.3.0.app/Contents/Developer/Platforms/XROS.platform/Developer/SDKs/XROS1.1.sdk -I /Users/admin/builder/spi-builder-workspace/.derivedData/Build/Products/Debug-xros -I /Applications/Xcode-15.3.0.app/Contents/Developer/Platforms/XROS.platform/Developer/usr/lib -F /Users/admin/builder/spi-builder-workspace/.derivedData/Build/Products/Debug-xros -F /Applications/Xcode-15.3.0.app/Contents/Developer/Platforms/XROS.platform/Developer/Library/Frameworks -F /Applications/Xcode-15.3.0.app/Contents/Developer/Platforms/XROS.platform/Developer/SDKs/XROS1.1.sdk/Developer/Library/Frameworks -no-color-diagnostics -enable-testing -g -module-cache-path /Users/admin/builder/spi-builder-workspace/.derivedData/ModuleCache.noindex -swift-version 5 -enforce-exclusivity\=checked -stats-output-dir /Users/admin/builder/spi-builder-workspace/.stats -Onone -D SWIFT_PACKAGE -D DEBUG -serialize-debugging-options -const-gather-protocols-file /Users/admin/builder/spi-builder-workspace/.derivedData/Build/Intermediates.noindex/Stripes.build/Debug-xros/Stripes.build/Objects-normal/arm64/Stripes_const_extract_protocols.json -strict-concurrency\=complete -empty-abi-descriptor -validate-clang-modules-once -clang-build-session-file /Users/admin/builder/spi-builder-workspace/.derivedData/ModuleCache.noindex/Session.modulevalidation -Xcc -working-directory -Xcc /Users/admin/builder/spi-builder-workspace -resource-dir /Library/Developer/Toolchains/swift-6.0-DEVELOPMENT-SNAPSHOT-2024-05-26-a.xctoolchain/usr/lib/swift -enable-anonymous-context-mangled-names -Xcc -I/Users/admin/builder/spi-builder-workspace/.derivedData/Build/Intermediates.noindex/Stripes.build/Debug-xros/Stripes.build/swift-overrides.hmap -Xcc -I/Users/admin/builder/spi-builder-workspace/.derivedData/Build/Products/Debug-xros/include -Xcc -I/Users/admin/builder/spi-builder-workspace/.derivedData/Build/Intermediates.noindex/Stripes.build/Debug-xros/Stripes.build/DerivedSources-normal/arm64 -Xcc -I/Users/admin/builder/spi-builder-workspace/.derivedData/Build/Intermediates.noindex/Stripes.build/Debug-xros/Stripes.build/DerivedSources/arm64 -Xcc -I/Users/admin/builder/spi-builder-workspace/.derivedData/Build/Intermediates.noindex/Stripes.build/Debug-xros/Stripes.build/DerivedSources -Xcc -DSWIFT_PACKAGE -Xcc -DDEBUG\=1 -module-name Stripes -disable-clang-spi -target-sdk-version 1.1 -target-sdk-name xros1.1 -external-plugin-path /Applications/Xcode-15.3.0.app/Contents/Developer/Platforms/XROS.platform/Developer/SDKs/XROS1.1.sdk/usr/lib/swift/host/plugins\#/Applications/Xcode-15.3.0.app/Contents/Developer/Platforms/XROS.platform/Developer/SDKs/XROS1.1.sdk/usr/bin/swift-plugin-server -external-plugin-path /Applications/Xcode-15.3.0.app/Contents/Developer/Platforms/XROS.platform/Developer/SDKs/XROS1.1.sdk/usr/local/lib/swift/host/plugins\#/Applications/Xcode-15.3.0.app/Contents/Developer/Platforms/XROS.platform/Developer/SDKs/XROS1.1.sdk/usr/bin/swift-plugin-server -external-plugin-path /Applications/Xcode-15.3.0.app/Contents/Developer/Platforms/XROS.platform/Developer/usr/lib/swift/host/plugins\#/Applications/Xcode-15.3.0.app/Contents/Developer/Platforms/XROS.platform/Developer/usr/bin/swift-plugin-server -external-plugin-path /Applications/Xcode-15.3.0.app/Contents/Developer/Platforms/XROS.platform/Developer/usr/local/lib/swift/host/plugins\#/Applications/Xcode-15.3.0.app/Contents/Developer/Platforms/XROS.platform/Developer/usr/bin/swift-plugin-server -plugin-path /Library/Developer/Toolchains/swift-6.0-DEVELOPMENT-SNAPSHOT-2024-05-26-a.xctoolchain/usr/lib/swift/host/plugins -plugin-path /Library/Developer/Toolchains/swift-6.0-DEVELOPMENT-SNAPSHOT-2024-05-26-a.xctoolchain/usr/local/lib/swift/host/plugins -emit-module-doc-path /Users/admin/builder/spi-builder-workspace/.derivedData/Build/Intermediates.noindex/Stripes.build/Debug-xros/Stripes.build/Objects-normal/arm64/Stripes.swiftdoc -emit-module-source-info-path /Users/admin/builder/spi-builder-workspace/.derivedData/Build/Intermediates.noindex/Stripes.build/Debug-xros/Stripes.build/Objects-normal/arm64/Stripes.swiftsourceinfo -emit-objc-header-path /Users/admin/builder/spi-builder-workspace/.derivedData/Build/Intermediates.noindex/Stripes.build/Debug-xros/Stripes.build/Objects-normal/arm64/Stripes-Swift.h -serialize-diagnostics-path /Users/admin/builder/spi-builder-workspace/.derivedData/Build/Intermediates.noindex/Stripes.build/Debug-xros/Stripes.build/Objects-normal/arm64/Stripes-master-emit-module.dia -emit-dependencies-path /Users/admin/builder/spi-builder-workspace/.derivedData/Build/Intermediates.noindex/Stripes.build/Debug-xros/Stripes.build/Objects-normal/arm64/Stripes-master-emit-module.d -parse-as-library -o /Users/admin/builder/spi-builder-workspace/.derivedData/Build/Intermediates.noindex/Stripes.build/Debug-xros/Stripes.build/Objects-normal/arm64/Stripes.swiftmodule -emit-abi-descriptor-path /Users/admin/builder/spi-builder-workspace/.derivedData/Build/Intermediates.noindex/Stripes.build/Debug-xros/Stripes.build/Objects-normal/arm64/Stripes.abi.json
SwiftCompile normal arm64 Compiling\ Stripes.swift /Users/admin/builder/spi-builder-workspace/Sources/Stripes/Stripes.swift (in target 'Stripes' from project 'Stripes')
    cd /Users/admin/builder/spi-builder-workspace
    builtin-swiftTaskExecution -- /Library/Developer/Toolchains/swift-6.0-DEVELOPMENT-SNAPSHOT-2024-05-26-a.xctoolchain/usr/bin/swift-frontend -frontend -c -primary-file /Users/admin/builder/spi-builder-workspace/Sources/Stripes/Stripes.swift -emit-dependencies-path /Users/admin/builder/spi-builder-workspace/.derivedData/Build/Intermediates.noindex/Stripes.build/Debug-xros/Stripes.build/Objects-normal/arm64/Stripes.d -emit-const-values-path /Users/admin/builder/spi-builder-workspace/.derivedData/Build/Intermediates.noindex/Stripes.build/Debug-xros/Stripes.build/Objects-normal/arm64/Stripes.swiftconstvalues -emit-reference-dependencies-path /Users/admin/builder/spi-builder-workspace/.derivedData/Build/Intermediates.noindex/Stripes.build/Debug-xros/Stripes.build/Objects-normal/arm64/Stripes.swiftdeps -serialize-diagnostics-path /Users/admin/builder/spi-builder-workspace/.derivedData/Build/Intermediates.noindex/Stripes.build/Debug-xros/Stripes.build/Objects-normal/arm64/Stripes.dia -target arm64-apple-xros1.0 -Xllvm -aarch64-use-tbi -enable-objc-interop -sdk /Applications/Xcode-15.3.0.app/Contents/Developer/Platforms/XROS.platform/Developer/SDKs/XROS1.1.sdk -I /Users/admin/builder/spi-builder-workspace/.derivedData/Build/Products/Debug-xros -I /Applications/Xcode-15.3.0.app/Contents/Developer/Platforms/XROS.platform/Developer/usr/lib -F /Users/admin/builder/spi-builder-workspace/.derivedData/Build/Products/Debug-xros -F /Applications/Xcode-15.3.0.app/Contents/Developer/Platforms/XROS.platform/Developer/Library/Frameworks -F /Applications/Xcode-15.3.0.app/Contents/Developer/Platforms/XROS.platform/Developer/SDKs/XROS1.1.sdk/Developer/Library/Frameworks -no-color-diagnostics -enable-testing -g -module-cache-path /Users/admin/builder/spi-builder-workspace/.derivedData/ModuleCache.noindex -swift-version 5 -enforce-exclusivity\=checked -stats-output-dir /Users/admin/builder/spi-builder-workspace/.stats -Onone -D SWIFT_PACKAGE -D DEBUG -serialize-debugging-options -const-gather-protocols-file /Users/admin/builder/spi-builder-workspace/.derivedData/Build/Intermediates.noindex/Stripes.build/Debug-xros/Stripes.build/Objects-normal/arm64/Stripes_const_extract_protocols.json -strict-concurrency\=complete -empty-abi-descriptor -validate-clang-modules-once -clang-build-session-file /Users/admin/builder/spi-builder-workspace/.derivedData/ModuleCache.noindex/Session.modulevalidation -Xcc -working-directory -Xcc /Users/admin/builder/spi-builder-workspace -resource-dir /Library/Developer/Toolchains/swift-6.0-DEVELOPMENT-SNAPSHOT-2024-05-26-a.xctoolchain/usr/lib/swift -enable-anonymous-context-mangled-names -Xcc -I/Users/admin/builder/spi-builder-workspace/.derivedData/Build/Intermediates.noindex/Stripes.build/Debug-xros/Stripes.build/swift-overrides.hmap -Xcc -I/Users/admin/builder/spi-builder-workspace/.derivedData/Build/Products/Debug-xros/include -Xcc -I/Users/admin/builder/spi-builder-workspace/.derivedData/Build/Intermediates.noindex/Stripes.build/Debug-xros/Stripes.build/DerivedSources-normal/arm64 -Xcc -I/Users/admin/builder/spi-builder-workspace/.derivedData/Build/Intermediates.noindex/Stripes.build/Debug-xros/Stripes.build/DerivedSources/arm64 -Xcc -I/Users/admin/builder/spi-builder-workspace/.derivedData/Build/Intermediates.noindex/Stripes.build/Debug-xros/Stripes.build/DerivedSources -Xcc -DSWIFT_PACKAGE -Xcc -DDEBUG\=1 -module-name Stripes -frontend-parseable-output -disable-clang-spi -target-sdk-version 1.1 -target-sdk-name xros1.1 -external-plugin-path /Applications/Xcode-15.3.0.app/Contents/Developer/Platforms/XROS.platform/Developer/SDKs/XROS1.1.sdk/usr/lib/swift/host/plugins\#/Applications/Xcode-15.3.0.app/Contents/Developer/Platforms/XROS.platform/Developer/SDKs/XROS1.1.sdk/usr/bin/swift-plugin-server -external-plugin-path /Applications/Xcode-15.3.0.app/Contents/Developer/Platforms/XROS.platform/Developer/SDKs/XROS1.1.sdk/usr/local/lib/swift/host/plugins\#/Applications/Xcode-15.3.0.app/Contents/Developer/Platforms/XROS.platform/Developer/SDKs/XROS1.1.sdk/usr/bin/swift-plugin-server -external-plugin-path /Applications/Xcode-15.3.0.app/Contents/Developer/Platforms/XROS.platform/Developer/usr/lib/swift/host/plugins\#/Applications/Xcode-15.3.0.app/Contents/Developer/Platforms/XROS.platform/Developer/usr/bin/swift-plugin-server -external-plugin-path /Applications/Xcode-15.3.0.app/Contents/Developer/Platforms/XROS.platform/Developer/usr/local/lib/swift/host/plugins\#/Applications/Xcode-15.3.0.app/Contents/Developer/Platforms/XROS.platform/Developer/usr/bin/swift-plugin-server -plugin-path /Library/Developer/Toolchains/swift-6.0-DEVELOPMENT-SNAPSHOT-2024-05-26-a.xctoolchain/usr/lib/swift/host/plugins -plugin-path /Library/Developer/Toolchains/swift-6.0-DEVELOPMENT-SNAPSHOT-2024-05-26-a.xctoolchain/usr/local/lib/swift/host/plugins -parse-as-library -o /Users/admin/builder/spi-builder-workspace/.derivedData/Build/Intermediates.noindex/Stripes.build/Debug-xros/Stripes.build/Objects-normal/arm64/Stripes.o -index-unit-output-path /Stripes.build/Debug-xros/Stripes.build/Objects-normal/arm64/Stripes.o -index-store-path /Users/admin/builder/spi-builder-workspace/.derivedData/Index.noindex/DataStore -index-system-modules
SwiftCompile normal arm64 /Users/admin/builder/spi-builder-workspace/Sources/Stripes/Stripes.swift (in target 'Stripes' from project 'Stripes')
    cd /Users/admin/builder/spi-builder-workspace
    /Library/Developer/Toolchains/swift-6.0-DEVELOPMENT-SNAPSHOT-2024-05-26-a.xctoolchain/usr/bin/swift-frontend -c -primary-file /Users/admin/builder/spi-builder-workspace/Sources/Stripes/Stripes.swift -emit-dependencies-path /Users/admin/builder/spi-builder-workspace/.derivedData/Build/Intermediates.noindex/Stripes.build/Debug-xros/Stripes.build/Objects-normal/arm64/Stripes.d -emit-const-values-path /Users/admin/builder/spi-builder-workspace/.derivedData/Build/Intermediates.noindex/Stripes.build/Debug-xros/Stripes.build/Objects-normal/arm64/Stripes.swiftconstvalues -emit-reference-dependencies-path /Users/admin/builder/spi-builder-workspace/.derivedData/Build/Intermediates.noindex/Stripes.build/Debug-xros/Stripes.build/Objects-normal/arm64/Stripes.swiftdeps -serialize-diagnostics-path /Users/admin/builder/spi-builder-workspace/.derivedData/Build/Intermediates.noindex/Stripes.build/Debug-xros/Stripes.build/Objects-normal/arm64/Stripes.dia -target arm64-apple-xros1.0 -Xllvm -aarch64-use-tbi -enable-objc-interop -sdk /Applications/Xcode-15.3.0.app/Contents/Developer/Platforms/XROS.platform/Developer/SDKs/XROS1.1.sdk -I /Users/admin/builder/spi-builder-workspace/.derivedData/Build/Products/Debug-xros -I /Applications/Xcode-15.3.0.app/Contents/Developer/Platforms/XROS.platform/Developer/usr/lib -F /Users/admin/builder/spi-builder-workspace/.derivedData/Build/Products/Debug-xros -F /Applications/Xcode-15.3.0.app/Contents/Developer/Platforms/XROS.platform/Developer/Library/Frameworks -F /Applications/Xcode-15.3.0.app/Contents/Developer/Platforms/XROS.platform/Developer/SDKs/XROS1.1.sdk/Developer/Library/Frameworks -no-color-diagnostics -enable-testing -g -module-cache-path /Users/admin/builder/spi-builder-workspace/.derivedData/ModuleCache.noindex -swift-version 5 -enforce-exclusivity\=checked -stats-output-dir /Users/admin/builder/spi-builder-workspace/.stats -Onone -D SWIFT_PACKAGE -D DEBUG -serialize-debugging-options -const-gather-protocols-file /Users/admin/builder/spi-builder-workspace/.derivedData/Build/Intermediates.noindex/Stripes.build/Debug-xros/Stripes.build/Objects-normal/arm64/Stripes_const_extract_protocols.json -strict-concurrency\=complete -empty-abi-descriptor -validate-clang-modules-once -clang-build-session-file /Users/admin/builder/spi-builder-workspace/.derivedData/ModuleCache.noindex/Session.modulevalidation -Xcc -working-directory -Xcc /Users/admin/builder/spi-builder-workspace -resource-dir /Library/Developer/Toolchains/swift-6.0-DEVELOPMENT-SNAPSHOT-2024-05-26-a.xctoolchain/usr/lib/swift -enable-anonymous-context-mangled-names -Xcc -I/Users/admin/builder/spi-builder-workspace/.derivedData/Build/Intermediates.noindex/Stripes.build/Debug-xros/Stripes.build/swift-overrides.hmap -Xcc -I/Users/admin/builder/spi-builder-workspace/.derivedData/Build/Products/Debug-xros/include -Xcc -I/Users/admin/builder/spi-builder-workspace/.derivedData/Build/Intermediates.noindex/Stripes.build/Debug-xros/Stripes.build/DerivedSources-normal/arm64 -Xcc -I/Users/admin/builder/spi-builder-workspace/.derivedData/Build/Intermediates.noindex/Stripes.build/Debug-xros/Stripes.build/DerivedSources/arm64 -Xcc -I/Users/admin/builder/spi-builder-workspace/.derivedData/Build/Intermediates.noindex/Stripes.build/Debug-xros/Stripes.build/DerivedSources -Xcc -DSWIFT_PACKAGE -Xcc -DDEBUG\=1 -module-name Stripes -frontend-parseable-output -disable-clang-spi -target-sdk-version 1.1 -target-sdk-name xros1.1 -external-plugin-path /Applications/Xcode-15.3.0.app/Contents/Developer/Platforms/XROS.platform/Developer/SDKs/XROS1.1.sdk/usr/lib/swift/host/plugins\#/Applications/Xcode-15.3.0.app/Contents/Developer/Platforms/XROS.platform/Developer/SDKs/XROS1.1.sdk/usr/bin/swift-plugin-server -external-plugin-path /Applications/Xcode-15.3.0.app/Contents/Developer/Platforms/XROS.platform/Developer/SDKs/XROS1.1.sdk/usr/local/lib/swift/host/plugins\#/Applications/Xcode-15.3.0.app/Contents/Developer/Platforms/XROS.platform/Developer/SDKs/XROS1.1.sdk/usr/bin/swift-plugin-server -external-plugin-path /Applications/Xcode-15.3.0.app/Contents/Developer/Platforms/XROS.platform/Developer/usr/lib/swift/host/plugins\#/Applications/Xcode-15.3.0.app/Contents/Developer/Platforms/XROS.platform/Developer/usr/bin/swift-plugin-server -external-plugin-path /Applications/Xcode-15.3.0.app/Contents/Developer/Platforms/XROS.platform/Developer/usr/local/lib/swift/host/plugins\#/Applications/Xcode-15.3.0.app/Contents/Developer/Platforms/XROS.platform/Developer/usr/bin/swift-plugin-server -plugin-path /Library/Developer/Toolchains/swift-6.0-DEVELOPMENT-SNAPSHOT-2024-05-26-a.xctoolchain/usr/lib/swift/host/plugins -plugin-path /Library/Developer/Toolchains/swift-6.0-DEVELOPMENT-SNAPSHOT-2024-05-26-a.xctoolchain/usr/local/lib/swift/host/plugins -parse-as-library -o /Users/admin/builder/spi-builder-workspace/.derivedData/Build/Intermediates.noindex/Stripes.build/Debug-xros/Stripes.build/Objects-normal/arm64/Stripes.o -index-unit-output-path /Stripes.build/Debug-xros/Stripes.build/Objects-normal/arm64/Stripes.o -index-store-path /Users/admin/builder/spi-builder-workspace/.derivedData/Index.noindex/DataStore -index-system-modules
<module-includes>:1:9: note: in file included from <module-includes>:1:
#import "Headers/CoreMotion.h"
        ^
/Applications/Xcode-15.3.0.app/Contents/Developer/Platforms/XROS.platform/Developer/SDKs/XROS1.1.sdk/System/Library/Frameworks/CoreMotion.framework/Headers/CoreMotion.h:32:9: note: in file included from /Applications/Xcode-15.3.0.app/Contents/Developer/Platforms/XROS.platform/Developer/SDKs/XROS1.1.sdk/System/Library/Frameworks/CoreMotion.framework/Headers/CoreMotion.h:32:
#import <CoreMotion/CMMovementDisorderManager.h>
        ^
/Applications/Xcode-15.3.0.app/Contents/Developer/Platforms/XROS.platform/Developer/SDKs/XROS1.1.sdk/System/Library/Frameworks/CoreMotion.framework/Headers/CMMovementDisorderManager.h:106:57: error: 'CMDyskineticSymptomResult' is unavailable: not available on visionOS
typedef void(^CMDyskineticSymptomResultHandler)(NSArray<CMDyskineticSymptomResult *> * _Nonnull dyskineticSymptomResult, NSError * _Nullable error) API_AVAILABLE(watchos(5.0)) API_UNAVAILABLE(ios, macos, tvos);
                                                        ^
/Applications/Xcode-15.3.0.app/Contents/Developer/Platforms/XROS.platform/Developer/SDKs/XROS1.1.sdk/System/Library/Frameworks/CoreMotion.framework/Headers/CMMovementDisorderManager.h:25:12: note: 'CMDyskineticSymptomResult' has been explicitly marked unavailable here
@interface CMDyskineticSymptomResult : NSObject <NSCopying, NSSecureCoding>
           ^
/Applications/Xcode-15.3.0.app/Contents/Developer/Platforms/XROS.platform/Developer/SDKs/XROS1.1.sdk/System/Library/Frameworks/CoreMotion.framework/Modules/CoreMotion.swiftmodule/arm64-apple-xros.swiftinterface:4:19: error: could not build Objective-C module 'CoreMotion'
@_exported import CoreMotion
                  ^
/Applications/Xcode-15.3.0.app/Contents/Developer/Platforms/XROS.platform/Developer/SDKs/XROS1.1.sdk/System/Library/Frameworks/RealityFoundation.framework/Modules/RealityFoundation.swiftmodule/arm64-apple-xros.swiftinterface:12:8: error: failed to build module 'CoreMotion'; this SDK is not supported by the compiler (the SDK is built with 'Apple Swift version 5.10 (swiftlang-5.10.0.12.5 clang-1500.3.9.1.1)', while this compiler is 'Apple Swift version 6.0-dev effective-5.10 (LLVM 4b0b1f9e1a69523, Swift 91a3abcf816bc36)'). Please select a toolchain which matches the SDK.
import CoreMotion
       ^
<module-includes>:1:9: note: in file included from <module-includes>:1:
#import "Headers/CoreMotion.h"
        ^
/Applications/Xcode-15.3.0.app/Contents/Developer/Platforms/XROS.platform/Developer/SDKs/XROS1.1.sdk/System/Library/Frameworks/CoreMotion.framework/Headers/CoreMotion.h:32:9: note: in file included from /Applications/Xcode-15.3.0.app/Contents/Developer/Platforms/XROS.platform/Developer/SDKs/XROS1.1.sdk/System/Library/Frameworks/CoreMotion.framework/Headers/CoreMotion.h:32:
#import <CoreMotion/CMMovementDisorderManager.h>
        ^
/Applications/Xcode-15.3.0.app/Contents/Developer/Platforms/XROS.platform/Developer/SDKs/XROS1.1.sdk/System/Library/Frameworks/SwiftUI.framework/Modules/SwiftUI.swiftmodule/arm64-apple-xros.swiftinterface:16:8: error: failed to build module 'RealityFoundation'; this SDK is not supported by the compiler (the SDK is built with 'Apple Swift version 5.10 (swiftlang-5.10.0.12.5 clang-1500.3.9.1.1)', while this compiler is 'Apple Swift version 6.0-dev effective-5.10 (LLVM 4b0b1f9e1a69523, Swift 91a3abcf816bc36)'). Please select a toolchain which matches the SDK.
import RealityFoundation
       ^
/Users/admin/builder/spi-builder-workspace/Sources/Stripes/Stripes.swift:8:8: error: failed to build module 'SwiftUI'; this SDK is not supported by the compiler (the SDK is built with 'Apple Swift version 5.10 (swiftlang-5.10.0.12.5 clang-1500.3.9.1.1)', while this compiler is 'Apple Swift version 6.0-dev effective-5.10 (LLVM 4b0b1f9e1a69523, Swift 91a3abcf816bc36)'). Please select a toolchain which matches the SDK.
import SwiftUI
       ^
<module-includes>:1:9: note: in file included from <module-includes>:1:
#import "Headers/CoreMotion.h"
        ^
/Applications/Xcode-15.3.0.app/Contents/Developer/Platforms/XROS.platform/Developer/SDKs/XROS1.1.sdk/System/Library/Frameworks/CoreMotion.framework/Headers/CoreMotion.h:32:9: note: in file included from /Applications/Xcode-15.3.0.app/Contents/Developer/Platforms/XROS.platform/Developer/SDKs/XROS1.1.sdk/System/Library/Frameworks/CoreMotion.framework/Headers/CoreMotion.h:32:
#import <CoreMotion/CMMovementDisorderManager.h>
        ^
/Applications/Xcode-15.3.0.app/Contents/Developer/Platforms/XROS.platform/Developer/SDKs/XROS1.1.sdk/System/Library/Frameworks/CoreMotion.framework/Headers/CMMovementDisorderManager.h:106:57: error: 'CMDyskineticSymptomResult' is unavailable: not available on visionOS
typedef void(^CMDyskineticSymptomResultHandler)(NSArray<CMDyskineticSymptomResult *> * _Nonnull dyskineticSymptomResult, NSError * _Nullable error) API_AVAILABLE(watchos(5.0)) API_UNAVAILABLE(ios, macos, tvos);
                                                        ^
/Applications/Xcode-15.3.0.app/Contents/Developer/Platforms/XROS.platform/Developer/SDKs/XROS1.1.sdk/System/Library/Frameworks/CoreMotion.framework/Headers/CMMovementDisorderManager.h:25:12: note: 'CMDyskineticSymptomResult' has been explicitly marked unavailable here
@interface CMDyskineticSymptomResult : NSObject <NSCopying, NSSecureCoding>
           ^
/Applications/Xcode-15.3.0.app/Contents/Developer/Platforms/XROS.platform/Developer/SDKs/XROS1.1.sdk/System/Library/Frameworks/CoreMotion.framework/Modules/CoreMotion.swiftmodule/arm64-apple-xros.swiftinterface:4:19: error: could not build Objective-C module 'CoreMotion'
@_exported import CoreMotion
                  ^
/Applications/Xcode-15.3.0.app/Contents/Developer/Platforms/XROS.platform/Developer/SDKs/XROS1.1.sdk/System/Library/Frameworks/RealityFoundation.framework/Modules/RealityFoundation.swiftmodule/arm64-apple-xros.swiftinterface:12:8: error: failed to build module 'CoreMotion'; this SDK is not supported by the compiler (the SDK is built with 'Apple Swift version 5.10 (swiftlang-5.10.0.12.5 clang-1500.3.9.1.1)', while this compiler is 'Apple Swift version 6.0-dev effective-5.10 (LLVM 4b0b1f9e1a69523, Swift 91a3abcf816bc36)'). Please select a toolchain which matches the SDK.
import CoreMotion
       ^
<module-includes>:1:9: note: in file included from <module-includes>:1:
#import "Headers/CoreMotion.h"
        ^
/Applications/Xcode-15.3.0.app/Contents/Developer/Platforms/XROS.platform/Developer/SDKs/XROS1.1.sdk/System/Library/Frameworks/CoreMotion.framework/Headers/CoreMotion.h:32:9: note: in file included from /Applications/Xcode-15.3.0.app/Contents/Developer/Platforms/XROS.platform/Developer/SDKs/XROS1.1.sdk/System/Library/Frameworks/CoreMotion.framework/Headers/CoreMotion.h:32:
#import <CoreMotion/CMMovementDisorderManager.h>
        ^
/Applications/Xcode-15.3.0.app/Contents/Developer/Platforms/XROS.platform/Developer/SDKs/XROS1.1.sdk/System/Library/Frameworks/SwiftUI.framework/Modules/SwiftUI.swiftmodule/arm64-apple-xros.swiftinterface:16:8: error: failed to build module 'RealityFoundation'; this SDK is not supported by the compiler (the SDK is built with 'Apple Swift version 5.10 (swiftlang-5.10.0.12.5 clang-1500.3.9.1.1)', while this compiler is 'Apple Swift version 6.0-dev effective-5.10 (LLVM 4b0b1f9e1a69523, Swift 91a3abcf816bc36)'). Please select a toolchain which matches the SDK.
import RealityFoundation
       ^
note: Using global toolchain override 'Swift 6.0 Development Snapshot 2024-05-26 (a)'. (in target 'Stripes' from project 'Stripes')
** BUILD FAILED **
The following build commands failed:
	SwiftCompile normal arm64 Compiling\ Stripes.swift /Users/admin/builder/spi-builder-workspace/Sources/Stripes/Stripes.swift (in target 'Stripes' from project 'Stripes')
	SwiftCompile normal arm64 /Users/admin/builder/spi-builder-workspace/Sources/Stripes/Stripes.swift (in target 'Stripes' from project 'Stripes')
(2 failures)
BUILD FAILURE 6.0 visionOS
This is a staging environment. For live and up-to-date package information, visit swiftpackageindex.com.