This is a staging environment. For live and up-to-date package information, visit swiftpackageindex.com.

The Swift Package Index logo.Swift Package Index

Track the adoption of Swift 6 strict concurrency checks for data race safety. How many packages are Ready for Swift 6?

Build Information

Failed to build AgoraRtmKit with Swift 5.8 for tvOS using Xcode 14.3.

Build Command

Build command unavailable

Build Log

========================================
RunAll
========================================
Builder version: 4.28.4
Interrupt handler set up.
========================================
Checkout
========================================
Clone URL: https://github.com/AgoraIO/AgoraRtm_macOS.git
Reference: 1.5.1
Initialized empty Git repository in /Users/builder/builds/o86TiJKT/1/finestructure/swiftpackageindex-builder/spi-builder-workspace/.git/
From https://github.com/AgoraIO/AgoraRtm_macOS
 * tag               1.5.1      -> FETCH_HEAD
HEAD is now at 95418b6 bump to RTM 1.5.1
Cloned https://github.com/AgoraIO/AgoraRtm_macOS.git
Revision (git rev-parse @):
95418b62ffc47f6ae33423ed8af299fa54cfcd4e
SUCCESS checkout https://github.com/AgoraIO/AgoraRtm_macOS.git at 1.5.1
========================================
Build
========================================
Selected platform:         tvOS
Swift version:             5.8
Building package at path:  $PWD/checkout
Command line invocation:
    /Applications/Xcode-14.3.1.app/Contents/Developer/usr/bin/xcodebuild -IDEClonedSourcePackagesDirPathOverride=/Users/builder/builds/o86TiJKT/1/finestructure/swiftpackageindex-builder/spi-builder-workspace/.dependencies -resolvePackageDependencies
User defaults from command line:
    IDEClonedSourcePackagesDirPathOverride = /Users/builder/builds/o86TiJKT/1/finestructure/swiftpackageindex-builder/spi-builder-workspace/.dependencies
    IDEPackageSupportUseBuiltinSCM = YES
Resolve Package Graph
Resolved source packages:
  AgoraRtmKit: /Users/builder/builds/o86TiJKT/1/finestructure/swiftpackageindex-builder/spi-builder-workspace
resolved source packages: AgoraRtmKit
2023-12-31 02:11:27.751 xcodebuild[74164:10084529] DVTCoreDeviceEnabledState: DVTCoreDeviceEnabledState_Disabled set via user default (DVTEnableCoreDevice=disabled)
{
  "workspace" : {
    "name" : "spi-builder-workspace",
    "schemes" : [
      "AgoraRtmKit"
    ]
  }
}
2023-12-31 02:11:28.733 xcodebuild[74185:10084622] DVTCoreDeviceEnabledState: DVTCoreDeviceEnabledState_Disabled set via user default (DVTEnableCoreDevice=disabled)
Running build ...
env DEVELOPER_DIR=/Applications/Xcode-14.3.1.app xcrun xcodebuild -IDEClonedSourcePackagesDirPathOverride=$PWD/checkout/.dependencies -skipPackagePluginValidation -derivedDataPath $PWD/checkout/.derivedData build -scheme AgoraRtmKit -destination generic/platform=tvos
Command line invocation:
    /Applications/Xcode-14.3.1.app/Contents/Developer/usr/bin/xcodebuild -IDEClonedSourcePackagesDirPathOverride=/Users/builder/builds/o86TiJKT/1/finestructure/swiftpackageindex-builder/spi-builder-workspace/.dependencies -skipPackagePluginValidation -derivedDataPath /Users/builder/builds/o86TiJKT/1/finestructure/swiftpackageindex-builder/spi-builder-workspace/.derivedData build -scheme AgoraRtmKit -destination generic/platform=tvos
User defaults from command line:
    IDEClonedSourcePackagesDirPathOverride = /Users/builder/builds/o86TiJKT/1/finestructure/swiftpackageindex-builder/spi-builder-workspace/.dependencies
    IDEDerivedDataPathOverride = /Users/builder/builds/o86TiJKT/1/finestructure/swiftpackageindex-builder/spi-builder-workspace/.derivedData
    IDEPackageSupportUseBuiltinSCM = YES
Resolve Package Graph
Resolved source packages:
  AgoraRtmKit: /Users/builder/builds/o86TiJKT/1/finestructure/swiftpackageindex-builder/spi-builder-workspace
Prepare packages
Computing target dependency graph and provisioning inputs
Create build description
Build description signature: 8ed4955f06204c57b39267587d25e233
Build description path: /Users/builder/builds/o86TiJKT/1/finestructure/swiftpackageindex-builder/spi-builder-workspace/.derivedData/Build/Intermediates.noindex/XCBuildData/8ed4955f06204c57b39267587d25e233.xcbuilddata
note: Building targets in dependency order
/Users/builder/builds/o86TiJKT/1/finestructure/swiftpackageindex-builder/spi-builder-workspace/.dependencies/artifacts/spi-builder-workspace/AgoraRtmKit/AgoraRtmKit.xcframework:1:1: error: While building for tvOS, no library for this platform was found in '/Users/builder/builds/o86TiJKT/1/finestructure/swiftpackageindex-builder/spi-builder-workspace/.dependencies/artifacts/spi-builder-workspace/AgoraRtmKit/AgoraRtmKit.xcframework'. (in target 'AgoraRtmKit' from project 'AgoraRtmKit')
2023-12-31 02:11:29.268 xcodebuild[74186:10084645] DVTCoreDeviceEnabledState: DVTCoreDeviceEnabledState_Disabled set via user default (DVTEnableCoreDevice=disabled)
** BUILD FAILED **
Command line invocation:
    /Applications/Xcode-14.3.1.app/Contents/Developer/usr/bin/xcodebuild -IDEClonedSourcePackagesDirPathOverride=/Users/builder/builds/o86TiJKT/1/finestructure/swiftpackageindex-builder/spi-builder-workspace/.dependencies -skipPackagePluginValidation -derivedDataPath /Users/builder/builds/o86TiJKT/1/finestructure/swiftpackageindex-builder/spi-builder-workspace/.derivedData build -scheme AgoraRtmKit -destination generic/platform=tvos
User defaults from command line:
    IDEClonedSourcePackagesDirPathOverride = /Users/builder/builds/o86TiJKT/1/finestructure/swiftpackageindex-builder/spi-builder-workspace/.dependencies
    IDEDerivedDataPathOverride = /Users/builder/builds/o86TiJKT/1/finestructure/swiftpackageindex-builder/spi-builder-workspace/.derivedData
    IDEPackageSupportUseBuiltinSCM = YES
Resolve Package Graph
Resolved source packages:
  AgoraRtmKit: /Users/builder/builds/o86TiJKT/1/finestructure/swiftpackageindex-builder/spi-builder-workspace
Prepare packages
Computing target dependency graph and provisioning inputs
Create build description
note: Building targets in dependency order
/Users/builder/builds/o86TiJKT/1/finestructure/swiftpackageindex-builder/spi-builder-workspace/.dependencies/artifacts/spi-builder-workspace/AgoraRtmKit/AgoraRtmKit.xcframework:1:1: error: While building for tvOS, no library for this platform was found in '/Users/builder/builds/o86TiJKT/1/finestructure/swiftpackageindex-builder/spi-builder-workspace/.dependencies/artifacts/spi-builder-workspace/AgoraRtmKit/AgoraRtmKit.xcframework'. (in target 'AgoraRtmKit' from project 'AgoraRtmKit')
2023-12-31 02:11:30.145 xcodebuild[74225:10084755] DVTCoreDeviceEnabledState: DVTCoreDeviceEnabledState_Disabled set via user default (DVTEnableCoreDevice=disabled)
** BUILD FAILED **
BUILD FAILURE 5.8 tvOS
This is a staging environment. For live and up-to-date package information, visit swiftpackageindex.com.